--
-- Host: localhost    Database: erpcpanel_db
-- ------------------------------------------------------


--
-- Table structure for table `academic_background`
--

CREATE TABLE `academic_background` (
  `academic_background_id` bigint NOT NULL AUTO_INCREMENT,
  `edu_level_from1` varchar(255) CHARACTER SET utf8mb4 COLLATE utf8mb4_general_ci DEFAULT NULL,
  `edu_level_to1` varchar(255) CHARACTER SET utf8mb4 COLLATE utf8mb4_general_ci DEFAULT NULL,
  `edu_level_note1` varchar(255) CHARACTER SET utf8mb4 COLLATE utf8mb4_general_ci DEFAULT NULL,
  `candidate_curriculumvitae_id` bigint NOT NULL,
  `updated_at` datetime DEFAULT NULL,
  `created_at` datetime DEFAULT NULL,
  PRIMARY KEY (`academic_background_id`)
) ENGINE=InnoDB AUTO_INCREMENT=5 DEFAULT CHARSET=utf8mb4 COLLATE=utf8mb4_general_ci;

--
-- Dumping data for table `academic_background`
--

INSERT INTO `academic_background` VALUES (2,NULL,NULL,NULL,1,'2024-03-19 19:36:44','2024-03-19 19:36:44'),(3,NULL,NULL,NULL,2,'2024-03-19 23:12:56','2024-03-19 23:12:56'),(4,NULL,NULL,NULL,8,'2024-03-19 23:38:35','2024-03-19 23:38:35');

--
-- Table structure for table `em_access_permission`
--

CREATE TABLE `em_access_permission` (
  `id` bigint unsigned NOT NULL AUTO_INCREMENT,
  `identity_id` bigint NOT NULL,
  `access_id` bigint NOT NULL,
  `canAdd` tinyint NOT NULL DEFAULT '0',
  `canEdit` tinyint NOT NULL DEFAULT '0',
  `canDelete` tinyint NOT NULL DEFAULT '0',
  `canView` tinyint NOT NULL DEFAULT '0',
  `company_id` bigint DEFAULT NULL,
  `created_by_id` bigint DEFAULT NULL,
  `updated_by_id` bigint DEFAULT NULL,
  `created_at` timestamp NULL DEFAULT NULL,
  `updated_at` timestamp NULL DEFAULT NULL,
  PRIMARY KEY (`id`)
) ENGINE=InnoDB AUTO_INCREMENT=6 DEFAULT CHARSET=utf8mb4 COLLATE=utf8mb4_unicode_ci;

--
-- Dumping data for table `em_access_permission`
--

INSERT INTO `em_access_permission` VALUES (5,46,1,1,1,1,1,1,NULL,NULL,'2024-03-14 20:41:10','2024-03-14 20:41:10');

--
-- Table structure for table `em_category`
--

CREATE TABLE `em_category` (
  `category_id` bigint unsigned NOT NULL AUTO_INCREMENT,
  `category_name` varchar(20) CHARACTER SET utf8mb4 COLLATE utf8mb4_unicode_ci DEFAULT NULL,
  `parent_category_id` varchar(2) CHARACTER SET utf8mb4 COLLATE utf8mb4_unicode_ci DEFAULT NULL,
  `category_level` int DEFAULT '0',
  PRIMARY KEY (`category_id`)
) ENGINE=InnoDB DEFAULT CHARSET=utf8mb4 COLLATE=utf8mb4_unicode_ci;

--
-- Dumping data for table `em_category`
--


--
-- Table structure for table `em_code`
--

CREATE TABLE `em_code` (
  `code_id` bigint unsigned NOT NULL AUTO_INCREMENT,
  `code_type` varchar(4) CHARACTER SET utf8mb4 COLLATE utf8mb4_unicode_ci DEFAULT NULL,
  `code_value` varchar(100) CHARACTER SET utf8mb4 COLLATE utf8mb4_unicode_ci DEFAULT NULL,
  `code_text` varchar(30) CHARACTER SET utf8mb4 COLLATE utf8mb4_unicode_ci DEFAULT NULL,
  PRIMARY KEY (`code_id`)
) ENGINE=InnoDB DEFAULT CHARSET=utf8mb4 COLLATE=utf8mb4_unicode_ci;

--
-- Dumping data for table `em_code`
--


--
-- Table structure for table `em_holiday`
--

CREATE TABLE `em_holiday` (
  `start` date NOT NULL,
  `title` varchar(215) COLLATE utf8mb3_unicode_ci DEFAULT NULL,
  `note` text COLLATE utf8mb3_unicode_ci,
  `country_code` varchar(2) COLLATE utf8mb3_unicode_ci DEFAULT 'JP',
  `id` int NOT NULL AUTO_INCREMENT,
  PRIMARY KEY (`id`),
  KEY `start` (`start`)
) ENGINE=MyISAM AUTO_INCREMENT=5 DEFAULT CHARSET=utf8mb3 COLLATE=utf8mb3_unicode_ci;

--
-- Dumping data for table `em_holiday`
--

INSERT INTO `em_holiday` VALUES ('2024-04-03','憲法記念日',NULL,'JP',1),('2024-04-04','みどりの日',NULL,'JP',2);

--
-- Table structure for table `em_language`
--

CREATE TABLE `em_language` (
  `id` bigint unsigned NOT NULL AUTO_INCREMENT,
  `name` varchar(80) COLLATE utf8mb4_unicode_ci NOT NULL,
  `created_at` timestamp NULL DEFAULT CURRENT_TIMESTAMP,
  `updated_by_id` bigint DEFAULT NULL,
  `updated_at` timestamp NULL DEFAULT CURRENT_TIMESTAMP ON UPDATE CURRENT_TIMESTAMP,
  `updated_count` int DEFAULT NULL,
  `created_by_id` bigint DEFAULT NULL,
  PRIMARY KEY (`id`)
) ENGINE=InnoDB AUTO_INCREMENT=81 DEFAULT CHARSET=utf8mb4 COLLATE=utf8mb4_unicode_ci;

--
-- Dumping data for table `em_language`
--

INSERT INTO `em_language` VALUES (1,'パシュトー','2024-03-07 07:22:03',NULL,'2024-03-07 07:22:03',NULL,NULL),(2,'アルバニア語','2024-03-07 07:22:03',NULL,'2024-03-07 07:22:03',NULL,NULL),(3,'アラビア語','2024-03-07 07:22:03',NULL,'2024-03-07 07:22:03',NULL,NULL),(4,'サモア語','2024-03-07 07:22:03',NULL,'2024-03-07 07:22:03',NULL,NULL),(5,'カタロニア語','2024-03-07 07:22:03',NULL,'2024-03-07 07:22:03',NULL,NULL),(6,'ポルトガル語','2024-03-07 07:22:03',NULL,'2024-03-07 07:22:03',NULL,NULL),(7,'英語','2024-03-07 07:22:03',NULL,'2024-03-07 07:22:03',NULL,NULL),(9,'スペイン語','2024-03-07 07:22:03',NULL,'2024-03-07 07:22:03',NULL,NULL),(10,'アルメニア語','2024-03-07 07:22:03',NULL,'2024-03-07 07:22:03',NULL,NULL),(11,'オランダ語','2024-03-07 07:22:03',NULL,'2024-03-07 07:22:03',NULL,NULL),(12,'ドイツ語','2024-03-07 07:22:03',NULL,'2024-03-07 07:22:03',NULL,NULL),(13,'アゼルバイジャン語','2024-03-07 07:22:03',NULL,'2024-03-07 07:22:03',NULL,NULL),(14,'ベンガル語','2024-03-07 07:22:03',NULL,'2024-03-07 07:22:03',NULL,NULL),(15,'ベラルーシ語','2024-03-07 07:22:03',NULL,'2024-03-07 07:22:03',NULL,NULL),(16,'フランス語','2024-03-07 07:22:03',NULL,'2024-03-07 07:22:03',NULL,NULL),(17,'ゾンカ語','2024-03-07 07:22:03',NULL,'2024-03-07 07:22:03',NULL,NULL),(18,'ボスニア語','2024-03-07 07:22:03',NULL,'2024-03-07 07:22:03',NULL,NULL),(19,'マレー語','2024-03-07 07:22:03',NULL,'2024-03-07 07:22:03',NULL,NULL),(20,'ブルガリア語','2024-03-07 07:22:03',NULL,'2024-03-07 07:22:03',NULL,NULL),(21,'キルンディ語','2024-03-07 07:22:03',NULL,'2024-03-07 07:22:03',NULL,NULL),(22,'クメール語','2024-03-07 07:22:03',NULL,'2024-03-07 07:22:03',NULL,NULL),(23,'中国語（北京語）','2024-03-07 07:22:03',NULL,'2024-03-07 07:22:03',NULL,NULL),(24,'コモロ語','2024-03-07 07:22:03',NULL,'2024-03-07 07:22:03',NULL,NULL),(25,'クロアチア語','2024-03-07 07:22:03',NULL,'2024-03-07 07:22:03',NULL,NULL),(26,'ギリシャ語','2024-03-07 07:22:03',NULL,'2024-03-07 07:22:03',NULL,NULL),(27,'チェコ語','2024-03-07 07:22:03',NULL,'2024-03-07 07:22:03',NULL,NULL),(28,'デンマーク語','2024-03-07 07:22:03',NULL,'2024-03-07 07:22:03',NULL,NULL),(29,'ティグリニャ語','2024-03-07 07:22:03',NULL,'2024-03-07 07:22:03',NULL,NULL),(30,'エストニア語','2024-03-07 07:22:03',NULL,'2024-03-07 07:22:03',NULL,NULL),(31,'アムハラ語','2024-03-07 07:22:03',NULL,'2024-03-07 07:22:03',NULL,NULL),(32,'フィンランド語','2024-03-07 07:22:03',NULL,'2024-03-07 07:22:03',NULL,NULL),(33,'ジョージア語','2024-03-07 07:22:03',NULL,'2024-03-07 07:22:03',NULL,NULL),(34,'グリーンランド語','2024-03-07 07:22:03',NULL,'2024-03-07 07:22:03',NULL,NULL),(35,'イタリア語','2024-03-07 07:22:03',NULL,'2024-03-07 07:22:03',NULL,NULL),(36,'広東語','2024-03-07 07:22:03',NULL,'2024-03-07 07:22:03',NULL,NULL),(37,'ハンガリー語','2024-03-07 07:22:03',NULL,'2024-03-07 07:22:03',NULL,NULL),(38,'アイスランド語','2024-03-07 07:22:03',NULL,'2024-03-07 07:22:03',NULL,NULL),(39,'ヒンディー語','2024-03-07 07:22:03',NULL,'2024-03-07 07:22:03',NULL,NULL),(40,'インドネシア語','2024-03-07 07:22:03',NULL,'2024-03-07 07:22:03',NULL,NULL),(41,'ペルシア語','2024-03-07 07:22:03',NULL,'2024-03-07 07:22:03',NULL,NULL),(42,'アイルランド語','2024-03-07 07:22:03',NULL,'2024-03-07 07:22:03',NULL,NULL),(43,'ヘブライ語','2024-03-07 07:22:03',NULL,'2024-03-07 07:22:03',NULL,NULL),(44,'日本語','2024-03-07 07:22:03',NULL,'2024-03-07 07:22:03',NULL,NULL),(45,'カザフ語','2024-03-07 07:22:03',NULL,'2024-03-07 07:22:03',NULL,NULL),(46,'スワヒリ語','2024-03-07 07:22:03',NULL,'2024-03-07 07:22:03',NULL,NULL),(47,'韓国語','2024-03-07 07:22:03',NULL,'2024-03-07 07:22:03',NULL,NULL),(48,'キルギス語','2024-03-07 07:22:03',NULL,'2024-03-07 07:22:03',NULL,NULL),(49,'ラオ語','2024-03-07 07:22:03',NULL,'2024-03-07 07:22:03',NULL,NULL),(50,'ラトビア語','2024-03-07 07:22:03',NULL,'2024-03-07 07:22:03',NULL,NULL),(51,'ソト語','2024-03-07 07:22:03',NULL,'2024-03-07 07:22:03',NULL,NULL),(52,'リトアニア語','2024-03-07 07:22:03',NULL,'2024-03-07 07:22:03',NULL,NULL),(53,'ルクセンブルク語','2024-03-07 07:22:03',NULL,'2024-03-07 07:22:03',NULL,NULL),(54,'マケドニア語','2024-03-07 07:22:03',NULL,'2024-03-07 07:22:03',NULL,NULL),(55,'ディベヒ語','2024-03-07 07:22:03',NULL,'2024-03-07 07:22:03',NULL,NULL),(56,'マルタ語','2024-03-07 07:22:03',NULL,'2024-03-07 07:22:03',NULL,NULL),(57,'ルーマニア語','2024-03-07 07:22:03',NULL,'2024-03-07 07:22:03',NULL,NULL),(58,'モンゴル語','2024-03-07 07:22:03',NULL,'2024-03-07 07:22:03',NULL,NULL),(59,'ビルマ語','2024-03-07 07:22:03',NULL,'2024-03-07 07:22:03',NULL,NULL),(60,'ネパール語','2024-03-07 07:22:03',NULL,'2024-03-07 07:22:03',NULL,NULL),(61,'ノルウェー語','2024-03-07 07:22:03',NULL,'2024-03-07 07:22:03',NULL,NULL),(62,'ウルドゥー語','2024-03-07 07:22:03',NULL,'2024-03-07 07:22:03',NULL,NULL),(63,'フィリピン語','2024-03-07 07:22:03',NULL,'2024-03-07 07:22:03',NULL,NULL),(64,'ポーランド語','2024-03-07 07:22:03',NULL,'2024-03-07 07:22:03',NULL,NULL),(65,'ロシア語','2024-03-07 07:22:03',NULL,'2024-03-07 07:22:03',NULL,NULL),(66,'セルビア語','2024-03-07 07:22:03',NULL,'2024-03-07 07:22:03',NULL,NULL),(67,'スロバキア語','2024-03-07 07:22:03',NULL,'2024-03-07 07:22:03',NULL,NULL),(68,'スロベニア語','2024-03-07 07:22:03',NULL,'2024-03-07 07:22:03',NULL,NULL),(69,'ソマリ語','2024-03-07 07:22:03',NULL,'2024-03-07 07:22:03',NULL,NULL),(70,'シンハラ語','2024-03-07 07:22:03',NULL,'2024-03-07 07:22:03',NULL,NULL),(71,'スウェーデン語','2024-03-07 07:22:03',NULL,'2024-03-07 07:22:03',NULL,NULL),(72,'タジク語','2024-03-07 07:22:03',NULL,'2024-03-07 07:22:03',NULL,NULL),(73,'タイ語','2024-03-07 07:22:03',NULL,'2024-03-07 07:22:03',NULL,NULL),(74,'トンガ語','2024-03-07 07:22:03',NULL,'2024-03-07 07:22:03',NULL,NULL),(75,'トルコ語','2024-03-07 07:22:03',NULL,'2024-03-07 07:22:03',NULL,NULL),(76,'トルクメン語','2024-03-07 07:22:03',NULL,'2024-03-07 07:22:03',NULL,NULL),(77,'ウクライナ語','2024-03-07 07:22:03',NULL,'2024-03-07 07:22:03',NULL,NULL),(78,'ウズベク語','2024-03-07 07:22:03',NULL,'2024-03-07 07:22:03',NULL,NULL),(79,'ビスラマ語','2024-03-07 07:22:03',NULL,'2024-03-07 07:22:03',NULL,NULL),(80,'ベトナム語','2024-03-07 07:22:03',NULL,'2024-03-07 07:22:03',NULL,NULL);

--
-- Table structure for table `em_mail_template`
--

CREATE TABLE `em_mail_template` (
  `template_id` bigint unsigned NOT NULL AUTO_INCREMENT,
  `type` varchar(50) CHARACTER SET utf8mb4 COLLATE utf8mb4_unicode_ci DEFAULT NULL,
  `name` varchar(191) CHARACTER SET utf8mb4 COLLATE utf8mb4_unicode_ci DEFAULT NULL,
  `address_from` varchar(191) CHARACTER SET utf8mb4 COLLATE utf8mb4_unicode_ci DEFAULT NULL,
  `address_to` varchar(1024) CHARACTER SET utf8mb4 COLLATE utf8mb4_unicode_ci DEFAULT NULL,
  `address_cc` varchar(1024) CHARACTER SET utf8mb4 COLLATE utf8mb4_unicode_ci DEFAULT NULL,
  `subject` varchar(1024) CHARACTER SET utf8mb4 COLLATE utf8mb4_unicode_ci DEFAULT NULL,
  `body` longtext CHARACTER SET utf8mb4 COLLATE utf8mb4_unicode_ci,
  `note` text CHARACTER SET utf8mb4 COLLATE utf8mb4_unicode_ci,
  `created_by_id` bigint DEFAULT NULL,
  `updated_by_id` bigint DEFAULT NULL,
  `company_id` bigint NOT NULL,
  `created_at` timestamp NULL DEFAULT NULL,
  `updated_at` timestamp NULL DEFAULT NULL,
  PRIMARY KEY (`template_id`)
) ENGINE=InnoDB AUTO_INCREMENT=5 DEFAULT CHARSET=utf8mb4 COLLATE=utf8mb4_unicode_ci;

--
-- Dumping data for table `em_mail_template`
--

INSERT INTO `em_mail_template` VALUES (2,'type99','SYS_NEW_ACCOUNT','system@erpcpanel.com',NULL,NULL,'[ErpCPanel] ログインIDのパスワードをリセットする','<p>この度は、erpcpanel.comの監理団体事業管理システムサービスを<br>お申込みいただき、誠にありがとうございます。</p><p>お申込みいただきましたサービスの設定が完了致しました。<br>erpcpanel.comのNaviからコントロールパネルにログインし、<br>初期セットアップをご手配ください。</p><p>▼ログインページ<br>&nbsp;https://[login_url]</p><p>会員ID...........[user_name]<br>初期パスワード........[password]</p><p>━━━━━━━━━━━━━━━━━━━━━━━━━━━━━━━━━━━<br>■お問い合わせ■<br>━━━━━━━━━━━━━━━━━━━━━━━━━━━━━━━━━━━<br>・ヘルプ &nbsp; &nbsp; &nbsp; &nbsp;https://erpcpanel.com/<br>・カスタマーサポート &nbsp;https://erpcpanel.com/contact/<br>・メール &nbsp; &nbsp; &nbsp; &nbsp;info@erpcpanel.com<br>━━━━━━━━━━━━━━━━━━━━━━━━━━━━━━━━━━━</p><p>株式会社AlphaCep<br>〒273-0111 千葉県鎌ケ谷市北中沢1-18-22スカラ３F<br>TEL 0474-022-022 &nbsp; &nbsp;FAX 0474-022-984<br>Mail info@alphacep.co.jp<br>HP https://alphacep.co.jp</p><p>&nbsp;</p><p>&nbsp;</p><p>&nbsp;</p><p>&nbsp;</p><p>&nbsp;</p><p>&nbsp;</p><p>&nbsp;</p><p>&nbsp;</p><p>&nbsp;</p><p>&nbsp;</p><p>&nbsp;</p><p>&nbsp;</p><p>&nbsp;</p><p>&nbsp;</p><p>&nbsp;</p><p>&nbsp;</p><p>&nbsp;</p><p>&nbsp;</p>',NULL,1,1,1,'2024-02-27 16:59:22','2024-03-10 17:29:44'),(3,'type01','PROJECT_CONTRACT_FORM','system@erpcpanel.com','[tantou_email]','[customer_cc]','雇用条件入力をお願いします(求人依頼番号:[project_id]）','<p>[customer_name]</p><p>[tantou_name]さま</p><p>&nbsp;</p><p>いつもお世話になっております。</p><p>雇用条件入力をお願いします。</p><p>[form_link]</p><p>&nbsp;</p><p>&nbsp;</p><p>以上</p>',NULL,1,1,1,'2024-03-05 18:15:50','2024-03-05 18:18:30'),(4,'type99','SYS_RESET_PASSWORD','system@erpcpanel.com',NULL,NULL,'[ErpCPanel] ログインIDのパスワードをリセットする','<p>この度は、erpcpanel.comの監理団体事業管理システムサービスを<br>ご利用ただき、誠にありがとうございます。</p><p>[user_name] の erpcpanelアカウント パスワードを リセットするには、次のリ<br>ンクをクリックしてください。</p><p>[reset_password_url]</p><p>このリンクをクリックしても機能しない場合は、URL をコピーして新しいブラウザ&nbsp;<br>ウィンドウに貼り付けてください。<br><br>このメールに心当たりがない場合、他の方がパスワードをリセットする際に誤ってお<br>客様のユーザー名を入力した可能性があります。リクエストした覚えがない場<br>合は、何も行わずにこのメールを破棄してください。<br><br>よろしくお願いいたします。</p><p>━━━━━━━━━━━━━━━━━━━━━━━━━━━━━━━━━━━<br>■お問い合わせ■<br>━━━━━━━━━━━━━━━━━━━━━━━━━━━━━━━━━━━<br>・ヘルプ &nbsp; &nbsp; &nbsp; &nbsp;https://erpcpanel.com/<br>・カスタマーサポート &nbsp;https://erpcpanel.com/contact/<br>・メール &nbsp; &nbsp; &nbsp; &nbsp;info@erpcpanel.com<br>━━━━━━━━━━━━━━━━━━━━━━━━━━━━━━━━━━━</p><p>株式会社AlphaCep<br>〒273-0111 千葉県鎌ケ谷市北中沢1-18-22スカラ３F<br>TEL 0474-022-022 &nbsp; &nbsp;FAX 0474-022-984<br>Mail info@alphacep.co.jp<br>HP https://alphacep.co.jp</p>',NULL,1,1,1,'2024-03-10 17:30:47','2024-03-10 17:33:23');

--
-- Table structure for table `et_audit_report`
--

CREATE TABLE `et_audit_report` (
  `audit_report_id` bigint unsigned NOT NULL AUTO_INCREMENT,
  `customer_id` bigint DEFAULT NULL,
  `customer_office_id` bigint DEFAULT NULL,
  `audit_date` date DEFAULT NULL,
  `last_audit_date` date DEFAULT NULL,
  `next_audit_date` date DEFAULT NULL,
  `created_by_id` bigint DEFAULT NULL,
  `created_at` timestamp NULL DEFAULT NULL,
  `updated_by_id` bigint DEFAULT NULL,
  `updated_at` timestamp NULL DEFAULT NULL,
  `updated_count` int DEFAULT NULL,
  `company_id` bigint NOT NULL,
  PRIMARY KEY (`audit_report_id`)
) ENGINE=InnoDB AUTO_INCREMENT=4 DEFAULT CHARSET=utf8mb4 COLLATE=utf8mb4_unicode_ci;

--
-- Dumping data for table `et_audit_report`
--

INSERT INTO `et_audit_report` VALUES (1,1,1,'2023-12-30','2023-12-30','2023-12-21',1,'2023-12-24 12:13:42',1,'2023-12-24 12:24:21',2,1),(2,5,7,'2023-12-28','2024-01-03','2023-12-25',1,'2023-12-29 17:38:06',1,'2023-12-29 17:42:59',1,1),(3,4,6,'2023-12-29','2023-12-31','2023-12-30',1,'2023-12-29 17:44:41',NULL,'2023-12-29 17:44:41',NULL,1);

--
-- Table structure for table `et_candidate_curriculumvitae`
--

CREATE TABLE `et_candidate_curriculumvitae` (
  `candidate_curriculumvitae_id` bigint NOT NULL AUTO_INCREMENT,
  `candidate_id` bigint NOT NULL,
  `academic_level` int DEFAULT NULL,
  `created_by_id` bigint NOT NULL,
  `created_at` timestamp NULL DEFAULT NULL,
  `updated_at` timestamp NULL DEFAULT NULL,
  `updated_by_id` bigint DEFAULT NULL,
  `company_id` bigint NOT NULL,
  `edu_level_from1` varchar(255) CHARACTER SET utf8mb4 COLLATE utf8mb4_general_ci DEFAULT NULL,
  `edu_level_to1` varchar(255) CHARACTER SET utf8mb4 COLLATE utf8mb4_general_ci DEFAULT NULL,
  `edu_level_note1` varchar(255) CHARACTER SET utf8mb4 COLLATE utf8mb4_general_ci DEFAULT NULL,
  `work_history_from1` varchar(255) CHARACTER SET utf8mb4 COLLATE utf8mb4_general_ci DEFAULT NULL,
  `work_history_to1` varchar(255) CHARACTER SET utf8mb4 COLLATE utf8mb4_general_ci DEFAULT NULL,
  `work_company_name1` varchar(255) CHARACTER SET utf8mb4 COLLATE utf8mb4_general_ci DEFAULT NULL,
  `work_job_name1` varchar(255) CHARACTER SET utf8mb4 COLLATE utf8mb4_general_ci DEFAULT NULL,
  `jobtype_name1` varchar(255) CHARACTER SET utf8mb4 COLLATE utf8mb4_general_ci DEFAULT NULL,
  `jobtype_experience_year1` varchar(255) CHARACTER SET utf8mb4 COLLATE utf8mb4_general_ci DEFAULT NULL,
  `jobtype_note_year1` varchar(255) CHARACTER SET utf8mb4 COLLATE utf8mb4_general_ci DEFAULT NULL,
  `jobtype_name2` varchar(255) CHARACTER SET utf8mb4 COLLATE utf8mb4_general_ci DEFAULT NULL,
  `jobtype_experience_year2` varchar(255) CHARACTER SET utf8mb4 COLLATE utf8mb4_general_ci DEFAULT NULL,
  `jobtype_note_year2` varchar(255) CHARACTER SET utf8mb4 COLLATE utf8mb4_general_ci DEFAULT NULL,
  `lang_level_japanese` varchar(255) CHARACTER SET utf8mb4 COLLATE utf8mb4_general_ci DEFAULT NULL,
  `lang_level_english` varchar(255) CHARACTER SET utf8mb4 COLLATE utf8mb4_general_ci DEFAULT NULL,
  `lang_level_other` varchar(255) CHARACTER SET utf8mb4 COLLATE utf8mb4_general_ci DEFAULT NULL,
  `work_experience_place` varchar(255) CHARACTER SET utf8mb4 COLLATE utf8mb4_general_ci DEFAULT NULL,
  `work_expericene_year` varchar(255) CHARACTER SET utf8mb4 COLLATE utf8mb4_general_ci DEFAULT NULL,
  `visit_japan_history` int DEFAULT NULL,
  `visit_japan_history_fromdate` date DEFAULT NULL,
  `visit_japan_history_todate` date DEFAULT NULL,
  `visit_japan_history_visaname` varchar(255) CHARACTER SET utf8mb4 COLLATE utf8mb4_general_ci DEFAULT NULL,
  `ginojishuse` int DEFAULT NULL,
  `ginojishusei_other` int DEFAULT NULL,
  `work_as_ginojishusei` int DEFAULT NULL,
  `work_as_ginojishusei_fromdate` date DEFAULT NULL,
  `work_as_ginojishusei_todate` date DEFAULT NULL,
  `work_as_ginojishusei_type` varchar(255) CHARACTER SET utf8mb4 COLLATE utf8mb4_general_ci DEFAULT NULL,
  `is_visa_failed` int DEFAULT NULL,
  `visa_failed_reason` varchar(255) CHARACTER SET utf8mb4 COLLATE utf8mb4_general_ci DEFAULT NULL,
  `visit_japan_other` varchar(255) CHARACTER SET utf8mb4 COLLATE utf8mb4_general_ci DEFAULT NULL,
  `is_work_as_nurse` int DEFAULT NULL,
  `work_as_nurse_fromdate` date DEFAULT NULL,
  `work_as_nurse_todate` date DEFAULT NULL,
  `is_inputform` int DEFAULT NULL,
  `inputform_id` bigint DEFAULT NULL,
  PRIMARY KEY (`candidate_curriculumvitae_id`)
) ENGINE=InnoDB AUTO_INCREMENT=30 DEFAULT CHARSET=utf8mb4 COLLATE=utf8mb4_general_ci;

--
-- Dumping data for table `et_candidate_curriculumvitae`
--

INSERT INTO `et_candidate_curriculumvitae` VALUES (5,11,NULL,1,'2024-03-20 07:55:57','2024-03-20 09:02:51',1,2,NULL,NULL,NULL,NULL,NULL,NULL,NULL,NULL,NULL,NULL,NULL,NULL,NULL,NULL,NULL,NULL,NULL,NULL,NULL,NULL,NULL,NULL,NULL,NULL,NULL,NULL,NULL,NULL,NULL,NULL,NULL,NULL,NULL,NULL,1,12),(6,23,NULL,1,'2024-03-20 07:58:47','2024-03-20 07:58:47',NULL,2,NULL,NULL,NULL,NULL,NULL,NULL,NULL,NULL,NULL,NULL,NULL,NULL,NULL,NULL,NULL,NULL,NULL,NULL,NULL,NULL,NULL,NULL,NULL,NULL,NULL,NULL,NULL,NULL,NULL,NULL,NULL,NULL,NULL,NULL,NULL,NULL),(7,38,NULL,1,'2024-03-20 07:59:45','2024-03-20 07:59:45',NULL,2,NULL,NULL,NULL,NULL,NULL,NULL,NULL,NULL,NULL,NULL,NULL,NULL,NULL,NULL,NULL,NULL,NULL,NULL,NULL,NULL,NULL,NULL,NULL,NULL,NULL,NULL,NULL,NULL,NULL,NULL,NULL,NULL,NULL,NULL,NULL,NULL),(8,38,NULL,1,'2024-03-20 08:01:26','2024-03-20 16:54:21',1,2,NULL,NULL,NULL,NULL,NULL,NULL,NULL,NULL,NULL,NULL,NULL,NULL,NULL,NULL,NULL,NULL,NULL,NULL,NULL,NULL,NULL,NULL,NULL,NULL,NULL,NULL,NULL,NULL,NULL,NULL,NULL,NULL,NULL,NULL,1,24),(9,39,NULL,1,'2024-03-20 08:02:03','2024-03-20 08:02:03',NULL,2,NULL,NULL,NULL,NULL,NULL,NULL,NULL,NULL,NULL,NULL,NULL,NULL,NULL,NULL,NULL,NULL,NULL,NULL,NULL,NULL,NULL,NULL,NULL,NULL,NULL,NULL,NULL,NULL,NULL,NULL,NULL,NULL,NULL,NULL,NULL,NULL),(10,40,NULL,1,'2024-03-20 08:04:18','2024-03-20 08:04:18',NULL,2,NULL,NULL,NULL,NULL,NULL,NULL,NULL,NULL,NULL,NULL,NULL,NULL,NULL,NULL,NULL,NULL,NULL,NULL,NULL,NULL,NULL,NULL,NULL,NULL,NULL,NULL,NULL,NULL,NULL,NULL,NULL,NULL,NULL,NULL,NULL,NULL),(13,15,NULL,1,'2024-03-20 14:28:42','2024-03-20 14:28:49',NULL,2,NULL,NULL,NULL,NULL,NULL,NULL,NULL,NULL,NULL,NULL,NULL,NULL,NULL,NULL,NULL,NULL,NULL,NULL,0,NULL,NULL,NULL,NULL,NULL,0,NULL,NULL,NULL,0,NULL,NULL,0,NULL,NULL,NULL,NULL),(14,15,NULL,1,'2024-03-20 14:32:51','2024-03-20 14:32:51',NULL,1,NULL,NULL,NULL,NULL,NULL,NULL,NULL,NULL,NULL,NULL,NULL,NULL,NULL,NULL,NULL,NULL,NULL,NULL,NULL,NULL,NULL,NULL,NULL,NULL,NULL,NULL,NULL,NULL,NULL,NULL,NULL,NULL,NULL,NULL,NULL,NULL),(15,15,NULL,1,'2024-03-20 14:32:58','2024-03-20 14:32:58',NULL,1,NULL,NULL,NULL,NULL,NULL,NULL,NULL,NULL,NULL,NULL,NULL,NULL,NULL,NULL,NULL,NULL,NULL,NULL,NULL,NULL,NULL,NULL,NULL,NULL,NULL,NULL,NULL,NULL,NULL,NULL,NULL,NULL,NULL,NULL,NULL,NULL),(16,17,NULL,1,'2024-03-20 14:33:25','2024-03-20 17:11:08',1,1,NULL,NULL,NULL,NULL,NULL,NULL,NULL,NULL,NULL,NULL,NULL,NULL,NULL,NULL,NULL,NULL,NULL,NULL,NULL,NULL,NULL,NULL,NULL,NULL,NULL,NULL,NULL,NULL,NULL,NULL,NULL,NULL,NULL,NULL,1,25),(17,15,NULL,1,'2024-03-20 14:55:45','2024-03-20 15:00:05',NULL,1,'1231231','ádasda',NULL,'ádasdasd','ádasd','ádasd','ádasd',NULL,NULL,NULL,NULL,NULL,NULL,NULL,NULL,NULL,NULL,NULL,0,NULL,NULL,NULL,NULL,NULL,0,NULL,NULL,NULL,0,NULL,NULL,0,NULL,NULL,NULL,NULL),(18,15,NULL,1,'2024-03-20 14:55:52','2024-03-20 14:59:19',1,1,NULL,NULL,NULL,NULL,NULL,NULL,NULL,NULL,NULL,NULL,NULL,NULL,NULL,NULL,NULL,NULL,NULL,NULL,NULL,NULL,NULL,NULL,NULL,NULL,NULL,NULL,NULL,NULL,NULL,NULL,NULL,NULL,NULL,NULL,1,19),(19,15,NULL,1,'2024-03-20 14:59:19','2024-03-20 14:59:19',NULL,1,NULL,NULL,NULL,NULL,NULL,NULL,NULL,NULL,NULL,NULL,NULL,NULL,NULL,NULL,NULL,NULL,NULL,NULL,NULL,NULL,NULL,NULL,NULL,NULL,NULL,NULL,NULL,NULL,NULL,NULL,NULL,NULL,NULL,NULL,NULL,NULL),(20,17,NULL,1,'2024-03-20 15:01:48','2024-03-20 15:01:48',NULL,1,NULL,NULL,NULL,NULL,NULL,NULL,NULL,NULL,NULL,NULL,NULL,NULL,NULL,NULL,NULL,NULL,NULL,NULL,NULL,NULL,NULL,NULL,NULL,NULL,NULL,NULL,NULL,NULL,NULL,NULL,NULL,NULL,NULL,NULL,NULL,NULL),(21,17,NULL,1,'2024-03-20 15:04:15','2024-03-20 15:04:15',NULL,1,NULL,NULL,NULL,NULL,NULL,NULL,NULL,NULL,NULL,NULL,NULL,NULL,NULL,NULL,NULL,NULL,NULL,NULL,NULL,NULL,NULL,NULL,NULL,NULL,NULL,NULL,NULL,NULL,NULL,NULL,NULL,NULL,NULL,NULL,NULL,NULL),(22,15,NULL,1,'2024-03-20 16:31:43','2024-03-20 17:17:07',1,1,NULL,NULL,NULL,NULL,NULL,NULL,NULL,NULL,NULL,NULL,NULL,NULL,NULL,NULL,NULL,NULL,NULL,NULL,NULL,NULL,NULL,NULL,NULL,NULL,NULL,NULL,NULL,NULL,NULL,NULL,NULL,NULL,NULL,NULL,1,27),(23,16,NULL,1,'2024-03-20 16:51:01','2024-03-20 16:51:01',NULL,1,NULL,NULL,NULL,NULL,NULL,NULL,NULL,NULL,NULL,NULL,NULL,NULL,NULL,NULL,NULL,NULL,NULL,NULL,NULL,NULL,NULL,NULL,NULL,NULL,NULL,NULL,NULL,NULL,NULL,NULL,NULL,NULL,NULL,NULL,NULL,NULL),(24,38,NULL,1,'2024-03-20 16:54:21','2024-03-20 16:54:21',NULL,1,NULL,NULL,NULL,NULL,NULL,NULL,NULL,NULL,NULL,NULL,NULL,NULL,NULL,NULL,NULL,NULL,NULL,NULL,NULL,NULL,NULL,NULL,NULL,NULL,NULL,NULL,NULL,NULL,NULL,NULL,NULL,NULL,NULL,NULL,NULL,NULL),(25,17,NULL,1,'2024-03-20 17:11:08','2024-03-20 17:11:18',1,1,NULL,NULL,NULL,NULL,NULL,NULL,NULL,NULL,NULL,NULL,NULL,NULL,NULL,NULL,NULL,NULL,NULL,NULL,NULL,NULL,NULL,NULL,NULL,NULL,NULL,NULL,NULL,NULL,NULL,NULL,NULL,NULL,NULL,NULL,1,26),(26,17,NULL,1,'2024-03-20 17:11:18','2024-03-20 17:11:18',NULL,1,NULL,NULL,NULL,NULL,NULL,NULL,NULL,NULL,NULL,NULL,NULL,NULL,NULL,NULL,NULL,NULL,NULL,NULL,NULL,NULL,NULL,NULL,NULL,NULL,NULL,NULL,NULL,NULL,NULL,NULL,NULL,NULL,NULL,NULL,NULL,NULL),(27,15,NULL,1,'2024-03-20 17:17:07','2024-03-20 17:17:07',NULL,1,NULL,NULL,NULL,NULL,NULL,NULL,NULL,NULL,NULL,NULL,NULL,NULL,NULL,NULL,NULL,NULL,NULL,NULL,NULL,NULL,NULL,NULL,NULL,NULL,NULL,NULL,NULL,NULL,NULL,NULL,NULL,NULL,NULL,NULL,NULL,NULL),(28,23,NULL,1,'2024-03-24 01:26:48','2024-03-24 01:26:48',NULL,1,NULL,NULL,NULL,NULL,NULL,NULL,NULL,NULL,NULL,NULL,NULL,NULL,NULL,NULL,NULL,NULL,NULL,NULL,NULL,NULL,NULL,NULL,NULL,NULL,NULL,NULL,NULL,NULL,NULL,NULL,NULL,NULL,NULL,NULL,NULL,NULL);

--
-- Table structure for table `et_doc_file`
--

CREATE TABLE `et_doc_file` (
  `id` bigint NOT NULL,
  `file_name` varchar(500) COLLATE utf8mb3_unicode_ci DEFAULT NULL,
  `fileable_type` varchar(255) COLLATE utf8mb3_unicode_ci DEFAULT NULL,
  `item_id` bigint unsigned DEFAULT NULL,
  `url` varchar(500) COLLATE utf8mb3_unicode_ci DEFAULT NULL,
  `file_id` bigint unsigned DEFAULT NULL
) ENGINE=MyISAM DEFAULT CHARSET=utf8mb3 COLLATE=utf8mb3_unicode_ci;

--
-- Dumping data for table `et_doc_file`
--

INSERT INTO `et_doc_file` VALUES (1,'1','App\\Models\\MInvoice',1,'1',1),(2,'2','App\\Models\\MInvoice',1,'1',2);

--
-- Table structure for table `et_document_attribute`
--

CREATE TABLE `et_document_attribute` (
  `document_attribute_id` bigint unsigned NOT NULL AUTO_INCREMENT,
  `document_template_id` bigint DEFAULT NULL,
  `seq_no` int DEFAULT NULL,
  `attribute_name` varchar(254) COLLATE utf8mb4_unicode_ci DEFAULT NULL,
  `attribute_value` varchar(254) COLLATE utf8mb4_unicode_ci DEFAULT NULL,
  `created_by_id` bigint DEFAULT NULL,
  `created_at` timestamp NULL DEFAULT NULL,
  `updated_by_id` bigint DEFAULT NULL,
  `updated_at` timestamp NULL DEFAULT NULL,
  `updated_count` int DEFAULT NULL,
  `company_id` bigint NOT NULL,
  `document_set_name` varchar(191) COLLATE utf8mb4_unicode_ci DEFAULT NULL,
  `type_gino_1` tinyint(1) DEFAULT NULL,
  `type_gino_2` tinyint(1) DEFAULT NULL,
  `note` text COLLATE utf8mb4_unicode_ci,
  `gino_check_type` tinyint(1) DEFAULT NULL,
  `gino_check_note` text COLLATE utf8mb4_unicode_ci,
  PRIMARY KEY (`document_attribute_id`)
) ENGINE=InnoDB DEFAULT CHARSET=utf8mb4 COLLATE=utf8mb4_unicode_ci;

--
-- Dumping data for table `et_document_attribute`
--


--
-- Table structure for table `et_document_template`
--

CREATE TABLE `et_document_template` (
  `document_template_id` bigint unsigned NOT NULL AUTO_INCREMENT,
  `type` varchar(2) CHARACTER SET utf8mb4 COLLATE utf8mb4_unicode_ci DEFAULT NULL,
  `target_doc` varchar(2) CHARACTER SET utf8mb4 COLLATE utf8mb4_unicode_ci DEFAULT NULL,
  `name` varchar(256) COLLATE utf8mb4_unicode_ci DEFAULT NULL,
  `sort_order` int DEFAULT NULL,
  `note` text COLLATE utf8mb4_unicode_ci,
  `created_by_id` bigint DEFAULT NULL,
  `created_at` timestamp NULL DEFAULT CURRENT_TIMESTAMP,
  `updated_by_id` bigint DEFAULT NULL,
  `updated_at` timestamp NULL DEFAULT CURRENT_TIMESTAMP ON UPDATE CURRENT_TIMESTAMP,
  `updated_count` int DEFAULT NULL,
  `company_id` bigint NOT NULL,
  PRIMARY KEY (`document_template_id`)
) ENGINE=InnoDB AUTO_INCREMENT=31 DEFAULT CHARSET=utf8mb4 COLLATE=utf8mb4_unicode_ci;

--
-- Dumping data for table `et_document_template`
--

INSERT INTO `et_document_template` VALUES (13,NULL,NULL,'技能実習計画認定申請',5,'技能実習計画の認定申請／計画の変更関係',1,'2024-04-12 04:35:41',1,'2024-04-15 03:19:08',1,1),(14,NULL,NULL,'技能実習計画変更申請',10,'技能実習計画の認定申請／計画の変更関係',1,'2024-04-12 04:35:57',1,'2024-04-15 03:19:12',1,1),(15,NULL,NULL,'監理団体許可申請',15,'監理団体許可申請／有効期間更新申請／事業区分変更申請／変更届出等／廃止・休止・再開届出',1,'2024-04-12 05:10:18',1,'2024-04-15 03:19:16',1,1),(16,NULL,NULL,'有効期間更新申請',20,'監理団体許可申請／有効期間更新申請／事業区分変更申請／変更届出等／廃止・休止・再開届出',1,'2024-04-12 05:10:27',1,'2024-04-15 03:19:21',1,1),(17,NULL,NULL,'事業区分変更申請',25,'監理団体許可申請／有効期間更新申請／事業区分変更申請／変更届出等／廃止・休止・再開届出',1,'2024-04-12 05:10:36',1,'2024-04-15 03:19:25',1,1),(18,NULL,NULL,'変更届出等',30,'監理団体許可申請／有効期間更新申請／事業区分変更申請／変更届出等／廃止・休止・再開届出',1,'2024-04-12 05:10:44',1,'2024-04-15 03:19:30',1,1),(19,NULL,NULL,'廃止・休止・再開届出',35,'監理団体許可申請／有効期間更新申請／事業区分変更申請／変更届出等／廃止・休止・再開届出',1,'2024-04-12 05:10:54',1,'2024-04-15 03:19:50',1,1),(20,NULL,NULL,'実習実施者届',40,'各種届出・報告関係（実習実施者届／実施状況報告／困難時届／監査報告／事業報告／認定・許可取消し事由報告）',1,'2024-04-12 05:13:12',NULL,'2024-04-15 03:19:55',NULL,1),(21,NULL,NULL,'実施状況報告',45,'各種届出・報告関係（実習実施者届／実施状況報告／困難時届／監査報告／事業報告／認定・許可取消し事由報告）',1,'2024-04-12 05:13:28',NULL,'2024-04-15 03:20:01',NULL,1),(22,NULL,NULL,'困難時届',50,'各種届出・報告関係（実習実施者届／実施状況報告／困難時届／監査報告／事業報告／認定・許可取消し事由報告）',1,'2024-04-12 05:13:36',NULL,'2024-04-15 03:20:06',NULL,1),(23,NULL,NULL,'監査報告',55,'各種届出・報告関係（実習実施者届／実施状況報告／困難時届／監査報告／事業報告／認定・許可取消し事由報告）',1,'2024-04-12 05:13:44',NULL,'2024-04-15 03:20:17',NULL,1),(24,NULL,NULL,'事業報告',60,'各種届出・報告関係（実習実施者届／実施状況報告／困難時届／監査報告／事業報告／認定・許可取消し事由報告）',1,'2024-04-12 05:13:55',NULL,'2024-04-15 03:20:20',NULL,1),(27,NULL,NULL,'認定・許可取消し事由報告',65,'各種届出・報告関係（実習実施者届／実施状況報告／困難時届／監査報告／事業報告／認定・許可取消し事由報告）',1,'2024-04-12 05:19:15',NULL,'2024-04-15 03:20:47',NULL,1),(28,NULL,NULL,'帳簿関係',70,'帳簿関係',1,'2024-04-12 05:23:11',NULL,'2024-04-15 03:20:53',NULL,1),(29,NULL,NULL,'講習関係',75,'講習関係',1,'2024-04-12 05:23:25',NULL,'2024-04-15 03:20:56',NULL,1);

--
-- Table structure for table `et_document_template_file_template`
--

CREATE TABLE `et_document_template_file_template` (
  `id` bigint unsigned NOT NULL AUTO_INCREMENT,
  `document_template_id` bigint unsigned NOT NULL,
  `file_template_id` bigint unsigned NOT NULL,
  `sort_order` int DEFAULT NULL,
  `created_at` timestamp NULL DEFAULT CURRENT_TIMESTAMP,
  `updated_at` timestamp NULL DEFAULT CURRENT_TIMESTAMP ON UPDATE CURRENT_TIMESTAMP,
  `created_by_id` bigint unsigned DEFAULT NULL,
  `updated_by_id` bigint unsigned DEFAULT NULL,
  `company_id` bigint unsigned NOT NULL DEFAULT '1',
  PRIMARY KEY (`id`)
) ENGINE=InnoDB AUTO_INCREMENT=188 DEFAULT CHARSET=utf8mb4 COLLATE=utf8mb4_general_ci;

--
-- Dumping data for table `et_document_template_file_template`
--

INSERT INTO `et_document_template_file_template` VALUES (4,28,15,NULL,'2024-04-12 05:32:56','2024-04-12 05:32:56',NULL,NULL,1),(5,28,43,NULL,'2024-04-12 05:32:56','2024-04-12 05:32:56',NULL,NULL,1),(149,13,1,1,'2024-04-15 05:21:37','2024-04-15 05:21:59',NULL,NULL,1),(150,13,2,2,'2024-04-15 05:21:37','2024-04-15 05:22:01',NULL,NULL,1),(151,13,3,3,'2024-04-15 05:21:37','2024-04-15 05:22:03',NULL,NULL,1),(152,13,4,4,'2024-04-15 05:21:37','2024-04-15 05:22:05',NULL,NULL,1),(153,13,5,5,'2024-04-15 05:21:37','2024-04-15 05:22:08',NULL,NULL,1),(154,13,6,6,'2024-04-15 05:21:37','2024-04-15 05:22:11',NULL,NULL,1),(155,13,7,7,'2024-04-15 05:21:37','2024-04-15 05:22:13',NULL,NULL,1),(156,13,8,8,'2024-04-15 05:21:37','2024-04-15 05:22:15',NULL,NULL,1),(157,13,9,9,'2024-04-15 05:21:37','2024-04-15 05:22:17',NULL,NULL,1),(158,13,10,10,'2024-04-15 05:21:37','2024-04-15 05:22:21',NULL,NULL,1),(159,13,11,11,'2024-04-15 05:21:37','2024-04-15 05:22:23',NULL,NULL,1),(160,13,12,12,'2024-04-15 05:21:37','2024-04-15 05:22:25',NULL,NULL,1),(161,13,13,13,'2024-04-15 05:21:37','2024-04-15 05:22:27',NULL,NULL,1),(162,13,14,14,'2024-04-15 05:21:37','2024-04-15 05:22:30',NULL,NULL,1),(163,13,16,16,'2024-04-15 05:21:37','2024-04-15 05:22:33',NULL,NULL,1),(164,13,17,17,'2024-04-15 05:21:37','2024-04-15 05:22:36',NULL,NULL,1),(165,13,18,18,'2024-04-15 05:21:37','2024-04-15 05:22:38',NULL,NULL,1),(166,13,19,19,'2024-04-15 05:21:37','2024-04-15 05:22:42',NULL,NULL,1),(167,13,20,20,'2024-04-15 05:21:37','2024-04-15 05:22:45',NULL,NULL,1),(168,13,21,21,'2024-04-15 05:21:37','2024-04-15 05:22:47',NULL,NULL,1),(169,13,22,22,'2024-04-15 05:21:37','2024-04-15 05:22:49',NULL,NULL,1),(170,13,25,25,'2024-04-15 05:21:37','2024-04-15 05:22:51',NULL,NULL,1),(171,13,26,26,'2024-04-15 05:21:37','2024-04-15 05:22:54',NULL,NULL,1),(172,13,27,27,'2024-04-15 05:21:37','2024-04-15 05:22:56',NULL,NULL,1),(173,13,28,28,'2024-04-15 05:21:37','2024-04-15 05:22:58',NULL,NULL,1),(174,13,29,29,'2024-04-15 05:21:37','2024-04-15 05:23:07',NULL,NULL,1),(175,13,30,30,'2024-04-15 05:21:37','2024-04-15 05:23:10',NULL,NULL,1),(176,13,31,31,'2024-04-15 05:21:37','2024-04-15 05:23:12',NULL,NULL,1),(177,13,32,32,'2024-04-15 05:21:37','2024-04-15 05:23:15',NULL,NULL,1),(178,13,33,33,'2024-04-15 05:21:37','2024-04-15 05:23:16',NULL,NULL,1),(179,13,34,34,'2024-04-15 05:21:37','2024-04-15 05:23:19',NULL,NULL,1),(180,13,35,35,'2024-04-15 05:21:37','2024-04-15 05:23:21',NULL,NULL,1),(181,13,36,36,'2024-04-15 05:21:37','2024-04-15 05:23:25',NULL,NULL,1),(182,13,37,37,'2024-04-15 05:21:37','2024-04-15 05:23:29',NULL,NULL,1),(183,13,38,38,'2024-04-15 05:21:37','2024-04-15 05:23:32',NULL,NULL,1),(184,13,39,39,'2024-04-15 05:21:37','2024-04-15 05:23:35',NULL,NULL,1),(185,13,40,40,'2024-04-15 05:21:37','2024-04-15 05:23:38',NULL,NULL,1),(186,13,41,41,'2024-04-15 05:21:37','2024-04-15 05:23:42',NULL,NULL,1),(187,13,42,42,'2024-04-15 05:21:37','2024-04-15 05:23:45',NULL,NULL,1);

--
-- Table structure for table `et_file`
--

CREATE TABLE `et_file` (
  `file_id` bigint unsigned NOT NULL AUTO_INCREMENT,
  `name` varchar(191) COLLATE utf8mb4_unicode_ci DEFAULT NULL,
  `company_id` bigint NOT NULL,
  `path` text CHARACTER SET utf8mb4 COLLATE utf8mb4_unicode_ci NOT NULL,
  `type` int DEFAULT NULL,
  `created_by_id` bigint DEFAULT NULL,
  `updated_by_id` bigint DEFAULT NULL,
  `updated_count` int NOT NULL DEFAULT '0',
  `created_at` timestamp NULL DEFAULT NULL,
  `updated_at` timestamp NULL DEFAULT NULL,
  PRIMARY KEY (`file_id`)
) ENGINE=InnoDB AUTO_INCREMENT=2 DEFAULT CHARSET=utf8mb4 COLLATE=utf8mb4_unicode_ci;

--
-- Dumping data for table `et_file`
--

INSERT INTO `et_file` VALUES (1,'1490711.png',1,'public/userfiles/2024/03/1/1490711.png',NULL,1,1,1,'2024-03-25 00:03:10','2024-03-25 00:03:10');

--
-- Table structure for table `et_file_attribute`
--

CREATE TABLE `et_file_attribute` (
  `file_attribute_id` bigint unsigned NOT NULL AUTO_INCREMENT,
  `file_template_id` bigint DEFAULT NULL,
  `seq_no` int DEFAULT NULL,
  `name` varchar(254) COLLATE utf8mb4_unicode_ci DEFAULT NULL,
  `type` tinyint(1) NOT NULL DEFAULT '1',
  `value` varchar(254) COLLATE utf8mb4_unicode_ci DEFAULT NULL,
  `trueval` varchar(191) COLLATE utf8mb4_unicode_ci DEFAULT NULL,
  `falseval` varchar(191) COLLATE utf8mb4_unicode_ci DEFAULT NULL,
  `created_by_id` bigint DEFAULT NULL,
  `created_at` timestamp NULL DEFAULT NULL,
  `updated_by_id` bigint DEFAULT NULL,
  `updated_at` timestamp NULL DEFAULT NULL,
  `updated_count` int DEFAULT NULL,
  `company_id` bigint NOT NULL,
  `file_set_name` varchar(191) COLLATE utf8mb4_unicode_ci DEFAULT NULL,
  `type_gino_1` tinyint(1) DEFAULT NULL,
  `type_gino_2` tinyint(1) DEFAULT NULL,
  `note` text COLLATE utf8mb4_unicode_ci,
  `gino_check_type` tinyint(1) DEFAULT NULL,
  `gino_check_note` text COLLATE utf8mb4_unicode_ci,
  PRIMARY KEY (`file_attribute_id`)
) ENGINE=InnoDB AUTO_INCREMENT=6 DEFAULT CHARSET=utf8mb4 COLLATE=utf8mb4_unicode_ci;

--
-- Dumping data for table `et_file_attribute`
--

INSERT INTO `et_file_attribute` VALUES (4,4,NULL,'customer_name',2,NULL,NULL,NULL,1,'2024-04-12 04:56:14',NULL,'2024-04-12 04:56:14',NULL,1,NULL,NULL,NULL,NULL,NULL,NULL),(5,5,NULL,'customer_name',1,NULL,NULL,NULL,1,'2024-04-12 04:56:30',NULL,'2024-04-12 04:56:30',NULL,1,NULL,NULL,NULL,NULL,NULL,NULL);

--
-- Table structure for table `et_file_template`
--

CREATE TABLE `et_file_template` (
  `file_template_id` bigint unsigned NOT NULL AUTO_INCREMENT,
  `seq_no` int DEFAULT NULL,
  `name` varchar(254) COLLATE utf8mb4_unicode_ci DEFAULT NULL,
  `type` tinyint DEFAULT NULL,
  `target_doc` tinyint DEFAULT NULL,
  `created_by_id` bigint DEFAULT NULL,
  `created_at` timestamp NULL DEFAULT NULL,
  `updated_by_id` bigint DEFAULT NULL,
  `updated_at` timestamp NULL DEFAULT NULL,
  `updated_count` int DEFAULT NULL,
  `company_id` bigint NOT NULL,
  `file_set_name` varchar(191) COLLATE utf8mb4_unicode_ci DEFAULT NULL,
  `type_gino_1` tinyint(1) DEFAULT NULL,
  `type_gino_2` tinyint(1) DEFAULT NULL,
  `note` text COLLATE utf8mb4_unicode_ci,
  `gino_check_type` tinyint(1) DEFAULT NULL,
  `gino_check_note` text COLLATE utf8mb4_unicode_ci,
  `file_path` text COLLATE utf8mb4_unicode_ci,
  `form_name` varchar(255) COLLATE utf8mb4_unicode_ci DEFAULT NULL,
  PRIMARY KEY (`file_template_id`)
) ENGINE=InnoDB AUTO_INCREMENT=51 DEFAULT CHARSET=utf8mb4 COLLATE=utf8mb4_unicode_ci;

--
-- Dumping data for table `et_file_template`
--

INSERT INTO `et_file_template` VALUES (1,NULL,'技能実習計画認定申請に係る提出書類一覧・確認表(団体監理型)',1,1,1,'2024-04-12 05:07:12',NULL,'2024-04-12 05:07:12',NULL,1,NULL,0,0,NULL,0,NULL,NULL,'training_plan_doclist'),(2,NULL,'変更申請・軽微変更届に必要な書類について',1,1,1,'2024-04-12 05:07:46',NULL,'2024-04-12 05:07:46',NULL,1,NULL,0,0,NULL,0,NULL,NULL,NULL),(3,NULL,'介護職種に係る技能実習計画認定申請に係る提出書類について',1,1,1,'2024-04-12 05:08:04',NULL,'2024-04-12 05:08:04',NULL,1,NULL,0,0,NULL,0,NULL,NULL,NULL),(4,NULL,'技能実習計画認定申請書',1,1,1,'2024-04-12 05:08:18',NULL,'2024-04-12 05:08:18',NULL,1,NULL,0,0,NULL,0,NULL,NULL,NULL),(5,NULL,'技能実習計画軽微変更届出書',1,1,1,'2024-04-12 05:08:29',NULL,'2024-04-12 05:08:29',NULL,1,NULL,0,0,NULL,0,NULL,NULL,NULL),(6,NULL,'技能実習計画変更認定申請書',1,1,1,'2024-04-12 05:08:45',NULL,'2024-04-12 05:08:45',NULL,1,NULL,0,0,NULL,0,NULL,NULL,NULL),(7,NULL,'申請者の概要書',1,1,1,'2024-04-12 05:25:45',NULL,'2024-04-12 05:25:45',NULL,1,NULL,0,0,NULL,0,NULL,NULL,NULL),(8,NULL,'申請者の誓約書',1,1,1,'2024-04-12 05:26:13',NULL,'2024-04-12 05:26:13',NULL,1,NULL,0,0,NULL,0,NULL,NULL,NULL),(9,NULL,'技能実習生の履歴書',1,1,1,'2024-04-12 05:26:24',NULL,'2024-04-12 05:26:24',NULL,1,NULL,0,0,NULL,0,NULL,NULL,NULL),(10,NULL,'技能実習責任者・技能実習指導員・生活指導員の履歴書並びに就任承諾書及び誓約書',1,1,1,'2024-04-12 05:26:37',NULL,'2024-04-12 05:26:37',NULL,1,NULL,0,0,NULL,0,NULL,NULL,NULL),(11,NULL,'技能実習計画の認定に関する取次送出機関の誓約書',1,1,1,'2024-04-12 05:26:48',NULL,'2024-04-12 05:26:48',NULL,1,NULL,0,0,NULL,0,NULL,NULL,NULL),(12,NULL,'外国の所属機関の概要書及び当該機関による証明書（企業単独型技能実習）',1,1,1,'2024-04-12 05:26:56',NULL,'2024-04-12 05:26:56',NULL,1,NULL,0,0,NULL,0,NULL,NULL,NULL),(13,NULL,'外国の準備機関の概要書及び誓約書',1,1,1,'2024-04-12 05:27:05',NULL,'2024-04-12 05:27:05',NULL,1,NULL,0,0,NULL,0,NULL,NULL,NULL),(14,NULL,'雇用契約書及び雇用条件書',1,1,1,'2024-04-12 05:27:23',NULL,'2024-04-12 05:27:23',NULL,1,NULL,0,0,NULL,0,NULL,NULL,'project-training-after'),(15,NULL,'入国後講習実施記録（団体監理型技能実習）',1,1,1,'2024-04-12 05:27:37',NULL,'2024-04-12 05:27:37',NULL,1,NULL,0,0,NULL,0,NULL,NULL,'project-training-after-record'),(16,NULL,'技能実習生の報酬・宿泊施設・徴収費用についての説明書',1,1,1,'2024-04-12 05:27:41',NULL,'2024-04-12 05:27:41',NULL,1,NULL,0,0,NULL,0,NULL,NULL,NULL),(17,NULL,'技能実習の期間中の待遇に関する重要事項説明書',1,1,1,'2024-04-12 05:27:51',NULL,'2024-04-12 05:27:51',NULL,1,NULL,0,0,NULL,0,NULL,NULL,NULL),(18,NULL,'技能実習生の申告書',1,1,1,'2024-04-12 05:28:01',NULL,'2024-04-12 05:28:01',NULL,1,NULL,0,0,NULL,0,NULL,NULL,NULL),(19,NULL,'技能実習の準備に関し本国で支払った費用の明細書',1,1,1,'2024-04-12 05:28:11',NULL,'2024-04-12 05:28:11',NULL,1,NULL,0,0,NULL,0,NULL,NULL,NULL),(20,NULL,'技能実習を行わせる理由書',1,1,1,'2024-04-12 05:28:18',NULL,'2024-04-12 05:28:18',NULL,1,NULL,0,0,NULL,0,NULL,NULL,NULL),(21,NULL,'技能実習生の推薦状',1,1,1,'2024-04-12 05:28:27',NULL,'2024-04-12 05:28:27',NULL,1,NULL,0,0,NULL,0,NULL,NULL,NULL),(22,NULL,'優良要件適合申告書（実習実施者）',1,1,1,'2024-04-12 05:28:34',NULL,'2024-04-12 05:28:34',NULL,1,NULL,0,0,NULL,0,NULL,NULL,NULL),(23,NULL,'理由書（主務大臣が特別に認める技能実習）',1,1,1,'2024-04-12 05:28:44',NULL,'2024-04-12 05:28:44',NULL,1,NULL,0,0,NULL,0,NULL,NULL,NULL),(24,NULL,'同種業務従事経験等説明書（団体監理型技能実習）',1,1,1,'2024-04-12 05:28:51',NULL,'2024-04-12 05:28:51',NULL,1,NULL,0,0,NULL,0,NULL,NULL,NULL),(25,NULL,'外国の所属機関による証明書（団体監理型技能実習）',1,1,1,'2024-04-12 05:28:58',NULL,'2024-04-12 05:28:58',NULL,1,NULL,0,0,NULL,0,NULL,NULL,NULL),(26,NULL,'入国前講習実施（予定）表に関する申請者等の誓約書',1,1,1,'2024-04-12 05:29:05',NULL,'2024-04-12 05:29:05',NULL,1,NULL,0,0,NULL,0,NULL,NULL,NULL),(27,NULL,'複数の職種及び作業に係る技能実習を行わせる理由書',1,1,1,'2024-04-12 05:29:12',NULL,'2024-04-12 05:29:12',NULL,1,NULL,0,0,NULL,0,NULL,NULL,NULL),(28,NULL,'申請取下げ書',1,1,1,'2024-04-12 05:29:19',NULL,'2024-04-12 05:29:19',NULL,1,NULL,0,0,NULL,0,NULL,NULL,NULL),(29,NULL,'協定内容証明書（団体監理型技能実習）',1,1,1,'2024-04-12 05:29:27',NULL,'2024-04-12 05:29:27',NULL,1,NULL,0,0,NULL,0,NULL,NULL,NULL),(30,NULL,'教育機関の概要書',1,1,1,'2024-04-12 05:29:36',NULL,'2024-04-12 05:29:36',NULL,1,NULL,0,0,NULL,0,NULL,NULL,NULL),(31,NULL,'訓練実施（予定）表',1,1,1,'2024-04-12 05:29:44',NULL,'2024-04-12 05:29:44',NULL,1,NULL,0,0,NULL,0,NULL,NULL,NULL),(32,NULL,'申請者の役員に関する誓約書',1,1,1,'2024-04-12 05:29:57',NULL,'2024-04-12 05:29:57',NULL,1,NULL,0,0,NULL,0,NULL,NULL,NULL),(33,NULL,'省令様式第2号の「5申請者」欄の別紙',1,1,1,'2024-04-12 05:30:07',NULL,'2024-04-12 05:30:07',NULL,1,NULL,0,0,NULL,0,NULL,NULL,NULL),(34,NULL,'理由書',1,1,1,'2024-04-12 05:30:20',NULL,'2024-04-12 05:30:20',NULL,1,NULL,0,0,NULL,0,NULL,NULL,NULL),(35,NULL,'技能実習生の個人情報の取り扱いに係る同意書',1,1,1,'2024-04-12 05:30:31',NULL,'2024-04-12 05:30:31',NULL,1,NULL,0,0,NULL,0,NULL,NULL,NULL),(36,NULL,'技能実習期間満了前の帰国についての申告書',1,1,1,'2024-04-12 05:30:38',NULL,'2024-04-12 05:30:38',NULL,1,NULL,0,0,NULL,0,NULL,NULL,NULL),(37,NULL,'技能実習期間満了前の移行についての申告書',1,1,1,'2024-04-12 05:30:49',NULL,'2024-04-12 05:30:49',NULL,1,NULL,0,0,NULL,0,NULL,NULL,NULL),(38,NULL,'妊娠等に関連した技能実習期間満了前の帰国についての申告書',1,1,1,'2024-04-12 05:31:03',NULL,'2024-04-12 05:31:03',NULL,1,NULL,0,0,NULL,0,NULL,NULL,NULL),(39,NULL,'意思確認書面',1,1,1,'2024-04-12 05:31:10',NULL,'2024-04-12 05:31:10',NULL,1,NULL,0,0,NULL,0,NULL,NULL,NULL),(40,NULL,'申請する技能実習計画の対象となる技能実習生の名簿(企業単独型・団体監理型共通)',1,1,1,'2024-04-12 05:31:19',NULL,'2024-04-12 05:31:19',NULL,1,NULL,0,0,NULL,0,NULL,NULL,NULL),(41,NULL,'委任状',1,1,1,'2024-04-12 05:31:32',NULL,'2024-04-12 05:31:32',NULL,1,NULL,0,0,NULL,0,NULL,NULL,NULL),(42,NULL,'認定申請手数料払込申告書',1,1,1,'2024-04-12 05:31:39',NULL,'2024-04-12 05:31:39',NULL,1,NULL,0,0,NULL,0,NULL,NULL,NULL),(43,NULL,'入国前講習実施記録（団体監理型技能実習）',1,1,1,'2024-04-12 06:36:15',NULL,'2024-04-12 06:36:15',NULL,1,NULL,0,0,NULL,0,NULL,NULL,'project-training-before-record'),(45,NULL,'abc',3,2,1,'2024-04-12 16:58:01',NULL,'2024-04-12 16:58:01',NULL,1,NULL,0,0,NULL,0,'avvx','/project/1',NULL),(46,NULL,'入国後講習実施予定表',1,1,1,'2024-04-14 22:18:12',1,'2024-04-14 22:20:55',1,1,'省令様式 第1号　第３面(D)',3,0,NULL,0,'・正副１部ずつ\r\n本書類については副本の提出が必要です。\r\n第１面から第７面の提出を要する書類の正本\r\n（申請者等の記名がされているもの）及びその\r\n副本をそれぞれ綴じてください。\r\n・副本については、申請書類の末尾にまとめ\r\nて添付してください。\r\n・第2面「１申請者」に記載する法人の役員に\r\nついて、技能実習に関する業務の執行に直接的\r\nに関与しない役員に関しては、「住所」欄の記\r\n載は不要です。',NULL,'project-training-after'),(47,NULL,'入国前講習実施予定表',1,1,1,'2024-04-14 22:31:24',NULL,'2024-04-14 22:31:24',NULL,1,'参考様式第1-29号',3,0,NULL,0,'技能実習生に対し、外国で1月以上かつ160時\r\n間以上の入国前講習を実施し、入国後講習の時\r\n間数を第1号技能実習の合計時間数の12分の\r\n１とする場合に提出してください。',NULL,'project-training-before'),(48,NULL,'実習実施予定表',1,1,1,'2024-04-15 02:35:31',NULL,'2024-04-15 02:35:31',NULL,1,'省令様式 第1号',3,0,NULL,0,'・正副１部ずつ\r\n本書類については副本の提出が必要です。\r\n第１面から第７面の提出を要する書類の正本\r\n（申請者等の記名がされているもの）及びその\r\n副本をそれぞれ綴じてください。\r\n・副本については、申請書類の末尾にまとめ\r\nて添付してください。\r\n・第2面「１申請者」に記載する法人の役員に\r\nついて、技能実習に関する業務の執行に直接的\r\nに関与しない役員に関しては、「住所」欄の記\r\n載は不要です。',NULL,'project-training-gino'),(49,NULL,'実習実施予定表（１年目）',1,1,1,'2024-04-15 02:36:16',NULL,'2024-04-15 02:36:16',NULL,1,'省令様式 第1号',0,3,NULL,0,'・正副１部ずつ\r\n本書類については副本の提出が必要です。\r\n第１面から第７面の提出を要する書類の正本\r\n（申請者等の記名がされているもの）及びその\r\n副本をそれぞれ綴じてください。\r\n・副本については、申請書類の末尾にまとめ\r\nて添付してください。\r\n・第2面「１申請者」に記載する法人の役員に\r\nついて、技能実習に関する業務の執行に直接的\r\nに関与しない役員に関しては、「住所」欄の記\r\n載は不要です。',NULL,'project-training-gino'),(50,NULL,'実習実施予定表（２年目）',1,1,1,'2024-04-15 02:36:42',NULL,'2024-04-15 02:36:42',NULL,1,'省令様式 第1号',0,3,NULL,0,'・正副１部ずつ\r\n本書類については副本の提出が必要です。\r\n第１面から第７面の提出を要する書類の正本\r\n（申請者等の記名がされているもの）及びその\r\n副本をそれぞれ綴じてください。\r\n・副本については、申請書類の末尾にまとめ\r\nて添付してください。\r\n・第2面「１申請者」に記載する法人の役員に\r\nついて、技能実習に関する業務の執行に直接的\r\nに関与しない役員に関しては、「住所」欄の記\r\n載は不要です。',NULL,'project-training-gino');

--
-- Table structure for table `et_mail`
--

CREATE TABLE `et_mail` (
  `mail_id` bigint unsigned NOT NULL AUTO_INCREMENT,
  `company_id` bigint NOT NULL,
  `sending_status` int DEFAULT NULL,
  `type` int DEFAULT NULL,
  `address_from` varchar(255) CHARACTER SET utf8mb4 COLLATE utf8mb4_unicode_ci DEFAULT NULL,
  `address_to` varchar(2048) CHARACTER SET utf8mb4 COLLATE utf8mb4_unicode_ci DEFAULT NULL,
  `address_cc` varchar(2048) CHARACTER SET utf8mb4 COLLATE utf8mb4_unicode_ci DEFAULT NULL,
  `subject` varchar(1024) CHARACTER SET utf8mb4 COLLATE utf8mb4_unicode_ci DEFAULT NULL,
  `body` longtext CHARACTER SET utf8mb4 COLLATE utf8mb4_unicode_ci,
  `template_id` varchar(50) CHARACTER SET utf8mb4 COLLATE utf8mb4_unicode_ci DEFAULT NULL,
  `customer_id` bigint DEFAULT NULL,
  `customer_staff_id` bigint DEFAULT NULL,
  `src_function_name` varchar(1024) CHARACTER SET utf8mb4 COLLATE utf8mb4_unicode_ci DEFAULT NULL,
  `src_label` varchar(1024) CHARACTER SET utf8mb4 COLLATE utf8mb4_unicode_ci DEFAULT NULL,
  `src_url` varchar(1024) CHARACTER SET utf8mb4 COLLATE utf8mb4_unicode_ci DEFAULT NULL,
  `src_object_id` varchar(1024) CHARACTER SET utf8mb4 COLLATE utf8mb4_unicode_ci DEFAULT NULL,
  `sent_user_id` bigint DEFAULT NULL,
  `sent_time` timestamp NULL DEFAULT NULL,
  `created_by_id` bigint DEFAULT NULL,
  `updated_by_id` bigint DEFAULT NULL,
  `updated_count` int NOT NULL DEFAULT '0',
  `created_at` timestamp NULL DEFAULT NULL,
  `updated_at` timestamp NULL DEFAULT NULL,
  PRIMARY KEY (`mail_id`)
) ENGINE=InnoDB AUTO_INCREMENT=8 DEFAULT CHARSET=utf8mb4 COLLATE=utf8mb4_unicode_ci;

--
-- Dumping data for table `et_mail`
--

INSERT INTO `et_mail` VALUES (1,1,1,NULL,'system@erpcpanel.com','staff1@gmail.com',NULL,'雇用条件入力をお願いします(求人依頼番号:48）','<p>㈱企業1</p><p>staff1さま</p><p>&nbsp;</p><p>いつもお世話になっております。</p><p>雇用条件入力をお願いします。</p><p>http://dev.erpcpanel.com/project-contract/47/edit</p><p>&nbsp;</p><p>&nbsp;</p><p>以上</p>','3',2,1,NULL,NULL,NULL,NULL,NULL,'2024-03-09 01:14:00',1,NULL,0,'2024-03-09 01:14:00','2024-03-09 01:14:00'),(2,1,1,NULL,'system@erpcpanel.com','longnh.257@gmail.com',NULL,'[ErpCPanel] ログインIDのパスワードをリセットする','<p>この度は、erpcpanel.comの監理団体事業管理システムサービスを<br>ご利用ただき、誠にありがとうございます。</p><p>longnh の erpcpanelアカウント パスワードを リセットするには、次のリ<br>ンクをクリックしてください。</p><p>http://dev.erpcpanel.com/reset-password/GgK654jBKc8dIVyNpKl9jSj7kVgXowvMjxfAXCTCelH0v59zNUj7LtdirAuE?username=longnh&email=longnh.257%40gmail.com</p><p>このリンクをクリックしても機能しない場合は、URL をコピーして新しいブラウザ&nbsp;<br>ウィンドウに貼り付けてください。<br><br>このメールに心当たりがない場合、他の方がパスワードをリセットする際に誤ってお<br>客様のユーザー名を入力した可能性があります。リクエストした覚えがない場<br>合は、何も行わずにこのメールを破棄してください。<br><br>よろしくお願いいたします。</p><p>━━━━━━━━━━━━━━━━━━━━━━━━━━━━━━━━━━━<br>■お問い合わせ■<br>━━━━━━━━━━━━━━━━━━━━━━━━━━━━━━━━━━━<br>・ヘルプ &nbsp; &nbsp; &nbsp; &nbsp;https://erpcpanel.com/<br>・カスタマーサポート &nbsp;https://erpcpanel.com/contact/<br>・メール &nbsp; &nbsp; &nbsp; &nbsp;info@erpcpanel.com<br>━━━━━━━━━━━━━━━━━━━━━━━━━━━━━━━━━━━</p><p>株式会社AlphaCep<br>〒273-0111 千葉県鎌ケ谷市北中沢1-18-22スカラ３F<br>TEL 0474-022-022 &nbsp; &nbsp;FAX 0474-022-984<br>Mail info@alphacep.co.jp<br>HP https://alphacep.co.jp</p>','4',NULL,NULL,NULL,NULL,NULL,NULL,NULL,'2024-03-10 23:37:03',117,NULL,0,'2024-03-10 23:37:03','2024-03-10 23:37:03'),(3,1,1,NULL,'system@erpcpanel.com','staff1@gmail.com',NULL,'雇用条件入力をお願いします(求人依頼番号:52）','<p>㈱企業1</p><p>staff1さま</p><p>&nbsp;</p><p>いつもお世話になっております。</p><p>雇用条件入力をお願いします。</p><p>http://dev.erpcpanel.com/project-contract/144/edit</p><p>&nbsp;</p><p>&nbsp;</p><p>以上</p>','3',2,1,NULL,NULL,NULL,NULL,NULL,'2024-03-20 14:59:17',1,NULL,0,'2024-03-20 14:59:17','2024-03-20 14:59:17'),(4,1,1,NULL,'system@erpcpanel.com','staff1@gmail.com',NULL,'雇用条件入力をお願いします(求人依頼番号:52）','<p>㈱企業1</p><p>staff1さま</p><p>&nbsp;</p><p>いつもお世話になっております。</p><p>雇用条件入力をお願いします。</p><p>http://dev.erpcpanel.com/project-contract/143/edit</p><p>&nbsp;</p><p>&nbsp;</p><p>以上</p>','3',2,1,NULL,NULL,NULL,NULL,NULL,'2024-03-20 17:14:23',1,NULL,0,'2024-03-20 17:14:23','2024-03-20 17:14:23'),(5,1,1,NULL,'system@erpcpanel.com','staff1@gmail.com',NULL,'雇用条件入力をお願いします(求人依頼番号:52）','<p>㈱企業1</p><p>staff1さま</p><p>&nbsp;</p><p>いつもお世話になっております。</p><p>雇用条件入力をお願いします。</p><p>http://dev.erpcpanel.com/project-contract/146/edit</p><p>&nbsp;</p><p>&nbsp;</p><p>以上</p>','3',2,1,NULL,NULL,NULL,NULL,NULL,'2024-03-20 17:16:38',1,NULL,0,'2024-03-20 17:16:38','2024-03-20 17:16:38'),(6,1,1,NULL,'system@erpcpanel.com','staff1@gmail.com',NULL,'雇用条件入力をお願いします(求人依頼番号:52）','<p>㈱企業1</p><p>staff1さま</p><p>&nbsp;</p><p>いつもお世話になっております。</p><p>雇用条件入力をお願いします。</p><p>http://dev.erpcpanel.com/project-contract/143/edit</p><p>&nbsp;</p><p>&nbsp;</p><p>以上</p>','3',2,1,NULL,NULL,NULL,NULL,NULL,'2024-03-20 19:21:12',1,NULL,0,'2024-03-20 19:21:12','2024-03-20 19:21:12'),(7,1,0,NULL,'system@erpcpanel.com','staff1@gmail.com','','雇用条件入力をお願いします(求人依頼番号:52）','<p>㈱企業1</p><p>staff1さま</p><p>&nbsp;</p><p>いつもお世話になっております。</p><p>雇用条件入力をお願いします。</p><p>http://dev.erpcpanel.com/project-contract/160/edit</p><p>&nbsp;</p><p>&nbsp;</p><p>以上</p>','3',2,1,NULL,NULL,NULL,NULL,NULL,NULL,1,NULL,0,'2024-03-25 16:40:39','2024-03-25 16:40:39');

--
-- Table structure for table `et_project`
--

CREATE TABLE `et_project` (
  `project_id` bigint unsigned NOT NULL AUTO_INCREMENT,
  `type` int DEFAULT NULL,
  `status` int NOT NULL DEFAULT '1',
  `customer_id` bigint NOT NULL,
  `customer_staff_id` bigint DEFAULT NULL,
  `trainee_number` int DEFAULT NULL,
  `entry_date` date DEFAULT NULL,
  `note` text CHARACTER SET utf8mb4 COLLATE utf8mb4_unicode_ci,
  `created_by_id` bigint DEFAULT NULL,
  `created_at` timestamp NULL DEFAULT NULL,
  `updated_by_id` bigint DEFAULT NULL,
  `updated_at` timestamp NULL DEFAULT NULL,
  `updated_count` int DEFAULT NULL,
  `company_id` bigint NOT NULL,
  `project_number` varchar(255) CHARACTER SET utf8mb4 COLLATE utf8mb4_unicode_ci DEFAULT NULL,
  `name` varchar(255) CHARACTER SET utf8mb4 COLLATE utf8mb4_unicode_ci DEFAULT NULL,
  `period` varchar(255) CHARACTER SET utf8mb4 COLLATE utf8mb4_unicode_ci DEFAULT NULL,
  `national` varchar(255) CHARACTER SET utf8mb4 COLLATE utf8mb4_unicode_ci DEFAULT NULL,
  `language` varchar(255) CHARACTER SET utf8mb4 COLLATE utf8mb4_unicode_ci DEFAULT NULL,
  `aiport_date_sche` date DEFAULT NULL,
  `aiport_date` date DEFAULT NULL,
  `assign_date_sche` date DEFAULT NULL,
  `assign_date` date DEFAULT NULL,
  `return_date_sche` date DEFAULT NULL,
  `return_date` date DEFAULT NULL,
  `training_number` int DEFAULT NULL,
  `train_type_sche` varchar(255) CHARACTER SET utf8mb4 COLLATE utf8mb4_unicode_ci DEFAULT NULL,
  `train_jobtype` varchar(255) CHARACTER SET utf8mb4 COLLATE utf8mb4_unicode_ci DEFAULT NULL,
  `train_jobname` varchar(255) CHARACTER SET utf8mb4 COLLATE utf8mb4_unicode_ci DEFAULT NULL,
  `train_jobtype2` varchar(255) CHARACTER SET utf8mb4 COLLATE utf8mb4_unicode_ci DEFAULT NULL,
  `train_jobname2` varchar(255) CHARACTER SET utf8mb4 COLLATE utf8mb4_unicode_ci DEFAULT NULL,
  `train_pharse1_sche_from` date DEFAULT NULL,
  `train_pharse1_sche_to` date DEFAULT NULL,
  `train_pharse1_sche_timecount` int DEFAULT NULL,
  `train_pharse1_from` date DEFAULT NULL,
  `train_pharse1_to` date DEFAULT NULL,
  `train_pharse2_sche_from` date DEFAULT NULL,
  `train_pharse2_sche_to` date DEFAULT NULL,
  `train_pharse2_sche_timecount` int DEFAULT NULL,
  `train_pharse2_from` date DEFAULT NULL,
  `train_pharse2_to` date DEFAULT NULL,
  `train_pharse2_return_from` date DEFAULT NULL,
  `train_pharse2_return_to` date DEFAULT NULL,
  `train_pharse3_sche_from` date DEFAULT NULL,
  `train_pharse3_sche_to` date DEFAULT NULL,
  `train_pharse3_sche_timecount` int DEFAULT NULL,
  `train_pharse3_from` date DEFAULT NULL,
  `train_pharse3_to` date DEFAULT NULL,
  `train_type_current` varchar(255) CHARACTER SET utf8mb4 COLLATE utf8mb4_unicode_ci DEFAULT NULL,
  `is_transfer` int DEFAULT NULL,
  `job_project_id` int DEFAULT NULL,
  PRIMARY KEY (`project_id`)
) ENGINE=InnoDB AUTO_INCREMENT=67 DEFAULT CHARSET=utf8mb4 COLLATE=utf8mb4_unicode_ci;

--
-- Dumping data for table `et_project`
--

INSERT INTO `et_project` VALUES (52,NULL,4,2,1,1,'2024-09-12',NULL,1,'2024-03-12 06:37:14',1,'2024-03-24 02:15:36',13,1,NULL,NULL,NULL,NULL,NULL,NULL,NULL,NULL,NULL,NULL,NULL,NULL,NULL,NULL,NULL,NULL,NULL,NULL,NULL,NULL,NULL,NULL,NULL,NULL,NULL,NULL,NULL,NULL,NULL,NULL,NULL,NULL,NULL,NULL,NULL,NULL,NULL),(53,NULL,4,2,1,5,'2024-09-14',NULL,1,'2024-03-14 02:54:11',1,'2024-03-26 06:27:55',12,1,NULL,NULL,NULL,NULL,NULL,NULL,NULL,NULL,NULL,NULL,NULL,NULL,NULL,NULL,NULL,NULL,NULL,NULL,NULL,NULL,NULL,NULL,NULL,NULL,NULL,NULL,NULL,NULL,NULL,NULL,NULL,NULL,NULL,NULL,NULL,NULL,NULL),(54,NULL,1,2,NULL,4,'2024-09-24',NULL,1,'2024-03-24 01:30:32',1,'2024-03-24 01:30:42',1,1,NULL,NULL,NULL,NULL,NULL,NULL,NULL,NULL,NULL,NULL,NULL,NULL,NULL,NULL,NULL,NULL,NULL,NULL,NULL,NULL,NULL,NULL,NULL,NULL,NULL,NULL,NULL,NULL,NULL,NULL,NULL,NULL,NULL,NULL,NULL,NULL,NULL),(55,NULL,1,7,NULL,4,'2024-09-24',NULL,1,'2024-03-24 01:31:23',1,'2024-03-24 01:31:26',1,1,NULL,NULL,NULL,NULL,NULL,NULL,NULL,NULL,NULL,NULL,NULL,NULL,NULL,NULL,NULL,NULL,NULL,NULL,NULL,NULL,NULL,NULL,NULL,NULL,NULL,NULL,NULL,NULL,NULL,NULL,NULL,NULL,NULL,NULL,NULL,NULL,NULL),(56,NULL,1,6,2,2,'2024-09-24',NULL,1,'2024-03-24 01:36:18',1,'2024-03-24 01:36:22',1,1,NULL,NULL,NULL,NULL,NULL,NULL,NULL,NULL,NULL,NULL,NULL,NULL,NULL,NULL,NULL,NULL,NULL,NULL,NULL,NULL,NULL,NULL,NULL,NULL,NULL,NULL,NULL,NULL,NULL,NULL,NULL,NULL,NULL,NULL,NULL,NULL,NULL),(57,NULL,1,2,1,1,'2024-09-24',NULL,1,'2024-03-24 01:56:47',NULL,'2024-03-24 01:56:47',NULL,1,NULL,NULL,NULL,NULL,NULL,NULL,NULL,NULL,NULL,NULL,NULL,NULL,NULL,NULL,NULL,NULL,NULL,NULL,NULL,NULL,NULL,NULL,NULL,NULL,NULL,NULL,NULL,NULL,NULL,NULL,NULL,NULL,NULL,NULL,NULL,NULL,NULL),(58,NULL,1,2,NULL,1,'2024-09-24',NULL,1,'2024-03-24 01:57:14',NULL,'2024-03-24 01:57:14',NULL,1,NULL,NULL,NULL,NULL,NULL,NULL,NULL,NULL,NULL,NULL,NULL,NULL,NULL,NULL,NULL,NULL,NULL,NULL,NULL,NULL,NULL,NULL,NULL,NULL,NULL,NULL,NULL,NULL,NULL,NULL,NULL,NULL,NULL,NULL,NULL,NULL,NULL),(59,NULL,6,2,1,2,'2024-09-27',NULL,1,'2024-03-27 05:47:01',1,'2024-03-27 06:33:27',13,1,NULL,NULL,NULL,NULL,NULL,NULL,NULL,NULL,NULL,NULL,NULL,1,'実習区分実習計画作成','移行対象職種の業種/職種名','移行対象職種の作業名','複数実施の場合の業種/職種名','複数実施の場合の作業名','2024-03-26','2024-03-20',23,'2024-03-27','2024-03-26','2024-03-27','2024-03-27',3,'2024-03-26','2024-03-27',NULL,'2024-03-26','2024-03-27','2024-03-26',2,'2024-03-27','2024-03-28','実習区分現在',1,NULL),(60,NULL,1,2,1,2,'2024-10-04',NULL,1,'2024-04-04 04:00:37',1,'2024-04-04 04:00:48',2,1,NULL,NULL,NULL,'アフガニスタン人',NULL,NULL,NULL,NULL,NULL,NULL,NULL,NULL,NULL,NULL,NULL,NULL,NULL,NULL,NULL,NULL,NULL,NULL,NULL,NULL,NULL,NULL,NULL,NULL,NULL,NULL,NULL,NULL,NULL,NULL,NULL,NULL,NULL),(61,1,1,2,1,3,'2024-10-05',NULL,1,'2024-04-05 04:57:40',1,'2024-04-05 04:57:53',1,1,NULL,NULL,NULL,'ジンバブエ人',NULL,NULL,NULL,NULL,NULL,NULL,NULL,NULL,NULL,NULL,NULL,NULL,NULL,NULL,NULL,NULL,NULL,NULL,NULL,NULL,NULL,NULL,NULL,NULL,NULL,NULL,NULL,NULL,NULL,NULL,NULL,NULL,NULL),(62,1,6,16,NULL,3,'2024-10-07',NULL,113,'2024-04-06 21:24:52',113,'2024-04-06 22:16:37',6,10,NULL,NULL,NULL,'アフガニスタン人',NULL,NULL,NULL,NULL,NULL,NULL,NULL,NULL,NULL,NULL,NULL,NULL,NULL,NULL,NULL,NULL,NULL,NULL,NULL,NULL,NULL,NULL,NULL,NULL,NULL,NULL,NULL,NULL,NULL,NULL,NULL,1,NULL),(63,1,5,16,11,2,'2024-10-07',NULL,113,'2024-04-06 21:59:23',113,'2024-04-06 22:08:50',8,10,NULL,NULL,NULL,'アフガニスタン人',NULL,NULL,NULL,NULL,NULL,NULL,NULL,NULL,NULL,NULL,NULL,NULL,NULL,NULL,NULL,NULL,NULL,NULL,NULL,NULL,NULL,NULL,NULL,NULL,NULL,NULL,NULL,NULL,NULL,NULL,NULL,1,NULL),(64,2,6,16,NULL,3,'2024-10-07',NULL,113,'2024-04-06 22:16:37',113,'2024-04-06 22:16:37',5,10,NULL,NULL,NULL,'アフガニスタン人',NULL,NULL,NULL,NULL,NULL,NULL,NULL,NULL,NULL,NULL,NULL,NULL,NULL,NULL,NULL,NULL,NULL,NULL,NULL,NULL,NULL,NULL,NULL,NULL,NULL,NULL,NULL,NULL,NULL,NULL,NULL,NULL,62),(65,1,6,16,11,10,'2024-10-07',NULL,113,'2024-04-06 22:17:36',113,'2024-04-06 22:19:16',7,10,NULL,NULL,NULL,'アフガニスタン人',NULL,NULL,NULL,NULL,NULL,NULL,NULL,NULL,NULL,NULL,NULL,NULL,NULL,NULL,NULL,NULL,NULL,NULL,NULL,NULL,NULL,NULL,NULL,NULL,NULL,NULL,NULL,NULL,NULL,NULL,NULL,1,NULL),(66,2,6,16,11,10,'2024-10-07',NULL,113,'2024-04-06 22:19:16',113,'2024-04-06 22:19:16',6,10,NULL,NULL,NULL,'アフガニスタン人',NULL,NULL,NULL,NULL,NULL,NULL,NULL,NULL,NULL,NULL,NULL,NULL,NULL,NULL,NULL,NULL,NULL,NULL,NULL,NULL,NULL,NULL,NULL,NULL,NULL,NULL,NULL,NULL,NULL,NULL,NULL,NULL,65);

--
-- Table structure for table `et_project_candidate`
--

CREATE TABLE `et_project_candidate` (
  `candidate_id` bigint NOT NULL AUTO_INCREMENT,
  `project_id` bigint NOT NULL,
  `sending_agency_id` bigint NOT NULL,
  `name` varchar(128) CHARACTER SET utf8mb4 COLLATE utf8mb4_general_ci DEFAULT NULL,
  `name_kana` varchar(128) CHARACTER SET utf8mb4 COLLATE utf8mb4_general_ci DEFAULT NULL,
  `birthday` date DEFAULT NULL,
  `gender` int DEFAULT NULL,
  `nationality` varchar(255) CHARACTER SET utf8mb4 COLLATE utf8mb4_general_ci DEFAULT NULL,
  `academic_background` int DEFAULT NULL,
  `body_height` int DEFAULT NULL,
  `body_weight` int DEFAULT NULL,
  `marital_relationship` int DEFAULT NULL,
  `status` int NOT NULL,
  `cv_file_id` bigint DEFAULT NULL,
  `created_by_id` bigint DEFAULT NULL,
  `created_at` timestamp NULL DEFAULT NULL,
  `updated_by_id` bigint DEFAULT NULL,
  `updated_at` timestamp NULL DEFAULT NULL,
  `updated_count` int DEFAULT NULL,
  `company_id` bigint DEFAULT NULL,
  `note` text CHARACTER SET utf8mb4 COLLATE utf8mb4_general_ci,
  `is_copy` int DEFAULT NULL,
  `copy_from_id` int DEFAULT NULL,
  `candidate_curriculumvitae_id` bigint DEFAULT NULL,
  `trainee_id` int DEFAULT NULL,
  PRIMARY KEY (`candidate_id`)
) ENGINE=InnoDB AUTO_INCREMENT=38 DEFAULT CHARSET=utf8mb4 COLLATE=utf8mb4_general_ci;

--
-- Dumping data for table `et_project_candidate`
--

INSERT INTO `et_project_candidate` VALUES (1,26,2,'候補者１','ｺｳﾎｼｬ１','2024-03-05',1,'Vietnam',3,160,60,1,0,NULL,NULL,'2024-03-04 11:06:38',NULL,'2024-03-05 06:37:34',NULL,2,NULL,NULL,NULL,NULL,NULL),(2,26,3,'候補者２','コウホシャ２','2024-03-06',1,'Vietnam',1,170,70,1,0,NULL,NULL,'2024-03-04 11:14:46',NULL,'2024-03-05 06:37:34',NULL,2,NULL,NULL,NULL,NULL,NULL),(3,26,2,NULL,NULL,NULL,1,'Vietnam',2,170,70,1,0,NULL,NULL,'2024-03-04 17:41:33',NULL,'2024-03-05 06:37:34',NULL,2,NULL,NULL,NULL,NULL,NULL),(5,30,2,'22222','2222','2024-03-05',1,'United States',1,222,2222,1,0,NULL,NULL,'2024-03-05 20:01:01',NULL,'2024-03-08 14:19:40',NULL,2,NULL,NULL,NULL,NULL,NULL),(6,30,3,'222','2222',NULL,1,'United States',1,2222,2222,1,0,NULL,NULL,'2024-03-05 20:02:32',NULL,'2024-03-08 14:19:40',NULL,2,NULL,NULL,NULL,NULL,NULL),(7,35,5,'候補者１','ｺｳﾎｼｬ１','2024-03-09',1,'Viet Nam',1,160,60,1,0,NULL,NULL,'2024-03-08 15:34:17',NULL,'2024-03-08 15:34:17',NULL,2,NULL,NULL,NULL,NULL,NULL),(8,48,3,'22222','2222',NULL,1,'Afghanistan',1,NULL,NULL,NULL,0,NULL,NULL,'2024-03-08 15:56:18',NULL,'2024-03-08 15:56:18',NULL,1,NULL,NULL,NULL,NULL,NULL),(9,48,3,'111','111',NULL,2,'Afghanistan',1,NULL,NULL,NULL,0,NULL,NULL,'2024-03-08 15:56:18',NULL,'2024-03-08 15:56:18',NULL,1,NULL,NULL,NULL,NULL,NULL),(10,50,3,'test 1','test name',NULL,NULL,NULL,1,NULL,NULL,NULL,0,NULL,NULL,'2024-03-09 01:12:56',NULL,'2024-03-09 01:12:56',NULL,1,NULL,NULL,NULL,NULL,NULL),(11,36,2,'test 1','test name','2024-03-12',1,'Viet Nam',2,170,123,1,0,NULL,NULL,'2024-03-11 14:38:44',NULL,'2024-03-11 14:44:08',NULL,2,NULL,NULL,NULL,NULL,NULL),(12,36,2,'test 2','test name 2','2024-03-12',1,'Viet Nam',2,213,12,1,0,NULL,NULL,'2024-03-11 14:44:08',NULL,'2024-03-11 14:44:08',NULL,2,NULL,NULL,NULL,NULL,NULL),(13,51,2,'test 1','test name','2024-03-12',2,'Bahamas',1,12,123,1,5,NULL,NULL,'2024-03-11 15:06:39',NULL,'2024-03-11 15:18:09',NULL,1,NULL,NULL,NULL,NULL,NULL),(15,52,4,'candidate_1','candidate_1','2024-03-13',1,'Afghanistan',1,222,2222,1,4,NULL,NULL,'2024-03-12 17:59:16',NULL,'2024-03-24 02:15:36',NULL,1,NULL,NULL,NULL,22,NULL),(16,52,5,'test 2','test name 2','2024-03-13',1,'Viet Nam',1,213,12,2,4,NULL,NULL,'2024-03-12 19:45:26',NULL,'2024-03-24 02:15:36',NULL,1,NULL,NULL,NULL,23,NULL),(17,52,4,'test 3','test 3','2000-01-17',2,'Viet Nam',2,180,90,1,0,NULL,NULL,'2024-03-17 00:13:19',NULL,'2024-03-24 02:15:36',NULL,1,NULL,NULL,NULL,NULL,NULL),(18,52,4,'candidate_1','candidate_1','2024-03-13',1,'Afghanistan',1,222,2222,1,0,NULL,NULL,'2024-03-20 19:21:58',NULL,'2024-03-24 02:15:36',NULL,1,NULL,1,15,22,NULL),(19,52,5,'test 2','test name 2','2024-03-13',1,'Viet Nam',1,213,12,2,0,NULL,NULL,'2024-03-20 19:21:58',NULL,'2024-03-24 02:15:36',NULL,1,NULL,1,16,23,NULL),(20,52,4,'test 3','test 3','2000-01-17',2,'Viet Nam',2,180,90,1,0,NULL,NULL,'2024-03-20 19:21:58',NULL,'2024-03-24 02:15:36',NULL,1,NULL,1,17,NULL,NULL),(21,52,4,'candidate_1','candidate_1','2024-03-13',1,'Afghanistan',1,222,2222,1,0,NULL,NULL,'2024-03-20 19:23:18',NULL,'2024-03-24 02:15:36',NULL,1,NULL,1,15,22,NULL),(22,52,5,'test 2','test name 2','2024-03-13',1,'Viet Nam',1,213,12,2,0,NULL,NULL,'2024-03-20 19:23:18',NULL,'2024-03-24 02:15:36',NULL,1,NULL,1,16,23,NULL),(23,52,4,'test 3','test 3','2000-01-17',2,'Viet Nam',2,180,90,1,0,NULL,NULL,'2024-03-20 19:23:18',NULL,'2024-03-24 02:15:36',NULL,1,NULL,1,17,28,NULL),(24,52,4,'candidate_1','candidate_1','2024-03-13',1,'Afghanistan',1,222,2222,1,0,NULL,NULL,'2024-03-20 19:24:55',NULL,'2024-03-24 02:15:36',NULL,1,NULL,1,15,22,NULL),(25,52,5,'test 2','test name 2','2024-03-13',1,'Viet Nam',1,213,12,2,0,NULL,NULL,'2024-03-20 19:24:55',NULL,'2024-03-24 02:15:36',NULL,1,NULL,1,16,23,NULL),(26,52,4,'test 3','test 3','2000-01-17',2,'Viet Nam',2,180,90,1,0,NULL,NULL,'2024-03-20 19:24:55',NULL,'2024-03-24 02:15:36',NULL,1,NULL,1,17,NULL,NULL),(27,52,4,'candidate_1','candidate_1','2024-03-13',1,'Afghanistan',1,222,2222,1,0,NULL,NULL,'2024-03-22 17:40:16',NULL,'2024-03-24 02:15:36',NULL,1,NULL,1,15,22,NULL),(28,52,5,'test 2','test name 2','2024-03-13',1,'Viet Nam',1,213,12,2,0,NULL,NULL,'2024-03-22 17:40:16',NULL,'2024-03-24 02:15:36',NULL,1,NULL,1,16,23,NULL),(29,52,4,'test 3','test 3','2000-01-17',2,'Viet Nam',2,180,90,1,0,NULL,NULL,'2024-03-22 17:40:16',NULL,'2024-03-24 02:15:36',NULL,1,NULL,1,17,NULL,NULL),(30,53,4,'候補者１','ｺｳﾎｼｬ１','2024-02-27',1,'オーストラリア人',1,160,60,2,4,NULL,NULL,'2024-03-24 01:41:46',NULL,'2024-03-26 06:27:55',NULL,1,NULL,NULL,NULL,NULL,NULL),(31,53,4,'test 2','test name 2',NULL,NULL,NULL,NULL,NULL,NULL,NULL,0,NULL,NULL,'2024-03-26 06:26:14',NULL,'2024-03-26 06:27:55',NULL,1,NULL,NULL,NULL,NULL,NULL),(32,59,4,'test 1','test name','2024-03-28',1,NULL,2,12,123,NULL,6,NULL,NULL,'2024-03-27 06:31:22',NULL,'2024-03-27 06:33:27',NULL,1,NULL,NULL,NULL,NULL,31),(33,63,4,'候補者１','ｺｳﾎｼｬ１','1987-05-07',1,'アフガニスタン人',1,160,60,1,5,NULL,NULL,'2024-04-06 22:06:02',NULL,'2024-04-06 22:08:03',NULL,10,NULL,NULL,NULL,NULL,NULL),(34,62,4,'候補者１','ｺｳﾎｼｬ１',NULL,1,'アルバニア人',1,160,60,1,6,NULL,NULL,'2024-04-06 22:12:23',NULL,'2024-04-06 22:16:37',NULL,10,NULL,NULL,NULL,NULL,32),(35,64,4,'候補者１','ｺｳﾎｼｬ１',NULL,1,'アルバニア人',1,160,60,1,6,NULL,NULL,'2024-04-06 22:16:37',NULL,'2024-04-06 22:16:37',NULL,10,NULL,NULL,NULL,NULL,32),(36,65,4,'候補者１','ｺｳﾎｼｬ１','2024-04-08',1,'アルバニア人',1,NULL,60,2,6,NULL,NULL,'2024-04-06 22:18:24',NULL,'2024-04-06 22:19:16',NULL,10,NULL,NULL,NULL,NULL,33),(37,66,4,'候補者１','ｺｳﾎｼｬ１','2024-04-08',1,'アルバニア人',1,NULL,60,2,6,NULL,NULL,'2024-04-06 22:19:16',NULL,'2024-04-06 22:19:16',NULL,10,NULL,NULL,NULL,NULL,33);

--
-- Table structure for table `et_project_candidate_interview`
--

CREATE TABLE `et_project_candidate_interview` (
  `interview_id` bigint NOT NULL AUTO_INCREMENT,
  `candidate_id` bigint DEFAULT NULL,
  `scheduled_date` date DEFAULT NULL,
  `scheduled_start_time` time DEFAULT NULL,
  `scheduled_end_time` time DEFAULT NULL,
  `actual_date` datetime DEFAULT NULL,
  `actual_start_time` time DEFAULT NULL,
  `actual_end_time` time DEFAULT NULL,
  `file_id` bigint DEFAULT NULL,
  `created_by_id` bigint DEFAULT NULL,
  `created_at` datetime DEFAULT NULL,
  `updated_by_id` bigint DEFAULT NULL,
  `updated_at` datetime DEFAULT NULL,
  `company_id` bigint NOT NULL,
  PRIMARY KEY (`interview_id`)
) ENGINE=InnoDB AUTO_INCREMENT=12 DEFAULT CHARSET=utf8mb4 COLLATE=utf8mb4_general_ci;

--
-- Dumping data for table `et_project_candidate_interview`
--

INSERT INTO `et_project_candidate_interview` VALUES (1,24,'2024-02-21','03:28:00','00:12:00',NULL,NULL,NULL,NULL,1,'2024-02-20 17:37:18',1,'2024-03-12 00:01:47',2),(2,2,'2024-12-12','01:00:00','12:00:00',NULL,NULL,NULL,NULL,1,'2024-02-20 17:37:18',1,'2024-02-20 23:32:37',4),(3,20,'2024-03-11','02:46:00','02:46:00',NULL,NULL,NULL,NULL,1,'2024-02-20 17:37:18',1,'2024-03-11 04:08:04',2),(4,14,'2024-03-12','11:17:00','09:17:00',NULL,NULL,NULL,NULL,1,'2024-03-12 00:18:00',1,'2024-03-13 02:53:01',1),(5,15,NULL,NULL,NULL,NULL,NULL,NULL,NULL,1,'2024-03-13 04:45:26',1,'2024-03-13 06:18:17',1),(6,16,NULL,NULL,NULL,NULL,NULL,NULL,NULL,1,'2024-03-13 06:18:17',1,'2024-03-14 02:37:12',1),(7,30,NULL,NULL,'00:27:00',NULL,NULL,NULL,NULL,1,'2024-03-26 15:26:14',1,'2024-03-26 15:27:55',1),(8,32,NULL,'00:32:00','00:32:00','2024-03-28 00:32:00','00:32:00',NULL,NULL,1,'2024-03-27 15:32:26',1,'2024-03-27 15:32:53',1),(9,33,NULL,'10:07:00','11:07:00',NULL,NULL,NULL,NULL,113,'2024-04-07 07:07:07',113,'2024-04-07 07:08:03',10),(10,34,NULL,NULL,NULL,NULL,NULL,NULL,NULL,113,'2024-04-07 07:14:58',NULL,'2024-04-07 07:14:58',10),(11,36,NULL,NULL,NULL,NULL,NULL,NULL,NULL,113,'2024-04-07 07:18:45',NULL,'2024-04-07 07:18:45',10);

--
-- Table structure for table `et_project_contract`
--

CREATE TABLE `et_project_contract` (
  `contract_id` bigint unsigned NOT NULL AUTO_INCREMENT,
  `project_id` int DEFAULT NULL,
  `work_place_name` varchar(100) CHARACTER SET utf8mb4 COLLATE utf8mb4_unicode_ci DEFAULT NULL,
  `postcode` varchar(10) CHARACTER SET utf8mb4 COLLATE utf8mb4_unicode_ci DEFAULT NULL,
  `address1` varchar(100) CHARACTER SET utf8mb4 COLLATE utf8mb4_unicode_ci DEFAULT NULL,
  `address2` varchar(100) CHARACTER SET utf8mb4 COLLATE utf8mb4_unicode_ci DEFAULT NULL,
  `transition_occupation_id1` int DEFAULT NULL,
  `transition_occupation_id2` int DEFAULT NULL,
  `transition_occupation_id3` int DEFAULT NULL,
  `other_transition_occupation` varchar(100) CHARACTER SET utf8mb4 COLLATE utf8mb4_unicode_ci DEFAULT NULL,
  `schedule_entry_date_div` varchar(1) CHARACTER SET utf8mb4 COLLATE utf8mb4_unicode_ci DEFAULT NULL,
  `schedule_entry_date` date DEFAULT NULL,
  `entry_date_div` varchar(1) CHARACTER SET utf8mb4 COLLATE utf8mb4_unicode_ci DEFAULT NULL,
  `entry_date` date DEFAULT NULL,
  `no3_entry_date_div` varchar(1) CHARACTER SET utf8mb4 COLLATE utf8mb4_unicode_ci DEFAULT NULL,
  `no3_entry_date` date DEFAULT NULL,
  `schedule_return_date_div` varchar(1) CHARACTER SET utf8mb4 COLLATE utf8mb4_unicode_ci DEFAULT NULL,
  `schedule_return_from_date` date DEFAULT NULL,
  `schedule_return_to_date` date DEFAULT NULL,
  `pre_entry_training` varchar(255) CHARACTER SET utf8mb4 COLLATE utf8mb4_unicode_ci DEFAULT NULL,
  `post_entry_training_div` varchar(1) CHARACTER SET utf8mb4 COLLATE utf8mb4_unicode_ci DEFAULT NULL,
  `post_entry_training_from_date` date DEFAULT NULL,
  `post_entry_training_from_to` date DEFAULT NULL,
  `training_no1_certification_date_div` varchar(1) CHARACTER SET utf8mb4 COLLATE utf8mb4_unicode_ci DEFAULT NULL,
  `training_no1_certification_date` date DEFAULT NULL,
  `training_no1_certification_number` varchar(20) CHARACTER SET utf8mb4 COLLATE utf8mb4_unicode_ci DEFAULT NULL,
  `training_no1_practition_date_div` varchar(255) CHARACTER SET utf8mb4 COLLATE utf8mb4_unicode_ci DEFAULT NULL,
  `training_no1_practition_from_date` date DEFAULT NULL,
  `training_no1_practition_to_date` date DEFAULT NULL,
  `training_no1_note` text CHARACTER SET utf8mb4 COLLATE utf8mb4_unicode_ci,
  `training_no2_certification_date_div` varchar(1) CHARACTER SET utf8mb4 COLLATE utf8mb4_unicode_ci DEFAULT NULL,
  `training_no2_certification_date` date DEFAULT NULL,
  `training_no2_certification_number` varchar(20) CHARACTER SET utf8mb4 COLLATE utf8mb4_unicode_ci DEFAULT NULL,
  `training_no2_practition_date_div` varchar(255) CHARACTER SET utf8mb4 COLLATE utf8mb4_unicode_ci DEFAULT NULL,
  `training_no2_practition_from_date` date DEFAULT NULL,
  `training_no2_practition_to_date` date DEFAULT NULL,
  `training_no2_note` text CHARACTER SET utf8mb4 COLLATE utf8mb4_unicode_ci,
  `training_no3_certification_date_div` varchar(1) CHARACTER SET utf8mb4 COLLATE utf8mb4_unicode_ci DEFAULT NULL,
  `training_no3_certification_date` date DEFAULT NULL,
  `training_no3_certification_number` varchar(20) CHARACTER SET utf8mb4 COLLATE utf8mb4_unicode_ci DEFAULT NULL,
  `training_no3_practition_date_div` varchar(255) CHARACTER SET utf8mb4 COLLATE utf8mb4_unicode_ci DEFAULT NULL,
  `training_no3_practition_from_date` date DEFAULT NULL,
  `training_no3_practition_to_date` date DEFAULT NULL,
  `training_no3_note` text CHARACTER SET utf8mb4 COLLATE utf8mb4_unicode_ci,
  `fixed_term_employment_contract` varchar(255) CHARACTER SET utf8mb4 COLLATE utf8mb4_unicode_ci DEFAULT NULL,
  `employment_contract_from_date` date DEFAULT NULL,
  `employment_contract_from_to` date DEFAULT NULL,
  `work_hours_div` date DEFAULT NULL,
  `work_days_1_year` smallint DEFAULT NULL,
  `work_days_2_year` smallint DEFAULT NULL,
  `work_days_3_year` smallint DEFAULT NULL,
  `work_days_4_year` smallint DEFAULT NULL,
  `work_days_5_year` smallint DEFAULT NULL,
  `holiday_days` smallint DEFAULT NULL,
  `work_hours_per_day` varchar(20) CHARACTER SET utf8mb4 COLLATE utf8mb4_unicode_ci DEFAULT NULL,
  `work_hours_per_week` varchar(20) CHARACTER SET utf8mb4 COLLATE utf8mb4_unicode_ci DEFAULT NULL,
  `work_hours_per_week_decimal_notation` varchar(5) CHARACTER SET utf8mb4 COLLATE utf8mb4_unicode_ci DEFAULT NULL,
  `work_hours_per_month` varchar(20) CHARACTER SET utf8mb4 COLLATE utf8mb4_unicode_ci DEFAULT NULL,
  `work_hours_per_month_decimal_notation` varchar(5) CHARACTER SET utf8mb4 COLLATE utf8mb4_unicode_ci DEFAULT NULL,
  `work_hours_per_year` varchar(20) CHARACTER SET utf8mb4 COLLATE utf8mb4_unicode_ci DEFAULT NULL,
  `work_hours_per_year_decimal_notation` varchar(5) CHARACTER SET utf8mb4 COLLATE utf8mb4_unicode_ci DEFAULT NULL,
  `post_entry_training_hours` smallint DEFAULT NULL,
  `training_no1_hours` double(8,2) DEFAULT NULL,
  `training_no2_hours` double(8,2) DEFAULT NULL,
  `training_no3_hours` double(8,2) DEFAULT NULL,
  `training_span_period` varchar(255) CHARACTER SET utf8mb4 COLLATE utf8mb4_unicode_ci DEFAULT NULL,
  `training_no1_basic_salary_for_month` decimal(10,0) DEFAULT NULL,
  `training_no1_basic_salary_for_day` decimal(10,0) DEFAULT NULL,
  `training_no1_basic_salary_for_hour` decimal(10,0) DEFAULT NULL,
  `training_no2_basic_salary_for_month` decimal(10,0) DEFAULT NULL,
  `training_no2_basic_salary_for_day` decimal(10,0) DEFAULT NULL,
  `training_no2_basic_salary_for_hour` decimal(10,0) DEFAULT NULL,
  `training_no3_basic_salary_for_month` decimal(10,0) DEFAULT NULL,
  `training_no3_basic_salary_for_day` decimal(10,0) DEFAULT NULL,
  `training_no3_basic_salary_for_hour` decimal(10,0) DEFAULT NULL,
  `comuting_allowance` decimal(10,0) DEFAULT NULL,
  `approx_amount` decimal(10,0) DEFAULT NULL,
  `food_expense_div` varchar(255) CHARACTER SET utf8mb4 COLLATE utf8mb4_unicode_ci DEFAULT NULL,
  `food_expense_amount` decimal(10,0) DEFAULT NULL,
  `house_expense_amount` decimal(10,0) DEFAULT NULL,
  `accommodation_type` varchar(2) CHARACTER SET utf8mb4 COLLATE utf8mb4_unicode_ci DEFAULT NULL,
  `light_heat_fee_div` varchar(255) CHARACTER SET utf8mb4 COLLATE utf8mb4_unicode_ci DEFAULT NULL,
  `light_heat_fee` decimal(10,0) DEFAULT NULL,
  `other_amount` decimal(10,0) DEFAULT NULL,
  `created_by_id` bigint DEFAULT NULL,
  `created_at` timestamp NULL DEFAULT NULL,
  `updated_by_id` bigint DEFAULT NULL,
  `updated_at` timestamp NULL DEFAULT NULL,
  `updated_count` int DEFAULT NULL,
  `company_id` bigint NOT NULL,
  `contract_type` varchar(255) CHARACTER SET utf8mb4 COLLATE utf8mb4_unicode_ci DEFAULT NULL,
  `start_date` date DEFAULT NULL,
  `end_date` date DEFAULT NULL,
  `airport_date_sche` date DEFAULT NULL,
  `contract_update_type` varchar(255) CHARACTER SET utf8mb4 COLLATE utf8mb4_unicode_ci DEFAULT NULL,
  `contract_period_note_pdf` varchar(255) CHARACTER SET utf8mb4 COLLATE utf8mb4_unicode_ci DEFAULT NULL,
  `contract_period_lang` varchar(255) CHARACTER SET utf8mb4 COLLATE utf8mb4_unicode_ci DEFAULT NULL,
  `contract_period_note` varchar(255) CHARACTER SET utf8mb4 COLLATE utf8mb4_unicode_ci DEFAULT NULL,
  `work_place_1` varchar(255) CHARACTER SET utf8mb4 COLLATE utf8mb4_unicode_ci DEFAULT NULL,
  `work_place_2` varchar(255) CHARACTER SET utf8mb4 COLLATE utf8mb4_unicode_ci DEFAULT NULL,
  `work_place_3` varchar(255) CHARACTER SET utf8mb4 COLLATE utf8mb4_unicode_ci DEFAULT NULL,
  `work_place_note_pdf` varchar(255) CHARACTER SET utf8mb4 COLLATE utf8mb4_unicode_ci DEFAULT NULL,
  `work_place_lang` varchar(255) CHARACTER SET utf8mb4 COLLATE utf8mb4_unicode_ci DEFAULT NULL,
  `work_content` varchar(255) CHARACTER SET utf8mb4 COLLATE utf8mb4_unicode_ci DEFAULT NULL,
  `work_content_lang` varchar(255) CHARACTER SET utf8mb4 COLLATE utf8mb4_unicode_ci DEFAULT NULL,
  `work_content_note_pdf` varchar(255) CHARACTER SET utf8mb4 COLLATE utf8mb4_unicode_ci DEFAULT NULL,
  `work_content_lang2` varchar(255) CHARACTER SET utf8mb4 COLLATE utf8mb4_unicode_ci DEFAULT NULL,
  `work_time_type` varchar(255) CHARACTER SET utf8mb4 COLLATE utf8mb4_unicode_ci DEFAULT NULL,
  `fixtime_begin_time_am` date DEFAULT NULL,
  `fixtime_end_time_am` date DEFAULT NULL,
  `fixtime_lunch_begin_time` date DEFAULT NULL,
  `fixtime_lunch_end_time` date DEFAULT NULL,
  `fixtime_begin_time_pm` date DEFAULT NULL,
  `fixtime_end_time_pm` date DEFAULT NULL,
  `fixtime_break1_begin_time` date DEFAULT NULL,
  `fixtime_break1_end_time` date DEFAULT NULL,
  `fixtime_break2_begin_time` date DEFAULT NULL,
  `fixtime_break2_end_time` date DEFAULT NULL,
  `flextime_unit` varchar(255) CHARACTER SET utf8mb4 COLLATE utf8mb4_unicode_ci DEFAULT NULL,
  `flextime_lang` varchar(255) CHARACTER SET utf8mb4 COLLATE utf8mb4_unicode_ci DEFAULT NULL,
  `changetime_begin_time_1` date DEFAULT NULL,
  `changetime_date_valid_1` date DEFAULT NULL,
  `changetime_onedate_1` date DEFAULT NULL,
  `changetime_begin_time_2` date DEFAULT NULL,
  `changetime_end_time_2` date DEFAULT NULL,
  `changetime_date_valid_2` date DEFAULT NULL,
  `changetime_onedate_2` date DEFAULT NULL,
  `changetime_begin_time_3` date DEFAULT NULL,
  `changetime_end_time_3` date DEFAULT NULL,
  `changetime_date_valid_3` date DEFAULT NULL,
  `changetime_onedate_3` date DEFAULT NULL,
  `train_planing_beshi` varchar(255) CHARACTER SET utf8mb4 COLLATE utf8mb4_unicode_ci DEFAULT NULL,
  `companybook_no_from_1` varchar(255) CHARACTER SET utf8mb4 COLLATE utf8mb4_unicode_ci DEFAULT NULL,
  `companybook_no_from_2` varchar(255) CHARACTER SET utf8mb4 COLLATE utf8mb4_unicode_ci DEFAULT NULL,
  `companybook_no_to_2` varchar(255) CHARACTER SET utf8mb4 COLLATE utf8mb4_unicode_ci DEFAULT NULL,
  `companybook_no_from_3` varchar(255) CHARACTER SET utf8mb4 COLLATE utf8mb4_unicode_ci DEFAULT NULL,
  `companybook_no_to_3` varchar(255) CHARACTER SET utf8mb4 COLLATE utf8mb4_unicode_ci DEFAULT NULL,
  `workpartern_time_note` varchar(255) CHARACTER SET utf8mb4 COLLATE utf8mb4_unicode_ci DEFAULT NULL,
  `workpatern_time_note_pdf` varchar(255) CHARACTER SET utf8mb4 COLLATE utf8mb4_unicode_ci DEFAULT NULL,
  `workpartern_lang` varchar(255) CHARACTER SET utf8mb4 COLLATE utf8mb4_unicode_ci DEFAULT NULL,
  `general_break_day_1` varchar(255) CHARACTER SET utf8mb4 COLLATE utf8mb4_unicode_ci DEFAULT NULL,
  `general_break_day_2` varchar(255) CHARACTER SET utf8mb4 COLLATE utf8mb4_unicode_ci DEFAULT NULL,
  `general_break_day_3` varchar(255) CHARACTER SET utf8mb4 COLLATE utf8mb4_unicode_ci DEFAULT NULL,
  `general_break_day_4` varchar(255) CHARACTER SET utf8mb4 COLLATE utf8mb4_unicode_ci DEFAULT NULL,
  `general_break_day_5` varchar(255) CHARACTER SET utf8mb4 COLLATE utf8mb4_unicode_ci DEFAULT NULL,
  `general_break_day_6` varchar(255) CHARACTER SET utf8mb4 COLLATE utf8mb4_unicode_ci DEFAULT NULL,
  `general_break_day_0` varchar(255) CHARACTER SET utf8mb4 COLLATE utf8mb4_unicode_ci DEFAULT NULL,
  `break_day_year_sum` varchar(255) CHARACTER SET utf8mb4 COLLATE utf8mb4_unicode_ci DEFAULT NULL,
  `other_break_day` varchar(255) CHARACTER SET utf8mb4 COLLATE utf8mb4_unicode_ci DEFAULT NULL,
  `other_break_day_lang` varchar(255) CHARACTER SET utf8mb4 COLLATE utf8mb4_unicode_ci DEFAULT NULL,
  `break_day_note_pdf` varchar(255) CHARACTER SET utf8mb4 COLLATE utf8mb4_unicode_ci DEFAULT NULL,
  `break_day_note_pdf_lang` varchar(255) CHARACTER SET utf8mb4 COLLATE utf8mb4_unicode_ci DEFAULT NULL,
  `other_leaveoff_type` int DEFAULT NULL,
  `other_leaveoff_sum_day` varchar(255) CHARACTER SET utf8mb4 COLLATE utf8mb4_unicode_ci DEFAULT NULL,
  `other_leaveoff_breakday` varchar(255) CHARACTER SET utf8mb4 COLLATE utf8mb4_unicode_ci DEFAULT NULL,
  `other_leaveoff_breakday_lang` varchar(255) CHARACTER SET utf8mb4 COLLATE utf8mb4_unicode_ci DEFAULT NULL,
  `leaveoff_day` varchar(255) CHARACTER SET utf8mb4 COLLATE utf8mb4_unicode_ci DEFAULT NULL,
  `6leaveoff_day_sum` varchar(255) CHARACTER SET utf8mb4 COLLATE utf8mb4_unicode_ci DEFAULT NULL,
  `paided_leaveoff_day` int DEFAULT NULL,
  `is_have_6_leaveoff_month_sum` int DEFAULT NULL,
  `paid_breakoff_day_sum` varchar(255) CHARACTER SET utf8mb4 COLLATE utf8mb4_unicode_ci DEFAULT NULL,
  `paid_breakoff_day_sum_lang` varchar(255) CHARACTER SET utf8mb4 COLLATE utf8mb4_unicode_ci DEFAULT NULL,
  `nopaid_breakoff_day_sum` varchar(255) CHARACTER SET utf8mb4 COLLATE utf8mb4_unicode_ci DEFAULT NULL,
  `nopaid_breakoff_day_sum_lang` varchar(255) CHARACTER SET utf8mb4 COLLATE utf8mb4_unicode_ci DEFAULT NULL,
  `breakoff_note` varchar(255) CHARACTER SET utf8mb4 COLLATE utf8mb4_unicode_ci DEFAULT NULL,
  `company_policy_from_1` varchar(255) CHARACTER SET utf8mb4 COLLATE utf8mb4_unicode_ci DEFAULT NULL,
  `is_inputform` int DEFAULT NULL,
  `inputform_id` int DEFAULT NULL,
  `company_policy_to_1` varchar(255) CHARACTER SET utf8mb4 COLLATE utf8mb4_unicode_ci DEFAULT NULL,
  `company_policy_from_2` varchar(255) CHARACTER SET utf8mb4 COLLATE utf8mb4_unicode_ci DEFAULT NULL,
  `company_policy_to_2` varchar(255) CHARACTER SET utf8mb4 COLLATE utf8mb4_unicode_ci DEFAULT NULL,
  `company_policy_from_3` varchar(255) CHARACTER SET utf8mb4 COLLATE utf8mb4_unicode_ci DEFAULT NULL,
  `company_policy_to_3` text CHARACTER SET utf8mb4 COLLATE utf8mb4_unicode_ci,
  `company_policy_from_4` text CHARACTER SET utf8mb4 COLLATE utf8mb4_unicode_ci,
  `company_policy_to_4` text CHARACTER SET utf8mb4 COLLATE utf8mb4_unicode_ci,
  `breakoff_contract_note_pdf` text CHARACTER SET utf8mb4 COLLATE utf8mb4_unicode_ci,
  `breakoff_contract_note_pdf_lang` text CHARACTER SET utf8mb4 COLLATE utf8mb4_unicode_ci,
  `work_begin_date` date DEFAULT NULL,
  `work_end_date` date DEFAULT NULL,
  `leaveoff_day_sum_year_1` text CHARACTER SET utf8mb4 COLLATE utf8mb4_unicode_ci,
  `leaveoff_day_sum_year_2` text CHARACTER SET utf8mb4 COLLATE utf8mb4_unicode_ci,
  `leaveoff_day_sum_year_3` text CHARACTER SET utf8mb4 COLLATE utf8mb4_unicode_ci,
  `salary_type` int DEFAULT NULL,
  `salary_type_day_value` text CHARACTER SET utf8mb4 COLLATE utf8mb4_unicode_ci,
  `salary_type_hour_value` text CHARACTER SET utf8mb4 COLLATE utf8mb4_unicode_ci,
  `supply_meal_type` int DEFAULT NULL,
  `supply_meal_method` text CHARACTER SET utf8mb4 COLLATE utf8mb4_unicode_ci,
  `actual_supply_meal_method` text CHARACTER SET utf8mb4 COLLATE utf8mb4_unicode_ci,
  `supply_house_type` int DEFAULT NULL,
  `actual_supply_house` text CHARACTER SET utf8mb4 COLLATE utf8mb4_unicode_ci,
  `supply_utility_cost_type` int DEFAULT NULL,
  `supply_utility_cost_value` text CHARACTER SET utf8mb4 COLLATE utf8mb4_unicode_ci,
  `regular_cost_value_type` int DEFAULT NULL,
  `regular_cost_value_1` text CHARACTER SET utf8mb4 COLLATE utf8mb4_unicode_ci,
  `regular_cost_value_month_1` text CHARACTER SET utf8mb4 COLLATE utf8mb4_unicode_ci,
  `regular_cost_value_real_type_1` text CHARACTER SET utf8mb4 COLLATE utf8mb4_unicode_ci,
  `regular_cost_value_2` text CHARACTER SET utf8mb4 COLLATE utf8mb4_unicode_ci,
  `regular_cost_value_month_2` text CHARACTER SET utf8mb4 COLLATE utf8mb4_unicode_ci,
  `regular_cost_value_real_type_2` text CHARACTER SET utf8mb4 COLLATE utf8mb4_unicode_ci,
  `regular_cost_value_3` text CHARACTER SET utf8mb4 COLLATE utf8mb4_unicode_ci,
  `regular_cost_value_month_3` text CHARACTER SET utf8mb4 COLLATE utf8mb4_unicode_ci,
  `regular_cost_value_real_type_3` text CHARACTER SET utf8mb4 COLLATE utf8mb4_unicode_ci,
  `regular_cost_value_note` tinytext CHARACTER SET utf8mb4 COLLATE utf8mb4_unicode_ci,
  `other_regular_cost_value_note` tinytext CHARACTER SET utf8mb4 COLLATE utf8mb4_unicode_ci,
  `retire_before_day` tinytext CHARACTER SET utf8mb4 COLLATE utf8mb4_unicode_ci,
  `retire_company_policy_from_1` tinytext CHARACTER SET utf8mb4 COLLATE utf8mb4_unicode_ci,
  `retire_company_policy_to_1` tinytext CHARACTER SET utf8mb4 COLLATE utf8mb4_unicode_ci,
  `retire_company_policy_from_2` tinytext CHARACTER SET utf8mb4 COLLATE utf8mb4_unicode_ci,
  `retire_company_policy_to_2` tinytext CHARACTER SET utf8mb4 COLLATE utf8mb4_unicode_ci,
  `retire_company_policy_note_pdf` text CHARACTER SET utf8mb4 COLLATE utf8mb4_unicode_ci,
  `retire_company_policy_note_lang` text CHARACTER SET utf8mb4 COLLATE utf8mb4_unicode_ci,
  `other_retire_koseinenkin_type` int DEFAULT NULL,
  `other_retire_kokuminnenkin_type` int DEFAULT NULL,
  `other_retire_kenkohoken_type` int DEFAULT NULL,
  `other_retire_kokuminkenkohoken_type` int DEFAULT NULL,
  `other_retire_koyohoken_type` int DEFAULT NULL,
  `other_retire_kasaihoken_type` int DEFAULT NULL,
  `other_retire_other_type` int DEFAULT NULL,
  `other_retire_other_note` text CHARACTER SET utf8mb4 COLLATE utf8mb4_unicode_ci,
  `employ_kenkoshindan_year` text CHARACTER SET utf8mb4 COLLATE utf8mb4_unicode_ci,
  `employ_kenkoshindan_month` text CHARACTER SET utf8mb4 COLLATE utf8mb4_unicode_ci,
  `first_kenkoshindan_year` text CHARACTER SET utf8mb4 COLLATE utf8mb4_unicode_ci,
  `next_kenkoshindan_year` text CHARACTER SET utf8mb4 COLLATE utf8mb4_unicode_ci,
  `employ_kenkoshindan_note` text CHARACTER SET utf8mb4 COLLATE utf8mb4_unicode_ci,
  `employ_kenkoshindan_note_pdf` text CHARACTER SET utf8mb4 COLLATE utf8mb4_unicode_ci,
  `mail_id` bigint DEFAULT NULL,
  PRIMARY KEY (`contract_id`)
) ENGINE=InnoDB AUTO_INCREMENT=168 DEFAULT CHARSET=utf8mb4 COLLATE=utf8mb4_unicode_ci;

--
-- Dumping data for table `et_project_contract`
--

INSERT INTO `et_project_contract` VALUES (151,25,NULL,NULL,NULL,NULL,NULL,NULL,NULL,NULL,NULL,NULL,NULL,'2024-12-12',NULL,NULL,NULL,NULL,NULL,NULL,NULL,NULL,NULL,NULL,NULL,NULL,NULL,NULL,NULL,NULL,NULL,NULL,NULL,NULL,NULL,NULL,NULL,NULL,NULL,NULL,NULL,NULL,NULL,NULL,NULL,NULL,NULL,NULL,NULL,NULL,NULL,NULL,NULL,NULL,NULL,NULL,NULL,NULL,NULL,NULL,NULL,NULL,NULL,NULL,NULL,NULL,NULL,NULL,NULL,NULL,NULL,NULL,NULL,NULL,NULL,NULL,NULL,NULL,NULL,NULL,NULL,NULL,NULL,NULL,NULL,'2024-03-21 06:20:52',NULL,'2024-03-22 08:49:47',NULL,2,'無',NULL,NULL,'2024-03-22',NULL,NULL,NULL,NULL,NULL,NULL,NULL,NULL,NULL,NULL,NULL,NULL,NULL,NULL,NULL,NULL,NULL,NULL,NULL,NULL,NULL,NULL,NULL,NULL,NULL,NULL,NULL,NULL,NULL,NULL,NULL,NULL,NULL,'2024-03-22',NULL,NULL,NULL,NULL,NULL,NULL,NULL,NULL,NULL,NULL,NULL,NULL,NULL,NULL,NULL,NULL,NULL,NULL,'0',NULL,NULL,NULL,NULL,NULL,NULL,NULL,NULL,NULL,NULL,NULL,0,NULL,NULL,NULL,NULL,NULL,NULL,NULL,NULL,152,NULL,NULL,NULL,NULL,NULL,NULL,NULL,NULL,NULL,NULL,NULL,NULL,NULL,NULL,0,NULL,NULL,0,NULL,NULL,NULL,NULL,NULL,NULL,NULL,NULL,NULL,NULL,NULL,NULL,NULL,NULL,NULL,NULL,NULL,NULL,NULL,NULL,NULL,NULL,NULL,NULL,NULL,NULL,NULL,NULL,NULL,NULL,NULL,NULL,NULL,NULL,NULL,NULL,NULL,NULL,NULL,NULL),(152,25,NULL,NULL,NULL,NULL,NULL,NULL,NULL,NULL,NULL,NULL,NULL,'2024-12-12',NULL,NULL,NULL,NULL,NULL,NULL,NULL,NULL,NULL,NULL,NULL,NULL,NULL,NULL,NULL,NULL,NULL,NULL,NULL,NULL,NULL,NULL,NULL,NULL,NULL,NULL,NULL,NULL,NULL,NULL,NULL,NULL,NULL,NULL,NULL,NULL,NULL,NULL,NULL,NULL,NULL,NULL,NULL,NULL,NULL,NULL,NULL,NULL,NULL,NULL,NULL,NULL,NULL,NULL,NULL,NULL,NULL,NULL,NULL,NULL,NULL,NULL,NULL,NULL,NULL,NULL,NULL,NULL,NULL,NULL,NULL,'2024-03-21 06:21:05',NULL,'2024-03-21 06:32:21',NULL,2,'無','2024-03-22',NULL,'2024-03-22',NULL,NULL,NULL,NULL,NULL,NULL,NULL,NULL,NULL,NULL,NULL,NULL,NULL,NULL,'2024-03-22',NULL,NULL,NULL,NULL,NULL,NULL,NULL,NULL,NULL,NULL,NULL,NULL,NULL,NULL,NULL,NULL,'2024-03-22',NULL,NULL,NULL,'2024-03-22',NULL,NULL,NULL,NULL,NULL,NULL,NULL,NULL,NULL,NULL,NULL,'2',NULL,NULL,NULL,NULL,'0',NULL,NULL,NULL,NULL,NULL,NULL,NULL,NULL,NULL,NULL,NULL,NULL,NULL,NULL,NULL,NULL,NULL,NULL,NULL,1,153,NULL,NULL,NULL,NULL,NULL,NULL,NULL,NULL,NULL,NULL,NULL,NULL,NULL,NULL,NULL,NULL,NULL,NULL,NULL,NULL,NULL,NULL,NULL,NULL,NULL,NULL,NULL,NULL,NULL,NULL,NULL,NULL,NULL,NULL,NULL,NULL,NULL,NULL,NULL,NULL,NULL,NULL,NULL,NULL,NULL,NULL,NULL,NULL,NULL,NULL,NULL,NULL,NULL,NULL,NULL,NULL,NULL,NULL),(154,54,NULL,NULL,NULL,NULL,NULL,NULL,NULL,NULL,NULL,NULL,NULL,'2024-09-24',NULL,NULL,NULL,NULL,NULL,NULL,NULL,NULL,NULL,NULL,NULL,NULL,NULL,NULL,NULL,NULL,NULL,NULL,NULL,NULL,NULL,NULL,NULL,NULL,NULL,NULL,NULL,NULL,NULL,NULL,NULL,NULL,NULL,NULL,NULL,NULL,NULL,NULL,NULL,NULL,NULL,NULL,NULL,NULL,NULL,NULL,NULL,NULL,NULL,NULL,NULL,NULL,NULL,NULL,NULL,NULL,NULL,NULL,NULL,NULL,NULL,NULL,NULL,NULL,NULL,NULL,NULL,NULL,NULL,NULL,NULL,'2024-03-24 01:30:42',NULL,'2024-03-24 02:16:34',NULL,2,NULL,NULL,NULL,NULL,NULL,NULL,'project.choose_contract_period_lang',NULL,NULL,NULL,NULL,NULL,'project.choose_work_place_lang',NULL,NULL,NULL,NULL,NULL,NULL,NULL,NULL,NULL,NULL,NULL,NULL,NULL,NULL,NULL,NULL,NULL,NULL,NULL,NULL,NULL,NULL,NULL,NULL,NULL,NULL,NULL,NULL,NULL,NULL,NULL,NULL,NULL,NULL,NULL,NULL,NULL,NULL,NULL,NULL,NULL,NULL,NULL,NULL,NULL,NULL,NULL,NULL,NULL,NULL,NULL,NULL,NULL,NULL,NULL,NULL,NULL,NULL,NULL,NULL,NULL,NULL,NULL,NULL,159,NULL,NULL,NULL,NULL,NULL,NULL,NULL,NULL,NULL,NULL,NULL,NULL,NULL,NULL,NULL,NULL,NULL,NULL,NULL,NULL,NULL,NULL,NULL,NULL,NULL,NULL,NULL,NULL,NULL,NULL,NULL,NULL,NULL,NULL,NULL,NULL,NULL,NULL,NULL,NULL,NULL,NULL,NULL,NULL,NULL,NULL,NULL,NULL,NULL,NULL,NULL,NULL,NULL,NULL,NULL,NULL,NULL,NULL),(155,55,NULL,NULL,NULL,NULL,NULL,NULL,NULL,NULL,NULL,NULL,NULL,'2024-09-24',NULL,NULL,NULL,NULL,NULL,NULL,NULL,NULL,NULL,NULL,NULL,NULL,NULL,NULL,NULL,NULL,NULL,NULL,NULL,NULL,NULL,NULL,NULL,NULL,NULL,NULL,NULL,NULL,NULL,NULL,NULL,NULL,NULL,NULL,NULL,NULL,NULL,NULL,NULL,NULL,NULL,NULL,NULL,NULL,NULL,NULL,NULL,NULL,NULL,NULL,NULL,NULL,NULL,NULL,NULL,NULL,NULL,NULL,NULL,NULL,NULL,NULL,NULL,NULL,NULL,NULL,NULL,NULL,NULL,NULL,NULL,'2024-03-24 01:31:26',NULL,'2024-03-24 01:31:26',NULL,7,NULL,NULL,NULL,NULL,NULL,NULL,'project.choose_contract_period_lang',NULL,NULL,NULL,NULL,NULL,'project.choose_work_place_lang',NULL,NULL,NULL,NULL,NULL,NULL,NULL,NULL,NULL,NULL,NULL,NULL,NULL,NULL,NULL,NULL,NULL,NULL,NULL,NULL,NULL,NULL,NULL,NULL,NULL,NULL,NULL,NULL,NULL,NULL,NULL,NULL,NULL,NULL,NULL,NULL,NULL,NULL,NULL,NULL,NULL,NULL,NULL,NULL,NULL,NULL,NULL,NULL,NULL,NULL,NULL,NULL,NULL,NULL,NULL,NULL,NULL,NULL,NULL,NULL,NULL,NULL,NULL,NULL,NULL,NULL,NULL,NULL,NULL,NULL,NULL,NULL,NULL,NULL,NULL,NULL,NULL,NULL,NULL,NULL,NULL,NULL,NULL,NULL,NULL,NULL,NULL,NULL,NULL,NULL,NULL,NULL,NULL,NULL,NULL,NULL,NULL,NULL,NULL,NULL,NULL,NULL,NULL,NULL,NULL,NULL,NULL,NULL,NULL,NULL,NULL,NULL,NULL,NULL,NULL,NULL,NULL,NULL,NULL,NULL,NULL,NULL,NULL),(156,56,NULL,NULL,NULL,NULL,NULL,NULL,NULL,NULL,NULL,NULL,NULL,'2024-09-24',NULL,NULL,NULL,NULL,NULL,NULL,NULL,NULL,NULL,NULL,NULL,NULL,NULL,NULL,NULL,NULL,NULL,NULL,NULL,NULL,NULL,NULL,NULL,NULL,NULL,NULL,NULL,NULL,NULL,NULL,NULL,NULL,NULL,NULL,NULL,NULL,NULL,NULL,NULL,NULL,NULL,NULL,NULL,NULL,NULL,NULL,NULL,NULL,NULL,NULL,NULL,NULL,NULL,NULL,NULL,NULL,NULL,NULL,NULL,NULL,NULL,NULL,NULL,NULL,NULL,NULL,NULL,NULL,NULL,NULL,NULL,'2024-03-24 01:36:22',NULL,'2024-03-24 01:36:22',NULL,6,NULL,NULL,NULL,NULL,NULL,NULL,'project.choose_contract_period_lang',NULL,NULL,NULL,NULL,NULL,'project.choose_work_place_lang',NULL,NULL,NULL,NULL,NULL,NULL,NULL,NULL,NULL,NULL,NULL,NULL,NULL,NULL,NULL,NULL,NULL,NULL,NULL,NULL,NULL,NULL,NULL,NULL,NULL,NULL,NULL,NULL,NULL,NULL,NULL,NULL,NULL,NULL,NULL,NULL,NULL,NULL,NULL,NULL,NULL,NULL,NULL,NULL,NULL,NULL,NULL,NULL,NULL,NULL,NULL,NULL,NULL,NULL,NULL,NULL,NULL,NULL,NULL,NULL,NULL,NULL,NULL,NULL,NULL,NULL,NULL,NULL,NULL,NULL,NULL,NULL,NULL,NULL,NULL,NULL,NULL,NULL,NULL,NULL,NULL,NULL,NULL,NULL,NULL,NULL,NULL,NULL,NULL,NULL,NULL,NULL,NULL,NULL,NULL,NULL,NULL,NULL,NULL,NULL,NULL,NULL,NULL,NULL,NULL,NULL,NULL,NULL,NULL,NULL,NULL,NULL,NULL,NULL,NULL,NULL,NULL,NULL,NULL,NULL,NULL,NULL,NULL),(157,53,NULL,NULL,NULL,NULL,NULL,NULL,NULL,NULL,NULL,NULL,NULL,'2024-09-14',NULL,NULL,NULL,NULL,NULL,NULL,NULL,NULL,NULL,NULL,NULL,NULL,NULL,NULL,NULL,NULL,NULL,NULL,NULL,NULL,NULL,NULL,NULL,NULL,NULL,NULL,NULL,NULL,NULL,NULL,NULL,NULL,NULL,NULL,NULL,NULL,NULL,NULL,NULL,NULL,NULL,NULL,NULL,NULL,NULL,NULL,NULL,NULL,NULL,NULL,NULL,NULL,NULL,NULL,NULL,NULL,NULL,NULL,NULL,NULL,NULL,NULL,NULL,NULL,NULL,NULL,NULL,NULL,NULL,NULL,NULL,'2024-03-24 01:41:46',NULL,'2024-03-24 01:42:00',NULL,2,NULL,NULL,NULL,NULL,NULL,NULL,'project.choose_contract_period_lang',NULL,NULL,NULL,NULL,NULL,'project.choose_work_place_lang',NULL,NULL,NULL,NULL,NULL,NULL,NULL,NULL,NULL,NULL,NULL,NULL,NULL,NULL,NULL,NULL,NULL,NULL,NULL,NULL,NULL,NULL,NULL,NULL,NULL,NULL,NULL,NULL,NULL,NULL,NULL,NULL,NULL,NULL,NULL,NULL,NULL,NULL,NULL,NULL,NULL,NULL,NULL,'0',NULL,NULL,NULL,NULL,NULL,NULL,NULL,NULL,NULL,NULL,NULL,0,NULL,NULL,NULL,NULL,NULL,NULL,NULL,NULL,NULL,NULL,NULL,NULL,NULL,NULL,NULL,NULL,NULL,NULL,NULL,NULL,NULL,NULL,NULL,0,NULL,NULL,0,NULL,NULL,NULL,NULL,NULL,NULL,NULL,NULL,NULL,NULL,NULL,NULL,NULL,NULL,NULL,NULL,NULL,NULL,NULL,NULL,NULL,NULL,NULL,NULL,NULL,NULL,NULL,NULL,NULL,NULL,NULL,NULL,NULL,NULL,NULL,NULL,NULL,NULL,NULL,NULL),(158,52,NULL,NULL,NULL,NULL,NULL,NULL,NULL,NULL,NULL,NULL,NULL,'2024-09-12',NULL,NULL,NULL,NULL,NULL,NULL,NULL,NULL,NULL,NULL,NULL,NULL,NULL,NULL,NULL,NULL,NULL,NULL,NULL,NULL,NULL,NULL,NULL,NULL,NULL,NULL,NULL,NULL,NULL,NULL,NULL,NULL,NULL,NULL,NULL,NULL,NULL,NULL,NULL,NULL,NULL,NULL,NULL,NULL,NULL,NULL,NULL,NULL,NULL,NULL,NULL,NULL,NULL,NULL,NULL,NULL,NULL,NULL,NULL,NULL,NULL,NULL,NULL,NULL,NULL,NULL,NULL,NULL,NULL,NULL,NULL,'2024-03-24 02:15:36',NULL,'2024-03-25 16:40:32',NULL,2,NULL,NULL,NULL,NULL,NULL,NULL,'project.choose_contract_period_lang',NULL,NULL,NULL,NULL,NULL,'project.choose_work_place_lang',NULL,NULL,NULL,NULL,NULL,NULL,NULL,NULL,NULL,NULL,NULL,NULL,NULL,NULL,NULL,NULL,NULL,NULL,NULL,NULL,NULL,NULL,NULL,NULL,NULL,NULL,NULL,NULL,NULL,NULL,NULL,NULL,NULL,NULL,NULL,NULL,NULL,NULL,NULL,NULL,NULL,NULL,NULL,NULL,NULL,NULL,NULL,NULL,NULL,NULL,NULL,NULL,NULL,NULL,NULL,NULL,NULL,NULL,NULL,NULL,NULL,NULL,NULL,NULL,160,NULL,NULL,NULL,NULL,NULL,NULL,NULL,NULL,NULL,NULL,NULL,NULL,NULL,NULL,NULL,NULL,NULL,NULL,NULL,NULL,NULL,NULL,NULL,NULL,NULL,NULL,NULL,NULL,NULL,NULL,NULL,NULL,NULL,NULL,NULL,NULL,NULL,NULL,NULL,NULL,NULL,NULL,NULL,NULL,NULL,NULL,NULL,NULL,NULL,NULL,NULL,NULL,NULL,NULL,NULL,NULL,NULL,NULL),(159,54,NULL,NULL,NULL,NULL,NULL,NULL,NULL,NULL,NULL,NULL,NULL,'2024-09-24',NULL,NULL,NULL,NULL,NULL,NULL,NULL,NULL,NULL,NULL,NULL,NULL,NULL,NULL,NULL,NULL,NULL,NULL,NULL,NULL,NULL,NULL,NULL,NULL,NULL,NULL,NULL,NULL,NULL,NULL,NULL,NULL,NULL,NULL,NULL,NULL,NULL,NULL,NULL,NULL,NULL,NULL,NULL,NULL,NULL,NULL,NULL,NULL,NULL,NULL,NULL,NULL,NULL,NULL,NULL,NULL,NULL,NULL,NULL,NULL,NULL,NULL,NULL,NULL,NULL,NULL,NULL,NULL,NULL,NULL,NULL,'2024-03-24 02:16:34',NULL,'2024-03-24 02:16:34',NULL,2,NULL,NULL,NULL,NULL,NULL,NULL,'project.choose_contract_period_lang',NULL,NULL,NULL,NULL,NULL,'project.choose_work_place_lang',NULL,NULL,NULL,NULL,NULL,NULL,NULL,NULL,NULL,NULL,NULL,NULL,NULL,NULL,NULL,NULL,NULL,NULL,NULL,NULL,NULL,NULL,NULL,NULL,NULL,NULL,NULL,NULL,NULL,NULL,NULL,NULL,NULL,NULL,NULL,NULL,NULL,NULL,NULL,NULL,NULL,NULL,NULL,NULL,NULL,NULL,NULL,NULL,NULL,NULL,NULL,NULL,NULL,NULL,NULL,NULL,NULL,NULL,NULL,NULL,NULL,NULL,NULL,1,NULL,NULL,NULL,NULL,NULL,NULL,NULL,NULL,NULL,NULL,NULL,NULL,NULL,NULL,NULL,NULL,NULL,NULL,NULL,NULL,NULL,NULL,NULL,NULL,NULL,NULL,NULL,NULL,NULL,NULL,NULL,NULL,NULL,NULL,NULL,NULL,NULL,NULL,NULL,NULL,NULL,NULL,NULL,NULL,NULL,NULL,NULL,NULL,NULL,NULL,NULL,NULL,NULL,NULL,NULL,NULL,NULL,NULL,NULL),(160,52,NULL,NULL,NULL,NULL,NULL,NULL,NULL,NULL,NULL,NULL,NULL,'2024-09-12',NULL,NULL,NULL,NULL,NULL,NULL,NULL,NULL,NULL,NULL,NULL,NULL,NULL,NULL,NULL,NULL,NULL,NULL,NULL,NULL,NULL,NULL,NULL,NULL,NULL,NULL,NULL,NULL,NULL,NULL,NULL,NULL,NULL,NULL,NULL,NULL,NULL,NULL,NULL,NULL,NULL,NULL,NULL,NULL,NULL,NULL,NULL,NULL,NULL,NULL,NULL,NULL,NULL,NULL,NULL,NULL,NULL,NULL,NULL,NULL,NULL,NULL,NULL,NULL,NULL,NULL,NULL,NULL,NULL,NULL,NULL,'2024-03-25 16:40:32',NULL,'2024-03-25 16:40:39',NULL,2,NULL,NULL,NULL,NULL,NULL,NULL,'project.choose_contract_period_lang',NULL,NULL,NULL,NULL,NULL,'project.choose_work_place_lang',NULL,NULL,NULL,NULL,NULL,NULL,NULL,NULL,NULL,NULL,NULL,NULL,NULL,NULL,NULL,NULL,NULL,NULL,NULL,NULL,NULL,NULL,NULL,NULL,NULL,NULL,NULL,NULL,NULL,NULL,NULL,NULL,NULL,NULL,NULL,NULL,NULL,NULL,NULL,NULL,NULL,NULL,NULL,NULL,NULL,NULL,NULL,NULL,NULL,NULL,NULL,NULL,NULL,NULL,NULL,NULL,NULL,NULL,NULL,NULL,NULL,NULL,NULL,1,NULL,NULL,NULL,NULL,NULL,NULL,NULL,NULL,NULL,NULL,NULL,NULL,NULL,NULL,NULL,NULL,NULL,NULL,NULL,NULL,NULL,NULL,NULL,NULL,NULL,NULL,NULL,NULL,NULL,NULL,NULL,NULL,NULL,NULL,NULL,NULL,NULL,NULL,NULL,NULL,NULL,NULL,NULL,NULL,NULL,NULL,NULL,NULL,NULL,NULL,NULL,NULL,NULL,NULL,NULL,NULL,NULL,NULL,7),(161,59,NULL,NULL,NULL,NULL,NULL,NULL,NULL,NULL,NULL,NULL,NULL,'2024-09-27',NULL,NULL,NULL,NULL,NULL,NULL,NULL,NULL,NULL,NULL,NULL,NULL,NULL,NULL,NULL,NULL,NULL,NULL,NULL,NULL,NULL,NULL,NULL,NULL,NULL,NULL,NULL,NULL,NULL,NULL,NULL,NULL,NULL,NULL,NULL,NULL,NULL,NULL,NULL,NULL,NULL,NULL,NULL,NULL,NULL,NULL,NULL,NULL,NULL,NULL,NULL,NULL,NULL,NULL,NULL,NULL,NULL,NULL,NULL,NULL,NULL,NULL,NULL,NULL,NULL,NULL,NULL,NULL,NULL,NULL,NULL,'2024-03-27 05:51:18',NULL,'2024-03-27 06:33:37',NULL,2,NULL,'2024-03-28','2024-03-28',NULL,NULL,NULL,'project.choose_contract_period_lang',NULL,NULL,NULL,NULL,NULL,'project.choose_work_place_lang',NULL,NULL,NULL,NULL,NULL,'2024-03-28',NULL,'2024-03-28',NULL,NULL,NULL,NULL,NULL,NULL,NULL,NULL,NULL,NULL,NULL,NULL,NULL,NULL,NULL,NULL,NULL,NULL,NULL,NULL,NULL,NULL,NULL,NULL,NULL,NULL,NULL,NULL,NULL,NULL,NULL,NULL,NULL,NULL,NULL,'0',NULL,NULL,NULL,NULL,NULL,NULL,NULL,NULL,NULL,NULL,NULL,0,NULL,NULL,NULL,NULL,NULL,NULL,NULL,NULL,162,NULL,NULL,NULL,NULL,NULL,NULL,NULL,NULL,NULL,NULL,NULL,NULL,NULL,NULL,0,NULL,NULL,0,NULL,NULL,1,NULL,1,NULL,1,NULL,NULL,NULL,NULL,NULL,NULL,NULL,NULL,NULL,NULL,NULL,NULL,NULL,NULL,NULL,NULL,NULL,NULL,1,1,1,1,1,1,1,'ádasd','ádasd','123','123','ádasd',NULL,'ádasd',NULL),(162,59,NULL,NULL,NULL,NULL,NULL,NULL,NULL,NULL,NULL,NULL,NULL,'2024-09-27',NULL,NULL,NULL,NULL,NULL,NULL,NULL,NULL,NULL,NULL,NULL,NULL,NULL,NULL,NULL,NULL,NULL,NULL,NULL,NULL,NULL,NULL,NULL,NULL,NULL,NULL,NULL,NULL,NULL,NULL,NULL,NULL,NULL,NULL,NULL,NULL,NULL,NULL,NULL,NULL,NULL,NULL,NULL,NULL,NULL,NULL,NULL,NULL,NULL,NULL,NULL,NULL,NULL,NULL,NULL,NULL,NULL,NULL,NULL,NULL,NULL,NULL,NULL,NULL,NULL,NULL,NULL,NULL,NULL,NULL,NULL,'2024-03-27 06:33:37',NULL,'2024-03-27 06:37:03',NULL,2,NULL,'2024-03-28','2024-03-28',NULL,NULL,NULL,NULL,NULL,NULL,NULL,NULL,NULL,NULL,NULL,NULL,NULL,NULL,NULL,'2024-03-28',NULL,'2024-03-28',NULL,NULL,NULL,'2024-03-28',NULL,NULL,NULL,NULL,NULL,NULL,NULL,NULL,NULL,NULL,NULL,NULL,'2024-03-28',NULL,NULL,NULL,NULL,NULL,NULL,NULL,'jffsdnj',NULL,NULL,NULL,NULL,NULL,NULL,NULL,NULL,NULL,NULL,'0',NULL,NULL,NULL,NULL,NULL,NULL,NULL,NULL,NULL,NULL,NULL,0,NULL,NULL,NULL,NULL,NULL,NULL,NULL,1,NULL,NULL,NULL,NULL,NULL,NULL,NULL,NULL,NULL,NULL,NULL,NULL,NULL,NULL,NULL,0,NULL,NULL,0,NULL,NULL,1,NULL,1,NULL,1,NULL,NULL,NULL,NULL,NULL,NULL,NULL,NULL,NULL,NULL,NULL,NULL,NULL,NULL,NULL,NULL,NULL,NULL,1,1,1,1,1,1,1,'ádasd','ádasd','123','123','ádasd',NULL,'ádasd',NULL),(163,60,NULL,NULL,NULL,NULL,NULL,NULL,NULL,NULL,NULL,NULL,NULL,'2024-10-04',NULL,NULL,NULL,NULL,NULL,NULL,NULL,NULL,NULL,NULL,NULL,NULL,NULL,NULL,NULL,NULL,NULL,NULL,NULL,NULL,NULL,NULL,NULL,NULL,NULL,NULL,NULL,NULL,NULL,NULL,NULL,NULL,NULL,NULL,NULL,NULL,NULL,NULL,NULL,NULL,NULL,NULL,NULL,NULL,NULL,NULL,NULL,NULL,NULL,NULL,NULL,NULL,NULL,NULL,NULL,NULL,NULL,NULL,NULL,NULL,NULL,NULL,NULL,NULL,NULL,NULL,NULL,NULL,NULL,NULL,NULL,'2024-04-04 04:00:43',NULL,'2024-04-04 04:00:48',NULL,2,NULL,NULL,NULL,NULL,NULL,NULL,'project.choose_contract_period_lang',NULL,NULL,NULL,NULL,NULL,'project.choose_work_place_lang',NULL,NULL,NULL,NULL,NULL,NULL,NULL,NULL,NULL,NULL,NULL,NULL,NULL,NULL,NULL,NULL,NULL,NULL,NULL,NULL,NULL,NULL,NULL,NULL,NULL,NULL,NULL,NULL,NULL,NULL,NULL,NULL,NULL,NULL,NULL,NULL,NULL,NULL,NULL,NULL,NULL,NULL,NULL,'0',NULL,NULL,NULL,NULL,NULL,NULL,NULL,NULL,NULL,NULL,NULL,0,NULL,NULL,NULL,NULL,NULL,NULL,NULL,NULL,NULL,NULL,NULL,NULL,NULL,NULL,NULL,NULL,NULL,NULL,NULL,NULL,NULL,NULL,NULL,0,NULL,NULL,0,NULL,NULL,NULL,NULL,NULL,NULL,NULL,NULL,NULL,NULL,NULL,NULL,NULL,NULL,NULL,NULL,NULL,NULL,NULL,NULL,NULL,NULL,NULL,NULL,NULL,NULL,NULL,NULL,NULL,NULL,NULL,NULL,NULL,NULL,NULL,NULL,NULL,NULL,NULL,NULL),(164,61,NULL,NULL,NULL,NULL,NULL,NULL,NULL,NULL,NULL,NULL,NULL,'2024-10-05',NULL,NULL,NULL,NULL,NULL,NULL,NULL,NULL,NULL,NULL,NULL,NULL,NULL,NULL,NULL,NULL,NULL,NULL,NULL,NULL,NULL,NULL,NULL,NULL,NULL,NULL,NULL,NULL,NULL,NULL,NULL,NULL,NULL,NULL,NULL,NULL,NULL,NULL,NULL,NULL,NULL,NULL,NULL,NULL,NULL,NULL,NULL,NULL,NULL,NULL,NULL,NULL,NULL,NULL,NULL,NULL,NULL,NULL,NULL,NULL,NULL,NULL,NULL,NULL,NULL,NULL,NULL,NULL,NULL,NULL,NULL,'2024-04-05 04:57:53',NULL,'2024-04-05 04:57:53',NULL,2,NULL,NULL,NULL,NULL,NULL,NULL,'project.choose_contract_period_lang',NULL,NULL,NULL,NULL,NULL,'project.choose_work_place_lang',NULL,NULL,NULL,NULL,NULL,NULL,NULL,NULL,NULL,NULL,NULL,NULL,NULL,NULL,NULL,NULL,NULL,NULL,NULL,NULL,NULL,NULL,NULL,NULL,NULL,NULL,NULL,NULL,NULL,NULL,NULL,NULL,NULL,NULL,NULL,NULL,NULL,NULL,NULL,NULL,NULL,NULL,NULL,NULL,NULL,NULL,NULL,NULL,NULL,NULL,NULL,NULL,NULL,NULL,NULL,NULL,NULL,NULL,NULL,NULL,NULL,NULL,NULL,NULL,NULL,NULL,NULL,NULL,NULL,NULL,NULL,NULL,NULL,NULL,NULL,NULL,NULL,NULL,NULL,NULL,NULL,NULL,NULL,NULL,NULL,NULL,NULL,NULL,NULL,NULL,NULL,NULL,NULL,NULL,NULL,NULL,NULL,NULL,NULL,NULL,NULL,NULL,NULL,NULL,NULL,NULL,NULL,NULL,NULL,NULL,NULL,NULL,NULL,NULL,NULL,NULL,NULL,NULL,NULL,NULL,NULL,NULL,NULL),(165,63,NULL,NULL,NULL,NULL,NULL,NULL,NULL,NULL,NULL,NULL,NULL,'2024-10-07',NULL,NULL,NULL,NULL,NULL,NULL,NULL,NULL,NULL,NULL,NULL,NULL,NULL,NULL,NULL,NULL,NULL,NULL,NULL,NULL,NULL,NULL,NULL,NULL,NULL,NULL,NULL,NULL,NULL,NULL,NULL,NULL,NULL,NULL,NULL,NULL,NULL,NULL,NULL,NULL,NULL,NULL,NULL,NULL,NULL,NULL,NULL,NULL,NULL,NULL,NULL,NULL,NULL,NULL,NULL,NULL,NULL,NULL,NULL,NULL,NULL,NULL,NULL,NULL,NULL,NULL,NULL,NULL,NULL,NULL,NULL,'2024-04-06 21:59:48',NULL,'2024-04-06 22:06:02',NULL,16,NULL,NULL,NULL,NULL,NULL,NULL,'project.choose_contract_period_lang',NULL,NULL,NULL,NULL,NULL,'project.choose_work_place_lang',NULL,NULL,NULL,NULL,NULL,NULL,NULL,NULL,NULL,NULL,NULL,NULL,NULL,NULL,NULL,NULL,NULL,NULL,NULL,NULL,NULL,NULL,NULL,NULL,NULL,NULL,NULL,NULL,NULL,NULL,NULL,NULL,NULL,NULL,NULL,NULL,NULL,NULL,NULL,NULL,NULL,NULL,NULL,'0',NULL,NULL,NULL,NULL,NULL,NULL,NULL,NULL,NULL,NULL,NULL,0,NULL,NULL,NULL,NULL,NULL,NULL,NULL,NULL,NULL,NULL,NULL,NULL,NULL,NULL,NULL,NULL,NULL,NULL,NULL,NULL,NULL,NULL,NULL,0,NULL,NULL,0,NULL,NULL,NULL,NULL,NULL,NULL,NULL,NULL,NULL,NULL,NULL,NULL,NULL,NULL,NULL,NULL,NULL,NULL,NULL,NULL,NULL,NULL,NULL,NULL,NULL,NULL,NULL,NULL,NULL,NULL,NULL,NULL,NULL,NULL,NULL,NULL,NULL,NULL,NULL,NULL),(166,62,NULL,NULL,NULL,NULL,NULL,NULL,NULL,NULL,NULL,NULL,NULL,'2024-10-07',NULL,NULL,NULL,NULL,NULL,NULL,NULL,NULL,NULL,NULL,NULL,NULL,NULL,NULL,NULL,NULL,NULL,NULL,NULL,NULL,NULL,NULL,NULL,NULL,NULL,NULL,NULL,NULL,NULL,NULL,NULL,NULL,NULL,NULL,NULL,NULL,NULL,NULL,NULL,NULL,NULL,NULL,NULL,NULL,NULL,NULL,NULL,NULL,NULL,NULL,NULL,NULL,NULL,NULL,NULL,NULL,NULL,NULL,NULL,NULL,NULL,NULL,NULL,NULL,NULL,NULL,NULL,NULL,NULL,NULL,NULL,'2024-04-06 22:12:23',NULL,'2024-04-06 22:13:17',NULL,16,NULL,NULL,NULL,NULL,NULL,NULL,'project.choose_contract_period_lang',NULL,NULL,NULL,NULL,NULL,'project.choose_work_place_lang',NULL,NULL,NULL,NULL,NULL,NULL,NULL,NULL,NULL,NULL,NULL,NULL,NULL,NULL,NULL,NULL,NULL,NULL,NULL,NULL,NULL,NULL,NULL,NULL,NULL,NULL,NULL,NULL,NULL,NULL,NULL,NULL,NULL,NULL,NULL,NULL,NULL,NULL,NULL,NULL,NULL,NULL,NULL,'0',NULL,NULL,NULL,NULL,NULL,NULL,NULL,NULL,NULL,NULL,NULL,0,NULL,NULL,NULL,NULL,NULL,NULL,NULL,NULL,NULL,NULL,NULL,NULL,NULL,NULL,NULL,NULL,NULL,NULL,NULL,NULL,NULL,NULL,NULL,0,NULL,NULL,0,NULL,NULL,NULL,NULL,NULL,NULL,NULL,NULL,NULL,NULL,NULL,NULL,NULL,NULL,NULL,NULL,NULL,NULL,NULL,NULL,NULL,NULL,NULL,NULL,NULL,NULL,NULL,NULL,NULL,NULL,NULL,NULL,NULL,NULL,NULL,NULL,NULL,NULL,NULL,NULL),(167,65,NULL,NULL,NULL,NULL,NULL,NULL,NULL,NULL,NULL,NULL,NULL,'2024-10-07',NULL,NULL,NULL,NULL,NULL,NULL,NULL,NULL,NULL,NULL,NULL,NULL,NULL,NULL,NULL,NULL,NULL,NULL,NULL,NULL,NULL,NULL,NULL,NULL,NULL,NULL,NULL,NULL,NULL,NULL,NULL,NULL,NULL,NULL,NULL,NULL,NULL,NULL,NULL,NULL,NULL,NULL,NULL,NULL,NULL,NULL,NULL,NULL,NULL,NULL,NULL,NULL,NULL,NULL,NULL,NULL,NULL,NULL,NULL,NULL,NULL,NULL,NULL,NULL,NULL,NULL,NULL,NULL,NULL,NULL,NULL,'2024-04-06 22:17:47',NULL,'2024-04-06 22:18:24',NULL,16,NULL,NULL,NULL,NULL,NULL,NULL,'project.choose_contract_period_lang',NULL,NULL,NULL,NULL,NULL,'project.choose_work_place_lang',NULL,NULL,NULL,NULL,NULL,NULL,NULL,NULL,NULL,NULL,NULL,NULL,NULL,NULL,NULL,NULL,NULL,NULL,NULL,NULL,NULL,NULL,NULL,NULL,NULL,NULL,NULL,NULL,NULL,NULL,NULL,NULL,NULL,NULL,NULL,NULL,NULL,NULL,NULL,NULL,NULL,NULL,NULL,'0',NULL,NULL,NULL,NULL,NULL,NULL,NULL,NULL,NULL,NULL,NULL,0,NULL,NULL,NULL,NULL,NULL,NULL,NULL,NULL,NULL,NULL,NULL,NULL,NULL,NULL,NULL,NULL,NULL,NULL,NULL,NULL,NULL,NULL,NULL,0,NULL,NULL,0,NULL,NULL,NULL,NULL,NULL,NULL,NULL,NULL,NULL,NULL,NULL,NULL,NULL,NULL,NULL,NULL,NULL,NULL,NULL,NULL,NULL,NULL,NULL,NULL,NULL,NULL,NULL,NULL,NULL,NULL,NULL,NULL,NULL,NULL,NULL,NULL,NULL,NULL,NULL,NULL);

--
-- Table structure for table `et_project_customer_office`
--

CREATE TABLE `et_project_customer_office` (
  `project_work_id` bigint unsigned NOT NULL AUTO_INCREMENT,
  `project_id` bigint DEFAULT NULL,
  `work_id` bigint DEFAULT NULL,
  `created_by_id` bigint DEFAULT NULL,
  `created_at` timestamp NULL DEFAULT NULL,
  `updated_by_id` bigint DEFAULT NULL,
  `updated_at` timestamp NULL DEFAULT NULL,
  `updated_count` int DEFAULT NULL,
  `company_id` bigint NOT NULL,
  PRIMARY KEY (`project_work_id`)
) ENGINE=InnoDB DEFAULT CHARSET=utf8mb4 COLLATE=utf8mb4_unicode_ci;

--
-- Dumping data for table `et_project_customer_office`
--


--
-- Table structure for table `et_project_customer_office_staff`
--

CREATE TABLE `et_project_customer_office_staff` (
  `project_work_id` bigint unsigned NOT NULL AUTO_INCREMENT,
  `project_id` bigint DEFAULT NULL,
  `work_id` bigint DEFAULT NULL,
  `staff_id` int DEFAULT NULL,
  `type` int NOT NULL,
  `created_by_id` bigint DEFAULT NULL,
  `created_at` timestamp NULL DEFAULT NULL,
  `updated_by_id` bigint DEFAULT NULL,
  `updated_at` timestamp NULL DEFAULT NULL,
  `updated_count` int DEFAULT NULL,
  `company_id` bigint NOT NULL,
  PRIMARY KEY (`project_work_id`)
) ENGINE=InnoDB DEFAULT CHARSET=utf8mb4 COLLATE=utf8mb4_unicode_ci;

--
-- Dumping data for table `et_project_customer_office_staff`
--


--
-- Table structure for table `et_project_document`
--

CREATE TABLE `et_project_document` (
  `project_document_id` bigint unsigned NOT NULL AUTO_INCREMENT,
  `project_trainee_id` bigint DEFAULT NULL,
  `document_id` bigint DEFAULT NULL,
  `document_name` varchar(256) CHARACTER SET utf8mb4 COLLATE utf8mb4_unicode_ci DEFAULT NULL,
  `document_type` varchar(2) CHARACTER SET utf8mb4 COLLATE utf8mb4_unicode_ci DEFAULT NULL,
  `target_doc` varchar(2) CHARACTER SET utf8mb4 COLLATE utf8mb4_unicode_ci DEFAULT NULL,
  `created_by_id` bigint DEFAULT NULL,
  `created_at` timestamp NULL DEFAULT NULL,
  `updated_by_id` bigint DEFAULT NULL,
  `updated_at` timestamp NULL DEFAULT NULL,
  `updated_count` int DEFAULT NULL,
  `company_id` bigint NOT NULL,
  `document_template_id` int DEFAULT NULL,
  `project_id` int DEFAULT NULL,
  PRIMARY KEY (`project_document_id`)
) ENGINE=InnoDB AUTO_INCREMENT=6 DEFAULT CHARSET=utf8mb4 COLLATE=utf8mb4_unicode_ci;

--
-- Dumping data for table `et_project_document`
--

INSERT INTO `et_project_document` VALUES (3,3,NULL,'doc1','01','01',1,'2023-12-26 18:24:22',NULL,'2023-12-26 18:24:22',NULL,1,NULL,NULL);

--
-- Table structure for table `et_project_document_attribute`
--

CREATE TABLE `et_project_document_attribute` (
  `project_document_attribute_id` bigint unsigned NOT NULL AUTO_INCREMENT,
  `document_id` bigint DEFAULT NULL,
  `project_document_id` bigint unsigned DEFAULT NULL,
  `seq_no` int DEFAULT NULL,
  `attribute_name` varchar(254) CHARACTER SET utf8mb4 COLLATE utf8mb4_unicode_ci DEFAULT NULL,
  `attribute_value` varchar(254) CHARACTER SET utf8mb4 COLLATE utf8mb4_unicode_ci DEFAULT NULL,
  `created_by_id` bigint DEFAULT NULL,
  `created_at` timestamp NULL DEFAULT NULL,
  `updated_by_id` bigint DEFAULT NULL,
  `updated_at` timestamp NULL DEFAULT NULL,
  `updated_count` int DEFAULT NULL,
  `company_id` bigint NOT NULL,
  PRIMARY KEY (`project_document_attribute_id`)
) ENGINE=InnoDB AUTO_INCREMENT=23 DEFAULT CHARSET=utf8mb4 COLLATE=utf8mb4_unicode_ci;

--
-- Dumping data for table `et_project_document_attribute`
--

INSERT INTO `et_project_document_attribute` VALUES (20,NULL,3,3,'123','123',1,'2023-12-26 20:42:21',NULL,'2023-12-26 20:42:21',NULL,1),(21,NULL,3,3,'123','123',1,'2023-12-26 20:42:21',NULL,'2023-12-26 20:42:21',NULL,1),(22,NULL,3,3,'4','4',1,'2023-12-26 20:42:21',NULL,'2023-12-26 20:42:21',NULL,1);

--
-- Table structure for table `et_project_trainee`
--

CREATE TABLE `et_project_trainee` (
  `project_trainee_id` bigint unsigned NOT NULL AUTO_INCREMENT,
  `project_id` bigint NOT NULL,
  `trainee_id` bigint NOT NULL,
  `stay_facility_id` bigint DEFAULT NULL,
  `training_facility_id` bigint DEFAULT NULL,
  `sending_agency_id` bigint DEFAULT NULL,
  `created_by_id` bigint DEFAULT NULL,
  `created_at` timestamp NULL DEFAULT NULL,
  `updated_by_id` bigint DEFAULT NULL,
  `updated_at` timestamp NULL DEFAULT NULL,
  `company_id` bigint NOT NULL,
  PRIMARY KEY (`project_trainee_id`)
) ENGINE=InnoDB AUTO_INCREMENT=7 DEFAULT CHARSET=utf8mb4 COLLATE=utf8mb4_unicode_ci;

--
-- Dumping data for table `et_project_trainee`
--


--
-- Table structure for table `et_project_training_after`
--

CREATE TABLE `et_project_training_after` (
  `project_training_after_id` bigint unsigned NOT NULL AUTO_INCREMENT,
  `project_id` bigint NOT NULL,
  `created_by_id` bigint DEFAULT NULL,
  `created_at` timestamp NULL DEFAULT NULL,
  `updated_by_id` bigint DEFAULT NULL,
  `updated_at` timestamp NULL DEFAULT NULL,
  `company_id` bigint NOT NULL,
  `teacher_law_dep` varchar(255) COLLATE utf8mb4_unicode_ci DEFAULT NULL,
  `teacher_law_name` varchar(255) COLLATE utf8mb4_unicode_ci DEFAULT NULL,
  `teacher_law_job` varchar(255) COLLATE utf8mb4_unicode_ci DEFAULT NULL,
  `teacher_law_company` varchar(255) COLLATE utf8mb4_unicode_ci DEFAULT NULL,
  `teacher_law_cv` varchar(255) COLLATE utf8mb4_unicode_ci DEFAULT NULL,
  `teacher_law_certificate` varchar(255) COLLATE utf8mb4_unicode_ci DEFAULT NULL,
  `am_time_begin` time DEFAULT NULL,
  `am_time_end` time DEFAULT NULL,
  `pm_time_begin` time DEFAULT NULL,
  `pm_time_end` time DEFAULT NULL,
  `date_begin` date DEFAULT NULL,
  `date_end` date DEFAULT NULL,
  `off_monday` int DEFAULT NULL,
  `off_tuesday` int DEFAULT NULL,
  `off_wed` int DEFAULT NULL,
  `off_thursday` int DEFAULT NULL,
  `off_friday` int DEFAULT NULL,
  `off_sat` int DEFAULT NULL,
  `off_sunday` int DEFAULT NULL,
  `off_holiday` int DEFAULT NULL,
  `is_before` int DEFAULT NULL,
  `is_planing` int DEFAULT NULL,
  PRIMARY KEY (`project_training_after_id`)
) ENGINE=InnoDB AUTO_INCREMENT=5 DEFAULT CHARSET=utf8mb4 COLLATE=utf8mb4_unicode_ci;

--
-- Dumping data for table `et_project_training_after`
--

INSERT INTO `et_project_training_after` VALUES (2,59,NULL,'2024-03-31 08:23:25',NULL,'2024-03-31 23:28:37',1,NULL,NULL,NULL,NULL,NULL,NULL,NULL,NULL,NULL,NULL,'2024-04-01','2024-04-05',0,0,0,0,0,0,0,0,NULL,NULL),(3,59,NULL,'2024-03-31 23:39:11',NULL,'2024-03-31 23:39:11',1,NULL,NULL,NULL,NULL,NULL,NULL,NULL,NULL,NULL,NULL,NULL,NULL,NULL,NULL,NULL,NULL,NULL,NULL,NULL,NULL,NULL,NULL),(4,59,NULL,'2024-04-03 06:29:27',NULL,'2024-04-03 06:29:27',1,NULL,NULL,NULL,NULL,NULL,NULL,NULL,NULL,NULL,NULL,NULL,NULL,NULL,NULL,NULL,NULL,NULL,NULL,NULL,NULL,1,1);

--
-- Table structure for table `et_project_training_after_schedule`
--

CREATE TABLE `et_project_training_after_schedule` (
  `id` bigint unsigned NOT NULL AUTO_INCREMENT,
  `project_training_after_id` bigint NOT NULL,
  `training_facility_id` int DEFAULT NULL,
  `created_by_id` bigint DEFAULT NULL,
  `created_at` timestamp NULL DEFAULT NULL,
  `updated_by_id` bigint DEFAULT NULL,
  `updated_at` timestamp NULL DEFAULT NULL,
  `company_id` bigint NOT NULL,
  `date` date DEFAULT NULL,
  `is_holiday` int DEFAULT NULL,
  `am_name` varchar(255) COLLATE utf8mb4_unicode_ci DEFAULT NULL,
  `am_outside` int DEFAULT NULL,
  `pm_name` varchar(255) COLLATE utf8mb4_unicode_ci DEFAULT NULL,
  `pm_outside` int DEFAULT NULL,
  `project_training_after_school_id` int DEFAULT NULL,
  `time_count` int DEFAULT NULL,
  `project_training_after_teacher_id` int DEFAULT NULL,
  PRIMARY KEY (`id`)
) ENGINE=InnoDB AUTO_INCREMENT=37 DEFAULT CHARSET=utf8mb4 COLLATE=utf8mb4_unicode_ci;

--
-- Dumping data for table `et_project_training_after_schedule`
--

INSERT INTO `et_project_training_after_schedule` VALUES (1,1,NULL,1,'2024-03-30 06:28:19',NULL,'2024-03-30 06:28:28',1,'2024-03-01',0,'ưqe',NULL,NULL,NULL,NULL,NULL,NULL),(2,1,NULL,1,'2024-03-30 06:28:19',NULL,'2024-03-30 06:28:19',1,'2024-03-02',0,NULL,NULL,NULL,NULL,NULL,NULL,NULL),(3,1,NULL,1,'2024-03-30 06:28:19',NULL,'2024-03-30 06:28:19',1,'2024-03-03',0,NULL,NULL,NULL,NULL,NULL,NULL,NULL),(4,1,NULL,1,'2024-03-30 06:28:19',NULL,'2024-03-30 06:28:19',1,'2024-03-04',0,NULL,NULL,NULL,NULL,NULL,NULL,NULL),(5,1,NULL,1,'2024-03-30 06:28:19',NULL,'2024-03-30 06:28:19',1,'2024-03-05',0,NULL,NULL,NULL,NULL,NULL,NULL,NULL),(6,1,NULL,1,'2024-03-30 06:28:19',NULL,'2024-03-30 06:28:19',1,'2024-03-06',0,NULL,NULL,NULL,NULL,NULL,NULL,NULL),(7,1,NULL,1,'2024-03-30 06:28:19',NULL,'2024-03-30 06:28:19',1,'2024-03-07',0,NULL,NULL,NULL,NULL,NULL,NULL,NULL),(8,1,NULL,1,'2024-03-30 06:28:19',NULL,'2024-03-30 06:28:19',1,'2024-03-08',0,NULL,NULL,NULL,NULL,NULL,NULL,NULL),(9,1,NULL,1,'2024-03-30 06:28:19',NULL,'2024-03-30 06:28:19',1,'2024-03-09',0,NULL,NULL,NULL,NULL,NULL,NULL,NULL),(10,1,NULL,1,'2024-03-30 06:28:19',NULL,'2024-03-30 06:28:19',1,'2024-03-10',0,NULL,NULL,NULL,NULL,NULL,NULL,NULL),(11,1,NULL,1,'2024-03-30 06:28:19',NULL,'2024-03-30 06:28:19',1,'2024-03-11',0,NULL,NULL,NULL,NULL,NULL,NULL,NULL),(12,1,NULL,1,'2024-03-30 06:28:19',NULL,'2024-03-30 06:28:19',1,'2024-03-12',0,NULL,NULL,NULL,NULL,NULL,NULL,NULL),(13,1,NULL,1,'2024-03-30 06:28:19',NULL,'2024-03-30 06:28:19',1,'2024-03-13',0,NULL,NULL,NULL,NULL,NULL,NULL,NULL),(14,1,NULL,1,'2024-03-30 06:28:19',NULL,'2024-03-30 06:28:19',1,'2024-03-14',0,NULL,NULL,NULL,NULL,NULL,NULL,NULL),(15,1,NULL,1,'2024-03-30 06:28:19',NULL,'2024-03-30 06:28:19',1,'2024-03-15',0,NULL,NULL,NULL,NULL,NULL,NULL,NULL),(16,1,NULL,1,'2024-03-30 06:28:19',NULL,'2024-03-30 06:28:19',1,'2024-03-16',0,NULL,NULL,NULL,NULL,NULL,NULL,NULL),(17,1,NULL,1,'2024-03-30 06:28:19',NULL,'2024-03-30 06:28:19',1,'2024-03-17',0,NULL,NULL,NULL,NULL,NULL,NULL,NULL),(18,1,NULL,1,'2024-03-30 06:28:19',NULL,'2024-03-30 06:28:19',1,'2024-03-18',0,NULL,NULL,NULL,NULL,NULL,NULL,NULL),(19,1,NULL,1,'2024-03-30 06:28:19',NULL,'2024-03-30 06:28:19',1,'2024-03-19',0,NULL,NULL,NULL,NULL,NULL,NULL,NULL),(20,1,NULL,1,'2024-03-30 06:28:19',NULL,'2024-03-30 06:28:19',1,'2024-03-20',0,NULL,NULL,NULL,NULL,NULL,NULL,NULL),(21,1,NULL,1,'2024-03-30 06:28:19',NULL,'2024-03-30 06:28:19',1,'2024-03-21',0,NULL,NULL,NULL,NULL,NULL,NULL,NULL),(22,1,NULL,1,'2024-03-30 06:28:19',NULL,'2024-03-30 06:28:19',1,'2024-03-22',0,NULL,NULL,NULL,NULL,NULL,NULL,NULL),(23,1,NULL,1,'2024-03-30 06:28:19',NULL,'2024-03-30 06:28:19',1,'2024-03-23',0,NULL,NULL,NULL,NULL,NULL,NULL,NULL),(24,1,NULL,1,'2024-03-30 06:28:19',NULL,'2024-03-30 06:28:19',1,'2024-03-24',0,NULL,NULL,NULL,NULL,NULL,NULL,NULL),(25,1,NULL,1,'2024-03-30 06:28:19',NULL,'2024-03-30 06:28:19',1,'2024-03-25',0,NULL,NULL,NULL,NULL,NULL,NULL,NULL),(26,1,NULL,1,'2024-03-30 06:28:19',NULL,'2024-03-30 06:28:19',1,'2024-03-26',0,NULL,NULL,NULL,NULL,NULL,NULL,NULL),(27,1,NULL,1,'2024-03-30 06:28:19',NULL,'2024-03-30 06:28:19',1,'2024-03-27',0,NULL,NULL,NULL,NULL,NULL,NULL,NULL),(28,1,NULL,1,'2024-03-30 06:28:19',NULL,'2024-03-30 06:28:19',1,'2024-03-28',0,NULL,NULL,NULL,NULL,NULL,NULL,NULL),(29,1,NULL,1,'2024-03-30 06:28:19',NULL,'2024-03-30 06:28:19',1,'2024-03-29',0,NULL,NULL,NULL,NULL,NULL,NULL,NULL),(30,1,NULL,1,'2024-03-30 06:28:19',NULL,'2024-03-30 06:28:19',1,'2024-03-30',0,NULL,NULL,NULL,NULL,NULL,NULL,NULL),(31,1,NULL,1,'2024-03-30 06:28:19',NULL,'2024-03-30 06:28:19',1,'2024-03-31',0,NULL,NULL,NULL,NULL,NULL,NULL,NULL),(32,2,NULL,1,'2024-03-31 23:28:37',NULL,'2024-03-31 23:29:12',1,'2024-04-01',0,'abc',NULL,'abc',NULL,NULL,NULL,NULL),(33,2,NULL,1,'2024-03-31 23:28:37',NULL,'2024-03-31 23:29:14',1,'2024-04-02',0,'abc',NULL,'abc',NULL,NULL,NULL,NULL),(34,2,NULL,1,'2024-03-31 23:28:37',NULL,'2024-03-31 23:29:15',1,'2024-04-03',0,'abc',NULL,'abc',NULL,NULL,NULL,NULL),(35,2,NULL,1,'2024-03-31 23:28:37',NULL,'2024-03-31 23:29:21',1,'2024-04-04',0,'abc',NULL,'abc',NULL,NULL,NULL,NULL),(36,2,NULL,1,'2024-03-31 23:28:37',NULL,'2024-03-31 23:29:22',1,'2024-04-05',0,'abc',NULL,'abc',NULL,NULL,NULL,NULL);

--
-- Table structure for table `et_project_training_after_school`
--

CREATE TABLE `et_project_training_after_school` (
  `id` bigint unsigned NOT NULL AUTO_INCREMENT,
  `project_training_after_id` bigint NOT NULL,
  `training_facility_id` int DEFAULT NULL,
  `created_by_id` bigint DEFAULT NULL,
  `created_at` timestamp NULL DEFAULT NULL,
  `updated_by_id` bigint DEFAULT NULL,
  `updated_at` timestamp NULL DEFAULT NULL,
  `company_id` bigint NOT NULL,
  PRIMARY KEY (`id`)
) ENGINE=InnoDB DEFAULT CHARSET=utf8mb4 COLLATE=utf8mb4_unicode_ci;

--
-- Dumping data for table `et_project_training_after_school`
--


--
-- Table structure for table `et_project_training_after_teacher`
--

CREATE TABLE `et_project_training_after_teacher` (
  `id` bigint unsigned NOT NULL AUTO_INCREMENT,
  `project_training_after_id` bigint NOT NULL,
  `created_by_id` bigint DEFAULT NULL,
  `created_at` timestamp NULL DEFAULT NULL,
  `updated_by_id` bigint DEFAULT NULL,
  `updated_at` timestamp NULL DEFAULT NULL,
  `company_id` bigint NOT NULL,
  `teacher_dep` varchar(255) COLLATE utf8mb4_unicode_ci DEFAULT NULL,
  `teacher_name` varchar(255) COLLATE utf8mb4_unicode_ci DEFAULT NULL,
  PRIMARY KEY (`id`)
) ENGINE=InnoDB DEFAULT CHARSET=utf8mb4 COLLATE=utf8mb4_unicode_ci;

--
-- Dumping data for table `et_project_training_after_teacher`
--


--
-- Table structure for table `et_project_training_after_trainee`
--

CREATE TABLE `et_project_training_after_trainee` (
  `id` bigint unsigned NOT NULL AUTO_INCREMENT,
  `project_training_after_id` bigint NOT NULL,
  `trainee_id` int DEFAULT NULL,
  `created_by_id` bigint DEFAULT NULL,
  `created_at` timestamp NULL DEFAULT NULL,
  `updated_by_id` bigint DEFAULT NULL,
  `updated_at` timestamp NULL DEFAULT NULL,
  `company_id` bigint NOT NULL,
  PRIMARY KEY (`id`)
) ENGINE=InnoDB DEFAULT CHARSET=utf8mb4 COLLATE=utf8mb4_unicode_ci;

--
-- Dumping data for table `et_project_training_after_trainee`
--


--
-- Table structure for table `et_project_training_gino_trainee`
--

CREATE TABLE `et_project_training_gino_trainee` (
  `id` bigint unsigned NOT NULL AUTO_INCREMENT,
  `project_training_id` bigint NOT NULL,
  `trainee_id` int DEFAULT NULL,
  `created_by_id` bigint DEFAULT NULL,
  `created_at` timestamp NULL DEFAULT NULL,
  `updated_by_id` bigint DEFAULT NULL,
  `updated_at` timestamp NULL DEFAULT NULL,
  `company_id` bigint NOT NULL,
  `project_training_gino_id` bigint DEFAULT NULL,
  PRIMARY KEY (`id`)
) ENGINE=InnoDB AUTO_INCREMENT=12 DEFAULT CHARSET=utf8mb4 COLLATE=utf8mb4_unicode_ci;

--
-- Dumping data for table `et_project_training_gino_trainee`
--


--
-- Table structure for table `et_project_training_jp`
--

CREATE TABLE `et_project_training_jp` (
  `project_training_id` bigint unsigned NOT NULL AUTO_INCREMENT,
  `project_id` bigint NOT NULL,
  `created_by_id` bigint DEFAULT NULL,
  `created_at` timestamp NULL DEFAULT NULL,
  `updated_by_id` bigint DEFAULT NULL,
  `updated_at` timestamp NULL DEFAULT NULL,
  `company_id` bigint NOT NULL,
  `teacher_law_dep` varchar(255) COLLATE utf8mb4_unicode_ci DEFAULT NULL,
  `teacher_law_name` varchar(255) COLLATE utf8mb4_unicode_ci DEFAULT NULL,
  `teacher_law_job` varchar(255) COLLATE utf8mb4_unicode_ci DEFAULT NULL,
  `teacher_law_company` varchar(255) COLLATE utf8mb4_unicode_ci DEFAULT NULL,
  `teacher_law_cv` varchar(255) COLLATE utf8mb4_unicode_ci DEFAULT NULL,
  `teacher_law_certificate` varchar(255) COLLATE utf8mb4_unicode_ci DEFAULT NULL,
  `am_time_begin` time DEFAULT NULL,
  `am_time_end` time DEFAULT NULL,
  `pm_time_begin` time DEFAULT NULL,
  `pm_time_end` time DEFAULT NULL,
  `date_begin` date DEFAULT NULL,
  `date_end` date DEFAULT NULL,
  `off_monday` int DEFAULT NULL,
  `off_tuesday` int DEFAULT NULL,
  `off_wed` int DEFAULT NULL,
  `off_thursday` int DEFAULT NULL,
  `off_friday` int DEFAULT NULL,
  `off_sat` int DEFAULT NULL,
  `off_sunday` int DEFAULT NULL,
  `off_holiday` int DEFAULT NULL,
  `is_before` int DEFAULT NULL,
  `is_planing` int DEFAULT NULL,
  PRIMARY KEY (`project_training_id`)
) ENGINE=InnoDB AUTO_INCREMENT=21 DEFAULT CHARSET=utf8mb4 COLLATE=utf8mb4_unicode_ci;

--
-- Dumping data for table `et_project_training_jp`
--

INSERT INTO `et_project_training_jp` VALUES (14,48,NULL,'2024-04-03 16:03:45',NULL,'2024-04-03 18:12:15',2,'役職','123',NULL,NULL,NULL,NULL,'03:13:00','03:11:00','00:11:00','03:16:00','2024-04-04','2024-04-06',0,0,0,0,0,0,0,0,0,1),(15,48,NULL,'2024-04-03 18:12:30',NULL,'2024-04-03 18:12:30',2,NULL,NULL,NULL,NULL,NULL,NULL,NULL,NULL,NULL,NULL,NULL,NULL,NULL,NULL,NULL,NULL,NULL,NULL,NULL,NULL,1,1),(16,48,NULL,'2024-04-03 18:12:49',NULL,'2024-04-03 18:12:49',2,NULL,NULL,NULL,NULL,NULL,NULL,NULL,NULL,NULL,NULL,NULL,NULL,NULL,NULL,NULL,NULL,NULL,NULL,NULL,NULL,1,0),(17,59,NULL,'2024-04-04 03:32:00',NULL,'2024-04-04 03:32:00',1,NULL,NULL,NULL,NULL,NULL,NULL,NULL,NULL,NULL,NULL,NULL,NULL,NULL,NULL,NULL,NULL,NULL,NULL,NULL,NULL,0,0),(18,59,NULL,'2024-04-04 03:32:13',NULL,'2024-04-04 03:32:13',1,NULL,NULL,NULL,NULL,NULL,NULL,NULL,NULL,NULL,NULL,NULL,NULL,NULL,NULL,NULL,NULL,NULL,NULL,NULL,NULL,1,0),(19,59,NULL,'2024-04-04 03:32:23',NULL,'2024-04-04 03:32:23',1,NULL,NULL,NULL,NULL,NULL,NULL,NULL,NULL,NULL,NULL,NULL,NULL,NULL,NULL,NULL,NULL,NULL,NULL,NULL,NULL,1,1),(20,59,NULL,'2024-04-04 03:32:29',NULL,'2024-04-04 03:32:29',1,NULL,NULL,NULL,NULL,NULL,NULL,NULL,NULL,NULL,NULL,NULL,NULL,NULL,NULL,NULL,NULL,NULL,NULL,NULL,NULL,0,1);

--
-- Table structure for table `et_project_training_jp_schedule`
--

CREATE TABLE `et_project_training_jp_schedule` (
  `id` bigint unsigned NOT NULL AUTO_INCREMENT,
  `project_training_id` bigint NOT NULL,
  `training_facility_id` int DEFAULT NULL,
  `created_by_id` bigint DEFAULT NULL,
  `created_at` timestamp NULL DEFAULT NULL,
  `updated_by_id` bigint DEFAULT NULL,
  `updated_at` timestamp NULL DEFAULT NULL,
  `company_id` bigint NOT NULL,
  `date` date DEFAULT NULL,
  `is_holiday` int DEFAULT NULL,
  `am_name` varchar(255) COLLATE utf8mb4_unicode_ci DEFAULT NULL,
  `am_outside` int DEFAULT NULL,
  `pm_name` varchar(255) COLLATE utf8mb4_unicode_ci DEFAULT NULL,
  `pm_outside` int DEFAULT NULL,
  `project_training_after_school_id` int DEFAULT NULL,
  `time_count` int DEFAULT NULL,
  `project_training_after_teacher_id` int DEFAULT NULL,
  PRIMARY KEY (`id`)
) ENGINE=InnoDB AUTO_INCREMENT=248 DEFAULT CHARSET=utf8mb4 COLLATE=utf8mb4_unicode_ci;

--
-- Dumping data for table `et_project_training_jp_schedule`
--

INSERT INTO `et_project_training_jp_schedule` VALUES (245,14,NULL,1,'2024-04-03 18:11:34',NULL,'2024-04-03 18:11:52',2,'2024-04-04',1,'午前実施内容',NULL,NULL,NULL,NULL,NULL,NULL),(246,14,NULL,1,'2024-04-03 18:11:34',NULL,'2024-04-03 18:11:53',2,'2024-04-05',0,'午前実施内容',NULL,NULL,NULL,NULL,NULL,NULL),(247,14,NULL,1,'2024-04-03 18:11:34',NULL,'2024-04-03 18:11:34',2,'2024-04-06',0,NULL,NULL,NULL,NULL,NULL,NULL,NULL);

--
-- Table structure for table `et_project_training_jp_school`
--

CREATE TABLE `et_project_training_jp_school` (
  `id` bigint unsigned NOT NULL AUTO_INCREMENT,
  `project_training_id` bigint NOT NULL,
  `training_facility_id` int DEFAULT NULL,
  `created_by_id` bigint DEFAULT NULL,
  `created_at` timestamp NULL DEFAULT NULL,
  `updated_by_id` bigint DEFAULT NULL,
  `updated_at` timestamp NULL DEFAULT NULL,
  `company_id` bigint NOT NULL,
  PRIMARY KEY (`id`)
) ENGINE=InnoDB AUTO_INCREMENT=10 DEFAULT CHARSET=utf8mb4 COLLATE=utf8mb4_unicode_ci;

--
-- Dumping data for table `et_project_training_jp_school`
--

INSERT INTO `et_project_training_jp_school` VALUES (9,14,5,1,'2024-04-03 18:10:56',NULL,'2024-04-03 18:12:15',2);

--
-- Table structure for table `et_project_training_jp_teacher`
--

CREATE TABLE `et_project_training_jp_teacher` (
  `id` bigint unsigned NOT NULL AUTO_INCREMENT,
  `project_training_id` bigint NOT NULL,
  `created_by_id` bigint DEFAULT NULL,
  `created_at` timestamp NULL DEFAULT NULL,
  `updated_by_id` bigint DEFAULT NULL,
  `updated_at` timestamp NULL DEFAULT NULL,
  `company_id` bigint NOT NULL,
  `teacher_dep` varchar(255) COLLATE utf8mb4_unicode_ci DEFAULT NULL,
  `teacher_name` varchar(255) COLLATE utf8mb4_unicode_ci DEFAULT NULL,
  PRIMARY KEY (`id`)
) ENGINE=InnoDB AUTO_INCREMENT=9 DEFAULT CHARSET=utf8mb4 COLLATE=utf8mb4_unicode_ci;

--
-- Dumping data for table `et_project_training_jp_teacher`
--

INSERT INTO `et_project_training_jp_teacher` VALUES (8,14,1,'2024-04-03 18:10:47',NULL,'2024-04-03 18:12:15',2,'氏名','職業・役職');

--
-- Table structure for table `et_project_training_jp_trainee`
--

CREATE TABLE `et_project_training_jp_trainee` (
  `id` bigint unsigned NOT NULL AUTO_INCREMENT,
  `project_training_id` bigint NOT NULL,
  `trainee_id` int DEFAULT NULL,
  `created_by_id` bigint DEFAULT NULL,
  `created_at` timestamp NULL DEFAULT NULL,
  `updated_by_id` bigint DEFAULT NULL,
  `updated_at` timestamp NULL DEFAULT NULL,
  `company_id` bigint NOT NULL,
  PRIMARY KEY (`id`)
) ENGINE=InnoDB AUTO_INCREMENT=9 DEFAULT CHARSET=utf8mb4 COLLATE=utf8mb4_unicode_ci;

--
-- Dumping data for table `et_project_training_jp_trainee`
--

INSERT INTO `et_project_training_jp_trainee` VALUES (6,14,2,1,'2024-04-03 18:12:19',1,'2024-04-03 18:12:19',2),(7,15,2,1,'2024-04-03 18:12:30',1,'2024-04-03 18:12:30',2),(8,16,2,1,'2024-04-03 18:12:49',1,'2024-04-03 18:12:49',2);

--
-- Table structure for table `et_project_work`
--

CREATE TABLE `et_project_work` (
  `project_customer_office` bigint unsigned NOT NULL AUTO_INCREMENT,
  `project_id` bigint DEFAULT NULL,
  `customer_id` bigint DEFAULT NULL,
  `office_id` int DEFAULT NULL,
  `created_by_id` bigint DEFAULT NULL,
  `created_at` timestamp NULL DEFAULT NULL,
  `updated_by_id` bigint DEFAULT NULL,
  `updated_at` timestamp NULL DEFAULT NULL,
  `updated_count` int DEFAULT NULL,
  `company_id` bigint NOT NULL,
  PRIMARY KEY (`project_customer_office`)
) ENGINE=InnoDB AUTO_INCREMENT=9 DEFAULT CHARSET=utf8mb4 COLLATE=utf8mb4_unicode_ci;

--
-- Dumping data for table `et_project_work`
--

INSERT INTO `et_project_work` VALUES (5,1,1,0,1,'2023-12-23 13:30:21',NULL,'2023-12-23 13:30:21',NULL,1),(6,1,2,0,1,'2023-12-27 11:46:36',NULL,'2023-12-27 11:46:36',NULL,1),(7,1,4,0,1,'2023-12-29 23:09:06',NULL,'2023-12-29 23:09:06',NULL,1),(8,1,1,0,1,'2023-12-29 23:13:30',NULL,'2023-12-29 23:13:30',NULL,1);

--
-- Table structure for table `et_project_work_task`
--

CREATE TABLE `et_project_work_task` (
  `task_id` bigint unsigned NOT NULL AUTO_INCREMENT,
  `title` varchar(50) CHARACTER SET utf8mb4 COLLATE utf8mb4_unicode_ci DEFAULT NULL,
  `project_work_id` bigint DEFAULT NULL,
  `seq_no` int DEFAULT NULL,
  `person_id` int DEFAULT NULL,
  `complete_limit_date` date DEFAULT NULL,
  `content` text CHARACTER SET utf8mb4 COLLATE utf8mb4_unicode_ci,
  `status` varchar(1) CHARACTER SET utf8mb4 COLLATE utf8mb4_unicode_ci DEFAULT NULL,
  `complete_date` date DEFAULT NULL,
  `complete_user_id` int DEFAULT NULL,
  `complete_user_name` varchar(30) CHARACTER SET utf8mb4 COLLATE utf8mb4_unicode_ci DEFAULT NULL,
  `created_by_id` bigint DEFAULT NULL,
  `created_at` timestamp NULL DEFAULT NULL,
  `updated_by_id` bigint DEFAULT NULL,
  `updated_at` timestamp NULL DEFAULT NULL,
  `updated_count` int DEFAULT NULL,
  `company_id` bigint NOT NULL,
  PRIMARY KEY (`task_id`)
) ENGINE=InnoDB AUTO_INCREMENT=6 DEFAULT CHARSET=utf8mb4 COLLATE=utf8mb4_unicode_ci;

--
-- Dumping data for table `et_project_work_task`
--

INSERT INTO `et_project_work_task` VALUES (1,'work task title2',5,12,1,'2023-12-27','work task title2','0','2023-12-14',12,'1dsa2',1,'2023-12-23 14:18:06',1,'2023-12-29 23:22:10',2,1),(2,'w2',5,2,1,'2023-12-12','w2','0',NULL,NULL,NULL,1,'2023-12-29 23:07:15',NULL,'2023-12-29 23:07:15',NULL,1),(3,'dsa',6,2,1,NULL,'dsa','0',NULL,NULL,NULL,1,'2023-12-29 23:14:24',NULL,'2023-12-29 23:14:24',NULL,1),(4,'w3',7,1,1,NULL,'2','0',NULL,NULL,NULL,1,'2023-12-29 23:22:40',1,'2023-12-29 23:24:04',1,1),(5,'sda',5,21,50,NULL,'12','0',NULL,NULL,NULL,1,'2023-12-29 23:23:33',NULL,'2023-12-29 23:23:33',NULL,1);

--
-- Table structure for table `et_project_work_task_file`
--

CREATE TABLE `et_project_work_task_file` (
  `task_file_id` bigint unsigned NOT NULL AUTO_INCREMENT,
  `file_name` varchar(256) CHARACTER SET utf8mb4 COLLATE utf8mb4_unicode_ci DEFAULT NULL,
  `file_size` bigint DEFAULT NULL,
  `seq_no` int DEFAULT NULL,
  `file_data` longtext CHARACTER SET utf8mb4 COLLATE utf8mb4_unicode_ci,
  `project_work_id` bigint DEFAULT NULL,
  `created_by_id` bigint DEFAULT NULL,
  `created_at` timestamp NULL DEFAULT NULL,
  `updated_by_id` bigint DEFAULT NULL,
  `updated_at` timestamp NULL DEFAULT NULL,
  `updated_count` int DEFAULT NULL,
  `company_id` bigint NOT NULL,
  PRIMARY KEY (`task_file_id`)
) ENGINE=InnoDB AUTO_INCREMENT=8 DEFAULT CHARSET=utf8mb4 COLLATE=utf8mb4_unicode_ci;

--
-- Dumping data for table `et_project_work_task_file`
--


--
-- Table structure for table `et_visit_guidance_record`
--

CREATE TABLE `et_visit_guidance_record` (
  `visit_record_id` bigint unsigned NOT NULL AUTO_INCREMENT,
  `customer_id` bigint DEFAULT NULL,
  `customer_office_id` bigint DEFAULT NULL,
  `visit_staff_id` bigint DEFAULT NULL,
  `trainee_id` bigint DEFAULT NULL,
  `created_by_id` bigint DEFAULT NULL,
  `created_at` timestamp NULL DEFAULT NULL,
  `updated_by_id` bigint DEFAULT NULL,
  `updated_at` timestamp NULL DEFAULT NULL,
  `updated_count` int DEFAULT NULL,
  `company_id` bigint NOT NULL,
  PRIMARY KEY (`visit_record_id`)
) ENGINE=InnoDB AUTO_INCREMENT=6 DEFAULT CHARSET=utf8mb4 COLLATE=utf8mb4_unicode_ci;

--
-- Dumping data for table `et_visit_guidance_record`
--

INSERT INTO `et_visit_guidance_record` VALUES (1,2,1,1,1,1,'2023-12-24 14:38:39',NULL,'2023-12-24 14:38:39',NULL,1),(5,NULL,NULL,1,1,1,'2024-04-05 04:59:57',NULL,'2024-04-05 04:59:57',NULL,1);

--
-- Table structure for table `et_visit_guidance_record_detail`
--

CREATE TABLE `et_visit_guidance_record_detail` (
  `detail_id` bigint unsigned NOT NULL AUTO_INCREMENT,
  `visit_record_id` bigint DEFAULT NULL,
  `seq_no` int DEFAULT NULL,
  `visit_date` date DEFAULT NULL,
  `visit_time` varchar(10) CHARACTER SET utf8mb4 COLLATE utf8mb4_unicode_ci DEFAULT NULL,
  `reflect_div` varchar(1) CHARACTER SET utf8mb4 COLLATE utf8mb4_unicode_ci DEFAULT NULL,
  `training_progress` varchar(1) CHARACTER SET utf8mb4 COLLATE utf8mb4_unicode_ci DEFAULT NULL,
  `training_level` varchar(1) CHARACTER SET utf8mb4 COLLATE utf8mb4_unicode_ci DEFAULT NULL,
  `time_allowcation` varchar(1) CHARACTER SET utf8mb4 COLLATE utf8mb4_unicode_ci DEFAULT NULL,
  `training_attitube` varchar(1) CHARACTER SET utf8mb4 COLLATE utf8mb4_unicode_ci DEFAULT NULL,
  `training_willingness` varchar(1) CHARACTER SET utf8mb4 COLLATE utf8mb4_unicode_ci DEFAULT NULL,
  `japanese_understanding` varchar(1) CHARACTER SET utf8mb4 COLLATE utf8mb4_unicode_ci DEFAULT NULL,
  `life_attitude` varchar(1) CHARACTER SET utf8mb4 COLLATE utf8mb4_unicode_ci DEFAULT NULL,
  `discipline_violation` varchar(1) CHARACTER SET utf8mb4 COLLATE utf8mb4_unicode_ci DEFAULT NULL,
  `note` varchar(200) CHARACTER SET utf8mb4 COLLATE utf8mb4_unicode_ci DEFAULT NULL,
  `created_by_id` bigint DEFAULT NULL,
  `created_at` timestamp NULL DEFAULT NULL,
  `updated_by_id` bigint DEFAULT NULL,
  `updated_at` timestamp NULL DEFAULT NULL,
  `updated_count` int DEFAULT NULL,
  `company_id` bigint NOT NULL,
  PRIMARY KEY (`detail_id`)
) ENGINE=InnoDB AUTO_INCREMENT=3 DEFAULT CHARSET=utf8mb4 COLLATE=utf8mb4_unicode_ci;

--
-- Dumping data for table `et_visit_guidance_record_detail`
--

INSERT INTO `et_visit_guidance_record_detail` VALUES (2,2,1,NULL,'comp2','1','1','1','1','1','1','1','1','1',NULL,1,'2023-12-27 12:51:34',NULL,'2023-12-27 12:51:34',NULL,1);

--
-- Table structure for table `failed_jobs`
--

CREATE TABLE `failed_jobs` (
  `id` bigint unsigned NOT NULL AUTO_INCREMENT,
  `uuid` varchar(255) CHARACTER SET utf8mb4 COLLATE utf8mb4_unicode_ci NOT NULL,
  `connection` text CHARACTER SET utf8mb4 COLLATE utf8mb4_unicode_ci NOT NULL,
  `queue` text CHARACTER SET utf8mb4 COLLATE utf8mb4_unicode_ci NOT NULL,
  `payload` longtext CHARACTER SET utf8mb4 COLLATE utf8mb4_unicode_ci NOT NULL,
  `exception` longtext CHARACTER SET utf8mb4 COLLATE utf8mb4_unicode_ci NOT NULL,
  `failed_at` timestamp NOT NULL DEFAULT CURRENT_TIMESTAMP,
  PRIMARY KEY (`id`),
  UNIQUE KEY `failed_jobs_uuid_unique` (`uuid`)
) ENGINE=InnoDB AUTO_INCREMENT=6 DEFAULT CHARSET=utf8mb4 COLLATE=utf8mb4_unicode_ci;

--
-- Dumping data for table `failed_jobs`
--

INSERT INTO `failed_jobs` VALUES (5,'c249ebfc-b7e2-471d-bb55-d0b2493dcf85','database','default','{\"uuid\":\"c249ebfc-b7e2-471d-bb55-d0b2493dcf85\",\"displayName\":\"App\\\\Jobs\\\\SendMailJob\",\"job\":\"Illuminate\\\\Queue\\\\CallQueuedHandler@call\",\"maxTries\":null,\"maxExceptions\":null,\"failOnTimeout\":false,\"backoff\":null,\"timeout\":null,\"retryUntil\":null,\"data\":{\"commandName\":\"App\\\\Jobs\\\\SendMailJob\",\"command\":\"O:20:\\\"App\\\\Jobs\\\\SendMailJob\\\":3:{s:5:\\\"\\u0000*\\u0000to\\\";a:1:{i:0;s:20:\\\"longnh.257@gmail.com\\\";}s:8:\\\"\\u0000*\\u0000email\\\";O:23:\\\"App\\\\Mail\\\\NewAccountMail\\\":4:{s:7:\\\"\\u0000*\\u0000body\\\";s:1509:\\\"<p>この度は、erpcpanel.comの監理団体事業管理システムサービスを<br>お申込みいただき、誠にありがとうございます。<\\/p><p>お申込みいただきましたサービスの設定が完了致しました。<br>erpcpanel.comのNaviからコントロールパネルにログインし、<br>初期セットアップをご手配ください。<\\/p><p>▼ログインページ<br>https:\\/\\/admin_26.erpcpanel.com<\\/p><p>会員ID...........admin_26<br>初期パスワード........YQRHXT<\\/p><p>━━━━━━━━━━━━━━━━━━━━━━━━━━━━━━━━━━━<br>■お問い合わせ■<br>━━━━━━━━━━━━━━━━━━━━━━━━━━━━━━━━━━━<br>・ヘルプ &nbsp; &nbsp; &nbsp; &nbsp;https:\\/\\/erpcpanel.com\\/<br>・カスタマーサポート &nbsp;https:\\/\\/erpcpanel.com\\/contact\\/<br>・メール &nbsp; &nbsp; &nbsp; &nbsp;info@erpcpanel.com<br>━━━━━━━━━━━━━━━━━━━━━━━━━━━━━━━━━━━<\\/p><p>株式会社AlphaCep<br>〒273-0111 千葉県鎌ケ谷市北中沢1-18-22スカラ３F<br>TEL 0474-022-022 &nbsp; &nbsp;FAX 0474-022-984<br>Mail info@alphacep.co.jp<br>HP https:\\/\\/alphacep.co.jp<\\/p><p>&nbsp;<\\/p><p>&nbsp;<\\/p><p>&nbsp;<\\/p><p>&nbsp;<\\/p><p>&nbsp;<\\/p><p>&nbsp;<\\/p><p>&nbsp;<\\/p><p>&nbsp;<\\/p><p>&nbsp;<\\/p><p>&nbsp;<\\/p><p>&nbsp;<\\/p><p>&nbsp;<\\/p><p>&nbsp;<\\/p><p>&nbsp;<\\/p><p>&nbsp;<\\/p><p>&nbsp;<\\/p><p>&nbsp;<\\/p><p>&nbsp;<\\/p>\\\";s:5:\\\"\\u0000*\\u0000sj\\\";s:36:\\\"[ErpCPanel] サービス設定完了\\\";s:13:\\\"\\u0000*\\u0000fromAdress\\\";s:0:\\\"\\\";s:11:\\\"\\u0000*\\u0000fromName\\\";s:0:\\\"\\\";}s:5:\\\"\\u0000*\\u0000cc\\\";a:0:{}}\"}}','Symfony\\Component\\Mailer\\Exception\\TransportException: Connection could not be established with host \"ssl://mail1013.onamae.ne.jp:465\": stream_socket_client(): Peer certificate CN=`157-7-197-154.cprapid.com\' did not match expected CN=`mail1013.onamae.ne.jp\' in /home/erpcpanel/public_html/dev.erpcpanel.com/vendor/symfony/mailer/Transport/Smtp/Stream/SocketStream.php:154\nStack trace:\n#0 [internal function]: Symfony\\Component\\Mailer\\Transport\\Smtp\\Stream\\SocketStream->Symfony\\Component\\Mailer\\Transport\\Smtp\\Stream\\{closure}(2, \'stream_socket_c...\', \'/home/erpcpanel...\', 157)\n#1 /home/erpcpanel/public_html/dev.erpcpanel.com/vendor/symfony/mailer/Transport/Smtp/Stream/SocketStream.php(157): stream_socket_client(\'ssl://mail1013....\', 0, \'\', 60.0, 4, Resource id #797)\n#2 /home/erpcpanel/public_html/dev.erpcpanel.com/vendor/symfony/mailer/Transport/Smtp/SmtpTransport.php(275): Symfony\\Component\\Mailer\\Transport\\Smtp\\Stream\\SocketStream->initialize()\n#3 /home/erpcpanel/public_html/dev.erpcpanel.com/vendor/symfony/mailer/Transport/Smtp/SmtpTransport.php(213): Symfony\\Component\\Mailer\\Transport\\Smtp\\SmtpTransport->start()\n#4 /home/erpcpanel/public_html/dev.erpcpanel.com/vendor/symfony/mailer/Transport/AbstractTransport.php(69): Symfony\\Component\\Mailer\\Transport\\Smtp\\SmtpTransport->doSend(Object(Symfony\\Component\\Mailer\\SentMessage))\n#5 /home/erpcpanel/public_html/dev.erpcpanel.com/vendor/symfony/mailer/Transport/Smtp/SmtpTransport.php(137): Symfony\\Component\\Mailer\\Transport\\AbstractTransport->send(Object(Symfony\\Component\\Mime\\Email), Object(Symfony\\Component\\Mailer\\DelayedEnvelope))\n#6 /home/erpcpanel/public_html/dev.erpcpanel.com/vendor/laravel/framework/src/Illuminate/Mail/Mailer.php(573): Symfony\\Component\\Mailer\\Transport\\Smtp\\SmtpTransport->send(Object(Symfony\\Component\\Mime\\Email), Object(Symfony\\Component\\Mailer\\DelayedEnvelope))\n#7 /home/erpcpanel/public_html/dev.erpcpanel.com/vendor/laravel/framework/src/Illuminate/Mail/Mailer.php(335): Illuminate\\Mail\\Mailer->sendSymfonyMessage(Object(Symfony\\Component\\Mime\\Email))\n#8 /home/erpcpanel/public_html/dev.erpcpanel.com/vendor/laravel/framework/src/Illuminate/Mail/Mailable.php(205): Illuminate\\Mail\\Mailer->send(\'mail.new-accoun...\', Array, Object(Closure))\n#9 /home/erpcpanel/public_html/dev.erpcpanel.com/vendor/laravel/framework/src/Illuminate/Support/Traits/Localizable.php(19): Illuminate\\Mail\\Mailable->Illuminate\\Mail\\{closure}()\n#10 /home/erpcpanel/public_html/dev.erpcpanel.com/vendor/laravel/framework/src/Illuminate/Mail/Mailable.php(198): Illuminate\\Mail\\Mailable->withLocale(NULL, Object(Closure))\n#11 /home/erpcpanel/public_html/dev.erpcpanel.com/vendor/laravel/framework/src/Illuminate/Mail/Mailer.php(357): Illuminate\\Mail\\Mailable->send(Object(Illuminate\\Mail\\Mailer))\n#12 /home/erpcpanel/public_html/dev.erpcpanel.com/vendor/laravel/framework/src/Illuminate/Mail/Mailer.php(301): Illuminate\\Mail\\Mailer->sendMailable(Object(App\\Mail\\NewAccountMail))\n#13 /home/erpcpanel/public_html/dev.erpcpanel.com/vendor/laravel/framework/src/Illuminate/Mail/PendingMail.php(124): Illuminate\\Mail\\Mailer->send(Object(App\\Mail\\NewAccountMail))\n#14 /home/erpcpanel/public_html/dev.erpcpanel.com/app/Jobs/SendMailJob.php(45): Illuminate\\Mail\\PendingMail->send(Object(App\\Mail\\NewAccountMail))\n#15 /home/erpcpanel/public_html/dev.erpcpanel.com/vendor/laravel/framework/src/Illuminate/Container/BoundMethod.php(36): App\\Jobs\\SendMailJob->handle()\n#16 /home/erpcpanel/public_html/dev.erpcpanel.com/vendor/laravel/framework/src/Illuminate/Container/Util.php(41): Illuminate\\Container\\BoundMethod::Illuminate\\Container\\{closure}()\n#17 /home/erpcpanel/public_html/dev.erpcpanel.com/vendor/laravel/framework/src/Illuminate/Container/BoundMethod.php(93): Illuminate\\Container\\Util::unwrapIfClosure(Object(Closure))\n#18 /home/erpcpanel/public_html/dev.erpcpanel.com/vendor/laravel/framework/src/Illuminate/Container/BoundMethod.php(35): Illuminate\\Container\\BoundMethod::callBoundMethod(Object(Illuminate\\Foundation\\Application), Array, Object(Closure))\n#19 /home/erpcpanel/public_html/dev.erpcpanel.com/vendor/laravel/framework/src/Illuminate/Container/Container.php(662): Illuminate\\Container\\BoundMethod::call(Object(Illuminate\\Foundation\\Application), Array, Array, NULL)\n#20 /home/erpcpanel/public_html/dev.erpcpanel.com/vendor/laravel/framework/src/Illuminate/Bus/Dispatcher.php(128): Illuminate\\Container\\Container->call(Array)\n#21 /home/erpcpanel/public_html/dev.erpcpanel.com/vendor/laravel/framework/src/Illuminate/Pipeline/Pipeline.php(141): Illuminate\\Bus\\Dispatcher->Illuminate\\Bus\\{closure}(Object(App\\Jobs\\SendMailJob))\n#22 /home/erpcpanel/public_html/dev.erpcpanel.com/vendor/laravel/framework/src/Illuminate/Pipeline/Pipeline.php(116): Illuminate\\Pipeline\\Pipeline->Illuminate\\Pipeline\\{closure}(Object(App\\Jobs\\SendMailJob))\n#23 /home/erpcpanel/public_html/dev.erpcpanel.com/vendor/laravel/framework/src/Illuminate/Bus/Dispatcher.php(132): Illuminate\\Pipeline\\Pipeline->then(Object(Closure))\n#24 /home/erpcpanel/public_html/dev.erpcpanel.com/vendor/laravel/framework/src/Illuminate/Queue/CallQueuedHandler.php(123): Illuminate\\Bus\\Dispatcher->dispatchNow(Object(App\\Jobs\\SendMailJob), false)\n#25 /home/erpcpanel/public_html/dev.erpcpanel.com/vendor/laravel/framework/src/Illuminate/Pipeline/Pipeline.php(141): Illuminate\\Queue\\CallQueuedHandler->Illuminate\\Queue\\{closure}(Object(App\\Jobs\\SendMailJob))\n#26 /home/erpcpanel/public_html/dev.erpcpanel.com/vendor/laravel/framework/src/Illuminate/Pipeline/Pipeline.php(116): Illuminate\\Pipeline\\Pipeline->Illuminate\\Pipeline\\{closure}(Object(App\\Jobs\\SendMailJob))\n#27 /home/erpcpanel/public_html/dev.erpcpanel.com/vendor/laravel/framework/src/Illuminate/Queue/CallQueuedHandler.php(122): Illuminate\\Pipeline\\Pipeline->then(Object(Closure))\n#28 /home/erpcpanel/public_html/dev.erpcpanel.com/vendor/laravel/framework/src/Illuminate/Queue/CallQueuedHandler.php(70): Illuminate\\Queue\\CallQueuedHandler->dispatchThroughMiddleware(Object(Illuminate\\Queue\\Jobs\\DatabaseJob), Object(App\\Jobs\\SendMailJob))\n#29 /home/erpcpanel/public_html/dev.erpcpanel.com/vendor/laravel/framework/src/Illuminate/Queue/Jobs/Job.php(102): Illuminate\\Queue\\CallQueuedHandler->call(Object(Illuminate\\Queue\\Jobs\\DatabaseJob), Array)\n#30 /home/erpcpanel/public_html/dev.erpcpanel.com/vendor/laravel/framework/src/Illuminate/Queue/Worker.php(439): Illuminate\\Queue\\Jobs\\Job->fire()\n#31 /home/erpcpanel/public_html/dev.erpcpanel.com/vendor/laravel/framework/src/Illuminate/Queue/Worker.php(389): Illuminate\\Queue\\Worker->process(\'database\', Object(Illuminate\\Queue\\Jobs\\DatabaseJob), Object(Illuminate\\Queue\\WorkerOptions))\n#32 /home/erpcpanel/public_html/dev.erpcpanel.com/vendor/laravel/framework/src/Illuminate/Queue/Worker.php(176): Illuminate\\Queue\\Worker->runJob(Object(Illuminate\\Queue\\Jobs\\DatabaseJob), \'database\', Object(Illuminate\\Queue\\WorkerOptions))\n#33 /home/erpcpanel/public_html/dev.erpcpanel.com/vendor/laravel/framework/src/Illuminate/Queue/Console/WorkCommand.php(137): Illuminate\\Queue\\Worker->daemon(\'database\', \'default\', Object(Illuminate\\Queue\\WorkerOptions))\n#34 /home/erpcpanel/public_html/dev.erpcpanel.com/vendor/laravel/framework/src/Illuminate/Queue/Console/WorkCommand.php(120): Illuminate\\Queue\\Console\\WorkCommand->runWorker(\'database\', \'default\')\n#35 /home/erpcpanel/public_html/dev.erpcpanel.com/vendor/laravel/framework/src/Illuminate/Container/BoundMethod.php(36): Illuminate\\Queue\\Console\\WorkCommand->handle()\n#36 /home/erpcpanel/public_html/dev.erpcpanel.com/vendor/laravel/framework/src/Illuminate/Container/Util.php(41): Illuminate\\Container\\BoundMethod::Illuminate\\Container\\{closure}()\n#37 /home/erpcpanel/public_html/dev.erpcpanel.com/vendor/laravel/framework/src/Illuminate/Container/BoundMethod.php(93): Illuminate\\Container\\Util::unwrapIfClosure(Object(Closure))\n#38 /home/erpcpanel/public_html/dev.erpcpanel.com/vendor/laravel/framework/src/Illuminate/Container/BoundMethod.php(35): Illuminate\\Container\\BoundMethod::callBoundMethod(Object(Illuminate\\Foundation\\Application), Array, Object(Closure))\n#39 /home/erpcpanel/public_html/dev.erpcpanel.com/vendor/laravel/framework/src/Illuminate/Container/Container.php(662): Illuminate\\Container\\BoundMethod::call(Object(Illuminate\\Foundation\\Application), Array, Array, NULL)\n#40 /home/erpcpanel/public_html/dev.erpcpanel.com/vendor/laravel/framework/src/Illuminate/Console/Command.php(211): Illuminate\\Container\\Container->call(Array)\n#41 /home/erpcpanel/public_html/dev.erpcpanel.com/vendor/symfony/console/Command/Command.php(326): Illuminate\\Console\\Command->execute(Object(Symfony\\Component\\Console\\Input\\ArgvInput), Object(Illuminate\\Console\\OutputStyle))\n#42 /home/erpcpanel/public_html/dev.erpcpanel.com/vendor/laravel/framework/src/Illuminate/Console/Command.php(180): Symfony\\Component\\Console\\Command\\Command->run(Object(Symfony\\Component\\Console\\Input\\ArgvInput), Object(Illuminate\\Console\\OutputStyle))\n#43 /home/erpcpanel/public_html/dev.erpcpanel.com/vendor/symfony/console/Application.php(1096): Illuminate\\Console\\Command->run(Object(Symfony\\Component\\Console\\Input\\ArgvInput), Object(Symfony\\Component\\Console\\Output\\ConsoleOutput))\n#44 /home/erpcpanel/public_html/dev.erpcpanel.com/vendor/symfony/console/Application.php(324): Symfony\\Component\\Console\\Application->doRunCommand(Object(Illuminate\\Queue\\Console\\WorkCommand), Object(Symfony\\Component\\Console\\Input\\ArgvInput), Object(Symfony\\Component\\Console\\Output\\ConsoleOutput))\n#45 /home/erpcpanel/public_html/dev.erpcpanel.com/vendor/symfony/console/Application.php(175): Symfony\\Component\\Console\\Application->doRun(Object(Symfony\\Component\\Console\\Input\\ArgvInput), Object(Symfony\\Component\\Console\\Output\\ConsoleOutput))\n#46 /home/erpcpanel/public_html/dev.erpcpanel.com/vendor/laravel/framework/src/Illuminate/Foundation/Console/Kernel.php(201): Symfony\\Component\\Console\\Application->run(Object(Symfony\\Component\\Console\\Input\\ArgvInput), Object(Symfony\\Component\\Console\\Output\\ConsoleOutput))\n#47 /home/erpcpanel/public_html/dev.erpcpanel.com/artisan(35): Illuminate\\Foundation\\Console\\Kernel->handle(Object(Symfony\\Component\\Console\\Input\\ArgvInput), Object(Symfony\\Component\\Console\\Output\\ConsoleOutput))\n#48 {main}','2024-03-03 21:33:24');

--
-- Table structure for table `jobs`
--

CREATE TABLE `jobs` (
  `id` bigint unsigned NOT NULL AUTO_INCREMENT,
  `queue` varchar(255) CHARACTER SET utf8mb4 COLLATE utf8mb4_unicode_ci NOT NULL,
  `payload` longtext CHARACTER SET utf8mb4 COLLATE utf8mb4_unicode_ci NOT NULL,
  `attempts` tinyint unsigned NOT NULL,
  `reserved_at` int unsigned DEFAULT NULL,
  `available_at` int unsigned NOT NULL,
  `created_at` int unsigned NOT NULL,
  PRIMARY KEY (`id`),
  KEY `jobs_queue_index` (`queue`)
) ENGINE=InnoDB AUTO_INCREMENT=30 DEFAULT CHARSET=utf8mb4 COLLATE=utf8mb4_unicode_ci;

--
-- Dumping data for table `jobs`
--


--
-- Table structure for table `m_company`
--

CREATE TABLE `m_company` (
  `company_id` bigint unsigned NOT NULL AUTO_INCREMENT,
  `user_id` bigint unsigned DEFAULT NULL,
  `name` varchar(100) CHARACTER SET utf8mb4 COLLATE utf8mb4_unicode_ci DEFAULT NULL,
  `name_kana` varchar(100) CHARACTER SET utf8mb4 COLLATE utf8mb4_unicode_ci DEFAULT NULL,
  `login_url` text CHARACTER SET utf8mb4 COLLATE utf8mb4_unicode_ci,
  `tel` varchar(12) CHARACTER SET utf8mb4 COLLATE utf8mb4_unicode_ci DEFAULT NULL,
  `fax` varchar(12) CHARACTER SET utf8mb4 COLLATE utf8mb4_unicode_ci DEFAULT NULL,
  `address` varchar(254) CHARACTER SET utf8mb4 COLLATE utf8mb4_unicode_ci DEFAULT NULL,
  `postcode` varchar(10) CHARACTER SET utf8mb4 COLLATE utf8mb4_unicode_ci DEFAULT NULL,
  `created_by_id` bigint DEFAULT NULL,
  `created_at` timestamp NULL DEFAULT NULL,
  `updated_by_id` bigint DEFAULT NULL,
  `updated_at` timestamp NULL DEFAULT NULL,
  `name_furigana` varchar(255) CHARACTER SET utf8mb4 COLLATE utf8mb4_unicode_ci DEFAULT NULL,
  `name_en` varchar(255) CHARACTER SET utf8mb4 COLLATE utf8mb4_unicode_ci DEFAULT NULL,
  `direct_name` varchar(255) CHARACTER SET utf8mb4 COLLATE utf8mb4_unicode_ci DEFAULT NULL,
  `direct_name_furigana` varchar(255) CHARACTER SET utf8mb4 COLLATE utf8mb4_unicode_ci DEFAULT NULL,
  `direct_name_en` varchar(255) CHARACTER SET utf8mb4 COLLATE utf8mb4_unicode_ci DEFAULT NULL,
  `direct_name_dep` varchar(255) CHARACTER SET utf8mb4 COLLATE utf8mb4_unicode_ci DEFAULT NULL,
  `company_category` int DEFAULT NULL,
  `establishment_date` varchar(255) CHARACTER SET utf8mb4 COLLATE utf8mb4_unicode_ci DEFAULT NULL,
  `establistment_place` varchar(255) CHARACTER SET utf8mb4 COLLATE utf8mb4_unicode_ci DEFAULT NULL,
  `employee_number` int DEFAULT NULL,
  `company_number` int DEFAULT NULL,
  `homepage` varchar(255) CHARACTER SET utf8mb4 COLLATE utf8mb4_unicode_ci DEFAULT NULL,
  `invoice_number` varchar(255) CHARACTER SET utf8mb4 COLLATE utf8mb4_unicode_ci DEFAULT NULL,
  `customer_number` varchar(255) CHARACTER SET utf8mb4 COLLATE utf8mb4_unicode_ci DEFAULT NULL,
  `labor_insurance_number` varchar(255) CHARACTER SET utf8mb4 COLLATE utf8mb4_unicode_ci DEFAULT NULL,
  PRIMARY KEY (`company_id`)
) ENGINE=InnoDB AUTO_INCREMENT=13 DEFAULT CHARSET=utf8mb4 COLLATE=utf8mb4_unicode_ci;

--
-- Dumping data for table `m_company`
--

INSERT INTO `m_company` VALUES (1,1,'Alphacep','Alphacep','https://dev.erpcpanel.com','0474-022-022',NULL,NULL,NULL,1,'2024-03-08 14:31:24',1,'2024-03-08 14:31:25',NULL,NULL,NULL,NULL,NULL,NULL,NULL,NULL,NULL,NULL,NULL,NULL,NULL,NULL,NULL),(10,113,'abc','abc','https://dev-abc.erpcpanel.com','0474-022-022',NULL,NULL,NULL,1,'2024-03-08 14:31:24',1,'2024-03-08 14:31:25',NULL,NULL,NULL,NULL,NULL,NULL,NULL,NULL,NULL,NULL,NULL,NULL,NULL,NULL,NULL),(11,114,'xyz','xyz','https://dev-xyz.erpcpanel.com','0474-022-022',NULL,NULL,NULL,1,'2024-03-08 14:32:05',1,'2024-03-10 15:54:04',NULL,NULL,NULL,NULL,NULL,NULL,NULL,NULL,NULL,NULL,NULL,NULL,NULL,NULL,NULL);

--
-- Table structure for table `m_company_office`
--

CREATE TABLE `m_company_office` (
  `company_office_id` bigint unsigned NOT NULL AUTO_INCREMENT,
  `name` varchar(50) CHARACTER SET utf8mb4 COLLATE utf8mb4_unicode_ci DEFAULT NULL,
  `name_kana` varchar(100) CHARACTER SET utf8mb4 COLLATE utf8mb4_unicode_ci DEFAULT NULL,
  `tel` varchar(12) CHARACTER SET utf8mb4 COLLATE utf8mb4_unicode_ci DEFAULT NULL,
  `fax` varchar(12) CHARACTER SET utf8mb4 COLLATE utf8mb4_unicode_ci DEFAULT NULL,
  `postcode` varchar(10) CHARACTER SET utf8mb4 COLLATE utf8mb4_unicode_ci DEFAULT NULL,
  `address` varchar(100) CHARACTER SET utf8mb4 COLLATE utf8mb4_unicode_ci DEFAULT NULL,
  `office_area` varchar(10) CHARACTER SET utf8mb4 COLLATE utf8mb4_unicode_ci DEFAULT NULL,
  `office_number` varchar(30) CHARACTER SET utf8mb4 COLLATE utf8mb4_unicode_ci DEFAULT NULL,
  `note` text CHARACTER SET utf8mb4 COLLATE utf8mb4_unicode_ci,
  `practitioner_id` bigint DEFAULT NULL,
  `created_by_id` bigint DEFAULT NULL,
  `created_at` timestamp NULL DEFAULT NULL,
  `updated_by_id` bigint DEFAULT NULL,
  `updated_at` timestamp NULL DEFAULT NULL,
  `company_id` bigint NOT NULL,
  PRIMARY KEY (`company_office_id`)
) ENGINE=InnoDB AUTO_INCREMENT=12 DEFAULT CHARSET=utf8mb4 COLLATE=utf8mb4_unicode_ci;

--
-- Dumping data for table `m_company_office`
--

INSERT INTO `m_company_office` VALUES (8,NULL,NULL,NULL,NULL,NULL,NULL,NULL,NULL,NULL,NULL,1,'2024-04-11 01:35:13',NULL,'2024-04-11 01:35:13',1),(9,NULL,NULL,NULL,NULL,NULL,NULL,NULL,NULL,NULL,NULL,1,'2024-04-11 01:35:13',NULL,'2024-04-11 01:35:13',1),(10,NULL,NULL,NULL,NULL,NULL,NULL,NULL,NULL,NULL,NULL,1,'2024-04-11 01:35:13',NULL,'2024-04-11 01:35:13',1),(11,NULL,NULL,NULL,NULL,NULL,NULL,NULL,NULL,NULL,NULL,1,'2024-04-11 01:35:13',NULL,'2024-04-11 01:35:13',1);

--
-- Table structure for table `m_company_sending_agency`
--

CREATE TABLE `m_company_sending_agency` (
  `id` int NOT NULL AUTO_INCREMENT,
  `sending_agency_id` int DEFAULT NULL,
  `contract_date` date DEFAULT NULL,
  `contract_file` varchar(255) CHARACTER SET utf8mb4 COLLATE utf8mb4_general_ci DEFAULT NULL,
  `created_by_id` int DEFAULT NULL,
  `created_at` datetime DEFAULT NULL,
  `updated_by_id` int DEFAULT NULL,
  `updated_at` datetime DEFAULT NULL,
  `company_id` int NOT NULL,
  PRIMARY KEY (`id`)
) ENGINE=InnoDB AUTO_INCREMENT=14 DEFAULT CHARSET=utf8mb4 COLLATE=utf8mb4_general_ci;

--
-- Dumping data for table `m_company_sending_agency`
--

INSERT INTO `m_company_sending_agency` VALUES (7,4,'2020-09-11','aaa',NULL,'2024-03-12 00:31:22',NULL,'2024-03-12 00:31:22',10),(8,5,'2020-08-01','aaa',NULL,'2024-03-12 00:31:38',NULL,'2024-03-12 00:31:38',10),(9,8,NULL,NULL,1,'2024-04-11 10:35:13',NULL,'2024-04-11 10:35:13',1),(10,9,NULL,NULL,1,'2024-04-11 10:35:13',NULL,'2024-04-11 10:35:13',1),(11,10,NULL,NULL,1,'2024-04-11 10:35:13',NULL,'2024-04-11 10:35:13',1),(12,11,NULL,NULL,1,'2024-04-11 10:35:13',NULL,'2024-04-11 10:35:13',1),(13,12,NULL,NULL,1,'2024-04-11 10:35:13',NULL,'2024-04-11 10:35:13',1);

--
-- Table structure for table `m_company_staff`
--

CREATE TABLE `m_company_staff` (
  `company_staff_id` bigint unsigned NOT NULL AUTO_INCREMENT,
  `name` varchar(50) CHARACTER SET utf8mb4 COLLATE utf8mb4_unicode_ci DEFAULT NULL,
  `name_kana` varchar(100) CHARACTER SET utf8mb4 COLLATE utf8mb4_unicode_ci DEFAULT NULL,
  `birthday` date DEFAULT NULL,
  `sex` varchar(12) CHARACTER SET utf8mb4 COLLATE utf8mb4_unicode_ci DEFAULT NULL,
  `position` varchar(20) CHARACTER SET utf8mb4 COLLATE utf8mb4_unicode_ci DEFAULT NULL,
  `nationality` varchar(50) CHARACTER SET utf8mb4 COLLATE utf8mb4_unicode_ci DEFAULT NULL,
  `company_office_id` varchar(100) CHARACTER SET utf8mb4 COLLATE utf8mb4_unicode_ci DEFAULT NULL,
  `tel` varchar(12) CHARACTER SET utf8mb4 COLLATE utf8mb4_unicode_ci DEFAULT NULL,
  `postcode` varchar(10) CHARACTER SET utf8mb4 COLLATE utf8mb4_unicode_ci DEFAULT NULL,
  `address` varchar(100) CHARACTER SET utf8mb4 COLLATE utf8mb4_unicode_ci DEFAULT NULL,
  `certificate` text CHARACTER SET utf8mb4 COLLATE utf8mb4_unicode_ci,
  `email` varchar(256) CHARACTER SET utf8mb4 COLLATE utf8mb4_unicode_ci DEFAULT NULL,
  `certificate_submit` varchar(1) CHARACTER SET utf8mb4 COLLATE utf8mb4_unicode_ci DEFAULT NULL,
  `assignment_date` date DEFAULT NULL,
  `work_condition` varchar(1) CHARACTER SET utf8mb4 COLLATE utf8mb4_unicode_ci DEFAULT NULL,
  `created_by_id` bigint DEFAULT NULL,
  `created_at` timestamp NULL DEFAULT NULL,
  `updated_by_id` bigint DEFAULT NULL,
  `updated_at` timestamp NULL DEFAULT NULL,
  `updated_count` int DEFAULT NULL,
  `company_id` bigint NOT NULL,
  `user_id` bigint unsigned DEFAULT NULL,
  PRIMARY KEY (`company_staff_id`)
) ENGINE=InnoDB AUTO_INCREMENT=17 DEFAULT CHARSET=utf8mb4 COLLATE=utf8mb4_unicode_ci;

--
-- Dumping data for table `m_company_staff`
--

INSERT INTO `m_company_staff` VALUES (12,'1',NULL,NULL,NULL,NULL,NULL,NULL,NULL,NULL,NULL,NULL,NULL,NULL,NULL,NULL,1,'2024-04-11 01:35:13',NULL,'2024-04-11 01:35:13',NULL,1,NULL),(13,'11',NULL,NULL,NULL,NULL,NULL,NULL,NULL,NULL,NULL,NULL,NULL,NULL,NULL,NULL,1,'2024-04-11 01:35:13',NULL,'2024-04-11 01:35:13',NULL,1,NULL),(14,'111',NULL,NULL,NULL,NULL,NULL,NULL,NULL,NULL,NULL,NULL,NULL,NULL,NULL,NULL,1,'2024-04-11 01:35:13',NULL,'2024-04-11 01:35:13',NULL,1,NULL),(15,'111',NULL,NULL,NULL,NULL,NULL,NULL,NULL,NULL,NULL,NULL,NULL,NULL,NULL,NULL,1,'2024-04-11 01:35:13',NULL,'2024-04-11 01:35:13',NULL,1,NULL),(16,'111',NULL,NULL,NULL,NULL,NULL,NULL,NULL,NULL,NULL,NULL,NULL,NULL,NULL,NULL,1,'2024-04-11 01:35:13',NULL,'2024-04-11 01:35:13',NULL,1,NULL);

--
-- Table structure for table `m_customer`
--

CREATE TABLE `m_customer` (
  `customer_id` bigint unsigned NOT NULL AUTO_INCREMENT,
  `name` varchar(50) CHARACTER SET utf8mb4 COLLATE utf8mb4_unicode_ci DEFAULT NULL,
  `name_kana` varchar(100) CHARACTER SET utf8mb4 COLLATE utf8mb4_unicode_ci DEFAULT NULL,
  `tel` varchar(12) CHARACTER SET utf8mb4 COLLATE utf8mb4_unicode_ci DEFAULT NULL,
  `fax` varchar(12) CHARACTER SET utf8mb4 COLLATE utf8mb4_unicode_ci DEFAULT NULL,
  `postcode` varchar(10) CHARACTER SET utf8mb4 COLLATE utf8mb4_unicode_ci DEFAULT NULL,
  `address1` varchar(100) CHARACTER SET utf8mb4 COLLATE utf8mb4_unicode_ci DEFAULT NULL,
  `address2` varchar(100) CHARACTER SET utf8mb4 COLLATE utf8mb4_unicode_ci DEFAULT NULL,
  `corporate_number` varchar(20) CHARACTER SET utf8mb4 COLLATE utf8mb4_unicode_ci DEFAULT NULL,
  `office_area` varchar(10) CHARACTER SET utf8mb4 COLLATE utf8mb4_unicode_ci DEFAULT NULL,
  `supervion_business_type` varchar(200) CHARACTER SET utf8mb4 COLLATE utf8mb4_unicode_ci DEFAULT NULL,
  `supervion_license_number` varchar(20) CHARACTER SET utf8mb4 COLLATE utf8mb4_unicode_ci DEFAULT NULL,
  `permission_date` date DEFAULT NULL,
  `planning_period_from_date` date DEFAULT NULL,
  `planning_period_to_date` date DEFAULT NULL,
  `permission_valid_from_date` date DEFAULT NULL,
  `permission_valid_to_date` date DEFAULT NULL,
  `jobs_comment` varchar(1000) CHARACTER SET utf8mb4 COLLATE utf8mb4_unicode_ci DEFAULT NULL,
  `external_audit` varchar(254) CHARACTER SET utf8mb4 COLLATE utf8mb4_unicode_ci DEFAULT NULL,
  `external_audit_person` varchar(50) CHARACTER SET utf8mb4 COLLATE utf8mb4_unicode_ci DEFAULT NULL,
  `external_officer` varchar(50) CHARACTER SET utf8mb4 COLLATE utf8mb4_unicode_ci DEFAULT NULL,
  `corporate_type` varchar(254) CHARACTER SET utf8mb4 COLLATE utf8mb4_unicode_ci DEFAULT NULL,
  `overview` varchar(1000) CHARACTER SET utf8mb4 COLLATE utf8mb4_unicode_ci DEFAULT NULL,
  `identifying_code` varchar(100) CHARACTER SET utf8mb4 COLLATE utf8mb4_unicode_ci DEFAULT NULL,
  `note` text CHARACTER SET utf8mb4 COLLATE utf8mb4_unicode_ci,
  `created_by_id` bigint DEFAULT NULL,
  `created_at` timestamp NULL DEFAULT NULL,
  `updated_by_id` bigint DEFAULT NULL,
  `updated_at` timestamp NULL DEFAULT NULL,
  `company_id` bigint NOT NULL,
  PRIMARY KEY (`customer_id`)
) ENGINE=InnoDB AUTO_INCREMENT=19 DEFAULT CHARSET=utf8mb4 COLLATE=utf8mb4_unicode_ci;

--
-- Dumping data for table `m_customer`
--

INSERT INTO `m_customer` VALUES (2,'㈱企業1','customer 1','1231231231','1231231231','99502','add 1','add 2','321','123','123','123','2023-12-12','2023-12-14',NULL,'2023-12-13','2023-12-21','123','12123','123','123','123 12','123','123','123',1,'2023-12-17 10:31:55',1,'2024-02-21 06:43:54',2),(6,'㈱企業2','user1@gmail.com','1231231231',NULL,NULL,NULL,NULL,NULL,NULL,NULL,NULL,NULL,NULL,NULL,NULL,NULL,NULL,NULL,NULL,NULL,NULL,NULL,NULL,NULL,1,'2023-12-26 22:19:22',1,'2023-12-26 22:19:22',2),(7,'㈱企業3','customer2','1231231231','21321321','99502','add1',NULL,NULL,NULL,NULL,NULL,NULL,NULL,NULL,NULL,NULL,NULL,NULL,NULL,NULL,NULL,NULL,NULL,NULL,1,'2023-12-29 21:38:37',1,'2023-12-29 21:38:37',2),(8,'test customer2','test customer2','2313221322','2313221322','1234423','add1','add2','4','4','2313221321','2313221321','2024-02-20','2024-02-20','2024-02-20','2024-02-20','2024-02-20','23132213212','2313221321','2313221321','2313221321','2313221321','23132213212','2313221321','23132213212',1,'2024-02-19 22:26:13',1,'2024-02-19 22:58:29',2),(9,'aaaaa','bbbb','222222',NULL,NULL,NULL,NULL,NULL,NULL,NULL,NULL,NULL,NULL,NULL,NULL,NULL,NULL,NULL,NULL,NULL,NULL,NULL,NULL,NULL,76,'2024-02-22 03:46:13',NULL,'2024-02-22 03:46:13',21),(10,'bbbb','ccc','22222',NULL,NULL,NULL,NULL,NULL,NULL,NULL,NULL,NULL,NULL,NULL,NULL,NULL,NULL,NULL,NULL,NULL,NULL,NULL,NULL,NULL,76,'2024-02-22 03:46:27',NULL,'2024-02-22 03:46:27',21),(11,'customer_ok1','customer_ok1','2222222',NULL,NULL,NULL,NULL,NULL,NULL,NULL,NULL,NULL,NULL,NULL,NULL,NULL,NULL,NULL,NULL,NULL,NULL,NULL,NULL,NULL,76,'2024-02-23 13:56:44',NULL,'2024-02-23 13:56:44',21),(12,'customer_2','customer_2','22222',NULL,NULL,NULL,NULL,NULL,NULL,NULL,NULL,NULL,NULL,NULL,NULL,NULL,NULL,NULL,NULL,NULL,NULL,NULL,NULL,NULL,76,'2024-02-23 13:57:22',NULL,'2024-02-23 13:57:22',21),(13,'明亜協同組合','あいうえお','0474022022',NULL,NULL,NULL,NULL,NULL,NULL,NULL,NULL,NULL,NULL,NULL,NULL,NULL,NULL,NULL,NULL,NULL,NULL,NULL,NULL,NULL,84,'2024-03-01 20:59:04',84,'2024-03-01 21:17:19',23),(14,'瀬戸内テック協同組','あいうえお','0474-022-022',NULL,NULL,NULL,NULL,NULL,NULL,NULL,NULL,NULL,NULL,NULL,NULL,NULL,NULL,NULL,NULL,NULL,NULL,NULL,NULL,NULL,84,'2024-03-01 21:07:04',NULL,'2024-03-01 21:07:04',23),(15,'Cus name','name kana','0989222112','ádasdasd','ádasdas',NULL,NULL,NULL,NULL,NULL,NULL,NULL,NULL,NULL,NULL,NULL,NULL,NULL,NULL,NULL,NULL,NULL,NULL,NULL,1,'2024-03-08 18:08:48',NULL,'2024-03-08 18:08:48',1),(16,'customer_1','customer_1','22222',NULL,NULL,NULL,NULL,NULL,NULL,NULL,NULL,NULL,NULL,NULL,NULL,NULL,NULL,NULL,NULL,NULL,NULL,NULL,NULL,NULL,113,'2024-03-11 15:33:13',NULL,'2024-03-11 15:33:13',10),(17,'customer_2','customer_2','22222',NULL,NULL,NULL,NULL,NULL,NULL,NULL,NULL,NULL,NULL,NULL,NULL,NULL,NULL,NULL,NULL,NULL,NULL,NULL,NULL,NULL,113,'2024-03-11 15:33:21',NULL,'2024-03-11 15:33:21',10),(18,'test modal','test modal','1234123412','1234123412',NULL,NULL,NULL,NULL,NULL,NULL,NULL,NULL,NULL,NULL,NULL,NULL,NULL,NULL,NULL,NULL,NULL,NULL,NULL,NULL,1,'2024-03-12 17:50:04',1,'2024-03-12 17:50:29',1);

--
-- Table structure for table `m_customer_office`
--

CREATE TABLE `m_customer_office` (
  `customer_office_id` bigint unsigned NOT NULL AUTO_INCREMENT,
  `name` varchar(50) CHARACTER SET utf8mb4 COLLATE utf8mb4_unicode_ci DEFAULT NULL,
  `name_kana` varchar(100) CHARACTER SET utf8mb4 COLLATE utf8mb4_unicode_ci DEFAULT NULL,
  `tel` varchar(12) CHARACTER SET utf8mb4 COLLATE utf8mb4_unicode_ci DEFAULT NULL,
  `fax` varchar(12) CHARACTER SET utf8mb4 COLLATE utf8mb4_unicode_ci DEFAULT NULL,
  `postcode` varchar(10) CHARACTER SET utf8mb4 COLLATE utf8mb4_unicode_ci DEFAULT NULL,
  `address1` varchar(100) CHARACTER SET utf8mb4 COLLATE utf8mb4_unicode_ci DEFAULT NULL,
  `address2` varchar(100) CHARACTER SET utf8mb4 COLLATE utf8mb4_unicode_ci DEFAULT NULL,
  `corporate_number` varchar(20) CHARACTER SET utf8mb4 COLLATE utf8mb4_unicode_ci DEFAULT NULL,
  `office_area` varchar(10) CHARACTER SET utf8mb4 COLLATE utf8mb4_unicode_ci DEFAULT NULL,
  `office_number` varchar(30) CHARACTER SET utf8mb4 COLLATE utf8mb4_unicode_ci DEFAULT NULL,
  `employment_insurance_office_number` varchar(30) CHARACTER SET utf8mb4 COLLATE utf8mb4_unicode_ci DEFAULT NULL,
  `supervion_license_number` varchar(20) CHARACTER SET utf8mb4 COLLATE utf8mb4_unicode_ci DEFAULT NULL,
  `permission_date` date DEFAULT NULL,
  `planning_period_from_date` date DEFAULT NULL,
  `planning_period_from_to` date DEFAULT NULL,
  `new_buid_date` date DEFAULT NULL,
  `abolition_date` date DEFAULT NULL,
  `jobs_comment` text CHARACTER SET utf8mb4 COLLATE utf8mb4_unicode_ci,
  `work_intern_area` varchar(2) CHARACTER SET utf8mb4 COLLATE utf8mb4_unicode_ci DEFAULT NULL,
  `intern_prefecture` varchar(100) CHARACTER SET utf8mb4 COLLATE utf8mb4_unicode_ci DEFAULT NULL,
  `audit_execution_frequency` smallint DEFAULT NULL,
  `identifying_code` varchar(100) CHARACTER SET utf8mb4 COLLATE utf8mb4_unicode_ci DEFAULT NULL,
  `note` text CHARACTER SET utf8mb4 COLLATE utf8mb4_unicode_ci,
  `customer_id` bigint NOT NULL,
  `created_by_id` bigint DEFAULT NULL,
  `created_at` timestamp NULL DEFAULT NULL,
  `updated_by_id` bigint DEFAULT NULL,
  `updated_at` timestamp NULL DEFAULT NULL,
  `company_id` bigint NOT NULL,
  PRIMARY KEY (`customer_office_id`)
) ENGINE=InnoDB AUTO_INCREMENT=4 DEFAULT CHARSET=utf8mb4 COLLATE=utf8mb4_unicode_ci;

--
-- Dumping data for table `m_customer_office`
--

INSERT INTO `m_customer_office` VALUES (1,'2313','321','1234123412','321',NULL,NULL,NULL,NULL,NULL,NULL,NULL,NULL,NULL,NULL,NULL,NULL,NULL,NULL,'1',NULL,NULL,NULL,NULL,1,1,'2023-12-24 11:26:33',1,'2023-12-24 11:26:33',2),(2,'user1@gmail.com','user1@gmail.com','1231231231','21321321',NULL,NULL,NULL,NULL,NULL,NULL,NULL,NULL,NULL,NULL,NULL,NULL,NULL,NULL,'1',NULL,NULL,NULL,NULL,1,1,'2023-12-27 12:49:37',1,'2023-12-27 12:49:37',2),(3,'user3@gmail.com','user3@gmail.com','1231231231','21321321',NULL,NULL,NULL,NULL,NULL,NULL,NULL,NULL,NULL,NULL,NULL,NULL,NULL,NULL,'1',NULL,NULL,NULL,NULL,1,1,'2023-12-29 23:19:18',1,'2023-12-29 23:19:18',2);

--
-- Table structure for table `m_customer_staff`
--

CREATE TABLE `m_customer_staff` (
  `customer_staff_id` bigint unsigned NOT NULL AUTO_INCREMENT,
  `name` varchar(50) CHARACTER SET utf8mb4 COLLATE utf8mb4_unicode_ci DEFAULT NULL,
  `name_kana` varchar(100) CHARACTER SET utf8mb4 COLLATE utf8mb4_unicode_ci DEFAULT NULL,
  `birthday` date DEFAULT NULL,
  `sex` varchar(12) CHARACTER SET utf8mb4 COLLATE utf8mb4_unicode_ci DEFAULT NULL,
  `position` varchar(20) CHARACTER SET utf8mb4 COLLATE utf8mb4_unicode_ci DEFAULT NULL,
  `nationality` varchar(50) CHARACTER SET utf8mb4 COLLATE utf8mb4_unicode_ci DEFAULT NULL,
  `customer_office_id` varchar(100) CHARACTER SET utf8mb4 COLLATE utf8mb4_unicode_ci DEFAULT NULL,
  `tel` varchar(12) CHARACTER SET utf8mb4 COLLATE utf8mb4_unicode_ci DEFAULT NULL,
  `postcode` varchar(10) CHARACTER SET utf8mb4 COLLATE utf8mb4_unicode_ci DEFAULT NULL,
  `address1` varchar(100) CHARACTER SET utf8mb4 COLLATE utf8mb4_unicode_ci DEFAULT NULL,
  `address2` varchar(200) CHARACTER SET utf8mb4 COLLATE utf8mb4_unicode_ci DEFAULT NULL,
  `certificate` varchar(500) CHARACTER SET utf8mb4 COLLATE utf8mb4_unicode_ci DEFAULT NULL,
  `mail` varchar(256) CHARACTER SET utf8mb4 COLLATE utf8mb4_unicode_ci DEFAULT NULL,
  `certificate_submit` varchar(1) CHARACTER SET utf8mb4 COLLATE utf8mb4_unicode_ci DEFAULT NULL,
  `assignment_date` date DEFAULT NULL,
  `role` varchar(2) CHARACTER SET utf8mb4 COLLATE utf8mb4_unicode_ci DEFAULT NULL,
  `work_condition` varchar(1) CHARACTER SET utf8mb4 COLLATE utf8mb4_unicode_ci DEFAULT NULL,
  `customer_id` bigint NOT NULL,
  `created_by_id` bigint DEFAULT NULL,
  `created_at` timestamp NULL DEFAULT NULL,
  `updated_by_id` bigint DEFAULT NULL,
  `updated_at` timestamp NULL DEFAULT NULL,
  `company_id` int NOT NULL,
  PRIMARY KEY (`customer_staff_id`)
) ENGINE=InnoDB AUTO_INCREMENT=13 DEFAULT CHARSET=utf8mb4 COLLATE=utf8mb4_unicode_ci;

--
-- Dumping data for table `m_customer_staff`
--

INSERT INTO `m_customer_staff` VALUES (1,'staff1','staff1',NULL,'M',NULL,NULL,'1','1231231231',NULL,NULL,NULL,NULL,'staff1@gmail.com','1',NULL,'1','1',2,1,'2023-12-24 14:37:58',1,'2023-12-24 14:37:58',2),(2,'staff2','staff2',NULL,'M',NULL,NULL,'1','1231231231',NULL,NULL,NULL,NULL,'staff2@gmail.com','1',NULL,'1','1',6,1,'2023-12-24 14:38:18',1,'2023-12-24 14:38:18',2),(3,'staff1','aaa',NULL,NULL,NULL,NULL,NULL,'222',NULL,NULL,NULL,NULL,'',NULL,NULL,NULL,NULL,9,76,'2024-02-23 13:53:47',76,'2024-02-23 13:55:02',21),(4,'staff2','',NULL,NULL,NULL,NULL,NULL,'',NULL,NULL,NULL,NULL,'',NULL,NULL,NULL,NULL,9,76,'2024-02-23 13:55:07',NULL,'2024-02-23 13:55:07',21),(5,'staff_ok1','',NULL,NULL,NULL,NULL,NULL,'',NULL,NULL,NULL,NULL,'',NULL,NULL,NULL,NULL,11,76,'2024-02-23 13:57:01',NULL,'2024-02-23 13:57:01',21),(6,'staff_ok2','',NULL,NULL,NULL,NULL,NULL,'',NULL,NULL,NULL,NULL,'',NULL,NULL,NULL,NULL,11,76,'2024-02-23 13:57:01',NULL,'2024-02-23 13:57:01',21),(7,'staff2','staff2',NULL,NULL,NULL,NULL,NULL,'staff2',NULL,NULL,NULL,NULL,'',NULL,NULL,NULL,NULL,12,76,'2024-02-23 13:57:39',NULL,'2024-02-23 13:57:39',21),(8,'staff_ok3','',NULL,NULL,NULL,NULL,NULL,'',NULL,NULL,NULL,NULL,'',NULL,NULL,NULL,NULL,11,1,'2024-02-23 18:12:24',NULL,'2024-02-23 18:12:24',1),(9,'user1','abc',NULL,NULL,NULL,NULL,NULL,'1312313123',NULL,NULL,NULL,NULL,'staff2@gmail.com',NULL,NULL,NULL,NULL,6,1,'2024-03-12 17:46:16',NULL,'2024-03-12 17:46:16',1),(10,'tesst name','name kana',NULL,NULL,NULL,NULL,NULL,'1234123412',NULL,NULL,NULL,NULL,'abc@gmail.com',NULL,NULL,NULL,NULL,18,1,'2024-03-12 17:50:29',NULL,'2024-03-12 17:50:29',1),(11,'tesst name','name kana',NULL,NULL,NULL,NULL,NULL,'1234123412',NULL,NULL,NULL,NULL,'abc@gmail.com',NULL,NULL,NULL,NULL,16,1,'2024-03-12 17:50:29',NULL,'2024-03-12 17:50:29',1);

--
-- Table structure for table `m_customer_trainee`
--

CREATE TABLE `m_customer_trainee` (
  `customer_trainee_id` bigint unsigned NOT NULL AUTO_INCREMENT,
  `customer_id` bigint NOT NULL,
  `trainee_id` bigint NOT NULL,
  `created_by_id` bigint DEFAULT NULL,
  `created_at` timestamp NULL DEFAULT NULL,
  `updated_by_id` bigint DEFAULT NULL,
  `updated_at` timestamp NULL DEFAULT NULL,
  `company_id` int NOT NULL,
  PRIMARY KEY (`customer_trainee_id`)
) ENGINE=InnoDB AUTO_INCREMENT=8 DEFAULT CHARSET=utf8mb4 COLLATE=utf8mb4_unicode_ci;

--
-- Dumping data for table `m_customer_trainee`
--

INSERT INTO `m_customer_trainee` VALUES (1,6,10,1,'2024-03-09 01:14:34',NULL,'2024-03-09 01:14:34',1),(2,2,11,1,'2024-03-16 00:55:05',NULL,'2024-03-16 00:55:05',1),(3,2,13,1,'2024-03-20 19:24:10',NULL,'2024-03-20 19:24:10',1),(4,2,22,1,'2024-03-20 19:24:21',NULL,'2024-03-20 19:24:21',1),(5,2,31,1,'2024-03-27 06:33:27',NULL,'2024-03-27 06:33:27',1),(6,16,32,113,'2024-04-06 22:16:37',NULL,'2024-04-06 22:16:37',10),(7,16,33,113,'2024-04-06 22:19:16',NULL,'2024-04-06 22:19:16',10);

--
-- Table structure for table `m_event`
--

CREATE TABLE `m_event` (
  `event_id` bigint unsigned NOT NULL AUTO_INCREMENT,
  `title` varchar(255) COLLATE utf8mb3_unicode_ci DEFAULT NULL,
  `day` date DEFAULT NULL,
  `time_begin` time DEFAULT NULL,
  `time_end` time DEFAULT NULL,
  `address` varchar(255) COLLATE utf8mb3_unicode_ci DEFAULT NULL,
  `content` text COLLATE utf8mb3_unicode_ci,
  `status` int DEFAULT NULL,
  `created_at` timestamp NULL DEFAULT CURRENT_TIMESTAMP,
  `created_by_id` bigint unsigned DEFAULT NULL,
  `checked_at` timestamp NULL DEFAULT NULL,
  `checked_by_id` bigint unsigned DEFAULT NULL,
  `approved_at` timestamp NULL DEFAULT NULL,
  `approved_by_id` bigint unsigned DEFAULT NULL,
  `note` text COLLATE utf8mb3_unicode_ci,
  `user` varchar(255) COLLATE utf8mb3_unicode_ci DEFAULT NULL,
  `user_cus` varchar(255) COLLATE utf8mb3_unicode_ci DEFAULT NULL,
  `type` int DEFAULT NULL,
  `allday` int DEFAULT NULL,
  `reportdoc_id` bigint unsigned DEFAULT NULL,
  `date_time` varchar(255) COLLATE utf8mb3_unicode_ci DEFAULT NULL,
  `type_business` int DEFAULT NULL,
  `updated_at` timestamp NULL DEFAULT CURRENT_TIMESTAMP ON UPDATE CURRENT_TIMESTAMP,
  `updated_by_id` bigint unsigned DEFAULT NULL,
  `user_id` bigint unsigned DEFAULT NULL,
  `company_id` bigint unsigned DEFAULT NULL,
  PRIMARY KEY (`event_id`)
) ENGINE=MyISAM AUTO_INCREMENT=8 DEFAULT CHARSET=utf8mb3 COLLATE=utf8mb3_unicode_ci;

--
-- Dumping data for table `m_event`
--

INSERT INTO `m_event` VALUES (1,NULL,'2024-04-05','09:00:00','18:00:00',NULL,NULL,7,'2024-04-03 07:25:42',1,NULL,NULL,NULL,NULL,NULL,NULL,NULL,NULL,NULL,NULL,NULL,NULL,'2024-04-03 07:26:30',NULL,1,1),(2,NULL,'2024-04-06','09:00:00','18:00:00',NULL,NULL,1,'2024-04-03 07:25:50',1,NULL,NULL,NULL,NULL,NULL,NULL,NULL,NULL,NULL,NULL,NULL,NULL,'2024-04-03 07:26:20',NULL,1,1),(3,NULL,'2024-04-07','09:00:00','18:00:00',NULL,NULL,2,'2024-04-03 07:25:52',1,NULL,NULL,NULL,NULL,NULL,NULL,NULL,NULL,NULL,NULL,NULL,NULL,'2024-04-03 07:26:21',NULL,1,1),(4,NULL,'2024-04-08','09:00:00','18:00:00',NULL,NULL,3,'2024-04-03 07:25:54',1,NULL,NULL,NULL,NULL,NULL,NULL,NULL,NULL,NULL,NULL,NULL,NULL,'2024-04-03 07:26:23',NULL,1,1),(5,NULL,'2024-04-09','09:00:00','18:00:00',NULL,NULL,4,'2024-04-03 07:25:56',1,NULL,NULL,NULL,NULL,NULL,NULL,NULL,NULL,NULL,NULL,NULL,NULL,'2024-04-03 07:26:24',NULL,1,1),(6,NULL,'2024-04-10','09:00:00','18:00:00',NULL,NULL,5,'2024-04-03 07:25:58',1,NULL,NULL,NULL,NULL,NULL,NULL,NULL,NULL,NULL,NULL,NULL,NULL,'2024-04-03 07:26:27',NULL,1,1),(7,NULL,'2024-04-11','09:00:00','18:00:00',NULL,NULL,6,'2024-04-03 07:26:00',1,NULL,NULL,NULL,NULL,NULL,NULL,NULL,NULL,NULL,NULL,NULL,NULL,'2024-04-03 07:26:28',NULL,1,1);

--
-- Table structure for table `m_flowgroup`
--

CREATE TABLE `m_flowgroup` (
  `id` bigint unsigned NOT NULL AUTO_INCREMENT,
  `name` varchar(20) CHARACTER SET utf8mb4 COLLATE utf8mb4_unicode_ci DEFAULT NULL,
  `function_id` int DEFAULT NULL,
  `created_by_id` bigint DEFAULT NULL,
  `created_at` timestamp NULL DEFAULT NULL,
  `updated_by_id` bigint DEFAULT NULL,
  `updated_at` timestamp NULL DEFAULT NULL,
  `updated_count` int DEFAULT NULL,
  `company_id` bigint NOT NULL,
  PRIMARY KEY (`id`)
) ENGINE=InnoDB DEFAULT CHARSET=utf8mb4 COLLATE=utf8mb4_unicode_ci;

--
-- Dumping data for table `m_flowgroup`
--


--
-- Table structure for table `m_function_identity`
--

CREATE TABLE `m_function_identity` (
  `id` bigint unsigned NOT NULL AUTO_INCREMENT,
  `identity_id` bigint NOT NULL,
  `function_id` bigint NOT NULL,
  `company_id` bigint unsigned DEFAULT NULL,
  `add` tinyint NOT NULL DEFAULT '0',
  `edit` tinyint NOT NULL DEFAULT '0',
  `delete` tinyint NOT NULL DEFAULT '0',
  `view` tinyint NOT NULL DEFAULT '0',
  `created_at` timestamp NULL DEFAULT NULL,
  `updated_at` timestamp NULL DEFAULT NULL,
  PRIMARY KEY (`id`)
) ENGINE=InnoDB AUTO_INCREMENT=18 DEFAULT CHARSET=utf8mb4 COLLATE=utf8mb4_unicode_ci;

--
-- Dumping data for table `m_function_identity`
--

INSERT INTO `m_function_identity` VALUES (9,6,1,1,1,1,1,1,'2024-03-07 23:34:54','2024-03-07 23:34:54'),(10,6,2,1,0,1,1,1,'2024-03-07 23:34:54','2024-03-07 23:34:54'),(11,6,3,1,0,1,1,0,'2024-03-07 23:34:54','2024-03-07 23:34:54'),(12,6,4,1,0,0,0,0,'2024-03-07 23:34:54','2024-03-07 23:34:54'),(13,46,2,1,1,1,1,1,'2024-03-12 21:40:53','2024-03-12 21:40:53'),(14,46,3,1,0,0,0,0,'2024-03-12 21:40:53','2024-03-12 21:40:53'),(15,46,4,1,0,0,0,0,'2024-03-12 21:40:53','2024-03-12 21:40:53'),(16,46,7,1,0,0,0,0,'2024-03-12 21:40:53','2024-03-12 21:40:53'),(17,46,8,1,0,0,0,0,'2024-03-12 21:40:53','2024-03-12 21:40:53');

--
-- Table structure for table `m_identity`
--

CREATE TABLE `m_identity` (
  `identity_id` bigint NOT NULL AUTO_INCREMENT,
  `name` varchar(128) CHARACTER SET utf8mb4 COLLATE utf8mb4_0900_ai_ci NOT NULL,
  `is_alias` int NOT NULL,
  `description` varchar(128) CHARACTER SET utf8mb4 COLLATE utf8mb4_0900_ai_ci DEFAULT NULL,
  `note` text CHARACTER SET utf8mb4 COLLATE utf8mb4_0900_ai_ci,
  `created_by_id` bigint NOT NULL,
  `created_at` timestamp NOT NULL,
  `updated_by_id` bigint DEFAULT NULL,
  `updated_at` timestamp NULL DEFAULT NULL ON UPDATE CURRENT_TIMESTAMP,
  `company_id` bigint NOT NULL,
  PRIMARY KEY (`identity_id`),
  UNIQUE KEY `unique_company_id_name` (`company_id`,`name`)
) ENGINE=InnoDB AUTO_INCREMENT=47 DEFAULT CHARSET=utf8mb4 COLLATE=utf8mb4_0900_ai_ci;

--
-- Dumping data for table `m_identity`
--

INSERT INTO `m_identity` VALUES (39,'admin_9',1,NULL,NULL,1,'2024-03-05 17:44:52',NULL,'2024-03-05 17:44:52',9),(40,'Adminstrator',0,NULL,NULL,1,'2024-03-08 14:31:24',NULL,'2024-03-08 14:31:24',10),(41,'admin_10',1,NULL,NULL,1,'2024-03-08 14:31:24',NULL,'2024-03-08 14:31:24',10),(42,'Adminstrator',0,NULL,NULL,1,'2024-03-08 14:32:05',NULL,'2024-03-08 14:32:05',11),(43,'admin_11',1,NULL,NULL,1,'2024-03-08 14:32:05',NULL,'2024-03-08 14:32:05',11),(46,'longnh',1,NULL,NULL,1,'2024-03-09 20:26:28',NULL,'2024-03-09 20:26:28',1);

--
-- Table structure for table `m_identity_member`
--

CREATE TABLE `m_identity_member` (
  `member_id` bigint NOT NULL AUTO_INCREMENT,
  `parent_identity_id` bigint NOT NULL,
  `child_identity_id` bigint NOT NULL,
  `from_date` datetime DEFAULT NULL,
  `end_date` datetime DEFAULT NULL,
  `created_by_id` bigint DEFAULT NULL,
  `created_at` timestamp NULL DEFAULT NULL,
  `updated_by_id` bigint DEFAULT NULL,
  `updated_at` timestamp NULL DEFAULT NULL ON UPDATE CURRENT_TIMESTAMP,
  `company_id` bigint NOT NULL,
  PRIMARY KEY (`member_id`)
) ENGINE=InnoDB AUTO_INCREMENT=6 DEFAULT CHARSET=utf8mb4 COLLATE=utf8mb4_0900_ai_ci;

--
-- Dumping data for table `m_identity_member`
--

INSERT INTO `m_identity_member` VALUES (1,3,1,'2024-02-24 00:00:00','2024-02-24 00:00:00',1,'2024-02-23 18:11:01',NULL,'2024-02-23 18:11:01',1),(2,3,4,'2024-02-24 00:00:00','2024-02-24 00:00:00',1,'2024-02-23 18:11:01',NULL,'2024-02-23 18:11:01',1),(3,3,5,'2024-02-24 00:00:00','2024-02-24 00:00:00',1,'2024-02-23 18:11:01',NULL,'2024-02-23 18:11:01',1),(4,40,41,NULL,NULL,1,'2024-03-08 14:31:24',NULL,'2024-03-08 14:31:24',1),(5,42,43,NULL,NULL,1,'2024-03-08 14:32:05',NULL,'2024-03-08 14:32:05',1);

--
-- Table structure for table `m_invoice`
--

CREATE TABLE `m_invoice` (
  `invoice_id` bigint NOT NULL AUTO_INCREMENT,
  `created_at` date DEFAULT NULL,
  `created_by_id` bigint DEFAULT NULL,
  `updated_at` date DEFAULT NULL,
  `updated_by_id` bigint DEFAULT NULL,
  `checked_on` date DEFAULT NULL,
  `checked_by_id` bigint DEFAULT NULL,
  `approved_on` date DEFAULT NULL,
  `approved_by_id` bigint DEFAULT NULL,
  `submited_by_id` bigint DEFAULT NULL,
  `submited_on` date DEFAULT NULL,
  `payed_on` date DEFAULT NULL,
  `payed_by_id` bigint DEFAULT NULL,
  `status` int DEFAULT '1',
  `date` date DEFAULT NULL,
  `type` int DEFAULT NULL,
  `name` varchar(255) COLLATE utf8mb3_unicode_ci DEFAULT NULL,
  `price` int DEFAULT NULL,
  `date_end` date DEFAULT NULL,
  `customer_id` bigint DEFAULT NULL,
  `customer_name` varchar(255) COLLATE utf8mb3_unicode_ci DEFAULT NULL,
  `person_name` varchar(255) COLLATE utf8mb3_unicode_ci DEFAULT NULL,
  `person_id` bigint DEFAULT NULL,
  `bankhistory_id` bigint DEFAULT NULL,
  `invoicetype` int DEFAULT NULL,
  `invoicetypecat` int DEFAULT NULL,
  `note` text COLLATE utf8mb3_unicode_ci,
  `mail_to` varchar(255) COLLATE utf8mb3_unicode_ci DEFAULT NULL,
  `mail_cc` varchar(255) COLLATE utf8mb3_unicode_ci DEFAULT NULL,
  `payment_method` int DEFAULT NULL,
  `payed_checked_on` date DEFAULT NULL,
  `mail_subject` varchar(255) COLLATE utf8mb3_unicode_ci DEFAULT NULL,
  `mail_body` text COLLATE utf8mb3_unicode_ci,
  `mail_from` varchar(255) COLLATE utf8mb3_unicode_ci DEFAULT NULL,
  `company_id` varchar(255) COLLATE utf8mb3_unicode_ci DEFAULT '0',
  `table_name` varchar(50) COLLATE utf8mb3_unicode_ci DEFAULT '',
  `updated_count` int DEFAULT NULL,
  PRIMARY KEY (`invoice_id`)
) ENGINE=MyISAM AUTO_INCREMENT=2 DEFAULT CHARSET=utf8mb3 COLLATE=utf8mb3_unicode_ci;

--
-- Dumping data for table `m_invoice`
--

INSERT INTO `m_invoice` VALUES (1,'2024-04-09',1,'2024-04-09',1,'2024-04-10',NULL,'2024-04-05',NULL,NULL,'2024-04-03',NULL,NULL,1,NULL,1,NULL,NULL,NULL,118,NULL,NULL,117,NULL,NULL,NULL,'dsa','long.nguyen@alphacep.co.jp','long.nguyen@alphacep.co.jp',1,'2024-04-26','invoice email','<p>dsa</p>',NULL,'1','',2);

--
-- Table structure for table `m_invoice_detail`
--

CREATE TABLE `m_invoice_detail` (
  `invoice_detail_id` bigint NOT NULL AUTO_INCREMENT,
  `invoice_id` bigint DEFAULT NULL,
  `name` varchar(255) COLLATE utf8mb3_unicode_ci DEFAULT NULL,
  `number` int DEFAULT NULL,
  `price` int DEFAULT NULL,
  `price_withtax` int DEFAULT NULL,
  `tax` int NOT NULL DEFAULT '10',
  `movefee` int DEFAULT NULL,
  `tong_thu` int DEFAULT NULL,
  `company_id` varchar(255) COLLATE utf8mb3_unicode_ci DEFAULT '0',
  `note` text COLLATE utf8mb3_unicode_ci,
  PRIMARY KEY (`invoice_detail_id`)
) ENGINE=MyISAM DEFAULT CHARSET=utf8mb3 COLLATE=utf8mb3_unicode_ci;

--
-- Dumping data for table `m_invoice_detail`
--


--
-- Table structure for table `m_invoice_project`
--

CREATE TABLE `m_invoice_project` (
  `id` bigint NOT NULL AUTO_INCREMENT,
  `invoice_id` int DEFAULT NULL,
  `project_id` int DEFAULT NULL,
  `project_tablename` varchar(255) COLLATE utf8mb3_unicode_ci DEFAULT NULL,
  PRIMARY KEY (`id`)
) ENGINE=MyISAM DEFAULT CHARSET=utf8mb3 COLLATE=utf8mb3_unicode_ci;

--
-- Dumping data for table `m_invoice_project`
--


--
-- Table structure for table `m_job_type`
--

CREATE TABLE `m_job_type` (
  `job_type_id` bigint unsigned NOT NULL AUTO_INCREMENT,
  `name` varchar(255) CHARACTER SET utf8mb4 COLLATE utf8mb4_unicode_ci NOT NULL,
  `parent_job_type_id` varchar(255) CHARACTER SET utf8mb4 COLLATE utf8mb4_unicode_ci NOT NULL DEFAULT '0',
  `test_related` tinyint NOT NULL DEFAULT '0',
  `up_to_3rd` tinyint NOT NULL DEFAULT '1',
  `company_id` bigint DEFAULT NULL,
  `created_by_id` bigint DEFAULT NULL,
  `updated_by_id` bigint DEFAULT NULL,
  `created_at` timestamp NULL DEFAULT NULL,
  `updated_at` timestamp NULL DEFAULT NULL,
  PRIMARY KEY (`job_type_id`)
) ENGINE=InnoDB AUTO_INCREMENT=256 DEFAULT CHARSET=utf8mb4 COLLATE=utf8mb4_unicode_ci;

--
-- Dumping data for table `m_job_type`
--

INSERT INTO `m_job_type` VALUES (1,'耕種農業','0',1,1,NULL,NULL,NULL,'2024-02-29 20:41:29','2024-02-29 20:41:29'),(2,'施設園芸','1',1,1,NULL,NULL,NULL,'2024-02-29 20:41:29','2024-02-29 20:41:29'),(3,'畑作・野菜','1',1,1,NULL,NULL,NULL,'2024-02-29 20:41:29','2024-02-29 20:41:29'),(4,'果 樹','1',1,1,NULL,NULL,NULL,'2024-02-29 20:41:29','2024-02-29 20:41:29'),(5,'畜産農業','0',1,1,NULL,NULL,NULL,'2024-02-29 20:41:29','2024-02-29 20:41:29'),(6,'養 豚','5',1,1,NULL,NULL,NULL,'2024-02-29 20:41:29','2024-02-29 20:41:29'),(7,'養 鶏','5',1,1,NULL,NULL,NULL,'2024-02-29 20:41:29','2024-02-29 20:41:29'),(8,'酪 農','5',1,1,NULL,NULL,NULL,'2024-02-29 20:41:29','2024-02-29 20:41:29'),(9,'漁船漁業','0',1,1,NULL,NULL,NULL,'2024-02-29 20:41:29','2024-02-29 20:41:29'),(10,'かつお一本釣り漁業','9',1,1,NULL,NULL,NULL,'2024-02-29 20:41:29','2024-02-29 20:41:29'),(11,'延縄漁業','9',1,1,NULL,NULL,NULL,'2024-02-29 20:41:29','2024-02-29 20:41:29'),(12,'いか釣り漁業','9',1,1,NULL,NULL,NULL,'2024-02-29 20:41:29','2024-02-29 20:41:29'),(13,'まき網漁業','9',1,1,NULL,NULL,NULL,'2024-02-29 20:41:29','2024-02-29 20:41:29'),(14,'ひき網漁業','9',1,1,NULL,NULL,NULL,'2024-02-29 20:41:29','2024-02-29 20:41:29'),(15,'刺し網漁業','9',1,1,NULL,NULL,NULL,'2024-02-29 20:41:29','2024-02-29 20:41:29'),(16,'定置網漁業','9',1,1,NULL,NULL,NULL,'2024-02-29 20:41:29','2024-02-29 20:41:29'),(17,'かに・えびかご漁業','9',1,1,NULL,NULL,NULL,'2024-02-29 20:41:29','2024-02-29 20:41:29'),(18,'棒受網漁業','9',1,0,NULL,NULL,NULL,'2024-02-29 20:41:29','2024-02-29 20:41:29'),(19,'養殖業','0',1,1,NULL,NULL,NULL,'2024-02-29 20:41:29','2024-02-29 20:41:29'),(20,'ほたてがい・まがき養殖','19',1,1,NULL,NULL,NULL,'2024-02-29 20:41:29','2024-02-29 20:41:29'),(21,'さく井','0',0,1,NULL,NULL,NULL,'2024-02-29 20:41:29','2024-02-29 20:41:29'),(22,'パーカッション式さく井工事','21',0,1,NULL,NULL,NULL,'2024-02-29 20:41:29','2024-02-29 20:41:29'),(23,'ロータリー式さく井工事','21',0,1,NULL,NULL,NULL,'2024-02-29 20:41:29','2024-02-29 20:41:29'),(24,'建築板金','0',0,1,NULL,NULL,NULL,'2024-02-29 20:41:29','2024-02-29 20:41:29'),(25,'ダクト板金','24',0,1,NULL,NULL,NULL,'2024-02-29 20:41:29','2024-02-29 20:41:29'),(26,'内外装板金','24',0,1,NULL,NULL,NULL,'2024-02-29 20:41:29','2024-02-29 20:41:29'),(27,'冷凍空気調和機器施工','0',0,1,NULL,NULL,NULL,'2024-02-29 20:41:29','2024-02-29 20:41:29'),(28,'冷凍空気調和機器施工','27',0,1,NULL,NULL,NULL,'2024-02-29 20:41:29','2024-02-29 20:41:29'),(29,'建具製作','0',0,1,NULL,NULL,NULL,'2024-02-29 20:41:29','2024-02-29 20:41:29'),(30,'木製建具手加工','29',0,1,NULL,NULL,NULL,'2024-02-29 20:41:29','2024-02-29 20:41:29'),(31,'建築大工','0',0,1,NULL,NULL,NULL,'2024-02-29 20:41:29','2024-02-29 20:41:29'),(32,'大工工事','31',0,1,NULL,NULL,NULL,'2024-02-29 20:41:29','2024-02-29 20:41:29'),(33,'型枠施工','0',0,1,NULL,NULL,NULL,'2024-02-29 20:41:29','2024-02-29 20:41:29'),(34,'型枠工事','33',0,1,NULL,NULL,NULL,'2024-02-29 20:41:29','2024-02-29 20:41:29'),(35,'鉄筋施工','0',0,1,NULL,NULL,NULL,'2024-02-29 20:41:29','2024-02-29 20:41:29'),(36,'鉄筋組立て','35',0,1,NULL,NULL,NULL,'2024-02-29 20:41:29','2024-02-29 20:41:29'),(37,'とび','0',0,1,NULL,NULL,NULL,'2024-02-29 20:41:29','2024-02-29 20:41:29'),(38,'とび','37',0,1,NULL,NULL,NULL,'2024-02-29 20:41:29','2024-02-29 20:41:29'),(39,'石材施工','0',0,1,NULL,NULL,NULL,'2024-02-29 20:41:29','2024-02-29 20:41:29'),(40,'石材加工','39',0,1,NULL,NULL,NULL,'2024-02-29 20:41:29','2024-02-29 20:41:29'),(41,'石張り','39',0,1,NULL,NULL,NULL,'2024-02-29 20:41:29','2024-02-29 20:41:29'),(42,'タイル張り','0',0,1,NULL,NULL,NULL,'2024-02-29 20:41:29','2024-02-29 20:41:29'),(43,'タイル張り','42',0,1,NULL,NULL,NULL,'2024-02-29 20:41:29','2024-02-29 20:41:29'),(44,'かわらぶき','0',0,1,NULL,NULL,NULL,'2024-02-29 20:41:29','2024-02-29 20:41:29'),(45,'かわらぶき','44',0,1,NULL,NULL,NULL,'2024-02-29 20:41:29','2024-02-29 20:41:29'),(46,'左官','0',0,1,NULL,NULL,NULL,'2024-02-29 20:41:29','2024-02-29 20:41:29'),(47,'左官','46',0,1,NULL,NULL,NULL,'2024-02-29 20:41:29','2024-02-29 20:41:29'),(48,'配管','0',0,1,NULL,NULL,NULL,'2024-02-29 20:41:29','2024-02-29 20:41:29'),(49,'建築配管','48',0,1,NULL,NULL,NULL,'2024-02-29 20:41:29','2024-02-29 20:41:29'),(50,'プラント配管','48',0,1,NULL,NULL,NULL,'2024-02-29 20:41:29','2024-02-29 20:41:29'),(51,'熱絶縁施工','0',0,1,NULL,NULL,NULL,'2024-02-29 20:41:29','2024-02-29 20:41:29'),(52,'保温保冷工事','51',0,1,NULL,NULL,NULL,'2024-02-29 20:41:29','2024-02-29 20:41:29'),(53,'内装仕上げ施工','0',0,1,NULL,NULL,NULL,'2024-02-29 20:41:29','2024-02-29 20:41:29'),(54,'プラスチック系床仕上げ工事','53',0,1,NULL,NULL,NULL,'2024-02-29 20:41:29','2024-02-29 20:41:29'),(55,'カーペット系床仕上げ工事','53',0,1,NULL,NULL,NULL,'2024-02-29 20:41:29','2024-02-29 20:41:29'),(56,'鋼製下地工事','53',0,1,NULL,NULL,NULL,'2024-02-29 20:41:29','2024-02-29 20:41:29'),(57,'ボード仕上げ工事','53',0,1,NULL,NULL,NULL,'2024-02-29 20:41:29','2024-02-29 20:41:29'),(58,'カーテン工事','53',0,1,NULL,NULL,NULL,'2024-02-29 20:41:29','2024-02-29 20:41:29'),(59,'サッシ施工','0',0,1,NULL,NULL,NULL,'2024-02-29 20:41:29','2024-02-29 20:41:29'),(60,'ビル用サッシ施工','59',0,1,NULL,NULL,NULL,'2024-02-29 20:41:29','2024-02-29 20:41:29'),(61,'防水施工','0',0,1,NULL,NULL,NULL,'2024-02-29 20:41:29','2024-02-29 20:41:29'),(62,'シーリング防水工事','61',0,1,NULL,NULL,NULL,'2024-02-29 20:41:29','2024-02-29 20:41:29'),(63,'コンクリート圧送施工','0',0,1,NULL,NULL,NULL,'2024-02-29 20:41:29','2024-02-29 20:41:29'),(64,'コンクリート圧送工事','63',0,1,NULL,NULL,NULL,'2024-02-29 20:41:29','2024-02-29 20:41:29'),(65,'ウェルポイント施工','0',0,1,NULL,NULL,NULL,'2024-02-29 20:41:29','2024-02-29 20:41:29'),(66,'ウェルポイント工事','65',0,1,NULL,NULL,NULL,'2024-02-29 20:41:29','2024-02-29 20:41:29'),(67,'表装','0',0,1,NULL,NULL,NULL,'2024-02-29 20:41:29','2024-02-29 20:41:29'),(68,'壁装','67',0,1,NULL,NULL,NULL,'2024-02-29 20:41:29','2024-02-29 20:41:29'),(69,'建設機械施工','0',1,1,NULL,NULL,NULL,'2024-02-29 20:41:29','2024-02-29 20:41:29'),(70,'押土・整地','69',1,1,NULL,NULL,NULL,'2024-02-29 20:41:29','2024-02-29 20:41:29'),(71,'積込み','69',1,1,NULL,NULL,NULL,'2024-02-29 20:41:29','2024-02-29 20:41:29'),(72,'掘削','69',1,1,NULL,NULL,NULL,'2024-02-29 20:41:29','2024-02-29 20:41:29'),(73,'締固め','69',1,1,NULL,NULL,NULL,'2024-02-29 20:41:29','2024-02-29 20:41:29'),(74,'築炉','0',0,1,NULL,NULL,NULL,'2024-02-29 20:41:29','2024-02-29 20:41:29'),(75,'築炉','74',0,1,NULL,NULL,NULL,'2024-02-29 20:41:29','2024-02-29 20:41:29'),(76,'缶詰巻締','0',1,1,NULL,NULL,NULL,'2024-02-29 20:41:29','2024-02-29 20:41:29'),(77,'缶詰巻締','76',0,1,NULL,NULL,NULL,'2024-02-29 20:41:29','2024-02-29 20:41:29'),(78,'食鳥処理加工業','0',1,1,NULL,NULL,NULL,'2024-02-29 20:41:29','2024-02-29 20:41:29'),(79,'食鳥処理加工','78',0,1,NULL,NULL,NULL,'2024-02-29 20:41:29','2024-02-29 20:41:29'),(80,'加熱性水産加工 食品製造業','0',1,1,NULL,NULL,NULL,'2024-02-29 20:41:29','2024-02-29 20:41:29'),(81,'節類製造','80',1,1,NULL,NULL,NULL,'2024-02-29 20:41:29','2024-02-29 20:41:29'),(82,'加熱乾製品製造','80',1,1,NULL,NULL,NULL,'2024-02-29 20:41:29','2024-02-29 20:41:29'),(83,'調味加工品製造','80',1,1,NULL,NULL,NULL,'2024-02-29 20:41:29','2024-02-29 20:41:29'),(84,'くん製品製造','80',1,1,NULL,NULL,NULL,'2024-02-29 20:41:29','2024-02-29 20:41:29'),(85,'非加熱性水産加工 食品製造業','0',1,1,NULL,NULL,NULL,'2024-02-29 20:41:29','2024-02-29 20:41:29'),(86,'塩蔵品製造','85',1,1,NULL,NULL,NULL,'2024-02-29 20:41:29','2024-02-29 20:41:29'),(87,'乾製品製造','85',1,1,NULL,NULL,NULL,'2024-02-29 20:41:29','2024-02-29 20:41:29'),(88,'発酵食品製造','85',1,1,NULL,NULL,NULL,'2024-02-29 20:41:29','2024-02-29 20:41:29'),(89,'調理加工品製造','85',1,1,NULL,NULL,NULL,'2024-02-29 20:41:29','2024-02-29 20:41:29'),(90,'生食用加工品製造','85',1,1,NULL,NULL,NULL,'2024-02-29 20:41:29','2024-02-29 20:41:29'),(91,'水産練り製品製造','0',0,1,NULL,NULL,NULL,'2024-02-29 20:41:29','2024-02-29 20:41:29'),(92,'かまぼこ製品製造','91',0,1,NULL,NULL,NULL,'2024-02-29 20:41:29','2024-02-29 20:41:29'),(93,'牛豚食肉処理加工業','0',1,1,NULL,NULL,NULL,'2024-02-29 20:41:29','2024-02-29 20:41:29'),(94,'牛豚部分肉製造','93',1,1,NULL,NULL,NULL,'2024-02-29 20:41:29','2024-02-29 20:41:29'),(95,'ハム・ソーセージ・ベーコン製造','0',1,1,NULL,NULL,NULL,'2024-02-29 20:41:29','2024-02-29 20:41:29'),(96,'ハム・ソーセージ・ベーコン製造','95',1,1,NULL,NULL,NULL,'2024-02-29 20:41:29','2024-02-29 20:41:29'),(97,'パン製造','0',1,1,NULL,NULL,NULL,'2024-02-29 20:41:29','2024-02-29 20:41:29'),(98,'パン製造','97',1,1,NULL,NULL,NULL,'2024-02-29 20:41:29','2024-02-29 20:41:29'),(99,'そう菜製造業','0',1,1,NULL,NULL,NULL,'2024-02-29 20:41:29','2024-02-29 20:41:29'),(100,'そう菜加工','99',1,1,NULL,NULL,NULL,'2024-02-29 20:41:29','2024-02-29 20:41:29'),(101,'農産物漬物製造業','0',1,0,NULL,NULL,NULL,'2024-02-29 20:41:29','2024-02-29 20:41:29'),(102,'農産物漬物製造','101',1,0,NULL,NULL,NULL,'2024-02-29 20:41:29','2024-02-29 20:41:29'),(103,'医療・福祉施設給食製造','0',1,0,NULL,NULL,NULL,'2024-02-29 20:41:29','2024-02-29 20:41:29'),(104,'医療・福祉施設給食製造','103',1,0,NULL,NULL,NULL,'2024-02-29 20:41:29','2024-02-29 20:41:29'),(105,'紡績運転','0',1,1,NULL,NULL,NULL,'2024-02-29 20:41:29','2024-02-29 20:41:29'),(106,'前紡工程','105',1,1,NULL,NULL,NULL,'2024-02-29 20:41:29','2024-02-29 20:41:29'),(107,'精紡工程','105',1,1,NULL,NULL,NULL,'2024-02-29 20:41:29','2024-02-29 20:41:29'),(108,'巻糸工程','105',1,1,NULL,NULL,NULL,'2024-02-29 20:41:29','2024-02-29 20:41:29'),(109,'合ねん糸工程','105',1,1,NULL,NULL,NULL,'2024-02-29 20:41:29','2024-02-29 20:41:29'),(110,'織布運転','0',1,1,NULL,NULL,NULL,'2024-02-29 20:41:29','2024-02-29 20:41:29'),(111,'準備工程','110',1,1,NULL,NULL,NULL,'2024-02-29 20:41:29','2024-02-29 20:41:29'),(112,'製織工程','110',1,1,NULL,NULL,NULL,'2024-02-29 20:41:29','2024-02-29 20:41:29'),(113,'仕上工程','110',1,1,NULL,NULL,NULL,'2024-02-29 20:41:29','2024-02-29 20:41:29'),(114,'染 色','0',0,1,NULL,NULL,NULL,'2024-02-29 20:41:29','2024-02-29 20:41:29'),(115,'糸浸染','114',1,1,NULL,NULL,NULL,'2024-02-29 20:41:29','2024-02-29 20:41:29'),(116,'織物・ニット浸染','114',1,1,NULL,NULL,NULL,'2024-02-29 20:41:29','2024-02-29 20:41:29'),(117,'ニット製品製造','0',0,1,NULL,NULL,NULL,'2024-02-29 20:41:29','2024-02-29 20:41:29'),(118,'靴下製造','117',0,1,NULL,NULL,NULL,'2024-02-29 20:41:29','2024-02-29 20:41:29'),(119,'丸編みニット製造','117',0,1,NULL,NULL,NULL,'2024-02-29 20:41:29','2024-02-29 20:41:29'),(120,'たて編ニット生地製造','0',1,1,NULL,NULL,NULL,'2024-02-29 20:41:29','2024-02-29 20:41:29'),(121,'たて編ニット生地製造','120',1,1,NULL,NULL,NULL,'2024-02-29 20:41:29','2024-02-29 20:41:29'),(122,'婦人子供服製造','0',0,1,NULL,NULL,NULL,'2024-02-29 20:41:29','2024-02-29 20:41:29'),(123,'婦人子供既製服縫製','122',0,1,NULL,NULL,NULL,'2024-02-29 20:41:29','2024-02-29 20:41:29'),(124,'紳士服製造','0',0,1,NULL,NULL,NULL,'2024-02-29 20:41:29','2024-02-29 20:41:29'),(125,'紳士既製服製造','124',0,1,NULL,NULL,NULL,'2024-02-29 20:41:29','2024-02-29 20:41:29'),(126,'下着類製造','0',1,1,NULL,NULL,NULL,'2024-02-29 20:41:29','2024-02-29 20:41:29'),(127,'下着類製造','126',1,1,NULL,NULL,NULL,'2024-02-29 20:41:29','2024-02-29 20:41:29'),(128,'寝具製作','0',0,1,NULL,NULL,NULL,'2024-02-29 20:41:29','2024-02-29 20:41:29'),(129,'寝具製作','128',0,1,NULL,NULL,NULL,'2024-02-29 20:41:29','2024-02-29 20:41:29'),(130,'カーペット製造','0',1,0,NULL,NULL,NULL,'2024-02-29 20:41:29','2024-02-29 20:41:29'),(131,'織じゅうたん製造','130',1,0,NULL,NULL,NULL,'2024-02-29 20:41:29','2024-02-29 20:41:29'),(132,'タフテッドカーペット製造','130',1,0,NULL,NULL,NULL,'2024-02-29 20:41:29','2024-02-29 20:41:29'),(133,'ニードルパンチカーペット製造','130',1,0,NULL,NULL,NULL,'2024-02-29 20:41:29','2024-02-29 20:41:29'),(134,'帆布製品製造','0',0,1,NULL,NULL,NULL,'2024-02-29 20:41:29','2024-02-29 20:41:29'),(135,'帆布製品製造','134',0,1,NULL,NULL,NULL,'2024-02-29 20:41:29','2024-02-29 20:41:29'),(136,'布はく縫製','0',0,1,NULL,NULL,NULL,'2024-02-29 20:41:29','2024-02-29 20:41:29'),(137,'ワイシャツ製造','136',0,1,NULL,NULL,NULL,'2024-02-29 20:41:29','2024-02-29 20:41:29'),(138,'座席シート縫製','0',1,1,NULL,NULL,NULL,'2024-02-29 20:41:29','2024-02-29 20:41:29'),(139,'自動車シート縫製','138',1,1,NULL,NULL,NULL,'2024-02-29 20:41:29','2024-02-29 20:41:29'),(140,'鋳造','0',0,1,NULL,NULL,NULL,'2024-02-29 20:41:29','2024-02-29 20:41:29'),(141,'鋳鉄鋳物鋳造','140',0,1,NULL,NULL,NULL,'2024-02-29 20:41:29','2024-02-29 20:41:29'),(142,'非鉄金属鋳物鋳造','140',0,1,NULL,NULL,NULL,'2024-02-29 20:41:29','2024-02-29 20:41:29'),(143,'鍛造','0',0,1,NULL,NULL,NULL,'2024-02-29 20:41:29','2024-02-29 20:41:29'),(144,'ハンマ型鍛造','143',0,1,NULL,NULL,NULL,'2024-02-29 20:41:29','2024-02-29 20:41:29'),(145,'プレス型鍛造','143',0,1,NULL,NULL,NULL,'2024-02-29 20:41:29','2024-02-29 20:41:29'),(146,'ダイカスト','0',0,1,NULL,NULL,NULL,'2024-02-29 20:41:29','2024-02-29 20:41:29'),(147,'ホットチャンバダイカスト','146',0,1,NULL,NULL,NULL,'2024-02-29 20:41:29','2024-02-29 20:41:29'),(148,'コールドチャンバダイカスト','146',0,1,NULL,NULL,NULL,'2024-02-29 20:41:29','2024-02-29 20:41:29'),(149,'機械加工','0',0,1,NULL,NULL,NULL,'2024-02-29 20:41:29','2024-02-29 20:41:29'),(150,'普通旋盤','149',0,1,NULL,NULL,NULL,'2024-02-29 20:41:29','2024-02-29 20:41:29'),(151,'フライス盤','149',0,1,NULL,NULL,NULL,'2024-02-29 20:41:29','2024-02-29 20:41:29'),(152,'数値制御旋盤','149',0,1,NULL,NULL,NULL,'2024-02-29 20:41:29','2024-02-29 20:41:29'),(153,'マシニングセンタ','149',0,1,NULL,NULL,NULL,'2024-02-29 20:41:29','2024-02-29 20:41:29'),(154,'金属プレス加工','0',0,1,NULL,NULL,NULL,'2024-02-29 20:41:29','2024-02-29 20:41:29'),(155,'金属プレス','154',0,1,NULL,NULL,NULL,'2024-02-29 20:41:29','2024-02-29 20:41:29'),(156,'鉄工','0',0,1,NULL,NULL,NULL,'2024-02-29 20:41:29','2024-02-29 20:41:29'),(157,'構造物鉄工','156',0,1,NULL,NULL,NULL,'2024-02-29 20:41:29','2024-02-29 20:41:29'),(158,'工場板金','0',0,1,NULL,NULL,NULL,'2024-02-29 20:41:29','2024-02-29 20:41:29'),(159,'機械板金','158',0,1,NULL,NULL,NULL,'2024-02-29 20:41:29','2024-02-29 20:41:29'),(160,'めっき','0',0,1,NULL,NULL,NULL,'2024-02-29 20:41:29','2024-02-29 20:41:29'),(161,'電気めっき','160',0,1,NULL,NULL,NULL,'2024-02-29 20:41:29','2024-02-29 20:41:29'),(162,'溶融亜鉛めっき','160',0,1,NULL,NULL,NULL,'2024-02-29 20:41:29','2024-02-29 20:41:29'),(163,'アルミニウム陽極酸化処理','0',0,1,NULL,NULL,NULL,'2024-02-29 20:41:29','2024-02-29 20:41:29'),(164,'陽極酸化処理','163',0,1,NULL,NULL,NULL,'2024-02-29 20:41:29','2024-02-29 20:41:29'),(165,'仕上げ','0',0,1,NULL,NULL,NULL,'2024-02-29 20:41:29','2024-02-29 20:41:29'),(166,'治工具仕上げ','165',0,1,NULL,NULL,NULL,'2024-02-29 20:41:29','2024-02-29 20:41:29'),(167,'金型仕上げ','165',0,1,NULL,NULL,NULL,'2024-02-29 20:41:29','2024-02-29 20:41:29'),(168,'機械組立仕上げ','165',0,1,NULL,NULL,NULL,'2024-02-29 20:41:29','2024-02-29 20:41:29'),(169,'機械検査','0',0,1,NULL,NULL,NULL,'2024-02-29 20:41:29','2024-02-29 20:41:29'),(170,'機械検査','169',0,1,NULL,NULL,NULL,'2024-02-29 20:41:29','2024-02-29 20:41:29'),(171,'機械保全','0',0,1,NULL,NULL,NULL,'2024-02-29 20:41:29','2024-02-29 20:41:29'),(172,'機械系保全','171',0,1,NULL,NULL,NULL,'2024-02-29 20:41:29','2024-02-29 20:41:29'),(173,'電子機器組立て','0',0,1,NULL,NULL,NULL,'2024-02-29 20:41:29','2024-02-29 20:41:29'),(174,'電子機器組立て','173',0,1,NULL,NULL,NULL,'2024-02-29 20:41:29','2024-02-29 20:41:29'),(175,'電気機器組立て','0',0,1,NULL,NULL,NULL,'2024-02-29 20:41:29','2024-02-29 20:41:29'),(176,'回転電機組立て','175',0,1,NULL,NULL,NULL,'2024-02-29 20:41:29','2024-02-29 20:41:29'),(177,'変圧器組立て','175',0,1,NULL,NULL,NULL,'2024-02-29 20:41:29','2024-02-29 20:41:29'),(178,'配電盤・制御盤組立て','175',0,1,NULL,NULL,NULL,'2024-02-29 20:41:29','2024-02-29 20:41:29'),(179,'開閉制御器具組立て','175',0,1,NULL,NULL,NULL,'2024-02-29 20:41:29','2024-02-29 20:41:29'),(180,'回転電機巻線製作','175',0,1,NULL,NULL,NULL,'2024-02-29 20:41:29','2024-02-29 20:41:29'),(181,'プリント配線板製造','0',1,1,NULL,NULL,NULL,'2024-02-29 20:41:29','2024-02-29 20:41:29'),(182,'プリント配線板設計','181',1,1,NULL,NULL,NULL,'2024-02-29 20:41:29','2024-02-29 20:41:29'),(183,'プリント配線板製造','181',1,1,NULL,NULL,NULL,'2024-02-29 20:41:29','2024-02-29 20:41:29'),(184,'アルミニウム圧延・押出製品製造','0',1,0,NULL,NULL,NULL,'2024-02-29 20:41:29','2024-02-29 20:41:29'),(185,'引抜加工','184',1,0,NULL,NULL,NULL,'2024-02-29 20:41:29','2024-02-29 20:41:29'),(186,'仕上げ','184',1,0,NULL,NULL,NULL,'2024-02-29 20:41:29','2024-02-29 20:41:29'),(187,'金属熱処理業','0',1,1,NULL,NULL,NULL,'2024-02-29 20:41:29','2024-02-29 20:41:29'),(188,'全体熱処理','187',1,1,NULL,NULL,NULL,'2024-02-29 20:41:29','2024-02-29 20:41:29'),(189,'表面熱処理（浸炭・浸炭窒化・窒化）','187',1,1,NULL,NULL,NULL,'2024-02-29 20:41:29','2024-02-29 20:41:29'),(190,'部分熱処理（高周波熱処理・炎熱処理）','187',1,1,NULL,NULL,NULL,'2024-02-29 20:41:29','2024-02-29 20:41:29'),(191,'家具製作','0',0,1,NULL,NULL,NULL,'2024-02-29 20:41:29','2024-02-29 20:41:29'),(192,'家具手加工','191',0,1,NULL,NULL,NULL,'2024-02-29 20:41:29','2024-02-29 20:41:29'),(193,'印刷','0',0,1,NULL,NULL,NULL,'2024-02-29 20:41:29','2024-02-29 20:41:29'),(194,'オフセット印刷','193',0,1,NULL,NULL,NULL,'2024-02-29 20:41:29','2024-02-29 20:41:29'),(195,'グラビア印刷','193',1,1,NULL,NULL,NULL,'2024-02-29 20:41:29','2024-02-29 20:41:29'),(196,'製本','0',0,1,NULL,NULL,NULL,'2024-02-29 20:41:29','2024-02-29 20:41:29'),(197,'製本','196',0,1,NULL,NULL,NULL,'2024-02-29 20:41:29','2024-02-29 20:41:29'),(198,'プラスチック成形','0',0,1,NULL,NULL,NULL,'2024-02-29 20:41:29','2024-02-29 20:41:29'),(199,'圧縮成形','198',0,1,NULL,NULL,NULL,'2024-02-29 20:41:29','2024-02-29 20:41:29'),(200,'射出成形','198',0,1,NULL,NULL,NULL,'2024-02-29 20:41:29','2024-02-29 20:41:29'),(201,'インフレーション成形','198',0,1,NULL,NULL,NULL,'2024-02-29 20:41:29','2024-02-29 20:41:29'),(202,'ブロー成形','198',0,1,NULL,NULL,NULL,'2024-02-29 20:41:29','2024-02-29 20:41:29'),(203,'強化プラスチック成形','0',0,1,NULL,NULL,NULL,'2024-02-29 20:41:29','2024-02-29 20:41:29'),(204,'手積み積層成形','203',0,1,NULL,NULL,NULL,'2024-02-29 20:41:29','2024-02-29 20:41:29'),(205,'塗装','0',0,1,NULL,NULL,NULL,'2024-02-29 20:41:29','2024-02-29 20:41:29'),(206,'建築塗装','205',0,1,NULL,NULL,NULL,'2024-02-29 20:41:29','2024-02-29 20:41:29'),(207,'金属塗装','205',0,1,NULL,NULL,NULL,'2024-02-29 20:41:29','2024-02-29 20:41:29'),(208,'鋼橋塗装','205',0,1,NULL,NULL,NULL,'2024-02-29 20:41:29','2024-02-29 20:41:29'),(209,'噴霧塗装','205',0,1,NULL,NULL,NULL,'2024-02-29 20:41:29','2024-02-29 20:41:29'),(210,'溶接','0',1,1,NULL,NULL,NULL,'2024-02-29 20:41:29','2024-02-29 20:41:29'),(211,'手溶接','210',1,1,NULL,NULL,NULL,'2024-02-29 20:41:29','2024-02-29 20:41:29'),(212,'半自動溶接','210',1,1,NULL,NULL,NULL,'2024-02-29 20:41:29','2024-02-29 20:41:29'),(213,'工業包装','0',0,1,NULL,NULL,NULL,'2024-02-29 20:41:29','2024-02-29 20:41:29'),(214,'工業包装','213',1,1,NULL,NULL,NULL,'2024-02-29 20:41:29','2024-02-29 20:41:29'),(215,'紙器・段ボール箱製造','0',0,1,NULL,NULL,NULL,'2024-02-29 20:41:29','2024-02-29 20:41:29'),(216,'印刷箱打抜き','215',0,1,NULL,NULL,NULL,'2024-02-29 20:41:29','2024-02-29 20:41:29'),(217,'印刷箱製箱','215',0,1,NULL,NULL,NULL,'2024-02-29 20:41:29','2024-02-29 20:41:29'),(218,'貼箱製造','215',0,1,NULL,NULL,NULL,'2024-02-29 20:41:29','2024-02-29 20:41:29'),(219,'段ボール箱製造','215',0,1,NULL,NULL,NULL,'2024-02-29 20:41:29','2024-02-29 20:41:29'),(220,'陶磁器工業製品製造','0',1,1,NULL,NULL,NULL,'2024-02-29 20:41:29','2024-02-29 20:41:29'),(221,'機械ろくろ成形','220',1,1,NULL,NULL,NULL,'2024-02-29 20:41:29','2024-02-29 20:41:29'),(222,'圧力鋳込み成形','220',1,1,NULL,NULL,NULL,'2024-02-29 20:41:29','2024-02-29 20:41:29'),(223,'パッド印刷','220',1,1,NULL,NULL,NULL,'2024-02-29 20:41:29','2024-02-29 20:41:29'),(224,'自動車整備','0',1,1,NULL,NULL,NULL,'2024-02-29 20:41:29','2024-02-29 20:41:29'),(225,'自動車整備','224',1,1,NULL,NULL,NULL,'2024-02-29 20:41:29','2024-02-29 20:41:29'),(226,'ビルクリーニング','0',0,1,NULL,NULL,NULL,'2024-02-29 20:41:29','2024-02-29 20:41:29'),(227,'ビルクリーニング','226',1,1,NULL,NULL,NULL,'2024-02-29 20:41:29','2024-02-29 20:41:29'),(228,'介護','0',1,1,NULL,NULL,NULL,'2024-02-29 20:41:29','2024-02-29 20:41:29'),(229,'介護','228',1,1,NULL,NULL,NULL,'2024-02-29 20:41:29','2024-02-29 20:41:29'),(230,'リネンサプライ','0',1,0,NULL,NULL,NULL,'2024-02-29 20:41:29','2024-02-29 20:41:29'),(231,'リネンサプライ仕上げ','230',1,0,NULL,NULL,NULL,'2024-02-29 20:41:29','2024-02-29 20:41:29'),(232,'コンクリート製品製造','0',1,1,NULL,NULL,NULL,'2024-02-29 20:41:29','2024-02-29 20:41:29'),(233,'コンクリート製品製造','232',1,1,NULL,NULL,NULL,'2024-02-29 20:41:29','2024-02-29 20:41:29'),(234,'宿泊','0',1,0,NULL,NULL,NULL,'2024-02-29 20:41:29','2024-02-29 20:41:29'),(235,'接客・衛生管理','234',1,0,NULL,NULL,NULL,'2024-02-29 20:41:29','2024-02-29 20:41:29'),(236,'RPF製造','0',1,1,NULL,NULL,NULL,'2024-02-29 20:41:29','2024-02-29 20:41:29'),(237,'RPF製造','236',1,1,NULL,NULL,NULL,'2024-02-29 20:41:29','2024-02-29 20:41:29'),(238,'鉄道施設保守整備','0',1,1,NULL,NULL,NULL,'2024-02-29 20:41:29','2024-02-29 20:41:29'),(239,'軌道保守整備','238',1,1,NULL,NULL,NULL,'2024-02-29 20:41:29','2024-02-29 20:41:29'),(240,'ゴム製品製造','0',1,0,NULL,NULL,NULL,'2024-02-29 20:41:29','2024-02-29 20:41:29'),(241,'成形加工','240',1,0,NULL,NULL,NULL,'2024-02-29 20:41:29','2024-02-29 20:41:29'),(242,'押出し加工','240',1,0,NULL,NULL,NULL,'2024-02-29 20:41:29','2024-02-29 20:41:29'),(243,'混練り圧延加工','240',1,0,NULL,NULL,NULL,'2024-02-29 20:41:29','2024-02-29 20:41:29'),(244,'複合積層加工','240',1,0,NULL,NULL,NULL,'2024-02-29 20:41:29','2024-02-29 20:41:29'),(245,'鉄道車両整備','0',1,1,NULL,NULL,NULL,'2024-02-29 20:41:29','2024-02-29 20:41:29'),(246,'走行装置検修・解ぎ装','245',1,1,NULL,NULL,NULL,'2024-02-29 20:41:29','2024-02-29 20:41:29'),(247,'空気装置検修・解ぎ装','245',1,1,NULL,NULL,NULL,'2024-02-29 20:41:29','2024-02-29 20:41:29'),(248,'木材加工','0',1,0,NULL,NULL,NULL,'2024-02-29 20:41:29','2024-02-29 20:41:29'),(249,'機械製材','248',1,0,NULL,NULL,NULL,'2024-02-29 20:41:29','2024-02-29 20:41:29'),(250,'空港グランドハンドリング','0',1,1,NULL,NULL,NULL,'2024-02-29 20:41:29','2024-02-29 20:41:29'),(251,'航空機地上支援','250',1,1,NULL,NULL,NULL,'2024-02-29 20:41:29','2024-02-29 20:41:29'),(252,'航空貨物取扱','250',1,1,NULL,NULL,NULL,'2024-02-29 20:41:29','2024-02-29 20:41:29'),(253,'客室清掃','250',0,1,NULL,NULL,NULL,'2024-02-29 20:41:29','2024-02-29 20:41:29'),(254,'ボイラーメンテナンス','0',1,0,NULL,NULL,NULL,'2024-02-29 20:41:29','2024-02-29 20:41:29'),(255,'ボイラーメンテナンス','254',1,0,NULL,NULL,NULL,'2024-02-29 20:41:29','2024-02-29 20:41:29');

--
-- Table structure for table `m_login_history`
--

CREATE TABLE `m_login_history` (
  `id` bigint unsigned NOT NULL AUTO_INCREMENT,
  `user_id` bigint unsigned NOT NULL,
  `action` varchar(255) CHARACTER SET utf8mb4 COLLATE utf8mb4_unicode_ci NOT NULL,
  `message` text CHARACTER SET utf8mb4 COLLATE utf8mb4_unicode_ci,
  `data` text CHARACTER SET utf8mb4 COLLATE utf8mb4_unicode_ci,
  `ip_address` varchar(255) CHARACTER SET utf8mb4 COLLATE utf8mb4_unicode_ci DEFAULT NULL,
  `created_at` timestamp NULL DEFAULT NULL,
  `updated_at` timestamp NULL DEFAULT NULL,
  PRIMARY KEY (`id`)
) ENGINE=InnoDB AUTO_INCREMENT=170 DEFAULT CHARSET=utf8mb4 COLLATE=utf8mb4_unicode_ci;

--
-- Dumping data for table `m_login_history`
--

INSERT INTO `m_login_history` VALUES (1,1,'login','root - <span class=\'text-success\'>login</span> - 2024-03-07 01:37:50 - IP: 138.64.112.36','','138.64.112.36','2024-03-06 16:37:50','2024-03-06 16:37:50'),(2,1,'login','root - <span class=\'text-success\'>login</span> - 2024-03-07 06:18:36 - IP: 138.64.112.36','','138.64.112.36','2024-03-06 21:18:36','2024-03-06 21:18:36'),(3,1,'login','root - <span class=\'text-success\'>login</span> - 2024-03-07 11:39:13 - IP: 138.64.112.36','','138.64.112.36','2024-03-07 02:39:13','2024-03-07 02:39:13'),(4,1,'login','root - <span class=\'text-success\'>login</span> - 2024-03-07 23:34:14 - IP: 138.64.112.36','','138.64.112.36','2024-03-07 14:34:14','2024-03-07 14:34:14'),(5,1,'login','root - <span class=\'text-success\'>login</span> - 2024-03-08 01:55:31 - IP: 138.64.112.36','','138.64.112.36','2024-03-07 16:55:31','2024-03-07 16:55:31'),(6,1,'login','root - <span class=\'text-success\'>login</span> - 2024-03-08 23:18:57 - IP: 175.129.147.78','','175.129.147.78','2024-03-08 14:18:57','2024-03-08 14:18:57'),(7,113,'login','abc - <span class=\'text-success\'>login</span> - 2024-03-08 23:56:09 - IP: 175.129.147.78','','175.129.147.78','2024-03-08 14:56:09','2024-03-08 14:56:09'),(8,1,'login','root - <span class=\'text-success\'>login</span> - 2024-03-09 00:32:17 - IP: 175.129.147.78','','175.129.147.78','2024-03-08 15:32:17','2024-03-08 15:32:17'),(9,1,'login','root - <span class=\'text-success\'>login</span> - 2024-03-09 03:08:09 - IP: 138.64.112.36','','138.64.112.36','2024-03-08 18:08:09','2024-03-08 18:08:09'),(10,1,'login','root - <span class=\'text-success\'>login</span> - 2024-03-09 04:49:40 - IP: 175.129.147.78','','175.129.147.78','2024-03-08 19:49:40','2024-03-08 19:49:40'),(11,1,'login','root - <span class=\'text-success\'>login</span> - 2024-03-09 09:35:45 - IP: 138.64.112.36','','138.64.112.36','2024-03-09 00:35:45','2024-03-09 00:35:45'),(12,1,'login','root - <span class=\'text-success\'>login</span> - 2024-03-10 03:58:54 - IP: 220.156.14.197','','220.156.14.197','2024-03-09 18:58:54','2024-03-09 18:58:54'),(13,1,'login','root - <span class=\'text-success\'>login</span> - 2024-03-10 05:19:02 - IP: 138.64.112.36','','138.64.112.36','2024-03-09 20:19:02','2024-03-09 20:19:02'),(14,117,'login','longnh - <span class=\'text-success\'>login</span> - 2024-03-10 05:30:04 - IP: 1.54.5.69','','1.54.5.69','2024-03-09 20:30:04','2024-03-09 20:30:04'),(15,117,'logout','longnh - <span class=\'text-danger\'>logout</span> - 2024-03-10 05:47:14 - IP: 1.54.5.69','','1.54.5.69','2024-03-09 20:47:14','2024-03-09 20:47:14'),(16,117,'login','longnh - <span class=\'text-success\'>login</span> - 2024-03-10 05:48:14 - IP: 1.54.5.69','','1.54.5.69','2024-03-09 20:48:14','2024-03-09 20:48:14'),(17,117,'login','longnh - <span class=\'text-success\'>login</span> - 2024-03-10 05:48:30 - IP: 1.54.5.69','','1.54.5.69','2024-03-09 20:48:30','2024-03-09 20:48:30'),(18,113,'login','abc - <span class=\'text-success\'>login</span> - 2024-03-10 05:55:00 - IP: 220.156.14.197','','220.156.14.197','2024-03-09 20:55:00','2024-03-09 20:55:00'),(19,1,'login','root - <span class=\'text-success\'>login</span> - 2024-03-10 23:48:49 - IP: 138.64.112.36','','138.64.112.36','2024-03-10 14:48:49','2024-03-10 14:48:49'),(20,1,'login','root - <span class=\'text-success\'>login</span> - 2024-03-11 00:37:03 - IP: 175.129.147.78','','175.129.147.78','2024-03-10 15:37:03','2024-03-10 15:37:03'),(21,1,'logout','root - <span class=\'text-danger\'>logout</span> - 2024-03-11 00:40:44 - IP: 175.129.147.78','','175.129.147.78','2024-03-10 15:40:44','2024-03-10 15:40:44'),(22,1,'login','root - <span class=\'text-success\'>login</span> - 2024-03-11 00:42:48 - IP: 175.129.147.78','','175.129.147.78','2024-03-10 15:42:48','2024-03-10 15:42:48'),(23,1,'logout','root - <span class=\'text-danger\'>logout</span> - 2024-03-11 00:48:42 - IP: 175.129.147.78','','175.129.147.78','2024-03-10 15:48:42','2024-03-10 15:48:42'),(24,1,'login','root - <span class=\'text-success\'>login</span> - 2024-03-11 00:52:47 - IP: 175.129.147.78','','175.129.147.78','2024-03-10 15:52:47','2024-03-10 15:52:47'),(25,1,'logout','root - <span class=\'text-danger\'>logout</span> - 2024-03-11 01:01:47 - IP: 175.129.147.78','','175.129.147.78','2024-03-10 16:01:47','2024-03-10 16:01:47'),(26,1,'login','root - <span class=\'text-success\'>login</span> - 2024-03-11 01:49:32 - IP: 175.129.147.78','','175.129.147.78','2024-03-10 16:49:32','2024-03-10 16:49:32'),(27,1,'logout','root - <span class=\'text-danger\'>logout</span> - 2024-03-11 01:53:28 - IP: 175.129.147.78','','175.129.147.78','2024-03-10 16:53:28','2024-03-10 16:53:28'),(28,113,'login','abc - <span class=\'text-success\'>login</span> - 2024-03-11 01:55:17 - IP: 175.129.147.78','','175.129.147.78','2024-03-10 16:55:17','2024-03-10 16:55:17'),(29,113,'logout','abc - <span class=\'text-danger\'>logout</span> - 2024-03-11 02:01:47 - IP: 175.129.147.78','','175.129.147.78','2024-03-10 17:01:47','2024-03-10 17:01:47'),(30,1,'login','root - <span class=\'text-success\'>login</span> - 2024-03-11 02:01:52 - IP: 175.129.147.78','','175.129.147.78','2024-03-10 17:01:52','2024-03-10 17:01:52'),(31,1,'login','root - <span class=\'text-success\'>login</span> - 2024-03-11 02:02:05 - IP: 175.129.147.78','','175.129.147.78','2024-03-10 17:02:05','2024-03-10 17:02:05'),(32,1,'login','root - <span class=\'text-success\'>login</span> - 2024-03-11 02:03:39 - IP: 138.64.112.36','','138.64.112.36','2024-03-10 17:03:39','2024-03-10 17:03:39'),(33,1,'logout','root - <span class=\'text-danger\'>logout</span> - 2024-03-11 06:25:11 - IP: 175.129.147.78','','175.129.147.78','2024-03-10 21:25:11','2024-03-10 21:25:11'),(34,1,'login','root - <span class=\'text-success\'>login</span> - 2024-03-11 06:25:56 - IP: 175.129.147.78','','175.129.147.78','2024-03-10 21:25:56','2024-03-10 21:25:56'),(35,113,'login','abc - <span class=\'text-success\'>login</span> - 2024-03-11 06:29:52 - IP: 175.129.147.78','','175.129.147.78','2024-03-10 21:29:52','2024-03-10 21:29:52'),(36,113,'logout','abc - <span class=\'text-danger\'>logout</span> - 2024-03-11 06:30:34 - IP: 175.129.147.78','','175.129.147.78','2024-03-10 21:30:34','2024-03-10 21:30:34'),(37,1,'login','root - <span class=\'text-success\'>login</span> - 2024-03-11 06:33:13 - IP: 175.129.147.78','','175.129.147.78','2024-03-10 21:33:13','2024-03-10 21:33:13'),(38,1,'login','root - <span class=\'text-success\'>login</span> - 2024-03-11 08:25:30 - IP: 138.64.112.36','','138.64.112.36','2024-03-10 23:25:30','2024-03-10 23:25:30'),(39,1,'logout','root - <span class=\'text-danger\'>logout</span> - 2024-03-11 08:25:49 - IP: 138.64.112.36','','138.64.112.36','2024-03-10 23:25:49','2024-03-10 23:25:49'),(40,117,'login','longnh - <span class=\'text-success\'>login</span> - 2024-03-11 08:37:41 - IP: 185.198.240.141','','185.198.240.141','2024-03-10 23:37:41','2024-03-10 23:37:41'),(41,1,'login','root - <span class=\'text-success\'>login</span> - 2024-03-11 08:59:27 - IP: 138.64.112.36','','138.64.112.36','2024-03-10 23:59:27','2024-03-10 23:59:27'),(42,1,'login','root - <span class=\'text-success\'>login</span> - 2024-03-11 23:28:54 - IP: 138.64.112.36','','138.64.112.36','2024-03-11 14:28:54','2024-03-11 14:28:54'),(43,1,'login','root - <span class=\'text-success\'>login</span> - 2024-03-12 00:25:49 - IP: 175.129.147.78','','175.129.147.78','2024-03-11 15:25:49','2024-03-11 15:25:49'),(44,1,'logout','root - <span class=\'text-danger\'>logout</span> - 2024-03-12 00:28:58 - IP: 175.129.147.78','','175.129.147.78','2024-03-11 15:28:58','2024-03-11 15:28:58'),(45,113,'login','abc - <span class=\'text-success\'>login</span> - 2024-03-12 00:29:11 - IP: 175.129.147.78','','175.129.147.78','2024-03-11 15:29:11','2024-03-11 15:29:11'),(46,1,'login','root - <span class=\'text-success\'>login</span> - 2024-03-12 06:10:12 - IP: 138.64.112.36','','138.64.112.36','2024-03-11 21:10:12','2024-03-11 21:10:12'),(47,1,'login','root - <span class=\'text-success\'>login</span> - 2024-03-12 13:56:23 - IP: 138.64.112.36','','138.64.112.36','2024-03-12 04:56:23','2024-03-12 04:56:23'),(48,1,'login','root - <span class=\'text-success\'>login</span> - 2024-03-12 18:06:11 - IP: 138.64.112.36','','138.64.112.36','2024-03-12 09:06:11','2024-03-12 09:06:11'),(49,1,'login','root - <span class=\'text-success\'>login</span> - 2024-03-13 00:35:54 - IP: 175.129.147.78','','175.129.147.78','2024-03-12 15:35:54','2024-03-12 15:35:54'),(50,1,'login','root - <span class=\'text-success\'>login</span> - 2024-03-13 02:45:31 - IP: 138.64.112.36','','138.64.112.36','2024-03-12 17:45:31','2024-03-12 17:45:31'),(51,1,'login','root - <span class=\'text-success\'>login</span> - 2024-03-13 02:57:34 - IP: 175.129.147.78','','175.129.147.78','2024-03-12 17:57:34','2024-03-12 17:57:34'),(52,1,'login','root - <span class=\'text-success\'>login</span> - 2024-03-13 05:46:59 - IP: 138.64.112.36','','138.64.112.36','2024-03-12 20:46:59','2024-03-12 20:46:59'),(53,1,'login','root - <span class=\'text-success\'>login</span> - 2024-03-13 09:17:23 - IP: 138.64.112.36','','138.64.112.36','2024-03-13 00:17:23','2024-03-13 00:17:23'),(54,1,'login','root - <span class=\'text-success\'>login</span> - 2024-03-14 00:17:35 - IP: 175.129.147.78','','175.129.147.78','2024-03-13 15:17:35','2024-03-13 15:17:35'),(55,1,'login','root - <span class=\'text-success\'>login</span> - 2024-03-14 02:36:27 - IP: 138.64.112.36','','138.64.112.36','2024-03-13 17:36:27','2024-03-13 17:36:27'),(56,113,'login','abc - <span class=\'text-success\'>login</span> - 2024-03-14 08:14:42 - IP: 175.129.147.78','','175.129.147.78','2024-03-13 23:14:42','2024-03-13 23:14:42'),(57,1,'login','root - <span class=\'text-success\'>login</span> - 2024-03-14 08:34:12 - IP: 175.129.147.78','','175.129.147.78','2024-03-13 23:34:12','2024-03-13 23:34:12'),(58,1,'login','root - <span class=\'text-success\'>login</span> - 2024-03-14 11:53:00 - IP: 182.169.1.2','','182.169.1.2','2024-03-14 02:53:00','2024-03-14 02:53:00'),(59,1,'login','root - <span class=\'text-success\'>login</span> - 2024-03-15 00:08:06 - IP: 138.64.112.36','','138.64.112.36','2024-03-14 15:08:06','2024-03-14 15:08:06'),(60,1,'login','root - <span class=\'text-success\'>login</span> - 2024-03-15 05:40:56 - IP: 138.64.112.36','','138.64.112.36','2024-03-14 20:40:56','2024-03-14 20:40:56'),(61,1,'login','root - <span class=\'text-success\'>login</span> - 2024-03-15 05:52:40 - IP: 175.129.147.78','','175.129.147.78','2024-03-14 20:52:40','2024-03-14 20:52:40'),(62,1,'login','root - <span class=\'text-success\'>login</span> - 2024-03-15 22:35:17 - IP: 175.129.147.78','','175.129.147.78','2024-03-15 13:35:17','2024-03-15 13:35:17'),(63,1,'login','root - <span class=\'text-success\'>login</span> - 2024-03-16 00:59:24 - IP: 138.64.112.36','','138.64.112.36','2024-03-15 15:59:24','2024-03-15 15:59:24'),(64,1,'login','root - <span class=\'text-success\'>login</span> - 2024-03-16 03:58:42 - IP: 175.129.147.78','','175.129.147.78','2024-03-15 18:58:42','2024-03-15 18:58:42'),(65,1,'login','root - <span class=\'text-success\'>login</span> - 2024-03-16 06:33:47 - IP: 175.129.147.78','','175.129.147.78','2024-03-15 21:33:47','2024-03-15 21:33:47'),(66,1,'login','root - <span class=\'text-success\'>login</span> - 2024-03-16 06:40:31 - IP: 138.64.112.36','','138.64.112.36','2024-03-15 21:40:31','2024-03-15 21:40:31'),(67,1,'login','root - <span class=\'text-success\'>login</span> - 2024-03-16 09:53:10 - IP: 175.129.147.78','','175.129.147.78','2024-03-16 00:53:10','2024-03-16 00:53:10'),(68,1,'login','root - <span class=\'text-success\'>login</span> - 2024-03-17 09:11:05 - IP: 175.129.147.78','','175.129.147.78','2024-03-17 00:11:05','2024-03-17 00:11:05'),(69,1,'login','root - <span class=\'text-success\'>login</span> - 2024-03-17 11:18:48 - IP: 175.129.147.78','','175.129.147.78','2024-03-17 02:18:48','2024-03-17 02:18:48'),(70,1,'login','root - <span class=\'text-success\'>login</span> - 2024-03-18 00:39:19 - IP: 175.129.147.78','','175.129.147.78','2024-03-17 15:39:19','2024-03-17 15:39:19'),(71,1,'login','root - <span class=\'text-success\'>login</span> - 2024-03-18 01:56:55 - IP: 138.64.112.36','','138.64.112.36','2024-03-17 16:56:55','2024-03-17 16:56:55'),(72,1,'login','root - <span class=\'text-success\'>login</span> - 2024-03-18 02:40:42 - IP: 175.129.147.78','','175.129.147.78','2024-03-17 17:40:42','2024-03-17 17:40:42'),(73,1,'login','root - <span class=\'text-success\'>login</span> - 2024-03-19 14:04:41 - IP: 138.64.112.36','','138.64.112.36','2024-03-19 05:04:41','2024-03-19 05:04:41'),(74,1,'login','root - <span class=\'text-success\'>login</span> - 2024-03-19 23:09:29 - IP: 138.64.112.36','','138.64.112.36','2024-03-19 14:09:29','2024-03-19 14:09:29'),(75,1,'login','root - <span class=\'text-success\'>login</span> - 2024-03-19 23:22:12 - IP: 175.129.147.78','','175.129.147.78','2024-03-19 14:22:12','2024-03-19 14:22:12'),(76,1,'login','root - <span class=\'text-success\'>login</span> - 2024-03-20 01:18:36 - IP: 175.129.147.78','','175.129.147.78','2024-03-19 16:18:36','2024-03-19 16:18:36'),(77,1,'login','root - <span class=\'text-success\'>login</span> - 2024-03-20 14:20:31 - IP: 138.64.112.36','','138.64.112.36','2024-03-20 05:20:31','2024-03-20 05:20:31'),(78,1,'login','root - <span class=\'text-success\'>login</span> - 2024-03-20 23:30:43 - IP: 138.64.112.36','','138.64.112.36','2024-03-20 14:30:43','2024-03-20 14:30:43'),(79,1,'login','root - <span class=\'text-success\'>login</span> - 2024-03-20 23:55:16 - IP: 175.129.147.78','','175.129.147.78','2024-03-20 14:55:16','2024-03-20 14:55:16'),(80,1,'login','root - <span class=\'text-success\'>login</span> - 2024-03-21 06:01:13 - IP: 138.64.112.36','','138.64.112.36','2024-03-20 21:01:13','2024-03-20 21:01:13'),(81,1,'login','root - <span class=\'text-success\'>login</span> - 2024-03-21 09:34:47 - IP: 138.64.112.36','','138.64.112.36','2024-03-21 00:34:47','2024-03-21 00:34:47'),(82,1,'login','root - <span class=\'text-success\'>login</span> - 2024-03-23 02:39:48 - IP: 138.64.112.36','','138.64.112.36','2024-03-22 17:39:48','2024-03-22 17:39:48'),(83,1,'login','root - <span class=\'text-success\'>login</span> - 2024-03-24 00:04:50 - IP: 175.129.147.78','','175.129.147.78','2024-03-23 15:04:50','2024-03-23 15:04:50'),(84,1,'login','root - <span class=\'text-success\'>login</span> - 2024-03-24 10:25:22 - IP: 175.129.147.78','','175.129.147.78','2024-03-24 01:25:22','2024-03-24 01:25:22'),(85,1,'login','root - <span class=\'text-success\'>login</span> - 2024-03-24 10:56:21 - IP: 138.64.112.36','','138.64.112.36','2024-03-24 01:56:21','2024-03-24 01:56:21'),(86,1,'login','root - <span class=\'text-success\'>login</span> - 2024-03-24 15:53:28 - IP: 138.64.112.36','','138.64.112.36','2024-03-24 06:53:28','2024-03-24 06:53:28'),(87,1,'login','root - <span class=\'text-success\'>login</span> - 2024-03-25 00:36:28 - IP: 138.64.112.36','','138.64.112.36','2024-03-24 15:36:28','2024-03-24 15:36:28'),(88,1,'login','root - <span class=\'text-success\'>login</span> - 2024-03-25 08:22:51 - IP: 138.64.112.36','','138.64.112.36','2024-03-24 23:22:51','2024-03-24 23:22:51'),(89,1,'login','root - <span class=\'text-success\'>login</span> - 2024-03-25 08:33:35 - IP: 138.64.112.36','','138.64.112.36','2024-03-24 23:33:35','2024-03-24 23:33:35'),(90,1,'login','root - <span class=\'text-success\'>login</span> - 2024-03-25 08:55:38 - IP: 138.64.112.36','','138.64.112.36','2024-03-24 23:55:38','2024-03-24 23:55:38'),(91,1,'login','root - <span class=\'text-success\'>login</span> - 2024-03-25 15:39:23 - IP: 175.129.147.78','','175.129.147.78','2024-03-25 06:39:23','2024-03-25 06:39:23'),(92,1,'login','root - <span class=\'text-success\'>login</span> - 2024-03-26 01:24:27 - IP: 138.64.112.36','','138.64.112.36','2024-03-25 16:24:27','2024-03-25 16:24:27'),(93,1,'login','root - <span class=\'text-success\'>login</span> - 2024-03-26 01:39:49 - IP: 175.129.147.78','','175.129.147.78','2024-03-25 16:39:49','2024-03-25 16:39:49'),(94,1,'login','root - <span class=\'text-success\'>login</span> - 2024-03-26 14:01:39 - IP: 138.64.112.36','','138.64.112.36','2024-03-26 05:01:39','2024-03-26 05:01:39'),(95,1,'login','root - <span class=\'text-success\'>login</span> - 2024-03-26 15:57:16 - IP: 138.64.112.36','','138.64.112.36','2024-03-26 06:57:16','2024-03-26 06:57:16'),(96,1,'login','root - <span class=\'text-success\'>login</span> - 2024-03-27 00:35:27 - IP: 138.64.112.36','','138.64.112.36','2024-03-26 15:35:27','2024-03-26 15:35:27'),(97,1,'login','root - <span class=\'text-success\'>login</span> - 2024-03-27 00:38:33 - IP: 138.64.112.36','','138.64.112.36','2024-03-26 15:38:33','2024-03-26 15:38:33'),(98,1,'login','root - <span class=\'text-success\'>login</span> - 2024-03-27 01:59:36 - IP: 138.64.112.36','','138.64.112.36','2024-03-26 16:59:36','2024-03-26 16:59:36'),(99,1,'login','root - <span class=\'text-success\'>login</span> - 2024-03-27 08:06:42 - IP: 138.64.112.36','','138.64.112.36','2024-03-26 23:06:42','2024-03-26 23:06:42'),(100,1,'login','root - <span class=\'text-success\'>login</span> - 2024-03-27 14:11:49 - IP: 138.64.112.36','','138.64.112.36','2024-03-27 05:11:49','2024-03-27 05:11:49'),(101,1,'login','root - <span class=\'text-success\'>login</span> - 2024-03-27 22:26:27 - IP: 175.129.147.78','','175.129.147.78','2024-03-27 13:26:27','2024-03-27 13:26:27'),(102,1,'login','root - <span class=\'text-success\'>login</span> - 2024-03-28 00:26:10 - IP: 138.64.112.36','','138.64.112.36','2024-03-27 15:26:10','2024-03-27 15:26:10'),(103,1,'login','root - <span class=\'text-success\'>login</span> - 2024-03-30 15:20:40 - IP: 138.64.112.36','','138.64.112.36','2024-03-30 06:20:40','2024-03-30 06:20:40'),(104,1,'login','root - <span class=\'text-success\'>login</span> - 2024-03-31 17:23:14 - IP: 138.64.112.36','','138.64.112.36','2024-03-31 08:23:14','2024-03-31 08:23:14'),(105,1,'login','root - <span class=\'text-success\'>login</span> - 2024-04-01 00:17:54 - IP: 138.64.112.36','','138.64.112.36','2024-03-31 15:17:54','2024-03-31 15:17:54'),(106,1,'login','root - <span class=\'text-success\'>login</span> - 2024-04-01 08:23:57 - IP: 138.64.112.36','','138.64.112.36','2024-03-31 23:23:57','2024-03-31 23:23:57'),(107,1,'login','root - <span class=\'text-success\'>login</span> - 2024-04-01 08:38:57 - IP: 175.129.147.78','','175.129.147.78','2024-03-31 23:38:57','2024-03-31 23:38:57'),(108,1,'login','root - <span class=\'text-success\'>login</span> - 2024-04-01 10:59:36 - IP: 138.64.112.36','','138.64.112.36','2024-04-01 01:59:36','2024-04-01 01:59:36'),(109,1,'login','root - <span class=\'text-success\'>login</span> - 2024-04-01 11:41:35 - IP: 138.64.112.36','','138.64.112.36','2024-04-01 02:41:35','2024-04-01 02:41:35'),(110,1,'login','root - <span class=\'text-success\'>login</span> - 2024-04-02 11:37:30 - IP: 138.64.112.36','','138.64.112.36','2024-04-02 02:37:30','2024-04-02 02:37:30'),(111,1,'login','root - <span class=\'text-success\'>login</span> - 2024-04-02 16:43:41 - IP: 138.64.112.36','','138.64.112.36','2024-04-02 07:43:41','2024-04-02 07:43:41'),(112,1,'login','root - <span class=\'text-success\'>login</span> - 2024-04-03 04:41:41 - IP: 175.129.147.78','','175.129.147.78','2024-04-02 19:41:41','2024-04-02 19:41:41'),(113,1,'login','root - <span class=\'text-success\'>login</span> - 2024-04-03 08:28:36 - IP: 138.64.112.36','','138.64.112.36','2024-04-02 23:28:36','2024-04-02 23:28:36'),(114,1,'login','root - <span class=\'text-success\'>login</span> - 2024-04-03 09:04:31 - IP: 133.106.142.188','','133.106.142.188','2024-04-03 00:04:31','2024-04-03 00:04:31'),(115,1,'login','root - <span class=\'text-success\'>login</span> - 2024-04-03 09:04:31 - IP: 133.106.142.188','','133.106.142.188','2024-04-03 00:04:31','2024-04-03 00:04:31'),(116,1,'login','root - <span class=\'text-success\'>login</span> - 2024-04-03 09:04:32 - IP: 133.106.142.188','','133.106.142.188','2024-04-03 00:04:32','2024-04-03 00:04:32'),(117,1,'login','root - <span class=\'text-success\'>login</span> - 2024-04-03 11:22:59 - IP: 138.64.112.36','','138.64.112.36','2024-04-03 02:22:59','2024-04-03 02:22:59'),(118,1,'login','root - <span class=\'text-success\'>login</span> - 2024-04-03 23:09:47 - IP: 138.64.112.36','','138.64.112.36','2024-04-03 14:09:47','2024-04-03 14:09:47'),(119,1,'login','root - <span class=\'text-success\'>login</span> - 2024-04-04 05:14:38 - IP: 175.129.147.78','','175.129.147.78','2024-04-03 20:14:38','2024-04-03 20:14:38'),(120,1,'login','root - <span class=\'text-success\'>login</span> - 2024-04-04 11:29:33 - IP: 175.129.147.78','','175.129.147.78','2024-04-04 02:29:33','2024-04-04 02:29:33'),(121,1,'login','root - <span class=\'text-success\'>login</span> - 2024-04-04 11:30:48 - IP: 138.64.112.36','','138.64.112.36','2024-04-04 02:30:48','2024-04-04 02:30:48'),(122,1,'login','root - <span class=\'text-success\'>login</span> - 2024-04-04 23:38:02 - IP: 138.64.112.36','','138.64.112.36','2024-04-04 14:38:02','2024-04-04 14:38:02'),(123,1,'login','root - <span class=\'text-success\'>login</span> - 2024-04-05 08:46:31 - IP: 138.64.112.36','','138.64.112.36','2024-04-04 23:46:31','2024-04-04 23:46:31'),(124,1,'login','root - <span class=\'text-success\'>login</span> - 2024-04-05 10:37:07 - IP: 138.64.112.36','','138.64.112.36','2024-04-05 01:37:07','2024-04-05 01:37:07'),(125,1,'login','root - <span class=\'text-success\'>login</span> - 2024-04-05 13:04:43 - IP: 138.64.112.36','','138.64.112.36','2024-04-05 04:04:43','2024-04-05 04:04:43'),(126,1,'login','root - <span class=\'text-success\'>login</span> - 2024-04-05 13:56:41 - IP: 133.106.45.6','','133.106.45.6','2024-04-05 04:56:41','2024-04-05 04:56:41'),(127,1,'login','root - <span class=\'text-success\'>login</span> - 2024-04-05 15:25:58 - IP: 118.69.12.114','','118.69.12.114','2024-04-05 06:25:58','2024-04-05 06:25:58'),(128,1,'login','root - <span class=\'text-success\'>login</span> - 2024-04-05 15:59:42 - IP: 138.64.112.36','','138.64.112.36','2024-04-05 06:59:42','2024-04-05 06:59:42'),(129,1,'login','root - <span class=\'text-success\'>login</span> - 2024-04-06 00:09:10 - IP: 138.64.112.36','','138.64.112.36','2024-04-05 15:09:10','2024-04-05 15:09:10'),(130,1,'login','root - <span class=\'text-success\'>login</span> - 2024-04-06 08:21:06 - IP: 106.146.9.106','','106.146.9.106','2024-04-05 23:21:06','2024-04-05 23:21:06'),(131,1,'login','root - <span class=\'text-success\'>login</span> - 2024-04-07 06:17:59 - IP: 163.49.208.109','','163.49.208.109','2024-04-06 21:17:59','2024-04-06 21:17:59'),(132,113,'login','abc - <span class=\'text-success\'>login</span> - 2024-04-07 06:23:24 - IP: 163.49.208.109','','163.49.208.109','2024-04-06 21:23:24','2024-04-06 21:23:24'),(133,1,'login','root - <span class=\'text-success\'>login</span> - 2024-04-08 10:59:37 - IP: 133.106.44.11','','133.106.44.11','2024-04-08 01:59:37','2024-04-08 01:59:37'),(134,1,'login','root - <span class=\'text-success\'>login</span> - 2024-04-08 11:06:54 - IP: 138.64.112.36','','138.64.112.36','2024-04-08 02:06:54','2024-04-08 02:06:54'),(135,1,'login','root - <span class=\'text-success\'>login</span> - 2024-04-09 09:39:11 - IP: 133.106.32.6','','133.106.32.6','2024-04-09 00:39:11','2024-04-09 00:39:11'),(136,1,'login','root - <span class=\'text-success\'>login</span> - 2024-04-09 12:04:30 - IP: 133.159.150.121','','133.159.150.121','2024-04-09 03:04:30','2024-04-09 03:04:30'),(137,1,'login','root - <span class=\'text-success\'>login</span> - 2024-04-09 14:29:39 - IP: 106.146.49.99','','106.146.49.99','2024-04-09 05:29:39','2024-04-09 05:29:39'),(138,1,'login','root - <span class=\'text-success\'>login</span> - 2024-04-09 15:40:42 - IP: 138.64.112.36','','138.64.112.36','2024-04-09 06:40:42','2024-04-09 06:40:42'),(139,1,'login','root - <span class=\'text-success\'>login</span> - 2024-04-09 15:53:07 - IP: 138.64.112.36','','138.64.112.36','2024-04-09 06:53:07','2024-04-09 06:53:07'),(140,1,'login','root - <span class=\'text-success\'>login</span> - 2024-04-11 09:34:44 - IP: 138.64.112.36','','138.64.112.36','2024-04-11 00:34:44','2024-04-11 00:34:44'),(141,1,'login','root - <span class=\'text-success\'>login</span> - 2024-04-11 10:20:23 - IP: 133.106.189.42','','133.106.189.42','2024-04-11 01:20:23','2024-04-11 01:20:23'),(142,1,'login','root - <span class=\'text-success\'>login</span> - 2024-04-11 11:01:17 - IP: 138.64.112.36','','138.64.112.36','2024-04-11 02:01:17','2024-04-11 02:01:17'),(143,1,'login','root - <span class=\'text-success\'>login</span> - 2024-04-11 13:59:46 - IP: 116.82.94.20','','116.82.94.20','2024-04-11 04:59:46','2024-04-11 04:59:46'),(144,1,'login','root - <span class=\'text-success\'>login</span> - 2024-04-11 18:37:19 - IP: 138.64.112.36','','138.64.112.36','2024-04-11 09:37:19','2024-04-11 09:37:19'),(145,1,'login','root - <span class=\'text-success\'>login</span> - 2024-04-11 22:46:01 - IP: 138.64.112.36','','138.64.112.36','2024-04-11 13:46:01','2024-04-11 13:46:01'),(146,1,'login','root - <span class=\'text-success\'>login</span> - 2024-04-12 09:33:50 - IP: 138.64.112.36','','138.64.112.36','2024-04-12 00:33:50','2024-04-12 00:33:50'),(147,1,'login','root - <span class=\'text-success\'>login</span> - 2024-04-12 11:51:51 - IP: 138.64.112.36','','138.64.112.36','2024-04-12 02:51:51','2024-04-12 02:51:51'),(148,1,'login','root - <span class=\'text-success\'>login</span> - 2024-04-12 11:58:01 - IP: 116.82.94.20','','116.82.94.20','2024-04-12 02:58:01','2024-04-12 02:58:01'),(149,1,'login','root - <span class=\'text-success\'>login</span> - 2024-04-12 12:15:52 - IP: 116.82.94.20','','116.82.94.20','2024-04-12 03:15:52','2024-04-12 03:15:52'),(150,1,'logout','root - <span class=\'text-danger\'>logout</span> - 2024-04-12 12:32:40 - IP: 116.82.94.20','','116.82.94.20','2024-04-12 03:32:40','2024-04-12 03:32:40'),(151,113,'login','abc - <span class=\'text-success\'>login</span> - 2024-04-12 12:32:48 - IP: 116.82.94.20','','116.82.94.20','2024-04-12 03:32:48','2024-04-12 03:32:48'),(152,1,'login','root - <span class=\'text-success\'>login</span> - 2024-04-12 12:33:26 - IP: 138.64.112.36','','138.64.112.36','2024-04-12 03:33:26','2024-04-12 03:33:26'),(153,113,'logout','abc - <span class=\'text-danger\'>logout</span> - 2024-04-12 12:37:02 - IP: 116.82.94.20','','116.82.94.20','2024-04-12 03:37:02','2024-04-12 03:37:02'),(154,1,'login','root - <span class=\'text-success\'>login</span> - 2024-04-12 12:37:16 - IP: 116.82.94.20','','116.82.94.20','2024-04-12 03:37:16','2024-04-12 03:37:16'),(155,1,'login','root - <span class=\'text-success\'>login</span> - 2024-04-12 17:40:17 - IP: 116.82.94.20','','116.82.94.20','2024-04-12 08:40:17','2024-04-12 08:40:17'),(156,1,'login','root - <span class=\'text-success\'>login</span> - 2024-04-12 18:07:21 - IP: 138.64.112.36','','138.64.112.36','2024-04-12 09:07:21','2024-04-12 09:07:21'),(157,1,'login','root - <span class=\'text-success\'>login</span> - 2024-04-13 00:36:07 - IP: 138.64.112.36','','138.64.112.36','2024-04-12 15:36:07','2024-04-12 15:36:07'),(158,1,'login','root - <span class=\'text-success\'>login</span> - 2024-04-13 06:10:54 - IP: 116.82.94.20','','116.82.94.20','2024-04-12 21:10:54','2024-04-12 21:10:54'),(159,1,'login','root - <span class=\'text-success\'>login</span> - 2024-04-13 10:30:48 - IP: 133.106.39.182','','133.106.39.182','2024-04-13 01:30:48','2024-04-13 01:30:48'),(160,1,'login','root - <span class=\'text-success\'>login</span> - 2024-04-13 10:41:07 - IP: 138.64.112.36','','138.64.112.36','2024-04-13 01:41:07','2024-04-13 01:41:07'),(161,1,'login','root - <span class=\'text-success\'>login</span> - 2024-04-13 11:20:23 - IP: 116.82.94.20','','116.82.94.20','2024-04-13 02:20:23','2024-04-13 02:20:23'),(162,1,'login','root - <span class=\'text-success\'>login</span> - 2024-04-14 23:42:22 - IP: 138.64.112.36','','138.64.112.36','2024-04-14 14:42:23','2024-04-14 14:42:23'),(163,1,'login','root - <span class=\'text-success\'>login</span> - 2024-04-15 06:17:48 - IP: 116.82.94.20','','116.82.94.20','2024-04-14 21:17:48','2024-04-14 21:17:48'),(164,1,'logout','root - <span class=\'text-danger\'>logout</span> - 2024-04-15 06:21:11 - IP: 116.82.94.20','','116.82.94.20','2024-04-14 21:21:11','2024-04-14 21:21:11'),(165,1,'login','root - <span class=\'text-success\'>login</span> - 2024-04-15 06:55:29 - IP: 116.82.94.20','','116.82.94.20','2024-04-14 21:55:29','2024-04-14 21:55:29'),(166,1,'login','root - <span class=\'text-success\'>login</span> - 2024-04-15 09:42:27 - IP: 138.64.112.36','','138.64.112.36','2024-04-15 00:42:27','2024-04-15 00:42:27'),(167,1,'login','root - <span class=\'text-success\'>login</span> - 2024-04-15 10:35:18 - IP: 138.64.112.36','','138.64.112.36','2024-04-15 01:35:18','2024-04-15 01:35:18'),(168,1,'login','root - <span class=\'text-success\'>login</span> - 2024-04-15 14:39:47 - IP: 138.64.112.36','','138.64.112.36','2024-04-15 05:39:47','2024-04-15 05:39:47'),(169,1,'login','root - <span class=\'text-success\'>login</span> - 2024-04-15 20:01:19 - IP: 138.64.112.36','','138.64.112.36','2024-04-15 11:01:19','2024-04-15 11:01:19');

--
-- Table structure for table `m_nationality`
--

CREATE TABLE `m_nationality` (
  `nationality_id` bigint unsigned NOT NULL AUTO_INCREMENT,
  `country_name_en` varchar(80) CHARACTER SET utf8mb4 COLLATE utf8mb4_unicode_ci NOT NULL,
  `name` varchar(191) CHARACTER SET utf8mb4 COLLATE utf8mb4_unicode_ci DEFAULT NULL,
  `country_name` varchar(191) CHARACTER SET utf8mb4 COLLATE utf8mb4_unicode_ci DEFAULT NULL,
  `default_lang_id` bigint DEFAULT NULL,
  `created_at` timestamp NULL DEFAULT CURRENT_TIMESTAMP,
  `updated_by_id` bigint DEFAULT NULL,
  `updated_at` timestamp NULL DEFAULT CURRENT_TIMESTAMP ON UPDATE CURRENT_TIMESTAMP,
  `updated_count` int DEFAULT NULL,
  `created_by_id` bigint DEFAULT NULL,
  PRIMARY KEY (`nationality_id`)
) ENGINE=InnoDB AUTO_INCREMENT=113 DEFAULT CHARSET=utf8mb4 COLLATE=utf8mb4_unicode_ci;

--
-- Dumping data for table `m_nationality`
--

INSERT INTO `m_nationality` VALUES (1,'Afghanistan','アフガニスタン人','アフガニスタン',1,'2024-03-18 01:37:54',NULL,'2024-03-18 01:38:02',NULL,NULL),(2,'Albania','アルバニア人','アルバニア',2,'2024-03-18 01:37:54',NULL,'2024-03-18 01:38:04',NULL,NULL),(3,'Algeria','アルジェリア人','アルジェリア',3,'2024-03-18 01:37:54',NULL,'2024-03-18 01:38:06',NULL,NULL),(4,'Argentina','アルゼンチン人','アルゼンチン',9,'2024-03-18 01:37:54',NULL,'2024-03-18 01:38:17',NULL,NULL),(5,'Australia','オーストラリア人','オーストラリア',7,'2024-03-18 01:37:54',NULL,'2024-03-18 01:38:23',NULL,NULL),(6,'Austria','オーストリア人','オーストリア',12,'2024-03-18 01:37:54',NULL,'2024-03-18 01:38:28',NULL,NULL),(7,'Bangladesh','バングラデシュ人','バングラデシュ',14,'2024-03-18 01:37:54',NULL,'2024-03-18 01:38:36',NULL,NULL),(8,'Belgium','ベルギー人','ベルギー',11,'2024-03-18 01:37:54',NULL,'2024-03-18 01:38:38',NULL,NULL),(9,'Bolivia','ボリビア人','ボリビア',9,'2024-03-18 01:37:54',NULL,'2024-03-18 01:38:46',NULL,NULL),(10,'Botswana','ボツワナ人','ボツワナ',7,'2024-03-18 01:37:54',NULL,'2024-03-18 01:38:59',NULL,NULL),(11,'Brazil','ブラジル人','ブラジル',6,'2024-03-18 01:37:54',NULL,'2024-03-18 01:39:16',NULL,NULL),(12,'Bulgaria','ブルガリア人','ブルガリア',20,'2024-03-18 01:37:54',NULL,'2024-03-18 01:39:21',NULL,NULL),(13,'Cambodia','カンボジア人','カンボジア',22,'2024-03-18 01:37:54',NULL,'2024-03-18 01:39:29',NULL,NULL),(14,'Cameroon','カメルーン人','カメルーン',7,'2024-03-18 01:37:54',NULL,'2024-03-18 01:39:31',NULL,NULL),(15,'Canada','カナダ人','カナダ',7,'2024-03-18 01:37:54',NULL,'2024-03-18 01:39:33',NULL,NULL),(16,'Chile','チリ人','チリ',9,'2024-03-18 01:37:54',NULL,'2024-03-18 01:39:40',NULL,NULL),(17,'China','中国人','中国',23,'2024-03-18 01:37:54',NULL,'2024-03-18 01:39:47',NULL,NULL),(18,'Colombia','コロンビア人','コロンビア',9,'2024-03-18 01:37:54',NULL,'2024-03-18 01:39:58',NULL,NULL),(19,'Costa Rica','コスタリカ人','コスタリカ',9,'2024-03-18 01:37:54',NULL,'2024-03-18 01:40:08',NULL,NULL),(20,'Croatia','クロアチア人','クロアチア',25,'2024-03-18 01:37:54',NULL,'2024-03-18 01:40:14',NULL,NULL),(21,'Cuba','キューバ人','キューバ',9,'2024-03-18 01:37:54',NULL,'2024-03-18 01:40:31',NULL,NULL),(22,'CzechRepublic','チェコ人','チェコ共和国',27,'2024-03-18 01:37:54',NULL,'2024-03-18 01:40:35',NULL,NULL),(23,'Denmark','デンマーク人','デンマーク',28,'2024-03-18 01:37:54',NULL,'2024-03-18 01:40:40',NULL,NULL),(24,'DominicanRepublic','ドミニカ人','ドミニカ共和国',9,'2024-03-18 01:37:54',NULL,'2024-03-18 01:40:51',NULL,NULL),(25,'Ecuador','エクアドル人','エクアドル',9,'2024-03-18 01:37:54',NULL,'2024-03-18 01:41:12',NULL,NULL),(26,'Egypt','エジプト人','エジプト',3,'2024-03-18 01:37:54',NULL,'2024-03-18 01:41:14',NULL,NULL),(27,'El Salvador','エルサルバドル人','エルサルバドル',9,'2024-03-18 01:37:54',NULL,'2024-03-18 01:41:18',NULL,NULL),(28,'England','イングランド人','イングランド',7,'2024-03-18 01:37:54',NULL,'2024-03-18 01:41:24',NULL,NULL),(29,'Estonia','エストニア人','エストニア',30,'2024-03-18 01:37:54',NULL,'2024-03-18 01:41:42',NULL,NULL),(30,'Ethiopia','エチオピア人','エチオピア',31,'2024-03-18 01:37:54',NULL,'2024-03-18 01:41:45',NULL,NULL),(31,'Fiji','フィジー人','フィジー',7,'2024-03-18 01:37:54',NULL,'2024-03-18 01:41:48',NULL,NULL),(32,'Finland','フィンランド人','フィンランド',32,'2024-03-18 01:37:54',NULL,'2024-03-18 01:41:52',NULL,NULL),(33,'France','フランス人','フランス',16,'2024-03-18 01:37:54',NULL,'2024-03-18 01:41:59',NULL,NULL),(34,'Germany','ドイツ人','ドイツ',12,'2024-03-18 01:37:54',NULL,'2024-03-18 01:42:03',NULL,NULL),(35,'Ghana','ガーナ人','ガーナ',7,'2024-03-18 01:37:54',NULL,'2024-03-18 01:42:11',NULL,NULL),(36,'Greece','ギリシャ人','ギリシャ',7,'2024-03-18 01:37:54',NULL,'2024-03-18 01:42:20',NULL,NULL),(37,'Guatemala','グアテマラ人','グアテマラ',9,'2024-03-18 01:37:54',NULL,'2024-03-18 01:42:32',NULL,NULL),(38,'Haiti','ハイチ人','ハイチ',16,'2024-03-18 01:37:54',NULL,'2024-03-18 01:42:37',NULL,NULL),(39,'Honduras','ホンジュラス人','ホンジュラス',9,'2024-03-18 01:37:54',NULL,'2024-03-18 01:42:47',NULL,NULL),(40,'Hungary','ハンガリー人','ハンガリー',37,'2024-03-18 01:37:54',NULL,'2024-03-18 01:42:50',NULL,NULL),(41,'Iceland','アイスランド人','アイスランド',38,'2024-03-18 01:37:54',NULL,'2024-03-18 01:42:56',NULL,NULL),(42,'India','インド人','インド',39,'2024-03-18 01:37:54',NULL,'2024-03-18 01:43:05',NULL,NULL),(43,'Indonesia','インドネシア人','インドネシア',40,'2024-03-18 01:37:54',NULL,'2024-03-18 01:43:10',NULL,NULL),(44,'Iran','イラン人','イラン',41,'2024-03-18 01:37:54',NULL,'2024-03-18 01:43:21',NULL,NULL),(45,'Iraq','イラク人','イラク',3,'2024-03-18 01:37:54',NULL,'2024-03-18 01:43:24',NULL,NULL),(46,'Ireland','アイルランド人','アイルランド',42,'2024-03-18 01:37:54',NULL,'2024-03-18 01:43:28',NULL,NULL),(47,'Israel','イスラエル人','イスラエル',43,'2024-03-18 01:37:54',NULL,'2024-03-18 01:43:40',NULL,NULL),(48,'Italy','イタリア人','イタリア',35,'2024-03-18 01:37:54',NULL,'2024-03-18 01:43:42',NULL,NULL),(49,'Jamaica','ジャマイカ人','ジャマイカ',7,'2024-03-18 01:37:54',NULL,'2024-03-18 01:43:46',NULL,NULL),(50,'Japan','日本人','日本',44,'2024-03-18 01:37:54',NULL,'2024-03-18 01:43:50',NULL,NULL),(51,'Jordan','ヨルダン人','ヨルダン',3,'2024-03-18 01:37:54',NULL,'2024-03-18 01:43:55',NULL,NULL),(52,'Kenya','ケニア人','ケニア',46,'2024-03-18 01:37:54',NULL,'2024-03-18 01:43:59',NULL,NULL),(53,'Kuwait','クウェート人','クウェート',3,'2024-03-18 01:37:54',NULL,'2024-03-18 01:44:14',NULL,NULL),(54,'Laos','ラオス人','ラオス',49,'2024-03-18 01:37:54',NULL,'2024-03-18 01:44:25',NULL,NULL),(55,'Latvia','ラトビア人','ラトビア',50,'2024-03-18 01:37:54',NULL,'2024-03-18 01:44:31',NULL,NULL),(56,'Lebanon','レバノン人','レバノン',3,'2024-03-18 01:37:54',NULL,'2024-03-18 01:44:37',NULL,NULL),(57,'Libya','リビア人','リビア',3,'2024-03-18 01:37:54',NULL,'2024-03-18 01:44:52',NULL,NULL),(58,'Lithuania','リトアニア人','リトアニア',52,'2024-03-18 01:37:54',NULL,'2024-03-18 01:44:54',NULL,NULL),(59,'Madagascar','マダガスカル人','マダガスカル',16,'2024-03-18 01:37:54',NULL,'2024-03-18 01:44:57',NULL,NULL),(60,'Malaysia','マレーシア人','マレーシア',19,'2024-03-18 01:37:54',NULL,'2024-03-18 01:45:13',NULL,NULL),(61,'Mali','マリ人','マリ',16,'2024-03-18 01:37:54',NULL,'2024-03-18 01:45:17',NULL,NULL),(62,'Malta','マルタ人','マルタ',56,'2024-03-18 01:37:54',NULL,'2024-03-18 01:45:20',NULL,NULL),(63,'Mexico','メキシコ人','メキシコ',9,'2024-03-18 01:37:54',NULL,'2024-03-18 01:45:29',NULL,NULL),(64,'Mongolia','モンゴル人','モンゴル',58,'2024-03-18 01:37:54',NULL,'2024-03-18 01:45:39',NULL,NULL),(65,'Morocco','モロッコ人','モロッコ',3,'2024-03-18 01:37:54',NULL,'2024-03-18 01:45:45',NULL,NULL),(66,'Mozambique','モザンビーク人','モザンビーク',6,'2024-03-18 01:37:54',NULL,'2024-03-18 01:45:51',NULL,NULL),(67,'Namibia','ナミビア人','ナミビア',7,'2024-03-18 01:37:54',NULL,'2024-03-18 01:45:55',NULL,NULL),(68,'Nepal','ネパール人','ネパール',60,'2024-03-18 01:37:54',NULL,'2024-03-18 01:46:12',NULL,NULL),(69,'Netherlands','オランダ人','オランダ',11,'2024-03-18 01:37:54',NULL,'2024-03-18 01:46:16',NULL,NULL),(70,'New Zealand','ニュージーランド人','ニュージーランド',7,'2024-03-18 01:37:54',NULL,'2024-03-18 01:46:24',NULL,NULL),(71,'Nicaragua','ニカラグア人','ニカラグア',9,'2024-03-18 01:37:54',NULL,'2024-03-18 01:46:31',NULL,NULL),(72,'Nigeria','ナイジェリア人','ナイジェリア',7,'2024-03-18 01:37:54',NULL,'2024-03-18 01:46:39',NULL,NULL),(73,'Norway','ノルウェー人','ノルウェー',61,'2024-03-18 01:37:54',NULL,'2024-03-18 01:46:45',NULL,NULL),(74,'Pakistan','パキスタン人','パキスタン',62,'2024-03-18 01:37:54',NULL,'2024-03-18 01:46:52',NULL,NULL),(75,'Panama','パナマ人','パナマ',9,'2024-03-18 01:37:54',NULL,'2024-03-18 01:47:03',NULL,NULL),(76,'Paraguay','パラグアイ人','パラグアイ',9,'2024-03-18 01:37:54',NULL,'2024-03-18 01:47:07',NULL,NULL),(77,'Peru','ペルー人','ペルー',9,'2024-03-18 01:37:54',NULL,'2024-03-18 01:47:11',NULL,NULL),(78,'Philippines','フィリピン人','フィリピン',63,'2024-03-18 01:37:54',NULL,'2024-03-18 01:47:15',NULL,NULL),(79,'Poland','ポーランド人','ポーランド',64,'2024-03-18 01:37:54',NULL,'2024-03-18 01:47:20',NULL,NULL),(80,'Portugal','ポルトガル人','ポルトガル',6,'2024-03-18 01:37:54',NULL,'2024-03-18 01:47:27',NULL,NULL),(81,'Romania','ルーマニア人','ルーマニア',57,'2024-03-18 01:37:54',NULL,'2024-03-18 01:47:33',NULL,NULL),(82,'Russia','ロシア人','ロシア',65,'2024-03-18 01:37:54',NULL,'2024-03-18 01:47:41',NULL,NULL),(83,'Saudi Arabia','サウジアラビア人','サウジアラビア',3,'2024-03-18 01:37:54',NULL,'2024-03-18 01:47:52',NULL,NULL),(84,'Scotland','スコットランド人','スコットランド',12,'2024-03-18 01:37:54',NULL,'2024-03-18 01:49:02',NULL,NULL),(85,'Senegal','セネガル人','セネガル',16,'2024-03-18 01:37:54',NULL,'2024-03-18 01:49:23',NULL,NULL),(86,'Serbia','セルビア人','セルビア',66,'2024-03-18 01:37:54',NULL,'2024-03-18 01:49:37',NULL,NULL),(87,'Singapore','シンガポール人','シンガポール',7,'2024-03-18 01:37:54',NULL,'2024-03-18 01:49:29',NULL,NULL),(88,'Slovakia','スロバキア人','スロバキア',67,'2024-03-18 01:37:54',NULL,'2024-03-18 01:49:43',NULL,NULL),(89,'South Africa','南アフリカ人','南アフリカ',7,'2024-03-18 01:37:54',NULL,'2024-03-18 01:49:50',NULL,NULL),(90,'South Korea','韓国人','韓国',47,'2024-03-18 01:37:54',NULL,'2024-03-18 01:50:20',NULL,NULL),(91,'Spain','スペイン人','スペイン',9,'2024-03-18 01:37:54',NULL,'2024-03-18 01:50:27',NULL,NULL),(92,'Sri Lanka','スリランカ人','スリランカ',70,'2024-03-18 01:37:54',NULL,'2024-03-18 01:50:30',NULL,NULL),(93,'Sudan','スーダン人','スーダン',3,'2024-03-18 01:37:54',NULL,'2024-03-18 01:50:36',NULL,NULL),(94,'Sweden','スウェーデン人','スウェーデン',71,'2024-03-18 01:37:54',NULL,'2024-03-18 01:50:40',NULL,NULL),(95,'Switzerland','スイス人','スイス',12,'2024-03-18 01:37:54',NULL,'2024-03-18 01:50:43',NULL,NULL),(96,'Syria','シリア人','シリア',3,'2024-03-18 01:37:54',NULL,'2024-03-18 01:52:13',NULL,NULL),(97,'Taiwan','台湾人','台湾',23,'2024-03-18 01:37:54',NULL,'2024-03-18 01:51:04',NULL,NULL),(98,'Tajikistan','タジキスタン人','タジキスタン',72,'2024-03-18 01:37:54',NULL,'2024-03-18 01:51:11',NULL,NULL),(99,'Thailand','タイ人','タイ',73,'2024-03-18 01:37:54',NULL,'2024-03-18 01:51:16',NULL,NULL),(100,'Tonga','トンガ人','トンガ',7,'2024-03-18 01:37:54',NULL,'2024-03-18 01:51:23',NULL,NULL),(101,'Tunisia','チュニジア人','チュニジア',3,'2024-03-18 01:37:54',NULL,'2024-03-18 01:52:24',NULL,NULL),(102,'Turkey','トルコ人','トルコ',75,'2024-03-18 01:37:54',NULL,'2024-03-18 01:52:26',NULL,NULL),(103,'Ukraine','ウクライナ人','ウクライナ',77,'2024-03-18 01:37:54',NULL,'2024-03-18 01:52:33',NULL,NULL),(104,'United Arab Emirates','アラブ首長国連邦人','アラブ首長国連邦',3,'2024-03-18 01:37:54',NULL,'2024-03-18 01:52:38',NULL,NULL),(105,'The United Kingdom','イギリス人','イギリス',7,'2024-03-18 01:37:54',NULL,'2024-03-18 01:52:40',NULL,NULL),(106,'The United States','アメリカ合衆国人','アメリカ合衆国',7,'2024-03-18 01:37:54',NULL,'2024-03-18 01:52:45',NULL,NULL),(107,'Uruguay','ウルグアイ人','ウルグアイ',9,'2024-03-18 01:37:54',NULL,'2024-03-18 01:52:48',NULL,NULL),(108,'Venezuela','ベネズエラ人','ベネズエラ',9,'2024-03-18 01:37:54',NULL,'2024-03-18 01:52:57',NULL,NULL),(109,'Vietnam','ベトナム人','ベトナム',80,'2024-03-18 01:37:54',NULL,'2024-03-18 01:53:00',NULL,NULL),(110,'Wales','ウェールズ人','ウェールズ',7,'2024-03-18 01:37:54',NULL,'2024-03-18 01:53:18',NULL,NULL),(111,'Zambia','ザンビア人','ザンビア',7,'2024-03-18 01:37:54',NULL,'2024-03-18 01:53:31',NULL,NULL),(112,'Zimbabwe','ジンバブエ人','ジンバブエ',7,'2024-03-18 01:37:54',NULL,'2024-03-18 01:53:33',NULL,NULL);

--
-- Table structure for table `m_scheduleservice`
--

CREATE TABLE `m_scheduleservice` (
  `id` int NOT NULL AUTO_INCREMENT,
  `status` int DEFAULT '1',
  `name` varchar(255) COLLATE utf8mb3_unicode_ci DEFAULT NULL,
  `time` varchar(191) COLLATE utf8mb3_unicode_ci DEFAULT NULL,
  `note` text COLLATE utf8mb3_unicode_ci,
  PRIMARY KEY (`id`)
) ENGINE=MyISAM AUTO_INCREMENT=3 DEFAULT CHARSET=utf8mb3 COLLATE=utf8mb3_unicode_ci;

--
-- Dumping data for table `m_scheduleservice`
--

INSERT INTO `m_scheduleservice` VALUES (1,1,'reminder:backup_db','21:00','DBバックアップ'),(2,0,'schedule_info_mail','21:01','');

--
-- Table structure for table `m_sending_agency`
--

CREATE TABLE `m_sending_agency` (
  `sending_agency_id` bigint unsigned NOT NULL AUTO_INCREMENT,
  `representative_name` varchar(50) CHARACTER SET utf8mb4 COLLATE utf8mb4_unicode_ci DEFAULT NULL,
  `representative_name_kana` varchar(100) CHARACTER SET utf8mb4 COLLATE utf8mb4_unicode_ci DEFAULT NULL,
  `postcode` varchar(10) CHARACTER SET utf8mb4 COLLATE utf8mb4_unicode_ci DEFAULT NULL,
  `address1` varchar(100) CHARACTER SET utf8mb4 COLLATE utf8mb4_unicode_ci DEFAULT NULL,
  `address2` varchar(200) CHARACTER SET utf8mb4 COLLATE utf8mb4_unicode_ci DEFAULT NULL,
  `tel` varchar(12) CHARACTER SET utf8mb4 COLLATE utf8mb4_unicode_ci DEFAULT NULL,
  `fax` varchar(12) CHARACTER SET utf8mb4 COLLATE utf8mb4_unicode_ci DEFAULT NULL,
  `mail` varchar(256) CHARACTER SET utf8mb4 COLLATE utf8mb4_unicode_ci DEFAULT NULL,
  `company_id` bigint NOT NULL,
  `created_by_id` bigint DEFAULT NULL,
  `created_at` timestamp NULL DEFAULT NULL,
  `updated_by_id` bigint DEFAULT NULL,
  `updated_at` timestamp NULL DEFAULT NULL,
  PRIMARY KEY (`sending_agency_id`)
) ENGINE=InnoDB AUTO_INCREMENT=13 DEFAULT CHARSET=utf8mb4 COLLATE=utf8mb4_unicode_ci;

--
-- Dumping data for table `m_sending_agency`
--

INSERT INTO `m_sending_agency` VALUES (2,'agency 1','agency 1','office 1','321','agency 1','1231231231','21321321','agency@gmail.com',2,1,'2023-12-20 18:04:02',1,'2023-12-20 18:04:02'),(3,'agency  2','agency2','office 1','321','agency 1','1231231231','21321321','agency2@gmail.com',2,1,'2023-12-20 18:04:13',1,'2023-12-20 18:04:13'),(4,'agency_name_1','agency_name_1',NULL,NULL,NULL,'22222',NULL,'agency_name_1@gmail.com',10,113,'2024-03-11 15:30:44',113,'2024-03-11 15:30:44'),(5,'agency_name_2','agency_name_2',NULL,NULL,NULL,'2222222',NULL,'agency_name_2@gmail.com',10,113,'2024-03-11 15:30:59',113,'2024-03-11 15:30:59'),(6,'agency_name_3','agency_name_3',NULL,NULL,NULL,'22222222',NULL,'agency_name_3@gmail.com',10,113,'2024-03-11 15:31:52',113,'2024-03-11 15:31:52'),(7,'agency_name_4','agency_name_4',NULL,NULL,NULL,'22222222',NULL,'agency_name_4@gmail.com',10,113,'2024-03-11 15:32:39',113,'2024-03-11 15:32:39'),(8,NULL,NULL,NULL,NULL,NULL,NULL,NULL,NULL,1,1,'2024-04-11 01:35:13',NULL,'2024-04-11 01:35:13'),(9,NULL,NULL,NULL,NULL,NULL,NULL,NULL,NULL,1,1,'2024-04-11 01:35:13',NULL,'2024-04-11 01:35:13'),(10,NULL,NULL,NULL,NULL,NULL,NULL,NULL,NULL,1,1,'2024-04-11 01:35:13',NULL,'2024-04-11 01:35:13'),(11,NULL,NULL,NULL,NULL,NULL,NULL,NULL,NULL,1,1,'2024-04-11 01:35:13',NULL,'2024-04-11 01:35:13'),(12,NULL,NULL,NULL,NULL,NULL,NULL,NULL,NULL,1,1,'2024-04-11 01:35:13',NULL,'2024-04-11 01:35:13');

--
-- Table structure for table `m_sending_agency_trainee`
--

CREATE TABLE `m_sending_agency_trainee` (
  `sending_agency_trainee_id` bigint unsigned NOT NULL AUTO_INCREMENT,
  `sending_agency_id` bigint NOT NULL,
  `trainee_id` bigint NOT NULL,
  `created_by_id` bigint DEFAULT NULL,
  `created_at` timestamp NULL DEFAULT NULL,
  `updated_by_id` bigint DEFAULT NULL,
  `updated_at` timestamp NULL DEFAULT NULL,
  `company_id` int NOT NULL,
  PRIMARY KEY (`sending_agency_trainee_id`)
) ENGINE=InnoDB DEFAULT CHARSET=utf8mb4 COLLATE=utf8mb4_unicode_ci;

--
-- Dumping data for table `m_sending_agency_trainee`
--


--
-- Table structure for table `m_stay_facility`
--

CREATE TABLE `m_stay_facility` (
  `stay_facility_id` bigint unsigned NOT NULL AUTO_INCREMENT,
  `name` varchar(254) CHARACTER SET utf8mb4 COLLATE utf8mb4_unicode_ci DEFAULT NULL,
  `stay_facility_form_div` varchar(254) CHARACTER SET utf8mb4 COLLATE utf8mb4_unicode_ci DEFAULT NULL,
  `stay_facility_form_detail` varchar(254) CHARACTER SET utf8mb4 COLLATE utf8mb4_unicode_ci DEFAULT NULL,
  `contributor_div` varchar(254) CHARACTER SET utf8mb4 COLLATE utf8mb4_unicode_ci DEFAULT NULL,
  `contributor_name` varchar(254) CHARACTER SET utf8mb4 COLLATE utf8mb4_unicode_ci DEFAULT NULL,
  `tel` varchar(254) CHARACTER SET utf8mb4 COLLATE utf8mb4_unicode_ci DEFAULT NULL,
  `postcode` varchar(254) CHARACTER SET utf8mb4 COLLATE utf8mb4_unicode_ci DEFAULT NULL,
  `address1` varchar(254) CHARACTER SET utf8mb4 COLLATE utf8mb4_unicode_ci DEFAULT NULL,
  `address2` varchar(254) CHARACTER SET utf8mb4 COLLATE utf8mb4_unicode_ci DEFAULT NULL,
  `total_area` varchar(254) CHARACTER SET utf8mb4 COLLATE utf8mb4_unicode_ci DEFAULT NULL,
  `trainee_number` varchar(254) CHARACTER SET utf8mb4 COLLATE utf8mb4_unicode_ci DEFAULT NULL,
  `house_density` varchar(254) CHARACTER SET utf8mb4 COLLATE utf8mb4_unicode_ci DEFAULT NULL,
  `trainee_charge_detail` varchar(254) CHARACTER SET utf8mb4 COLLATE utf8mb4_unicode_ci DEFAULT NULL,
  `other_note` varchar(254) CHARACTER SET utf8mb4 COLLATE utf8mb4_unicode_ci DEFAULT NULL,
  `created_by_id` bigint DEFAULT NULL,
  `created_at` timestamp NULL DEFAULT NULL,
  `updated_by_id` bigint DEFAULT NULL,
  `updated_at` timestamp NULL DEFAULT NULL,
  `updated_count` int DEFAULT NULL,
  `company_id` bigint NOT NULL,
  PRIMARY KEY (`stay_facility_id`)
) ENGINE=InnoDB AUTO_INCREMENT=4 DEFAULT CHARSET=utf8mb4 COLLATE=utf8mb4_unicode_ci;

--
-- Dumping data for table `m_stay_facility`
--

INSERT INTO `m_stay_facility` VALUES (1,'stay 12','02','stay 12','01','stay 12','1231231231','stay 12','stay 1','stay 12','stay 1','stay 12','stay 1','stay 12','stay 1',1,'2023-12-29 13:50:07',1,'2023-12-29 13:55:46',1,1),(2,'stay2','02','stay2','02','stay2','stay2','stay2stay2','stay2','stay2','stay2','stay2','stay2','stay2','stay2',1,'2023-12-29 13:51:55',NULL,'2023-12-29 13:51:55',NULL,1);

--
-- Table structure for table `m_subtask`
--

CREATE TABLE `m_subtask` (
  `subtask_id` bigint unsigned NOT NULL AUTO_INCREMENT,
  `task_id` bigint unsigned NOT NULL,
  `status` int DEFAULT '1',
  `type` int DEFAULT NULL,
  `subtype` int DEFAULT NULL,
  `title` varchar(255) COLLATE utf8mb3_unicode_ci DEFAULT NULL,
  `content` longtext COLLATE utf8mb3_unicode_ci,
  `created_at` timestamp NULL DEFAULT CURRENT_TIMESTAMP,
  `created_by_id` bigint unsigned DEFAULT NULL,
  `updated_at` timestamp NULL DEFAULT CURRENT_TIMESTAMP ON UPDATE CURRENT_TIMESTAMP,
  `updated_by_id` bigint unsigned DEFAULT NULL,
  `checked_on` date DEFAULT NULL,
  `checked_by_id` bigint unsigned DEFAULT NULL,
  `approved_on` date DEFAULT NULL,
  `approved_by_id` bigint unsigned DEFAULT NULL,
  `start_date` date DEFAULT NULL,
  `end_date` date DEFAULT NULL,
  `priority` int DEFAULT NULL,
  `deadline` date DEFAULT NULL,
  `employee_id` bigint unsigned DEFAULT NULL,
  `progress` int DEFAULT '0',
  `note` text COLLATE utf8mb3_unicode_ci,
  `parent_id` bigint unsigned DEFAULT NULL,
  `subtask` int DEFAULT NULL,
  `company_id` bigint unsigned DEFAULT NULL,
  `taskname` varchar(255) COLLATE utf8mb3_unicode_ci DEFAULT NULL,
  `staff_id` bigint unsigned DEFAULT NULL,
  `work_order` int DEFAULT NULL,
  PRIMARY KEY (`subtask_id`)
) ENGINE=MyISAM DEFAULT CHARSET=utf8mb3 COLLATE=utf8mb3_unicode_ci;

--
-- Dumping data for table `m_subtask`
--


--
-- Table structure for table `m_task`
--

CREATE TABLE `m_task` (
  `task_id` bigint unsigned NOT NULL AUTO_INCREMENT,
  `status` int DEFAULT '1',
  `type` int DEFAULT NULL,
  `subtype` int DEFAULT NULL,
  `title` varchar(255) COLLATE utf8mb3_unicode_ci DEFAULT NULL,
  `content` longtext COLLATE utf8mb3_unicode_ci,
  `created_at` timestamp NULL DEFAULT CURRENT_TIMESTAMP,
  `created_by_id` bigint unsigned DEFAULT NULL,
  `updated_at` timestamp NULL DEFAULT CURRENT_TIMESTAMP ON UPDATE CURRENT_TIMESTAMP,
  `updated_by_id` bigint unsigned DEFAULT NULL,
  `checked_on` date DEFAULT NULL,
  `checked_by_id` bigint unsigned DEFAULT NULL,
  `approved_on` date DEFAULT NULL,
  `approved_by_id` bigint unsigned DEFAULT NULL,
  `start_date` date DEFAULT NULL,
  `end_date` date DEFAULT NULL,
  `priority` int DEFAULT NULL,
  `deadline` date DEFAULT NULL,
  `employee_id` bigint unsigned DEFAULT NULL,
  `progress` int DEFAULT '0',
  `note` text COLLATE utf8mb3_unicode_ci,
  `parent_id` bigint unsigned DEFAULT NULL,
  `subtask` int DEFAULT NULL,
  `company_id` bigint unsigned DEFAULT NULL,
  `taskname` varchar(255) COLLATE utf8mb3_unicode_ci DEFAULT NULL,
  `staff_id` bigint unsigned DEFAULT NULL,
  `work_order` int DEFAULT NULL,
  PRIMARY KEY (`task_id`)
) ENGINE=MyISAM AUTO_INCREMENT=2 DEFAULT CHARSET=utf8mb3 COLLATE=utf8mb3_unicode_ci;

--
-- Dumping data for table `m_task`
--

INSERT INTO `m_task` VALUES (1,1,2,NULL,'2322','<p>2222</p>','2024-04-08 02:18:45',1,'2024-04-08 02:18:45',NULL,NULL,NULL,NULL,NULL,'2024-04-08','2024-04-08',1,'2024-04-08',NULL,1,'<p>1111</p>',NULL,NULL,1,NULL,117,1);

--
-- Table structure for table `m_trainee_visitreport`
--

CREATE TABLE `m_trainee_visitreport` (
  `trainee_visitreport_id` bigint unsigned NOT NULL AUTO_INCREMENT,
  `trainee_id` bigint DEFAULT NULL,
  `created_by_id` bigint DEFAULT NULL,
  `created_at` timestamp NULL DEFAULT NULL,
  `updated_by_id` bigint DEFAULT NULL,
  `updated_at` timestamp NULL DEFAULT NULL,
  `company_id` bigint NOT NULL,
  `month_number` int DEFAULT NULL,
  `date` date DEFAULT NULL,
  `plan_progress_1` int DEFAULT NULL,
  `plan_progress_2` int DEFAULT NULL,
  `plan_progress_3` int DEFAULT NULL,
  `progress_1` int DEFAULT NULL,
  `progress_2` int DEFAULT NULL,
  `progress_3` int DEFAULT NULL,
  `life_status_1` int DEFAULT NULL,
  `life_status_2` int DEFAULT NULL,
  `note` text CHARACTER SET utf8mb4 COLLATE utf8mb4_unicode_ci,
  PRIMARY KEY (`trainee_visitreport_id`)
) ENGINE=InnoDB AUTO_INCREMENT=2 DEFAULT CHARSET=utf8mb4 COLLATE=utf8mb4_unicode_ci;

--
-- Dumping data for table `m_trainee_visitreport`
--

INSERT INTO `m_trainee_visitreport` VALUES (1,3,NULL,'2024-04-09 08:03:28',NULL,'2024-04-09 08:03:28',1,123123,'2024-04-09',1,2,2,3,3,3,2,2,'123');

--
-- Table structure for table `m_training_facility`
--

CREATE TABLE `m_training_facility` (
  `training_facility_id` bigint unsigned NOT NULL AUTO_INCREMENT,
  `name` varchar(50) CHARACTER SET utf8mb4 COLLATE utf8mb4_unicode_ci DEFAULT NULL,
  `tel` varchar(12) CHARACTER SET utf8mb4 COLLATE utf8mb4_unicode_ci DEFAULT NULL,
  `postcode` varchar(10) CHARACTER SET utf8mb4 COLLATE utf8mb4_unicode_ci DEFAULT NULL,
  `address1` varchar(100) CHARACTER SET utf8mb4 COLLATE utf8mb4_unicode_ci DEFAULT NULL,
  `address2` varchar(200) CHARACTER SET utf8mb4 COLLATE utf8mb4_unicode_ci DEFAULT NULL,
  `food_expense_payment` varchar(1) CHARACTER SET utf8mb4 COLLATE utf8mb4_unicode_ci DEFAULT NULL,
  `food_expense_payment_detail` varchar(100) CHARACTER SET utf8mb4 COLLATE utf8mb4_unicode_ci DEFAULT NULL,
  `food_expense_trainee_charge` varchar(1) CHARACTER SET utf8mb4 COLLATE utf8mb4_unicode_ci DEFAULT NULL,
  `food_expense_trainee_charge_detail` varchar(100) CHARACTER SET utf8mb4 COLLATE utf8mb4_unicode_ci DEFAULT NULL,
  `food_expense_comment` varchar(200) CHARACTER SET utf8mb4 COLLATE utf8mb4_unicode_ci DEFAULT NULL,
  `house_cost_payment` varchar(255) CHARACTER SET utf8mb4 COLLATE utf8mb4_unicode_ci DEFAULT NULL,
  `house_cost_payment_detail` varchar(100) CHARACTER SET utf8mb4 COLLATE utf8mb4_unicode_ci DEFAULT NULL,
  `house_cost_trainee_charge` varchar(1) CHARACTER SET utf8mb4 COLLATE utf8mb4_unicode_ci DEFAULT NULL,
  `house_cost_trainee_charge_detail` varchar(100) CHARACTER SET utf8mb4 COLLATE utf8mb4_unicode_ci DEFAULT NULL,
  `training_place_form` varchar(2) CHARACTER SET utf8mb4 COLLATE utf8mb4_unicode_ci DEFAULT NULL,
  `training_place_form_detail` varchar(100) CHARACTER SET utf8mb4 COLLATE utf8mb4_unicode_ci DEFAULT NULL,
  `training_place_name` varchar(50) CHARACTER SET utf8mb4 COLLATE utf8mb4_unicode_ci DEFAULT NULL,
  `training_place_tel` varchar(12) CHARACTER SET utf8mb4 COLLATE utf8mb4_unicode_ci DEFAULT NULL,
  `training_place_postcode` varchar(12) CHARACTER SET utf8mb4 COLLATE utf8mb4_unicode_ci DEFAULT NULL,
  `training_place_address1` varchar(100) CHARACTER SET utf8mb4 COLLATE utf8mb4_unicode_ci DEFAULT NULL,
  `training_place_address2` varchar(200) CHARACTER SET utf8mb4 COLLATE utf8mb4_unicode_ci DEFAULT NULL,
  `training_place_area` varchar(254) CHARACTER SET utf8mb4 COLLATE utf8mb4_unicode_ci DEFAULT NULL,
  `training_place_person` varchar(254) CHARACTER SET utf8mb4 COLLATE utf8mb4_unicode_ci DEFAULT NULL,
  `training_place_room_area` varchar(254) CHARACTER SET utf8mb4 COLLATE utf8mb4_unicode_ci DEFAULT NULL,
  `created_by_id` bigint DEFAULT NULL,
  `created_at` timestamp NULL DEFAULT NULL,
  `updated_by_id` bigint DEFAULT NULL,
  `updated_at` timestamp NULL DEFAULT NULL,
  `company_id` bigint NOT NULL,
  PRIMARY KEY (`training_facility_id`)
) ENGINE=InnoDB AUTO_INCREMENT=3 DEFAULT CHARSET=utf8mb4 COLLATE=utf8mb4_unicode_ci;

--
-- Dumping data for table `m_training_facility`
--

INSERT INTO `m_training_facility` VALUES (1,'test12123123','test13','test14','test15','test16','0','test17','0','test12','test13','0','test14','0','test15','99','test12','test14','test13','test15','test16','test18','test17','test19','test111',1,'2023-12-20 16:48:06',1,'2024-02-23 13:50:15',1),(2,'facility1','facility1','facility1','facility1','facility1','1','facility1','1','facility1','facility1','1','facility1','1','facility1','01',NULL,'facility1','facility1','facility1','facility1','facility1','facility1','facility1','facility1',1,'2023-12-20 18:05:05',1,'2023-12-20 18:05:05',1);

--
-- Table structure for table `m_work`
--

CREATE TABLE `m_work` (
  `work_id` bigint unsigned NOT NULL AUTO_INCREMENT,
  `name` varchar(50) CHARACTER SET utf8mb4 COLLATE utf8mb4_unicode_ci DEFAULT NULL,
  `workflow_id` int DEFAULT NULL,
  `created_by_id` bigint DEFAULT NULL,
  `created_at` timestamp NULL DEFAULT NULL,
  `updated_by_id` bigint DEFAULT NULL,
  `updated_at` timestamp NULL DEFAULT NULL,
  `updated_count` int DEFAULT NULL,
  `company_id` bigint NOT NULL,
  PRIMARY KEY (`work_id`)
) ENGINE=InnoDB AUTO_INCREMENT=6 DEFAULT CHARSET=utf8mb4 COLLATE=utf8mb4_unicode_ci;

--
-- Dumping data for table `m_work`
--

INSERT INTO `m_work` VALUES (1,'work1',1,1,'2023-12-20 15:00:38',1,'2023-12-29 15:15:43',1,1),(2,'work2',2,1,'2023-12-22 19:41:19',1,'2023-12-29 15:15:56',1,1),(3,'1',4,50,'2023-12-27 17:38:28',NULL,'2023-12-27 17:38:28',NULL,6),(4,'work3',1,1,'2023-12-29 14:11:25',1,'2023-12-29 15:15:59',1,1);

--
-- Table structure for table `m_work_schedule`
--

CREATE TABLE `m_work_schedule` (
  `work_schedule_id` bigint unsigned NOT NULL AUTO_INCREMENT,
  `center_id` bigint unsigned DEFAULT NULL,
  `user_id` bigint unsigned DEFAULT NULL,
  `day` date DEFAULT NULL,
  `time_begin` time DEFAULT '00:00:00',
  `time_end` time DEFAULT '00:00:00',
  `note` text COLLATE utf8mb3_unicode_ci,
  `created_at` timestamp NULL DEFAULT CURRENT_TIMESTAMP,
  `created_by_id` bigint unsigned DEFAULT NULL,
  `updated_at` timestamp NULL DEFAULT CURRENT_TIMESTAMP ON UPDATE CURRENT_TIMESTAMP,
  `updated_by_id` bigint unsigned DEFAULT NULL,
  `status` int NOT NULL DEFAULT '1',
  `company_id` bigint unsigned DEFAULT NULL,
  PRIMARY KEY (`work_schedule_id`)
) ENGINE=MyISAM AUTO_INCREMENT=3 DEFAULT CHARSET=utf8mb3 COLLATE=utf8mb3_unicode_ci;

--
-- Dumping data for table `m_work_schedule`
--

INSERT INTO `m_work_schedule` VALUES (1,NULL,1,'2024-04-11','09:00:00','18:00:00','abc','2024-04-11 05:16:51',1,'2024-04-11 05:16:51',NULL,1,1),(2,NULL,1,'2024-04-13','09:00:00','18:00:00','bcccdđ','2024-04-11 05:17:40',1,'2024-04-11 05:17:40',NULL,1,1);

--
-- Table structure for table `m_workflow`
--

CREATE TABLE `m_workflow` (
  `flow_id` bigint unsigned NOT NULL AUTO_INCREMENT,
  `name` varchar(20) CHARACTER SET utf8mb4 COLLATE utf8mb4_unicode_ci DEFAULT NULL,
  `flowgroup_id` bigint DEFAULT NULL,
  `created_by_id` bigint DEFAULT NULL,
  `created_at` timestamp NULL DEFAULT NULL,
  `updated_by_id` bigint DEFAULT NULL,
  `updated_at` timestamp NULL DEFAULT NULL,
  `updated_count` int DEFAULT NULL,
  `company_id` bigint NOT NULL,
  PRIMARY KEY (`flow_id`)
) ENGINE=InnoDB AUTO_INCREMENT=7 DEFAULT CHARSET=utf8mb4 COLLATE=utf8mb4_unicode_ci;

--
-- Dumping data for table `m_workflow`
--

INSERT INTO `m_workflow` VALUES (1,'受入前事前説明',1,NULL,'2023-12-20 14:26:37',NULL,'2023-12-20 14:26:37',NULL,1),(2,'求人',1,NULL,'2023-12-20 14:58:23',1,'2023-12-20 14:59:40',NULL,1),(4,'21',1,50,'2023-12-27 17:37:59',NULL,'2023-12-27 17:37:59',NULL,6);

--
-- Table structure for table `m_working_hour`
--

CREATE TABLE `m_working_hour` (
  `working_hour_id` bigint unsigned NOT NULL AUTO_INCREMENT,
  `working_hour_from` varchar(10) CHARACTER SET utf8mb4 COLLATE utf8mb4_unicode_ci DEFAULT NULL,
  `working_hour_to` varchar(10) CHARACTER SET utf8mb4 COLLATE utf8mb4_unicode_ci DEFAULT NULL,
  `rest_time_from` varchar(10) CHARACTER SET utf8mb4 COLLATE utf8mb4_unicode_ci DEFAULT NULL,
  `rest_time_to` varchar(10) CHARACTER SET utf8mb4 COLLATE utf8mb4_unicode_ci DEFAULT NULL,
  `rest_time_from_2` varchar(10) CHARACTER SET utf8mb4 COLLATE utf8mb4_unicode_ci DEFAULT NULL,
  `rest_time_to_2` varchar(10) CHARACTER SET utf8mb4 COLLATE utf8mb4_unicode_ci DEFAULT NULL,
  `rest_time_from_3` varchar(10) CHARACTER SET utf8mb4 COLLATE utf8mb4_unicode_ci DEFAULT NULL,
  `rest_time_to_3` varchar(10) CHARACTER SET utf8mb4 COLLATE utf8mb4_unicode_ci DEFAULT NULL,
  `rest_hour` int DEFAULT NULL,
  `work_overtime` varchar(1) CHARACTER SET utf8mb4 COLLATE utf8mb4_unicode_ci DEFAULT NULL,
  `holiday_plan` varchar(30) CHARACTER SET utf8mb4 COLLATE utf8mb4_unicode_ci DEFAULT NULL,
  `working_hour_comment` varchar(350) CHARACTER SET utf8mb4 COLLATE utf8mb4_unicode_ci DEFAULT NULL,
  `working_condition` int DEFAULT NULL,
  `yearly_give` int DEFAULT NULL,
  `created_by_id` bigint DEFAULT NULL,
  `created_at` timestamp NULL DEFAULT NULL,
  `updated_by_id` bigint DEFAULT NULL,
  `updated_at` timestamp NULL DEFAULT NULL,
  `updated_count` int DEFAULT NULL,
  `company_id` bigint NOT NULL,
  PRIMARY KEY (`working_hour_id`)
) ENGINE=InnoDB AUTO_INCREMENT=3 DEFAULT CHARSET=utf8mb4 COLLATE=utf8mb4_unicode_ci;

--
-- Dumping data for table `m_working_hour`
--


--
-- Table structure for table `migrations`
--

CREATE TABLE `migrations` (
  `id` int unsigned NOT NULL AUTO_INCREMENT,
  `migration` varchar(255) CHARACTER SET utf8mb4 COLLATE utf8mb4_unicode_ci NOT NULL,
  `batch` int NOT NULL,
  PRIMARY KEY (`id`)
) ENGINE=InnoDB AUTO_INCREMENT=38 DEFAULT CHARSET=utf8mb4 COLLATE=utf8mb4_unicode_ci;

--
-- Dumping data for table `migrations`
--

INSERT INTO `migrations` VALUES (1,'2019_12_14_000001_create_personal_access_tokens_table',1),(2,'2023_12_09_102138_create_s_function_table',1),(3,'2023_12_09_102256_create_s_function_category_table',1),(4,'2023_12_09_103348_create_s_code_table',1),(5,'2023_12_09_103948_create_m_user_table',1),(6,'2023_12_09_104148_create_m_customer_table',1),(7,'2023_12_09_105542_create_m_customer_office',1),(8,'2023_12_09_110217_create_m_customer_staff',1),(9,'2023_12_09_110503_create_m_sending_agency_table',1),(10,'2023_12_09_110625_create_m_training_facility_table',1),(11,'2023_12_09_110754_create_m_trainee_table',1),(12,'2023_12_09_111250_create_m_trainee_relative_table',1),(13,'2023_12_09_111512_create_m_company_table',1),(14,'2023_12_09_111940_create_m_company_office',1),(15,'2023_12_09_112139_create_m_company_staff',1),(16,'2023_12_09_112325_create_m_stay_facility',1),(17,'2023_12_09_112359_create_m_nationality',1),(18,'2023_12_09_112427_create_m_native_language',1),(19,'2023_12_09_112508_create_m_working_hour',1),(20,'2023_12_09_112646_create_m_flowgroup',1),(21,'2023_12_09_112834_create_m_workflow',1),(22,'2023_12_09_113002_create_m_work',1),(23,'2023_12_09_113059_create_project',1),(24,'2023_12_09_113136_create_project_work',1),(25,'2023_12_09_113221_create_project_work_task',1),(26,'2023_12_09_113345_create_project_work_task_file',1),(27,'2023_12_09_113415_create_project_trainee',1),(28,'2023_12_09_113453_create_project_trainee_contract',1),(29,'2023_12_09_114701_create_project_document',1),(30,'2023_12_09_114802_create_project_document_attribute',1),(31,'2023_12_09_114908_create_document_template',1),(32,'2023_12_09_114957_create_document_attribute',1),(33,'2023_12_09_115043_create_audit_report',1),(34,'2023_12_09_115118_create_visit_guidance_record',1),(35,'2023_12_09_115224_create_visit_guidance_record_detail',1),(36,'2023_12_09_104148_create_m_customer1_table',2),(37,'2023_12_09_104148_create_m_customer2_table',3);

--
-- Table structure for table `project_training_gino`
--

CREATE TABLE `project_training_gino` (
  `project_training_gino_id` int NOT NULL AUTO_INCREMENT,
  `project_id` int NOT NULL,
  `company_id` int NOT NULL,
  `job_type` int DEFAULT NULL,
  `job_name` int DEFAULT NULL,
  `trainee_type` int DEFAULT NULL,
  `training_gino_date_to` date DEFAULT NULL,
  `training_gino_date_from` date DEFAULT NULL,
  `training_jp_date_from` date DEFAULT NULL,
  `training_jp_date_to` date DEFAULT NULL,
  `training_stop_date_from` date DEFAULT NULL,
  `trainig_stop_date_to` date DEFAULT NULL,
  `trainng_day_mon` tinyint(1) DEFAULT NULL,
  `training_day_tue` tinyint(1) DEFAULT NULL,
  `training_day_web` tinyint(1) DEFAULT NULL,
  `training_day_thur` tinyint(1) DEFAULT NULL,
  `training_day_fri` tinyint(1) DEFAULT NULL,
  `training_day_sat` tinyint(1) DEFAULT NULL,
  `training_day_sun` tinyint(1) DEFAULT NULL,
  `training_day_holiday` tinyint(1) DEFAULT NULL,
  `training_offday_month1` varchar(100) COLLATE utf8mb4_general_ci DEFAULT NULL,
  `training_offday_month2` varchar(100) COLLATE utf8mb4_general_ci DEFAULT NULL,
  `training_offday_month3` varchar(100) COLLATE utf8mb4_general_ci DEFAULT NULL,
  `training_offday_month4` varchar(100) COLLATE utf8mb4_general_ci DEFAULT NULL,
  `training_offday_month5` varchar(100) COLLATE utf8mb4_general_ci DEFAULT NULL,
  `training_offday_month6` varchar(100) COLLATE utf8mb4_general_ci DEFAULT NULL,
  `training_offday_month7` varchar(100) COLLATE utf8mb4_general_ci DEFAULT NULL,
  `training_offday_month8` varchar(100) COLLATE utf8mb4_general_ci DEFAULT NULL,
  `training_offday_month9` varchar(100) COLLATE utf8mb4_general_ci DEFAULT NULL,
  `training_offday_month10` varchar(100) COLLATE utf8mb4_general_ci DEFAULT NULL,
  `training_offday_month11` varchar(100) COLLATE utf8mb4_general_ci DEFAULT NULL,
  `training_offday_month12` varchar(100) COLLATE utf8mb4_general_ci DEFAULT NULL,
  `work_required_percent` varchar(255) COLLATE utf8mb4_general_ci DEFAULT NULL,
  `work_main_percent` varchar(255) COLLATE utf8mb4_general_ci DEFAULT NULL,
  `work_other_percent` varchar(255) COLLATE utf8mb4_general_ci DEFAULT NULL,
  `textbook_note` varchar(255) COLLATE utf8mb4_general_ci DEFAULT NULL,
  `product_note` varchar(255) COLLATE utf8mb4_general_ci DEFAULT NULL,
  `machine_note` varchar(255) COLLATE utf8mb4_general_ci DEFAULT NULL,
  `work_note` varchar(255) COLLATE utf8mb4_general_ci DEFAULT NULL,
  `created_at` datetime DEFAULT NULL,
  `updated_at` datetime DEFAULT NULL,
  PRIMARY KEY (`project_training_gino_id`)
) ENGINE=InnoDB AUTO_INCREMENT=11 DEFAULT CHARSET=utf8mb4 COLLATE=utf8mb4_general_ci;

--
-- Dumping data for table `project_training_gino`
--


--
-- Table structure for table `project_training_gino_detail`
--

CREATE TABLE `project_training_gino_detail` (
  `id` int NOT NULL AUTO_INCREMENT,
  `project_training_id` int NOT NULL,
  `work_type` int DEFAULT NULL,
  `work_name` varchar(255) COLLATE utf8mb4_general_ci DEFAULT NULL,
  `month1` varchar(255) COLLATE utf8mb4_general_ci DEFAULT NULL,
  `month2` varchar(255) COLLATE utf8mb4_general_ci DEFAULT NULL,
  `month3` varchar(255) COLLATE utf8mb4_general_ci DEFAULT NULL,
  `month4` varchar(255) COLLATE utf8mb4_general_ci DEFAULT NULL,
  `month5` varchar(255) COLLATE utf8mb4_general_ci DEFAULT NULL,
  `month6` varchar(255) COLLATE utf8mb4_general_ci DEFAULT NULL,
  `month7` varchar(255) COLLATE utf8mb4_general_ci DEFAULT NULL,
  `month8` varchar(255) COLLATE utf8mb4_general_ci DEFAULT NULL,
  `month9` varchar(255) COLLATE utf8mb4_general_ci DEFAULT NULL,
  `month10` varchar(255) COLLATE utf8mb4_general_ci DEFAULT NULL,
  `month11` varchar(255) COLLATE utf8mb4_general_ci DEFAULT NULL,
  `month12` varchar(255) COLLATE utf8mb4_general_ci DEFAULT NULL,
  `updated_at` datetime NOT NULL,
  `created_at` datetime NOT NULL,
  PRIMARY KEY (`id`)
) ENGINE=InnoDB AUTO_INCREMENT=6 DEFAULT CHARSET=utf8mb4 COLLATE=utf8mb4_general_ci;

--
-- Dumping data for table `project_training_gino_detail`
--



