-- Dumping data for table `et_doc_explanation_fees_trainee`
--

INSERT INTO `et_doc_explanation_fees_trainee` VALUES (2,'customer_name','job_name',1000,800,1111,500,2222,600,'salary_month_1st',1,'salary_month_1st',8,5,1000,900,'same_salary_japanese',1,1000,200,'japanese_other',0,'same_level_japanese_jobname',1,5,200,300,'same_level_japanese_reason',0,100,150,'same_level_japanese_salary_other',0,'same_level_no_salary_jobname',18,180,250,240,'same_level_no_salary_reason',1,300,360,'same_levele_no_salary_note',0,800,'learning_allowance_note',0,900,0,'meal_allowance_trainee_self_yes_note','meal_allowance_trainee_self_note',0,'learning_house_allowance_yes_note',1,'learning_house_allowance_trainee_self_yes_note',1,'learning_house_name','learning_house_address','learning_house_postcode','learning_house_tel',300,100,10,'learning_note',1,0,1,0,0,1,0,1,0,'house_check1_note','house_check2_note','house_check3_note','house_check4_note','house_check5_note','house_check6_note','house_check7_note','house_check8_note','house_check9_note','sign_customer_name','sign_name',10000,280,1,'meal_month_money_furniture_note','meal_money_description',270,1,'house_money_description','other_money_trainee_regular_1_name',100,'other_money_trainee_regular_2_name',110,'other_money_trainee_regular_3_name',120,'other_money_trainee_regular_wifi','200',NULL,NULL,NULL,NULL,NULL,0,0,1,320,160),(3,'Nguyen A','job_name',1000,800,1111,500,2222,600,'test',1,'salary_month_1st',1,2,3,900,'same_salary_japanese',1,1000,200,'test',1,'same_level_japanese_jobname',1,23,12345,88,'test',1,334,555,'test',1,'test',1000,1000,1000,10000,'test',1,33,22,'test',1,800,'test123',0,10000000,1,'test','test2',1,'test3',0,'test4',1,'test5','learning_house_address','learning_house_postcode','learning_house_tel',NULL,1113,220,'test',0,0,0,0,1,0,1,1,1,'test1','test1','test1','test1','test1','test1','test1','test1','test1','sign_customer_name','sign_name',44,66,0,'test1','test15',88,1,'house_money_description','other_money_trainee_regular_1_name',100,'other_money_trainee_regular_2_name',110,'other_money_trainee_regular_3_name',120,'other_money_trainee_regular_wifi','other_money_trainee_regular_money',NULL,NULL,NULL,NULL,NULL,0,0,0,320,160);

--
-- Table structure for table `et_doc_explanation_of_circumstances`
--

CREATE TABLE `et_doc_explanation_of_circumstances` (
  `id` bigint NOT NULL AUTO_INCREMENT,
  `specified_skilled_foreigners` varchar(255) COLLATE utf8mb4_general_ci DEFAULT NULL,
  `convenience_institution` text COLLATE utf8mb4_general_ci,
  `convenience_foreign_national` text COLLATE utf8mb4_general_ci,
  `responses_after_1` text COLLATE utf8mb4_general_ci,
  `responses_after_2` text COLLATE utf8mb4_general_ci,
  `responses_after_3` text COLLATE utf8mb4_general_ci,
  `responses_after_4` text COLLATE utf8mb4_general_ci,
  `responses_after_5` text COLLATE utf8mb4_general_ci,
  `responses_after_6` text COLLATE utf8mb4_general_ci,
  `contact_details` varchar(255) COLLATE utf8mb4_general_ci DEFAULT NULL,
  `planned_return` date DEFAULT NULL,
  `whether_guidance_1` tinyint DEFAULT NULL,
  `whether_guidance_2` tinyint DEFAULT NULL,
  `whether_guidance_3` tinyint DEFAULT NULL,
  `whether_guidance_4` tinyint DEFAULT NULL,
  `whether_guidance_5` tinyint DEFAULT NULL,
  `whether_guidance_6` tinyint DEFAULT NULL,
  `whether_guidance_7` tinyint DEFAULT NULL,
  `sign_name` varchar(255) COLLATE utf8mb4_general_ci DEFAULT NULL,
  `sign_name_document` varchar(255) COLLATE utf8mb4_general_ci DEFAULT NULL,
  `sign_date` date DEFAULT NULL,
  `created_at` datetime DEFAULT NULL,
  `created_by_id` bigint DEFAULT NULL,
  `updated_by_id` bigint DEFAULT NULL,
  `updated_at` datetime DEFAULT NULL,
  `company_id` bigint DEFAULT NULL,
  `updated_count` int DEFAULT NULL,
  PRIMARY KEY (`id`)
) ENGINE=InnoDB DEFAULT CHARSET=utf8mb4 COLLATE=utf8mb4_general_ci;

--
-- Dumping data for table `et_doc_explanation_of_circumstances`
--


--
-- Table structure for table `et_doc_ext_audit_report`
--

CREATE TABLE `et_doc_ext_audit_report` (
  `id` int NOT NULL AUTO_INCREMENT,
  `date` date DEFAULT NULL,
  `customer_director_name` varchar(255) CHARACTER SET utf8mb4 COLLATE utf8mb4_unicode_ci DEFAULT NULL,
  `creator_name` varchar(255) CHARACTER SET utf8mb4 COLLATE utf8mb4_0900_ai_ci DEFAULT NULL,
  `customer_name` varchar(255) CHARACTER SET utf8mb4 COLLATE utf8mb4_unicode_ci DEFAULT NULL,
  `customer_postcode` varchar(255) CHARACTER SET utf8mb4 COLLATE utf8mb4_unicode_ci DEFAULT NULL,
  `customer_address` varchar(255) CHARACTER SET utf8mb4 COLLATE utf8mb4_unicode_ci DEFAULT NULL,
  `customer_tel` varchar(255) CHARACTER SET utf8mb4 COLLATE utf8mb4_unicode_ci DEFAULT NULL,
  `customer_ceo_name` varchar(255) CHARACTER SET utf8mb4 COLLATE utf8mb4_unicode_ci DEFAULT NULL,
  `branch_name` varchar(255) CHARACTER SET utf8mb4 COLLATE utf8mb4_unicode_ci DEFAULT NULL,
  `branch_postcode` varchar(255) CHARACTER SET utf8mb4 COLLATE utf8mb4_unicode_ci DEFAULT NULL,
  `branch_address` varchar(255) CHARACTER SET utf8mb4 COLLATE utf8mb4_unicode_ci DEFAULT NULL,
  `branch_tel` varchar(255) CHARACTER SET utf8mb4 COLLATE utf8mb4_unicode_ci DEFAULT NULL,
  `branch_ceo_name` varchar(255) CHARACTER SET utf8mb4 COLLATE utf8mb4_unicode_ci DEFAULT NULL,
  `audit_date` date DEFAULT NULL,
  `audit_creator_name` varchar(255) CHARACTER SET utf8mb4 COLLATE utf8mb4_unicode_ci DEFAULT NULL,
  `audit_creator_support1` varchar(255) CHARACTER SET utf8mb4 COLLATE utf8mb4_unicode_ci DEFAULT NULL,
  `audit_creator_support2` varchar(255) CHARACTER SET utf8mb4 COLLATE utf8mb4_unicode_ci DEFAULT NULL,
  `report_audit_type` tinyint(1) DEFAULT NULL,
  `payslip_audit_type` tinyint(1) DEFAULT NULL,
  `audit_result` varchar(255) CHARACTER SET utf8mb4 COLLATE utf8mb4_unicode_ci DEFAULT NULL,
  `audit_evaluate` varchar(255) CHARACTER SET utf8mb4 COLLATE utf8mb4_unicode_ci DEFAULT NULL,
  `audit_note` varchar(255) CHARACTER SET utf8mb4 COLLATE utf8mb4_unicode_ci DEFAULT NULL,
  `audit_result_1_type` tinyint(1) DEFAULT NULL,
  `audit_result_1_note` varchar(255) CHARACTER SET utf8mb4 COLLATE utf8mb4_unicode_ci DEFAULT NULL,
  `audit_result_2_type` tinyint(1) DEFAULT NULL,
  `audit_result_2_note` varchar(255) CHARACTER SET utf8mb4 COLLATE utf8mb4_unicode_ci DEFAULT NULL,
  `audit_result_3_type` tinyint(1) DEFAULT NULL,
  `audit_result_3_note` varchar(255) CHARACTER SET utf8mb4 COLLATE utf8mb4_unicode_ci DEFAULT NULL,
  `audit_result_4_type` tinyint(1) DEFAULT NULL,
  `audit_result_4_note` varchar(255) CHARACTER SET utf8mb4 COLLATE utf8mb4_unicode_ci DEFAULT NULL,
  `audit_result_5_type` tinyint(1) DEFAULT NULL,
  `audit_result_5_note` varchar(255) CHARACTER SET utf8mb4 COLLATE utf8mb4_unicode_ci DEFAULT NULL,
  `audit_result_6_type` tinyint(1) DEFAULT NULL,
  `audit_result_6_note` varchar(255) CHARACTER SET utf8mb4 COLLATE utf8mb4_unicode_ci DEFAULT NULL,
  `audit_result_7_type` tinyint(1) DEFAULT NULL,
  `audit_result_7_note` varchar(255) CHARACTER SET utf8mb4 COLLATE utf8mb4_unicode_ci DEFAULT NULL,
  `audit_result_8_type` tinyint(1) DEFAULT NULL,
  `audit_result_8_note` varchar(255) CHARACTER SET utf8mb4 COLLATE utf8mb4_unicode_ci DEFAULT NULL,
  `audit_result_9_type` tinyint(1) DEFAULT NULL,
  `audit_result_9_note` varchar(255) CHARACTER SET utf8mb4 COLLATE utf8mb4_unicode_ci DEFAULT NULL,
  `audit_result_10_type` tinyint DEFAULT NULL,
  `audit_result_10_note` varchar(255) CHARACTER SET utf8mb4 COLLATE utf8mb4_unicode_ci DEFAULT NULL,
  `audit_result_11_type` tinyint DEFAULT NULL,
  `audit_result_11_note` varchar(255) CHARACTER SET utf8mb4 COLLATE utf8mb4_unicode_ci DEFAULT NULL,
  `audit_result_12_type` tinyint DEFAULT NULL,
  `audit_result_12_note` varchar(255) CHARACTER SET utf8mb4 COLLATE utf8mb4_unicode_ci DEFAULT NULL,
  `audit_result_13_type` tinyint DEFAULT NULL,
  `audit_result_13_note` varchar(255) CHARACTER SET utf8mb4 COLLATE utf8mb4_unicode_ci DEFAULT NULL,
  `audit_result_14_type` tinyint DEFAULT NULL,
  `audit_result_14_note` varchar(255) CHARACTER SET utf8mb4 COLLATE utf8mb4_unicode_ci DEFAULT NULL,
  `audit_result_15_type` tinyint DEFAULT NULL,
  `audit_result_15_note` varchar(255) CHARACTER SET utf8mb4 COLLATE utf8mb4_unicode_ci DEFAULT NULL,
  `audit_result_16_type` tinyint DEFAULT NULL,
  `audit_result_16_note` varchar(255) CHARACTER SET utf8mb4 COLLATE utf8mb4_unicode_ci DEFAULT NULL,
  `audit_result_17_type` tinyint DEFAULT NULL,
  `audit_result_17_note` varchar(255) CHARACTER SET utf8mb4 COLLATE utf8mb4_unicode_ci DEFAULT NULL,
  `audit_result_18_type` tinyint DEFAULT NULL,
  `audit_result_18_note` varchar(255) CHARACTER SET utf8mb4 COLLATE utf8mb4_unicode_ci DEFAULT NULL,
  `audit_result_19_type` tinyint(1) DEFAULT NULL,
  `audit_result_19_note` varchar(255) CHARACTER SET utf8mb4 COLLATE utf8mb4_unicode_ci DEFAULT NULL,
  `audit_result_20_type` tinyint(1) DEFAULT NULL,
  `audit_result_20_note` varchar(255) CHARACTER SET utf8mb4 COLLATE utf8mb4_unicode_ci DEFAULT NULL,
  `audit_result_21_type` tinyint(1) DEFAULT NULL,
  `audit_result_21_note` varchar(255) CHARACTER SET utf8mb4 COLLATE utf8mb4_unicode_ci DEFAULT NULL,
  `audit_result_22_type` tinyint(1) DEFAULT NULL,
  `audit_result_22_note` varchar(255) CHARACTER SET utf8mb4 COLLATE utf8mb4_unicode_ci DEFAULT NULL,
  `audit_result_23_type` tinyint(1) DEFAULT NULL,
  `audit_result_23_note` varchar(255) CHARACTER SET utf8mb4 COLLATE utf8mb4_unicode_ci DEFAULT NULL,
  `audit_result_24_type` tinyint(1) DEFAULT NULL,
  `audit_result_24_note` varchar(255) CHARACTER SET utf8mb4 COLLATE utf8mb4_unicode_ci DEFAULT NULL,
  `audit_result_25_type` tinyint(1) DEFAULT NULL,
  `audit_result_25_note` varchar(255) CHARACTER SET utf8mb4 COLLATE utf8mb4_unicode_ci DEFAULT NULL,
  `audit_result_26_type` tinyint(1) DEFAULT NULL,
  `audit_result_26_note` varchar(255) CHARACTER SET utf8mb4 COLLATE utf8mb4_unicode_ci DEFAULT NULL,
  `audit_result_27_type` tinyint(1) DEFAULT NULL,
  `audit_result_27_note` varchar(255) CHARACTER SET utf8mb4 COLLATE utf8mb4_unicode_ci DEFAULT NULL,
  `audit_result_28_type` int DEFAULT NULL,
  `audit_result_28_note` varchar(255) CHARACTER SET utf8mb4 COLLATE utf8mb4_unicode_ci DEFAULT NULL,
  `audit_result_29_type` tinyint(1) DEFAULT NULL,
  `audit_result_29_note` varchar(255) CHARACTER SET utf8mb4 COLLATE utf8mb4_unicode_ci DEFAULT NULL,
  `audit_result_30_type` tinyint(1) DEFAULT NULL,
  `audit_result_30_note` varchar(255) CHARACTER SET utf8mb4 COLLATE utf8mb4_unicode_ci DEFAULT NULL,
  `audit_result_31_type` tinyint(1) DEFAULT NULL,
  `audit_result_31_note` varchar(255) CHARACTER SET utf8mb4 COLLATE utf8mb4_unicode_ci DEFAULT NULL,
  `audit_result_32_type` tinyint(1) DEFAULT NULL,
  `audit_result_32_note` varchar(255) CHARACTER SET utf8mb4 COLLATE utf8mb4_unicode_ci DEFAULT NULL,
  `audit_result_33_type` tinyint(1) DEFAULT NULL,
  `audit_result_33_note` varchar(255) CHARACTER SET utf8mb4 COLLATE utf8mb4_unicode_ci DEFAULT NULL,
  `audit_result_34_type` tinyint(1) DEFAULT NULL,
  `audit_result_34_note` varchar(255) CHARACTER SET utf8mb4 COLLATE utf8mb4_unicode_ci DEFAULT NULL,
  `audit_result_35_type` tinyint(1) DEFAULT NULL,
  `audit_result_35_note` varchar(255) CHARACTER SET utf8mb4 COLLATE utf8mb4_unicode_ci DEFAULT NULL,
  `note_1` text CHARACTER SET utf8mb4 COLLATE utf8mb4_unicode_ci,
  `note_2` text CHARACTER SET utf8mb4 COLLATE utf8mb4_unicode_ci,
  `created_at` timestamp NULL DEFAULT NULL,
  `created_by_id` bigint DEFAULT NULL,
  `updated_at` int DEFAULT NULL,
  `updated_by_id` bigint DEFAULT NULL,
  `company_id` bigint DEFAULT NULL,
  `updated_count` int NOT NULL DEFAULT '0',
  PRIMARY KEY (`id`)
) ENGINE=InnoDB AUTO_INCREMENT=3 DEFAULT CHARSET=utf8mb4 COLLATE=utf8mb4_0900_ai_ci;

--
-- Dumping data for table `et_doc_ext_audit_report`
--

INSERT INTO `et_doc_ext_audit_report` VALUES (1,'2024-07-22','customer_director_name','creator_name','customer_name','customer_postcode','customer_address','0123456789','customer_ceo_name','branch_name','branch_postcode','branch_address','branch_tel','branch_ceo_name','2024-07-24','audit_creator_name','audit_creator_support1','audit_creator_support2',0,0,'audit_result','audit_evaluate','audit_note',0,'note1',1,'note2',0,'note3',0,'audit_result_4_note',1,'note5',0,'note6',NULL,'note7',0,'note8',0,'note9',1,'note10',1,'note11',0,'note12',0,'note13',0,'note14',1,'note15',0,'note16',0,'note17',1,'note18',0,'note19',0,'audit_result_20_type',0,'note21',1,'audit_result_22',0,'note23',0,'note24',1,'note25',0,'note26',0,'note27',1,'note28',1,'note29',1,'note30',1,'note31',1,'note32',0,'note33',1,'note34',0,'note35','test1\r\ntest 2','note 1\r\nnote2',NULL,NULL,NULL,1,1,6),(2,NULL,NULL,NULL,NULL,NULL,NULL,NULL,NULL,NULL,NULL,NULL,NULL,NULL,NULL,NULL,NULL,NULL,NULL,NULL,NULL,NULL,NULL,NULL,NULL,NULL,NULL,NULL,NULL,NULL,NULL,NULL,NULL,NULL,NULL,NULL,NULL,NULL,NULL,NULL,NULL,NULL,NULL,NULL,NULL,NULL,NULL,NULL,NULL,NULL,NULL,NULL,NULL,NULL,NULL,NULL,NULL,NULL,NULL,NULL,NULL,NULL,NULL,NULL,NULL,NULL,NULL,NULL,NULL,NULL,NULL,NULL,NULL,NULL,NULL,NULL,NULL,NULL,NULL,NULL,NULL,NULL,NULL,NULL,NULL,NULL,NULL,NULL,NULL,NULL,NULL,NULL,NULL,'note1\r\nnote2','test\r\ntest123',NULL,NULL,NULL,NULL,1,0);

--
-- Table structure for table `et_doc_ext_audit_report_accompany`
--

CREATE TABLE `et_doc_ext_audit_report_accompany` (
  `id` int NOT NULL AUTO_INCREMENT,
  `date` date DEFAULT NULL,
  `customer_director_name` varchar(255) CHARACTER SET utf8mb4 COLLATE utf8mb4_unicode_ci DEFAULT NULL,
  `creator_name` varchar(255) CHARACTER SET utf8mb4 COLLATE utf8mb4_unicode_ci DEFAULT NULL,
  `customer_name` varchar(255) CHARACTER SET utf8mb4 COLLATE utf8mb4_unicode_ci DEFAULT NULL,
  `customer_postcode` varchar(255) CHARACTER SET utf8mb4 COLLATE utf8mb4_unicode_ci DEFAULT NULL,
  `customer_address` varchar(255) CHARACTER SET utf8mb4 COLLATE utf8mb4_unicode_ci DEFAULT NULL,
  `customer_tel` varchar(255) CHARACTER SET utf8mb4 COLLATE utf8mb4_unicode_ci DEFAULT NULL,
  `customer_ceo_name` varchar(255) CHARACTER SET utf8mb4 COLLATE utf8mb4_unicode_ci DEFAULT NULL,
  `branch_name` varchar(255) CHARACTER SET utf8mb4 COLLATE utf8mb4_unicode_ci DEFAULT NULL,
  `branch_postcode` varchar(255) CHARACTER SET utf8mb4 COLLATE utf8mb4_unicode_ci DEFAULT NULL,
  `branch_address` varchar(255) CHARACTER SET utf8mb4 COLLATE utf8mb4_unicode_ci DEFAULT NULL,
  `branch_tel` varchar(255) CHARACTER SET utf8mb4 COLLATE utf8mb4_unicode_ci DEFAULT NULL,
  `branch_ceo_name` varchar(255) CHARACTER SET utf8mb4 COLLATE utf8mb4_unicode_ci DEFAULT NULL,
  `audit_date` date DEFAULT NULL,
  `audit_creator_name` varchar(255) CHARACTER SET utf8mb4 COLLATE utf8mb4_unicode_ci DEFAULT NULL,
  `audit_creator_support1` varchar(255) CHARACTER SET utf8mb4 COLLATE utf8mb4_unicode_ci DEFAULT NULL,
  `audit_creator_support2` varchar(255) CHARACTER SET utf8mb4 COLLATE utf8mb4_unicode_ci DEFAULT NULL,
  `company_name` varchar(255) CHARACTER SET utf8mb4 COLLATE utf8mb4_unicode_ci DEFAULT NULL,
  `company_postcode` varchar(255) CHARACTER SET utf8mb4 COLLATE utf8mb4_unicode_ci DEFAULT NULL,
  `company_address` varchar(255) CHARACTER SET utf8mb4 COLLATE utf8mb4_unicode_ci DEFAULT NULL,
  `company_tel` varchar(255) CHARACTER SET utf8mb4 COLLATE utf8mb4_unicode_ci DEFAULT NULL,
  `company_branch_address` varchar(255) CHARACTER SET utf8mb4 COLLATE utf8mb4_unicode_ci DEFAULT NULL,
  `company_branch_trainning_address` varchar(255) CHARACTER SET utf8mb4 COLLATE utf8mb4_unicode_ci DEFAULT NULL,
  `home_address` varchar(255) CHARACTER SET utf8mb4 COLLATE utf8mb4_unicode_ci DEFAULT NULL,
  `check_type_5` tinyint(1) DEFAULT NULL,
  `check_type_6` tinyint(1) DEFAULT NULL,
  `check_type_7` tinyint(1) DEFAULT NULL,
  `check_type_8` tinyint(1) DEFAULT NULL,
  `check_type_9` tinyint(1) DEFAULT NULL,
  `evaluate_content` text CHARACTER SET utf8mb4 COLLATE utf8mb4_unicode_ci,
  `note` varchar(255) CHARACTER SET utf8mb4 COLLATE utf8mb4_unicode_ci DEFAULT NULL,
  `created_at` timestamp NULL DEFAULT NULL,
  `created_by_id` bigint DEFAULT NULL,
  `updated_at` int DEFAULT NULL,
  `updated_by_id` bigint DEFAULT NULL,
  `company_id` bigint DEFAULT NULL,
  `updated_count` int NOT NULL DEFAULT '0',
  PRIMARY KEY (`id`)
) ENGINE=InnoDB AUTO_INCREMENT=3 DEFAULT CHARSET=utf8mb4 COLLATE=utf8mb4_0900_ai_ci;

--
-- Dumping data for table `et_doc_ext_audit_report_accompany`
--

INSERT INTO `et_doc_ext_audit_report_accompany` VALUES (1,'2024-07-18','customer_director_name','creator_name','customer_name','321 ― 2341','customer_address','321 ― 3213 ― 2132','customer_ceo_name','branch_name','321 ― 3213','branch_address','213 ― 2132 ― 1321','branch_ceo_name','2024-07-18','audit_creator_name','audit_creator_support1','audit_creator_support2','company_name','321 ― 3213','company_address','231 ― 2132 ― 1321','company_branch_address','company_branch_trainning_address','home_address',2,2,1,2,2,'evaluate_content','note',NULL,NULL,NULL,NULL,NULL,0),(2,'2024-08-05','customer_director_name','creator_name','customer_name','111 ― 2222','customer_address','111 ― 2222 ― 9999','customer_ceo_name','branch_name','111 ― 2222','branch_address 123456','111 ― 2222 ― 1111','branch_ceo_name','2024-08-06','audit_creator_name','audit_creator_support1','audit_creator_support2','company_name','112 ― 1111','company_address','888 ― 8888 ― 8888','company_branch_address','company_branch_trainning_address','home_address',2,2,1,1,1,'test\r\ntest1\r\ntest2','note1\r\nnote2\r\n11',NULL,NULL,NULL,NULL,NULL,0);

--
-- Table structure for table `et_doc_ext_auditor_brief`
--

CREATE TABLE `et_doc_ext_auditor_brief` (
  `id` int NOT NULL AUTO_INCREMENT,
  `company_name` varchar(255) CHARACTER SET utf8mb4 COLLATE utf8mb4_unicode_ci DEFAULT NULL,
  `company_name_furigana` varchar(255) CHARACTER SET utf8mb4 COLLATE utf8mb4_unicode_ci DEFAULT NULL,
  `company_postcode` varchar(255) CHARACTER SET utf8mb4 COLLATE utf8mb4_unicode_ci DEFAULT NULL,
  `company_address` varchar(255) CHARACTER SET utf8mb4 COLLATE utf8mb4_unicode_ci DEFAULT NULL,
  `company_tel` varchar(255) CHARACTER SET utf8mb4 COLLATE utf8mb4_unicode_ci DEFAULT NULL,
  `company_leader_name` varchar(255) CHARACTER SET utf8mb4 COLLATE utf8mb4_unicode_ci DEFAULT NULL,
  `company_leader_furigana` varchar(255) CHARACTER SET utf8mb4 COLLATE utf8mb4_unicode_ci DEFAULT NULL,
  `company_leader_title` varchar(255) CHARACTER SET utf8mb4 COLLATE utf8mb4_unicode_ci DEFAULT NULL,
  `person_name` varchar(255) CHARACTER SET utf8mb4 COLLATE utf8mb4_unicode_ci DEFAULT NULL,
  `person_name_furigang` varchar(255) CHARACTER SET utf8mb4 COLLATE utf8mb4_unicode_ci DEFAULT NULL,
  `person_postcode` varchar(255) CHARACTER SET utf8mb4 COLLATE utf8mb4_unicode_ci DEFAULT NULL,
  `person_address` varchar(255) CHARACTER SET utf8mb4 COLLATE utf8mb4_unicode_ci DEFAULT NULL,
  `person_tel` varchar(255) CHARACTER SET utf8mb4 COLLATE utf8mb4_unicode_ci DEFAULT NULL,
  `person_national` varchar(255) DEFAULT NULL,
  `person_title` varchar(255) DEFAULT NULL,
  `person_certificate` varchar(255) CHARACTER SET utf8mb4 COLLATE utf8mb4_unicode_ci DEFAULT NULL,
  `training_experience_cv` varchar(255) CHARACTER SET utf8mb4 COLLATE utf8mb4_unicode_ci DEFAULT NULL,
  `training_semina_cv` varchar(255) CHARACTER SET utf8mb4 COLLATE utf8mb4_unicode_ci DEFAULT NULL,
  `applicant_relationship` varchar(255) CHARACTER SET utf8mb4 COLLATE utf8mb4_unicode_ci DEFAULT NULL,
  `sign_date` date DEFAULT NULL,
  `sign_name` varchar(255) CHARACTER SET utf8mb4 COLLATE utf8mb4_unicode_ci DEFAULT NULL,
  `sign_creator_name` varchar(255) CHARACTER SET utf8mb4 COLLATE utf8mb4_unicode_ci DEFAULT NULL,
  `created_at` timestamp NULL DEFAULT NULL,
  `created_by_id` bigint DEFAULT NULL,
  `updated_at` int DEFAULT NULL,
  `updated_by_id` bigint DEFAULT NULL,
  `company_id` bigint DEFAULT NULL,
  `updated_count` int NOT NULL DEFAULT '0',
  PRIMARY KEY (`id`)
) ENGINE=InnoDB AUTO_INCREMENT=3 DEFAULT CHARSET=utf8mb4 COLLATE=utf8mb4_0900_ai_ci;

--
-- Dumping data for table `et_doc_ext_auditor_brief`
--

INSERT INTO `et_doc_ext_auditor_brief` VALUES (1,'company_name','company_name_furigana','company_postcode','company_address','company_tel','company_leader_name','company_leader_furigana','company_leader_title','person_name','person_name_furigang','person_postcode','person_address','person_tel','person_national','person_title','person_certificate','training_experience_cv','training_semina_cv','applicant_relationship','2024-07-02','sign_name','test123',NULL,NULL,NULL,1,1,1),(2,NULL,NULL,NULL,NULL,NULL,NULL,NULL,NULL,NULL,NULL,NULL,NULL,NULL,NULL,NULL,NULL,NULL,NULL,NULL,NULL,NULL,NULL,NULL,NULL,NULL,1,1,7);

--
-- Table structure for table `et_doc_ext_auditor_pledge`
--

CREATE TABLE `et_doc_ext_auditor_pledge` (
  `id` int NOT NULL AUTO_INCREMENT,
  `sign_date` date DEFAULT NULL,
  `sign_name` varchar(255) CHARACTER SET utf8mb4 COLLATE utf8mb4_unicode_ci DEFAULT NULL,
  `customer_name` varchar(255) CHARACTER SET utf8mb4 COLLATE utf8mb4_unicode_ci DEFAULT NULL,
  `created_at` timestamp NULL DEFAULT NULL,
  `created_by_id` bigint DEFAULT NULL,
  `updated_at` int DEFAULT NULL,
  `updated_by_id` bigint DEFAULT NULL,
  `company_id` bigint DEFAULT NULL,
  `updated_count` int NOT NULL DEFAULT '0',
  PRIMARY KEY (`id`)
) ENGINE=InnoDB AUTO_INCREMENT=3 DEFAULT CHARSET=utf8mb4 COLLATE=utf8mb4_0900_ai_ci;

--
-- Dumping data for table `et_doc_ext_auditor_pledge`
--

INSERT INTO `et_doc_ext_auditor_pledge` VALUES (1,'2024-07-25','sign_name','customer_name',NULL,NULL,NULL,NULL,NULL,0),(2,'2024-08-13','sign_name','監理団体',NULL,NULL,NULL,NULL,NULL,0);

--
-- Table structure for table `et_doc_ext_officer_confirm`
--

CREATE TABLE `et_doc_ext_officer_confirm` (
  `id` int NOT NULL AUTO_INCREMENT,
  `date` date DEFAULT NULL,
  `customer_director_name` varchar(255) CHARACTER SET utf8mb4 COLLATE utf8mb4_unicode_ci DEFAULT NULL,
  `customer_name` varchar(255) CHARACTER SET utf8mb4 COLLATE utf8mb4_0900_ai_ci DEFAULT NULL,
  `customer_postcode` varchar(255) CHARACTER SET utf8mb4 COLLATE utf8mb4_unicode_ci DEFAULT NULL,
  `customer_address` varchar(255) CHARACTER SET utf8mb4 COLLATE utf8mb4_unicode_ci DEFAULT NULL,
  `customer_tel` varchar(255) CHARACTER SET utf8mb4 COLLATE utf8mb4_unicode_ci DEFAULT NULL,
  `customer_ceo_name` varchar(255) CHARACTER SET utf8mb4 COLLATE utf8mb4_unicode_ci DEFAULT NULL,
  `branch_name` varchar(255) CHARACTER SET utf8mb4 COLLATE utf8mb4_unicode_ci DEFAULT NULL,
  `branch_postcode` varchar(255) CHARACTER SET utf8mb4 COLLATE utf8mb4_unicode_ci DEFAULT NULL,
  `branch_address` varchar(255) CHARACTER SET utf8mb4 COLLATE utf8mb4_unicode_ci DEFAULT NULL,
  `branch_tel` varchar(255) CHARACTER SET utf8mb4 COLLATE utf8mb4_unicode_ci DEFAULT NULL,
  `branch_ceo_name` varchar(255) CHARACTER SET utf8mb4 COLLATE utf8mb4_unicode_ci DEFAULT NULL,
  `audit_date` date DEFAULT NULL,
  `audit_creator_support1` tinyint(1) DEFAULT NULL,
  `audit_creator_support2` tinyint(1) DEFAULT NULL,
  `audit_evaluate` date DEFAULT NULL,
  `audit_note` varchar(255) CHARACTER SET utf8mb4 COLLATE utf8mb4_unicode_ci DEFAULT NULL,
  `audit_result_1_type` tinyint(1) DEFAULT NULL,
  `audit_result_1_note` varchar(255) CHARACTER SET utf8mb4 COLLATE utf8mb4_unicode_ci DEFAULT NULL,
  `audit_result_2_type` tinyint(1) DEFAULT NULL,
  `audit_result_2_note` varchar(255) CHARACTER SET utf8mb4 COLLATE utf8mb4_unicode_ci DEFAULT NULL,
  `audit_result_3_type` tinyint(1) DEFAULT NULL,
  `audit_result_3_note` varchar(255) CHARACTER SET utf8mb4 COLLATE utf8mb4_unicode_ci DEFAULT NULL,
  `audit_result_4_type` tinyint(1) DEFAULT NULL,
  `audit_result_4_note` varchar(255) CHARACTER SET utf8mb4 COLLATE utf8mb4_unicode_ci DEFAULT NULL,
  `audit_result_5_type` tinyint(1) DEFAULT NULL,
  `audit_result_5_note` varchar(255) CHARACTER SET utf8mb4 COLLATE utf8mb4_unicode_ci DEFAULT NULL,
  `audit_result_6_type` tinyint(1) DEFAULT NULL,
  `audit_result_6_note` varchar(255) CHARACTER SET utf8mb4 COLLATE utf8mb4_unicode_ci DEFAULT NULL,
  `audit_result_7_type` tinyint(1) DEFAULT NULL,
  `audit_result_7_note` varchar(255) CHARACTER SET utf8mb4 COLLATE utf8mb4_unicode_ci DEFAULT NULL,
  `audit_result_8_type` tinyint(1) DEFAULT NULL,
  `audit_result_8_note` varchar(255) CHARACTER SET utf8mb4 COLLATE utf8mb4_unicode_ci DEFAULT NULL,
  `audit_result_9_type` tinyint(1) DEFAULT NULL,
  `audit_result_9_note` varchar(255) CHARACTER SET utf8mb4 COLLATE utf8mb4_unicode_ci DEFAULT NULL,
  `audit_result_10_type` tinyint DEFAULT NULL,
  `audit_result_10_note` varchar(255) CHARACTER SET utf8mb4 COLLATE utf8mb4_unicode_ci DEFAULT NULL,
  `audit_result_11_type` tinyint DEFAULT NULL,
  `audit_result_11_note` varchar(255) CHARACTER SET utf8mb4 COLLATE utf8mb4_unicode_ci DEFAULT NULL,
  `audit_result_12_type` tinyint DEFAULT NULL,
  `audit_result_12_note` varchar(255) CHARACTER SET utf8mb4 COLLATE utf8mb4_unicode_ci DEFAULT NULL,
  `audit_result_13_type` tinyint DEFAULT NULL,
  `audit_result_13_note` varchar(255) CHARACTER SET utf8mb4 COLLATE utf8mb4_unicode_ci DEFAULT NULL,
  `audit_result_14_type` tinyint DEFAULT NULL,
  `audit_result_14_note` varchar(255) CHARACTER SET utf8mb4 COLLATE utf8mb4_unicode_ci DEFAULT NULL,
  `audit_result_15_type` tinyint DEFAULT NULL,
  `audit_result_15_note` varchar(255) CHARACTER SET utf8mb4 COLLATE utf8mb4_unicode_ci DEFAULT NULL,
  `audit_result_16_type` tinyint DEFAULT NULL,
  `audit_result_16_note` varchar(255) CHARACTER SET utf8mb4 COLLATE utf8mb4_unicode_ci DEFAULT NULL,
  `audit_result_17_type` tinyint DEFAULT NULL,
  `audit_result_17_note` varchar(255) CHARACTER SET utf8mb4 COLLATE utf8mb4_unicode_ci DEFAULT NULL,
  `audit_result_18_type` tinyint DEFAULT NULL,
  `audit_result_18_note` varchar(255) CHARACTER SET utf8mb4 COLLATE utf8mb4_unicode_ci DEFAULT NULL,
  `audit_result_19_type` tinyint(1) DEFAULT NULL,
  `audit_result_19_note` varchar(255) CHARACTER SET utf8mb4 COLLATE utf8mb4_unicode_ci DEFAULT NULL,
  `audit_result_20_type` tinyint(1) DEFAULT NULL,
  `audit_result_20_note` varchar(255) CHARACTER SET utf8mb4 COLLATE utf8mb4_unicode_ci DEFAULT NULL,
  `audit_result_21_type` tinyint(1) DEFAULT NULL,
  `audit_result_21_note` varchar(255) CHARACTER SET utf8mb4 COLLATE utf8mb4_unicode_ci DEFAULT NULL,
  `audit_result_22_type` tinyint(1) DEFAULT NULL,
  `audit_result_22_note` varchar(255) CHARACTER SET utf8mb4 COLLATE utf8mb4_unicode_ci DEFAULT NULL,
  `audit_result_23_type` tinyint(1) DEFAULT NULL,
  `audit_result_23_note` varchar(255) CHARACTER SET utf8mb4 COLLATE utf8mb4_unicode_ci DEFAULT NULL,
  `audit_result_24_type` tinyint(1) DEFAULT NULL,
  `audit_result_24_note` varchar(255) CHARACTER SET utf8mb4 COLLATE utf8mb4_unicode_ci DEFAULT NULL,
  `audit_result_25_type` tinyint(1) DEFAULT NULL,
  `audit_result_25_note` varchar(255) CHARACTER SET utf8mb4 COLLATE utf8mb4_unicode_ci DEFAULT NULL,
  `audit_result_26_type` tinyint(1) DEFAULT NULL,
  `audit_result_26_note` varchar(255) CHARACTER SET utf8mb4 COLLATE utf8mb4_unicode_ci DEFAULT NULL,
  `audit_result_27_type` tinyint(1) DEFAULT NULL,
  `audit_result_27_note` varchar(255) CHARACTER SET utf8mb4 COLLATE utf8mb4_unicode_ci DEFAULT NULL,
  `audit_result_28_type` int DEFAULT NULL,
  `audit_result_28_note` varchar(255) CHARACTER SET utf8mb4 COLLATE utf8mb4_unicode_ci DEFAULT NULL,
  `audit_result_29_type` tinyint(1) DEFAULT NULL,
  `audit_result_29_note` varchar(255) CHARACTER SET utf8mb4 COLLATE utf8mb4_unicode_ci DEFAULT NULL,
  `audit_result_30_type` tinyint(1) DEFAULT NULL,
  `audit_result_30_note` varchar(255) CHARACTER SET utf8mb4 COLLATE utf8mb4_unicode_ci DEFAULT NULL,
  `audit_result_31_type` tinyint(1) DEFAULT NULL,
  `audit_result_31_note` varchar(255) CHARACTER SET utf8mb4 COLLATE utf8mb4_unicode_ci DEFAULT NULL,
  `audit_result_32_type` tinyint(1) DEFAULT NULL,
  `audit_result_32_note` varchar(255) CHARACTER SET utf8mb4 COLLATE utf8mb4_unicode_ci DEFAULT NULL,
  `audit_result_33_type` tinyint(1) DEFAULT NULL,
  `audit_result_33_note` varchar(255) CHARACTER SET utf8mb4 COLLATE utf8mb4_unicode_ci DEFAULT NULL,
  `audit_result_34_type` tinyint(1) DEFAULT NULL,
  `audit_result_34_note` varchar(255) CHARACTER SET utf8mb4 COLLATE utf8mb4_unicode_ci DEFAULT NULL,
  `audit_result_35_type` tinyint(1) DEFAULT NULL,
  `audit_result_35_note` varchar(255) CHARACTER SET utf8mb4 COLLATE utf8mb4_unicode_ci DEFAULT NULL,
  `note_1` text CHARACTER SET utf8mb4 COLLATE utf8mb4_unicode_ci,
  `note_2` text CHARACTER SET utf8mb4 COLLATE utf8mb4_unicode_ci,
  `created_at` timestamp NULL DEFAULT NULL,
  `created_by_id` bigint DEFAULT NULL,
  `updated_at` int DEFAULT NULL,
  `updated_by_id` bigint DEFAULT NULL,
  `company_id` bigint DEFAULT NULL,
  `updated_count` int NOT NULL DEFAULT '0',
  PRIMARY KEY (`id`)
) ENGINE=InnoDB DEFAULT CHARSET=utf8mb4 COLLATE=utf8mb4_0900_ai_ci;

--
-- Dumping data for table `et_doc_ext_officer_confirm`
--


--
-- Table structure for table `et_doc_ext_officer_pledge`
--

CREATE TABLE `et_doc_ext_officer_pledge` (
  `id` int NOT NULL AUTO_INCREMENT,
  `sign_date` date DEFAULT NULL,
  `sign_name` varchar(255) CHARACTER SET utf8mb4 COLLATE utf8mb4_unicode_ci DEFAULT NULL,
  `director_name` varchar(255) CHARACTER SET utf8mb4 COLLATE utf8mb4_unicode_ci DEFAULT NULL,
  `created_at` timestamp NULL DEFAULT NULL,
  `created_by_id` bigint DEFAULT NULL,
  `updated_at` int DEFAULT NULL,
  `updated_by_id` bigint DEFAULT NULL,
  `company_id` bigint DEFAULT NULL,
  `updated_count` int NOT NULL DEFAULT '0',
  PRIMARY KEY (`id`)
) ENGINE=InnoDB AUTO_INCREMENT=3 DEFAULT CHARSET=utf8mb4 COLLATE=utf8mb4_0900_ai_ci;

--
-- Dumping data for table `et_doc_ext_officer_pledge`
--

INSERT INTO `et_doc_ext_officer_pledge` VALUES (1,'2024-07-09','sign_name','director_name',NULL,NULL,NULL,NULL,NULL,0),(2,NULL,NULL,NULL,NULL,NULL,NULL,NULL,NULL,0);

--
-- Table structure for table `et_doc_file`
--

CREATE TABLE `et_doc_file` (
  `id` bigint NOT NULL AUTO_INCREMENT,
  `file_name` varchar(500) COLLATE utf8mb3_unicode_ci DEFAULT NULL,
  `fileable_type` varchar(255) COLLATE utf8mb3_unicode_ci DEFAULT NULL,
  `item_id` bigint unsigned DEFAULT NULL,
  `url` varchar(500) COLLATE utf8mb3_unicode_ci DEFAULT NULL,
  `file_id` bigint unsigned DEFAULT NULL,
  PRIMARY KEY (`id`)
) ENGINE=MyISAM AUTO_INCREMENT=4 DEFAULT CHARSET=utf8mb3 COLLATE=utf8mb3_unicode_ci;

--
-- Dumping data for table `et_doc_file`
--

INSERT INTO `et_doc_file` VALUES (1,'1','App\\Models\\MInvoice',1,'1',1),(2,'2','App\\Models\\MInvoice',1,'1',2),(3,NULL,'App\\Models\\MInvoice',2,NULL,2);

--
-- Table structure for table `et_doc_foreign_institution_certificate`
--

CREATE TABLE `et_doc_foreign_institution_certificate` (
  `id` int NOT NULL AUTO_INCREMENT,
  `check_trainging_1` tinyint(1) DEFAULT NULL,
  `check_trainging_2` tinyint(1) DEFAULT NULL,
  `check_trainging_3` tinyint(1) DEFAULT NULL,
  `check_training_3_note` varchar(255) CHARACTER SET utf8mb4 COLLATE utf8mb4_unicode_ci DEFAULT NULL,
  `check_finish_1` tinyint(1) DEFAULT NULL,
  `check_finish_1_company_name` varchar(255) CHARACTER SET utf8mb4 COLLATE utf8mb4_unicode_ci DEFAULT NULL,
  `check_finish_1_dep_name` varchar(255) CHARACTER SET utf8mb4 COLLATE utf8mb4_unicode_ci DEFAULT NULL,
  `check_finish_1_job_name` varchar(255) CHARACTER SET utf8mb4 COLLATE utf8mb4_unicode_ci DEFAULT NULL,
  `check_finish_2` tinyint(1) DEFAULT NULL,
  `check_finish_3` tinyint(1) DEFAULT NULL,
  `sign_date` date DEFAULT NULL,
  `sign_company_name` varchar(255) CHARACTER SET utf8mb4 COLLATE utf8mb4_unicode_ci DEFAULT NULL,
  `sign_name` varchar(255) CHARACTER SET utf8mb4 COLLATE utf8mb4_unicode_ci DEFAULT NULL,
  `created_at` timestamp NULL DEFAULT NULL,
  `created_by_id` bigint DEFAULT NULL,
  `updated_at` int DEFAULT NULL,
  `updated_by_id` bigint DEFAULT NULL,
  `company_id` bigint DEFAULT NULL,
  `updated_count` int NOT NULL DEFAULT '0',
  PRIMARY KEY (`id`)
) ENGINE=InnoDB AUTO_INCREMENT=4 DEFAULT CHARSET=utf8mb4 COLLATE=utf8mb4_0900_ai_ci;

--
-- Dumping data for table `et_doc_foreign_institution_certificate`
--

INSERT INTO `et_doc_foreign_institution_certificate` VALUES (3,1,1,1,'備考',1,'事業所','部署','check_finish_1_job_name',1,1,'2024-09-11','test','test123',NULL,NULL,NULL,1,1,3);

--
-- Table structure for table `et_doc_handlinginfo_agreement`
--

CREATE TABLE `et_doc_handlinginfo_agreement` (
  `id` int NOT NULL AUTO_INCREMENT,
  `sign_date` date DEFAULT NULL,
  `sign_name` varchar(255) CHARACTER SET utf8mb4 COLLATE utf8mb4_unicode_ci DEFAULT NULL,
  `note` varchar(255) CHARACTER SET utf8mb4 COLLATE utf8mb4_unicode_ci DEFAULT NULL,
  `created_at` timestamp NULL DEFAULT NULL,
  `created_by_id` bigint DEFAULT NULL,
  `updated_at` int DEFAULT NULL,
  `updated_by_id` bigint DEFAULT NULL,
  `company_id` bigint DEFAULT NULL,
  `updated_count` int NOT NULL DEFAULT '0',
  PRIMARY KEY (`id`)
) ENGINE=InnoDB AUTO_INCREMENT=3 DEFAULT CHARSET=utf8mb4 COLLATE=utf8mb4_0900_ai_ci;

--
-- Dumping data for table `et_doc_handlinginfo_agreement`
--

INSERT INTO `et_doc_handlinginfo_agreement` VALUES (1,'2024-06-21','NGUYEN thi anh nguyet',NULL,NULL,NULL,NULL,1,1,3),(2,'2024-09-10','sign_name',NULL,NULL,NULL,NULL,1,1,2);

--
-- Table structure for table `et_doc_hiring_request_form`
--

CREATE TABLE `et_doc_hiring_request_form` (
  `id` int NOT NULL AUTO_INCREMENT,
  `customer_name` varchar(255) CHARACTER SET utf8mb4 COLLATE utf8mb4_unicode_ci DEFAULT NULL,
  `customer_name_furigana` varchar(255) CHARACTER SET utf8mb4 COLLATE utf8mb4_unicode_ci DEFAULT NULL,
  `customer_tel` varchar(255) CHARACTER SET utf8mb4 COLLATE utf8mb4_unicode_ci DEFAULT NULL,
  `customer_fax` varchar(255) CHARACTER SET utf8mb4 COLLATE utf8mb4_unicode_ci DEFAULT NULL,
  `customer_staff_name` varchar(255) CHARACTER SET utf8mb4 COLLATE utf8mb4_unicode_ci DEFAULT NULL,
  `customer_staff_furigana` varchar(255) CHARACTER SET utf8mb4 COLLATE utf8mb4_unicode_ci DEFAULT NULL,
  `sale_name` varchar(255) CHARACTER SET utf8mb4 COLLATE utf8mb4_unicode_ci DEFAULT NULL,
  `sale_furigana` varchar(255) CHARACTER SET utf8mb4 COLLATE utf8mb4_unicode_ci DEFAULT NULL,
  `address` varchar(255) CHARACTER SET utf8mb4 COLLATE utf8mb4_unicode_ci DEFAULT NULL,
  `address_furigana` varchar(255) CHARACTER SET utf8mb4 COLLATE utf8mb4_unicode_ci DEFAULT NULL,
  `location` varchar(255) CHARACTER SET utf8mb4 COLLATE utf8mb4_unicode_ci DEFAULT NULL,
  `location_furigana` varchar(255) CHARACTER SET utf8mb4 COLLATE utf8mb4_unicode_ci DEFAULT NULL,
  `job_type_name` int DEFAULT NULL,
  `receiving_operation_name` varchar(255) CHARACTER SET utf8mb4 COLLATE utf8mb4_unicode_ci DEFAULT NULL,
  `number_men` int DEFAULT NULL,
  `number_women` int DEFAULT NULL,
  `number` int DEFAULT NULL,
  `cond_marriage` tinyint DEFAULT NULL,
  `cond_academic` tinyint(1) DEFAULT NULL,
  `cond_experience` tinyint DEFAULT NULL,
  `cond_nationality` tinyint(1) DEFAULT NULL,
  `national_other` varchar(255) CHARACTER SET utf8mb4 COLLATE utf8mb4_unicode_ci NOT NULL,
  `cond_yearold` int DEFAULT NULL,
  `cond_lang` varchar(255) CHARACTER SET utf8mb4 COLLATE utf8mb4_unicode_ci DEFAULT NULL,
  `cond_height` varchar(255) CHARACTER SET utf8mb4 COLLATE utf8mb4_unicode_ci DEFAULT NULL,
  `cond_weight` varchar(255) CHARACTER SET utf8mb4 COLLATE utf8mb4_unicode_ci DEFAULT NULL,
  `cond_eyesight` varchar(255) CHARACTER SET utf8mb4 COLLATE utf8mb4_unicode_ci DEFAULT NULL,
  `cond_select_method` tinyint(1) DEFAULT NULL,
  `hiring_note` varchar(255) CHARACTER SET utf8mb4 COLLATE utf8mb4_unicode_ci DEFAULT NULL,
  `allowance_onemonthcourse` int DEFAULT NULL,
  `salary_month_type` tinyint DEFAULT NULL,
  `salary_month_value` int DEFAULT NULL,
  `salary_month_hour_value` tinyint DEFAULT NULL,
  `salary_day_type` int DEFAULT NULL,
  `salary_day_value` tinyint DEFAULT NULL,
  `salary_day_hour_value` int DEFAULT NULL,
  `salary_hour_type` tinyint DEFAULT NULL,
  `salary_hour_value` int DEFAULT NULL,
  `salary_hour_month_value` int DEFAULT NULL,
  `allowance_dormitory` int DEFAULT NULL,
  `allowance_electric_actual_type` tinyint(1) DEFAULT NULL,
  `allowance_electric_actual_value` int DEFAULT NULL,
  `allowance_electric_fix_type` tinyint(1) DEFAULT NULL,
  `allowance_electric_fix_value` int DEFAULT NULL,
  `insurance_health_type` tinyint(1) DEFAULT NULL,
  `insurance_welfare_type` tinyint(1) DEFAULT NULL,
  `insurance_city_health_type` tinyint(1) DEFAULT NULL,
  `insurance_city_welfare_type` tinyint(1) DEFAULT NULL,
  `insurance_other_type` tinyint(1) DEFAULT NULL,
  `insurance_other_note` varchar(255) DEFAULT NULL,
  `insurance_health_value` int DEFAULT NULL,
  `insurance_welfare_value` int DEFAULT NULL,
  `insurance_employment_value` int DEFAULT NULL,
  `insurance_employment_type` tinyint DEFAULT NULL,
  `income_tax_type` tinyint DEFAULT NULL,
  `income_tax_value` int DEFAULT NULL,
  `tax_other_value` int DEFAULT NULL,
  `deduction_value` int DEFAULT NULL,
  `return_value` int DEFAULT NULL,
  `overtime_hour_value` int DEFAULT NULL,
  `overtime_hour_count` varchar(255) DEFAULT NULL,
  `payroll_deadline_day` varchar(255) DEFAULT NULL,
  `pay_day_type` tinyint(1) DEFAULT NULL,
  `pay_day` tinyint DEFAULT NULL,
  `pay_method` tinyint(1) DEFAULT NULL,
  `work_time_begin` time DEFAULT NULL,
  `work_time_end` time DEFAULT NULL,
  `work_leave_time` time DEFAULT NULL,
  `work_oneday_timecount` int DEFAULT NULL,
  `work_oneyear_timecount` varchar(255) DEFAULT NULL,
  `work_oneyear_daycount` int DEFAULT NULL,
  `work_oneyear_leavedaycount` int DEFAULT NULL,
  `work_leaveday` tinyint(1) DEFAULT NULL,
  `other_note` varchar(255) CHARACTER SET utf8mb4 COLLATE utf8mb4_unicode_ci DEFAULT NULL,
  `sign_date` date DEFAULT NULL,
  `recruiter_address` varchar(255) CHARACTER SET utf8mb4 COLLATE utf8mb4_unicode_ci DEFAULT NULL,
  `business_name` varchar(255) CHARACTER SET utf8mb4 COLLATE utf8mb4_unicode_ci DEFAULT NULL,
  `representative_name` varchar(255) CHARACTER SET utf8mb4 COLLATE utf8mb4_unicode_ci DEFAULT NULL,
  `recruiter_tel` varchar(255) DEFAULT NULL,
  `created_at` timestamp NULL DEFAULT NULL,
  `created_by_id` bigint DEFAULT NULL,
  `updated_at` int DEFAULT NULL,
  `updated_by_id` bigint DEFAULT NULL,
  `company_id` bigint DEFAULT NULL,
  `updated_count` int NOT NULL DEFAULT '0',
  `note` text,
  PRIMARY KEY (`id`)
) ENGINE=InnoDB DEFAULT CHARSET=utf8mb4 COLLATE=utf8mb4_0900_ai_ci;

--
-- Dumping data for table `et_doc_hiring_request_form`
--


--
-- Table structure for table `et_doc_intention_agreement`
--

CREATE TABLE `et_doc_intention_agreement` (
  `id` int NOT NULL AUTO_INCREMENT,
  `deadline_date` date DEFAULT NULL,
  `returncountry_date` date DEFAULT NULL,
  `reason_otherlang` text CHARACTER SET utf8mb4 COLLATE utf8mb4_unicode_ci,
  `reason_jp` text CHARACTER SET utf8mb4 COLLATE utf8mb4_unicode_ci,
  `person_type` int DEFAULT NULL COMMENT '1:監理団体,  2:実習実施者',
  `person_name` varchar(255) CHARACTER SET utf8mb4 COLLATE utf8mb4_unicode_ci DEFAULT NULL,
  `sign_date` date DEFAULT NULL,
  `sign_name` varchar(255) CHARACTER SET utf8mb4 COLLATE utf8mb4_unicode_ci DEFAULT NULL,
  `customer_sign_name` varchar(255) CHARACTER SET utf8mb4 COLLATE utf8mb4_unicode_ci DEFAULT NULL,
  `note` varchar(255) CHARACTER SET utf8mb4 COLLATE utf8mb4_unicode_ci DEFAULT NULL,
  `created_at` timestamp NULL DEFAULT NULL,
  `created_by_id` bigint DEFAULT NULL,
  `updated_at` int DEFAULT NULL,
  `updated_by_id` bigint DEFAULT NULL,
  `company_id` bigint DEFAULT NULL,
  `updated_count` int NOT NULL DEFAULT '0',
  PRIMARY KEY (`id`)
) ENGINE=InnoDB AUTO_INCREMENT=3 DEFAULT CHARSET=utf8mb4 COLLATE=utf8mb4_0900_ai_ci;

--
-- Dumping data for table `et_doc_intention_agreement`
--

INSERT INTO `et_doc_intention_agreement` VALUES (1,'2024-06-20','2024-06-21','dsa','dsa',2,'dsa','2024-06-22','dsadsa','dsa',NULL,NULL,NULL,NULL,NULL,NULL,0),(2,NULL,NULL,NULL,NULL,2,NULL,NULL,NULL,NULL,NULL,NULL,NULL,NULL,NULL,NULL,0);

--
-- Table structure for table `et_doc_kumiai_change_info_application`
--

CREATE TABLE `et_doc_kumiai_change_info_application` (
  `id` int NOT NULL AUTO_INCREMENT,
  `date` date DEFAULT NULL,
  `name` varchar(255) CHARACTER SET utf8mb4 COLLATE utf8mb4_unicode_ci DEFAULT NULL,
  `number` varchar(255) CHARACTER SET utf8mb4 COLLATE utf8mb4_unicode_ci DEFAULT NULL,
  `permission_date` date DEFAULT NULL,
  `customer_name` varchar(255) CHARACTER SET utf8mb4 COLLATE utf8mb4_unicode_ci DEFAULT NULL,
  `customer_name_furigana` varchar(255) CHARACTER SET utf8mb4 COLLATE utf8mb4_unicode_ci DEFAULT NULL,
  `customer_postcode` varchar(255) CHARACTER SET utf8mb4 COLLATE utf8mb4_unicode_ci DEFAULT NULL,
  `customer_address` varchar(255) CHARACTER SET utf8mb4 COLLATE utf8mb4_unicode_ci DEFAULT NULL,
  `customer_tel` varchar(255) CHARACTER SET utf8mb4 COLLATE utf8mb4_unicode_ci DEFAULT NULL,
  `condition_type` varchar(255) CHARACTER SET utf8mb4 COLLATE utf8mb4_unicode_ci DEFAULT NULL,
  `condition_type_3_note` varchar(255) CHARACTER SET utf8mb4 COLLATE utf8mb4_unicode_ci DEFAULT NULL,
  `reason_type` varchar(255) CHARACTER SET utf8mb4 COLLATE utf8mb4_unicode_ci DEFAULT NULL,
  `reason_type_jobtype` varchar(255) CHARACTER SET utf8mb4 COLLATE utf8mb4_unicode_ci DEFAULT NULL,
  `reason_type_content` varchar(255) CHARACTER SET utf8mb4 COLLATE utf8mb4_unicode_ci DEFAULT NULL,
  `reason_type_2_note` varchar(255) CHARACTER SET utf8mb4 COLLATE utf8mb4_unicode_ci DEFAULT NULL,
  `note` varchar(255) CHARACTER SET utf8mb4 COLLATE utf8mb4_unicode_ci DEFAULT NULL,
  `created_at` timestamp NULL DEFAULT NULL,
  `created_by_id` bigint DEFAULT NULL,
  `updated_at` int DEFAULT NULL,
  `updated_by_id` bigint DEFAULT NULL,
  `company_id` bigint DEFAULT NULL,
  `updated_count` int NOT NULL DEFAULT '0',
  `reason_type_jobtype_id` bigint DEFAULT NULL,
  PRIMARY KEY (`id`)
) ENGINE=InnoDB AUTO_INCREMENT=3 DEFAULT CHARSET=utf8mb4 COLLATE=utf8mb4_0900_ai_ci;

--
-- Dumping data for table `et_doc_kumiai_change_info_application`
--

INSERT INTO `et_doc_kumiai_change_info_application` VALUES (1,'2024-07-08','name','321321','2024-07-09','customer_name','customer_name_furigana','321 ― 3213','customer_address','321 ― 3213 ― 2132','3','condition_type_3_note','1','果 樹','耕種農業','test','note',NULL,NULL,NULL,NULL,NULL,0,4),(2,NULL,NULL,NULL,NULL,NULL,NULL,NULL,NULL,NULL,'1',NULL,'2','果 樹','耕種農業',NULL,NULL,NULL,NULL,NULL,NULL,NULL,0,4);

--
-- Table structure for table `et_doc_kumiai_expense_management`
--

CREATE TABLE `et_doc_kumiai_expense_management` (
  `id` int NOT NULL AUTO_INCREMENT,
  `date_from` date DEFAULT NULL,
  `date_to` date DEFAULT NULL,
  `shoukai_1_bank_in` int DEFAULT NULL,
  `shoukai_1_bank_out` int DEFAULT NULL,
  `shoukai_2_bank_in` int DEFAULT NULL,
  `shoukai_2_bank_out` int DEFAULT NULL,
  `shoukai_3_bank_in` int DEFAULT NULL,
  `shoukai_3_bank_out` int DEFAULT NULL,
  `shoukai_4_bank_in` int DEFAULT NULL,
  `shoukai_4_bank_out` int DEFAULT NULL,
  `semina_1_bank_in` int DEFAULT NULL,
  `semina_1_bank_out` int DEFAULT NULL,
  `semina_2_bank_in` int DEFAULT NULL,
  `semina_2_bank_out` int DEFAULT NULL,
  `semina_3_bank_in` int DEFAULT NULL,
  `semina_3_bank_out` int DEFAULT NULL,
  `semina_4_bank_in` int DEFAULT NULL,
  `semina_4_bank_out` int DEFAULT NULL,
  `auth_1_bank_in` int DEFAULT NULL,
  `auth_1_bank_out` int DEFAULT NULL,
  `auth_2_bank_in` int DEFAULT NULL,
  `auth_2_bank_out` int DEFAULT NULL,
  `auth_3_bank_in` int DEFAULT NULL,
  `auth_3_bank_out` int DEFAULT NULL,
  `other_1_bank_in` int DEFAULT NULL,
  `other_1_bank_out` int DEFAULT NULL,
  `other_2_bank_in` int DEFAULT NULL,
  `other_2_bank_out` int DEFAULT NULL,
  `other_3_bank_in` int DEFAULT NULL,
  `other_3_bank_out` int DEFAULT NULL,
  `other_4_bank_in` int DEFAULT NULL,
  `other_4_bank_out` int DEFAULT NULL,
  `other_5_bank_in` int DEFAULT NULL,
  `other_5_bank_out` int DEFAULT NULL,
  `created_at` timestamp NULL DEFAULT NULL,
  `created_by_id` bigint DEFAULT NULL,
  `updated_at` int DEFAULT NULL,
  `updated_by_id` bigint DEFAULT NULL,
  `company_id` bigint DEFAULT NULL,
  `updated_count` int NOT NULL DEFAULT '0',
  PRIMARY KEY (`id`)
) ENGINE=InnoDB AUTO_INCREMENT=3 DEFAULT CHARSET=utf8mb4 COLLATE=utf8mb4_0900_ai_ci;

--
-- Dumping data for table `et_doc_kumiai_expense_management`
--

INSERT INTO `et_doc_kumiai_expense_management` VALUES (1,'2024-07-17','2024-07-17',1,1,2,2,3,3,4,4,1,1,2,2,3,3,4,4,1,1,2,2,3,NULL,11,11,12,2,3,3,244,4,5,5,NULL,NULL,NULL,1,1,1),(2,'2024-09-01','2024-09-02',1000,1000,1000,1000,1000,1000,1000,1000,1000,1000,1000,1000,1000,1000,1000,1000,1000,1000,1000,1000,1000,1000,1000,1000,1000,1000,1000,1000,1000,1000,1000,1000,NULL,NULL,NULL,1,1,5);

--
-- Table structure for table `et_doc_kumiai_jobtype_scope`
--

CREATE TABLE `et_doc_kumiai_jobtype_scope` (
  `id` int NOT NULL AUTO_INCREMENT,
  `check_1_1_1` tinyint(1) DEFAULT NULL,
  `check_1_1_2` tinyint(1) DEFAULT NULL,
  `check_1_1_3` tinyint(1) DEFAULT NULL,
  `check_1_2_1` tinyint(1) DEFAULT NULL,
  `check_1_2_2` tinyint(1) DEFAULT NULL,
  `check_1_2_3` tinyint(1) DEFAULT NULL,
  `check_2_1_1` tinyint(1) DEFAULT NULL,
  `check_2_1_2` tinyint DEFAULT NULL,
  `check_2_1_3` tinyint DEFAULT NULL,
  `check_2_1_4` tinyint DEFAULT NULL,
  `check_2_1_5` tinyint DEFAULT NULL,
  `check_2_1_6` tinyint DEFAULT NULL,
  `check_2_1_7` tinyint DEFAULT NULL,
  `check_2_1_8` tinyint DEFAULT NULL,
  `check_2_1_9` tinyint DEFAULT NULL,
  `check_2_2_1` tinyint DEFAULT NULL,
  `check_3_1_1` tinyint DEFAULT NULL,
  `check_3_1_2` tinyint DEFAULT NULL,
  `check_3_2_1` tinyint DEFAULT NULL,
  `check_3_2_2` tinyint DEFAULT NULL,
  `check_3_3_1` tinyint DEFAULT NULL,
  `check_3_4_1` tinyint DEFAULT NULL,
  `check_3_5_1` tinyint DEFAULT NULL,
  `check_3_6_1` tinyint DEFAULT NULL,
  `check_3_7_1` tinyint DEFAULT NULL,
  `check_3_8_1` tinyint DEFAULT NULL,
  `check_3_9_1` tinyint DEFAULT NULL,
  `check_3_9_2` tinyint(1) DEFAULT NULL,
  `check_3_10_1` tinyint(1) DEFAULT NULL,
  `check_3_11_1` tinyint(1) DEFAULT NULL,
  `check_3_12_1` tinyint(1) DEFAULT NULL,
  `check_3_13_1` tinyint(1) DEFAULT NULL,
  `check_3_13_2` tinyint(1) DEFAULT NULL,
  `check_3_14_1` tinyint(1) DEFAULT NULL,
  `check_3_15_1` tinyint(1) DEFAULT NULL,
  `check_3_15_2` tinyint(1) DEFAULT NULL,
  `check_3_15_3` tinyint(1) DEFAULT NULL,
  `check_3_15_4` tinyint(1) DEFAULT NULL,
  `check_3_15_5` tinyint(1) DEFAULT NULL,
  `check_3_16_1` tinyint(1) DEFAULT NULL,
  `check_3_17_1` tinyint(1) DEFAULT NULL,
  `check_3_18_1` tinyint(1) DEFAULT NULL,
  `check_3_19_1` tinyint(1) DEFAULT NULL,
  `check_3_20_1` tinyint(1) DEFAULT NULL,
  `check_3_21_1` tinyint(1) DEFAULT NULL,
  `check_3_21_2` tinyint(1) DEFAULT NULL,
  `check_3_21_3` tinyint(1) DEFAULT NULL,
  `check_3_21_4` tinyint(1) DEFAULT NULL,
  `check_3_22_1` tinyint(1) DEFAULT NULL,
  `check_4_1_1` tinyint(1) DEFAULT NULL,
  `check_4_2_1` tinyint(1) DEFAULT NULL,
  `check_4_3_1` tinyint(1) DEFAULT NULL,
  `check_4_3_2` tinyint(1) DEFAULT NULL,
  `check_4_3_3` tinyint(1) DEFAULT NULL,
  `check_4_3_4` tinyint(1) DEFAULT NULL,
  `check_4_4_1` tinyint(1) DEFAULT NULL,
  `check_4_4_2` tinyint(1) DEFAULT NULL,
  `check_4_4_3` tinyint(1) DEFAULT NULL,
  `check_4_4_4` tinyint(1) DEFAULT NULL,
  `check_4_4_5` tinyint(1) DEFAULT NULL,
  `check_4_5_1` tinyint(1) DEFAULT NULL,
  `check_4_6_1` tinyint(1) DEFAULT NULL,
  `check_4_7_1` tinyint(1) DEFAULT NULL,
  `check_4_8_1` tinyint(1) DEFAULT NULL,
  `check_4_9_1` tinyint(1) DEFAULT NULL,
  `check_4_10_1` tinyint(1) DEFAULT NULL,
  `check_4_11_1` tinyint(1) DEFAULT NULL,
  `check_5_1_1` tinyint(1) DEFAULT NULL,
  `check_5_1_2` tinyint(1) DEFAULT NULL,
  `check_5_1_3` tinyint(1) DEFAULT NULL,
  `check_5_1_4` tinyint(1) DEFAULT NULL,
  `check_5_2_1` tinyint(1) DEFAULT NULL,
  `check_5_2_2` tinyint(1) DEFAULT NULL,
  `check_5_2_3` tinyint(1) DEFAULT NULL,
  `check_5_3_1` tinyint(1) DEFAULT NULL,
  `check_5_3_2` tinyint(1) DEFAULT NULL,
  `check_5_4_1` tinyint(1) DEFAULT NULL,
  `check_5_4_2` tinyint(1) DEFAULT NULL,
  `check_5_5_1` tinyint(1) DEFAULT NULL,
  `check_5_6_1` tinyint(1) DEFAULT NULL,
  `check_5_7_1` tinyint(1) DEFAULT NULL,
  `check_5_8_1` tinyint(1) DEFAULT NULL,
  `check_5_9_1` tinyint(1) DEFAULT NULL,
  `check_5_10_1` tinyint(1) DEFAULT NULL,
  `check_5_10_2` tinyint(1) DEFAULT NULL,
  `check_5_10_3` tinyint(1) DEFAULT NULL,
  `check_5_11_1` tinyint(1) DEFAULT NULL,
  `check_5_12_1` tinyint(1) DEFAULT NULL,
  `check_5_13_1` tinyint(1) DEFAULT NULL,
  `check_6_1_1` tinyint(1) DEFAULT NULL,
  `check_6_1_2` tinyint(1) DEFAULT NULL,
  `check_6_2_1` tinyint(1) DEFAULT NULL,
  `check_6_2_2` tinyint(1) DEFAULT NULL,
  `check_6_3_1` tinyint(1) DEFAULT NULL,
  `check_6_3_2` tinyint(1) DEFAULT NULL,
  `check_6_4_1` tinyint(1) DEFAULT NULL,
  `check_6_4_2` tinyint(1) DEFAULT NULL,
  `check_6_4_3` tinyint(1) DEFAULT NULL,
  `check_6_4_4` tinyint(1) DEFAULT NULL,
  `check_6_5_1` tinyint(1) DEFAULT NULL,
  `check_6_6_1` tinyint(1) DEFAULT NULL,
  `check_6_7_1` tinyint(1) DEFAULT NULL,
  `check_6_8_1` tinyint(1) DEFAULT NULL,
  `check_6_8_2` tinyint(1) DEFAULT NULL,
  `check_6_9_1` tinyint(1) DEFAULT NULL,
  `check_6_10_1` tinyint(1) DEFAULT NULL,
  `check_6_10_2` tinyint(1) DEFAULT NULL,
  `check_6_10_3` tinyint(1) DEFAULT NULL,
  `check_6_11_1` tinyint(1) DEFAULT NULL,
  `check_6_12_1` tinyint(1) DEFAULT NULL,
  `check_6_13_1` tinyint(1) DEFAULT NULL,
  `check_6_14_1` tinyint(1) DEFAULT NULL,
  `check_6_14_2` tinyint(1) DEFAULT NULL,
  `check_6_14_3` tinyint(1) DEFAULT NULL,
  `check_6_14_4` tinyint(1) DEFAULT NULL,
  `check_6_14_5` tinyint(1) DEFAULT NULL,
  `check_6_15_1` tinyint(1) DEFAULT NULL,
  `check_6_15_2` tinyint(1) DEFAULT NULL,
  `check_6_16_1` tinyint(1) DEFAULT NULL,
  `check_6_16_2` tinyint(1) DEFAULT NULL,
  `check_6_17_1` tinyint(1) DEFAULT NULL,
  `check_6_17_2` tinyint(1) DEFAULT NULL,
  `check_6_17_3` tinyint(1) DEFAULT NULL,
  `check_7_1_1` tinyint(1) DEFAULT NULL,
  `check_7_2_1` tinyint(1) DEFAULT NULL,
  `check_7_2_2` tinyint(1) DEFAULT NULL,
  `check_7_3_1` tinyint(1) DEFAULT NULL,
  `check_7_4_1` tinyint(1) DEFAULT NULL,
  `check_7_4_2` tinyint(1) DEFAULT NULL,
  `check_7_4_3` tinyint(1) DEFAULT NULL,
  `check_7_4_4` tinyint(1) DEFAULT NULL,
  `check_7_5_1` tinyint(1) DEFAULT NULL,
  `check_7_6_1` tinyint(1) DEFAULT NULL,
  `check_7_6_2` tinyint(1) DEFAULT NULL,
  `check_7_6_3` tinyint(1) DEFAULT NULL,
  `check_7_6_4` tinyint(1) DEFAULT NULL,
  `check_7_7_1` tinyint(1) DEFAULT NULL,
  `check_7_7_2` tinyint(1) DEFAULT NULL,
  `check_7_8_1` tinyint(1) DEFAULT NULL,
  `check_7_9_1` tinyint(1) DEFAULT NULL,
  `check_7_9_2` tinyint(1) DEFAULT NULL,
  `check_7_9_3` tinyint(1) DEFAULT NULL,
  `check_7_9_4` tinyint(1) DEFAULT NULL,
  `check_7_10_1` tinyint(1) DEFAULT NULL,
  `check_7_10_2` tinyint(1) DEFAULT NULL,
  `check_7_10_3` tinyint(1) DEFAULT NULL,
  `check_7_11_1` tinyint(1) DEFAULT NULL,
  `check_7_12_1` tinyint(1) DEFAULT NULL,
  `check_7_13_1` tinyint(1) DEFAULT NULL,
  `check_7_14_1` tinyint(1) DEFAULT NULL,
  `check_7_15_1` tinyint(1) DEFAULT NULL,
  `check_7_16_1` tinyint(1) DEFAULT NULL,
  `check_7_17_1` tinyint(1) DEFAULT NULL,
  `check_7_18_1` tinyint(1) DEFAULT NULL,
  `check_7_19_1` tinyint(1) DEFAULT NULL,
  `check_7_19_2` tinyint(1) DEFAULT NULL,
  `check_7_19_3` tinyint(1) DEFAULT NULL,
  `check_7_19_4` tinyint(1) DEFAULT NULL,
  `check_7_20_1` tinyint(1) DEFAULT NULL,
  `check_7_20_2` tinyint(1) DEFAULT NULL,
  `check_7_21_1` tinyint(1) DEFAULT NULL,
  `check_99_1_1` tinyint(1) DEFAULT NULL,
  `check_99_1_2` tinyint(1) DEFAULT NULL,
  `check_99_1_3` tinyint(1) DEFAULT NULL,
  `check_99_2_1` tinyint(1) DEFAULT NULL,
  `check_9_9` tinyint(1) DEFAULT NULL,
  `sign_date` date DEFAULT NULL,
  `sign_customer_name` varchar(255) COLLATE utf8mb4_unicode_ci DEFAULT NULL,
  `sign_director_name` varchar(255) COLLATE utf8mb4_unicode_ci DEFAULT NULL,
  `created_at` timestamp NULL DEFAULT NULL,
  `created_by_id` bigint DEFAULT NULL,
  `updated_at` int DEFAULT NULL,
  `updated_by_id` bigint DEFAULT NULL,
  `company_id` bigint DEFAULT NULL,
  `updated_count` int NOT NULL DEFAULT '0',
  PRIMARY KEY (`id`)
) ENGINE=InnoDB AUTO_INCREMENT=3 DEFAULT CHARSET=utf8mb4 COLLATE=utf8mb4_unicode_ci;

--
-- Dumping data for table `et_doc_kumiai_jobtype_scope`
--

INSERT INTO `et_doc_kumiai_jobtype_scope` VALUES (1,1,2,2,1,1,2,1,1,2,2,1,2,1,2,1,2,1,1,2,1,1,2,2,1,2,2,2,2,2,1,2,1,2,1,2,1,2,1,2,2,1,1,2,1,2,1,2,1,2,2,2,2,2,2,2,1,2,1,2,2,2,2,1,2,1,2,2,2,2,1,2,1,2,1,2,1,2,2,2,2,2,2,2,2,2,2,2,2,2,2,2,2,2,2,2,1,2,2,2,2,2,2,2,2,2,2,2,1,2,2,2,2,2,2,2,2,2,2,2,2,1,2,2,2,2,2,2,2,2,1,2,2,2,2,2,2,2,2,2,2,2,1,2,2,2,2,2,2,1,2,2,2,2,1,2,2,2,1,2,2,1,2,2,2,2,1,'2024-07-11','sign_customer_name','sign_director_name',NULL,NULL,NULL,NULL,NULL,0),(2,2,1,1,1,2,2,2,2,2,2,2,2,2,2,2,2,2,2,2,2,2,2,2,2,2,2,2,2,2,2,2,2,2,2,2,2,2,2,2,2,2,2,2,2,2,2,2,2,2,2,2,2,2,2,2,2,2,2,2,2,2,2,2,2,2,2,2,2,2,2,2,2,2,2,2,2,2,2,2,2,2,2,2,2,2,2,2,2,2,2,2,2,2,2,2,2,2,2,2,2,2,2,2,2,2,2,2,2,2,2,2,2,2,2,2,2,2,2,2,2,2,2,2,2,2,2,2,2,2,2,2,2,2,2,2,2,2,2,2,2,2,2,2,2,2,2,2,2,2,2,2,2,2,2,2,2,2,2,2,2,2,2,2,2,1,1,'2024-09-10','test1','testt',NULL,NULL,NULL,NULL,NULL,0);

--
-- Table structure for table `et_doc_kumiai_sendingagency_pledge`
--

CREATE TABLE `et_doc_kumiai_sendingagency_pledge` (
  `id` int NOT NULL AUTO_INCREMENT,
  `customer_name` varchar(255) CHARACTER SET utf8mb4 COLLATE utf8mb4_unicode_ci DEFAULT NULL,
  `sign_date` date DEFAULT NULL,
  `sign_name` varchar(255) CHARACTER SET utf8mb4 COLLATE utf8mb4_unicode_ci DEFAULT NULL,
  `sign_director_name` varchar(255) CHARACTER SET utf8mb4 COLLATE utf8mb4_unicode_ci DEFAULT NULL,
  `created_at` timestamp NULL DEFAULT NULL,
  `created_by_id` bigint DEFAULT NULL,
  `updated_at` int DEFAULT NULL,
  `updated_by_id` bigint DEFAULT NULL,
  `company_id` bigint DEFAULT NULL,
  `updated_count` int NOT NULL DEFAULT '0',
  PRIMARY KEY (`id`)
) ENGINE=InnoDB AUTO_INCREMENT=2 DEFAULT CHARSET=utf8mb4 COLLATE=utf8mb4_0900_ai_ci;

--
-- Dumping data for table `et_doc_kumiai_sendingagency_pledge`
--

INSERT INTO `et_doc_kumiai_sendingagency_pledge` VALUES (1,NULL,NULL,NULL,NULL,NULL,NULL,NULL,1,1,3);

--
-- Table structure for table `et_doc_minister_statement_reasons`
--

CREATE TABLE `et_doc_minister_statement_reasons` (
  `id` int NOT NULL AUTO_INCREMENT,
  `name` varchar(255) CHARACTER SET utf8mb4 COLLATE utf8mb4_unicode_ci DEFAULT NULL,
  `check_1` int DEFAULT NULL,
  `check_1_content` text CHARACTER SET utf8mb4 COLLATE utf8mb4_unicode_ci,
  `check_2` int DEFAULT NULL,
  `check_2_content` text CHARACTER SET utf8mb4 COLLATE utf8mb4_unicode_ci,
  `check_3` tinyint(1) DEFAULT NULL,
  `check_3_content` text CHARACTER SET utf8mb4 COLLATE utf8mb4_unicode_ci,
  `created_at` timestamp NULL DEFAULT NULL,
  `created_by_id` bigint DEFAULT NULL,
  `updated_at` int DEFAULT NULL,
  `updated_by_id` bigint DEFAULT NULL,
  `company_id` bigint DEFAULT NULL,
  `updated_count` int NOT NULL DEFAULT '0',
  PRIMARY KEY (`id`)
) ENGINE=InnoDB AUTO_INCREMENT=3 DEFAULT CHARSET=utf8mb4 COLLATE=utf8mb4_0900_ai_ci;

--
-- Dumping data for table `et_doc_minister_statement_reasons`
--

INSERT INTO `et_doc_minister_statement_reasons` VALUES (1,'name',1,'これはテスト用のランダムな日本語の文字列です。意味は特にありませんが、文字数を確認するために使用できます。あいうえおかきくけこさしすせそたちつてとなにぬねのはひふへほまみむめもやゆよらりるれろわを\r\nこれはテスト用のランダムな日本語の文字列です。意味は特にありませんが、文字数を確認するために使用できます。あいうえおかきくけこさしすせそたちつてとなにぬねのはひふへほまみむめもやゆよらりるれろわをん。\r\nこれはテスト用のランダムな日本語の文字列です。意味は特にありませんが、文字数を確認するために使用できます。あいうえおかきくけこさしすせそたちつてとなにぬねのはひふへほまみむめもやゆよらりるれろわをん。\r\nこれはテスト用のランダムな日本語の文字列です。意味は特にありませんが、文字数を確認するために使用できます。あいうえおかきくけこさしすせそたちつてとなにぬねのはひふへほまみむめもやゆよらりるれろわをん。',0,'これはテスト用のランダムな日本語の文字列です。意味は特にありませんが、文字数を確認するために使用できます。あいうえおかきくけこさしすせそたちつてとなにぬねのはひふへほまみむめもやゆよらりるれろわをん。',0,'これはテスト用のランダムな日本語の文字列です。意味は特にありませんが、文字数を確認するために使用できます。あいうえおかきくけこさしすせそたちつてとなにぬねのはひふへほまみむめもやゆよらりるれろわをん。',NULL,NULL,NULL,NULL,NULL,0),(2,NULL,0,NULL,0,NULL,0,NULL,NULL,NULL,NULL,NULL,NULL,0);

--
-- Table structure for table `et_doc_multiple_job_reasons`
--

CREATE TABLE `et_doc_multiple_job_reasons` (
  `id` int NOT NULL AUTO_INCREMENT,
  `name` varchar(255) CHARACTER SET utf8mb4 COLLATE utf8mb4_unicode_ci DEFAULT NULL,
  `main_job_number` varchar(255) CHARACTER SET utf8mb4 COLLATE utf8mb4_unicode_ci DEFAULT NULL,
  `main_job_type` varchar(255) CHARACTER SET utf8mb4 COLLATE utf8mb4_unicode_ci DEFAULT NULL,
  `main_job_name` varchar(255) CHARACTER SET utf8mb4 COLLATE utf8mb4_unicode_ci DEFAULT NULL,
  `second_job_number` varchar(255) CHARACTER SET utf8mb4 COLLATE utf8mb4_unicode_ci DEFAULT NULL,
  `second_job_type` varchar(255) CHARACTER SET utf8mb4 COLLATE utf8mb4_unicode_ci DEFAULT NULL,
  `second_job_name` varchar(255) CHARACTER SET utf8mb4 COLLATE utf8mb4_unicode_ci DEFAULT NULL,
  `third_job_number` varchar(255) CHARACTER SET utf8mb4 COLLATE utf8mb4_unicode_ci DEFAULT NULL,
  `third_job_type` varchar(255) CHARACTER SET utf8mb4 COLLATE utf8mb4_unicode_ci DEFAULT NULL,
  `third_job_name` varchar(255) CHARACTER SET utf8mb4 COLLATE utf8mb4_unicode_ci DEFAULT NULL,
  `reason_2` text CHARACTER SET utf8mb4 COLLATE utf8mb4_unicode_ci,
  `reason_3` text CHARACTER SET utf8mb4 COLLATE utf8mb4_unicode_ci,
  `created_at` timestamp NULL DEFAULT NULL,
  `created_by_id` bigint DEFAULT NULL,
  `updated_at` int DEFAULT NULL,
  `updated_by_id` bigint DEFAULT NULL,
  `company_id` bigint DEFAULT NULL,
  `updated_count` int NOT NULL DEFAULT '0',
  `main_job_type_id` bigint DEFAULT NULL,
  `second_job_type_id` bigint DEFAULT NULL,
  `third_job_type_id` bigint DEFAULT NULL,
  PRIMARY KEY (`id`)
) ENGINE=InnoDB AUTO_INCREMENT=3 DEFAULT CHARSET=utf8mb4 COLLATE=utf8mb4_0900_ai_ci;

--
-- Dumping data for table `et_doc_multiple_job_reasons`
--

INSERT INTO `et_doc_multiple_job_reasons` VALUES (1,'name','2','耕種農業','施設園芸','4','耕種農業','果 樹','20','養殖業','ほたてがい・まがき養殖','これはテスト用のランダムな日本語の文字列です。意味は特にありませんが、文字数を確認するために使用できます。あいうえおかきくけこさしすせそたちつてとなにぬねのはひふへほまみむめもやゆよらりるれろわをん。 これはテスト用のランダムな日本語の文字列です。意味は特にありませんが、文字数を確認するために使用できます。あいうえおかきくけこさしすせそたちつてとなにぬねのはひふへほまみむめもやゆよらりるれろわをん。\r\nこれはテスト用のランダムな日本語の文字列です。意味は特にありませんが、文字数を確認するために使用できます。あいうえおかきくけこさしすせそたちつてとなにぬねのはひふへほまみむめもやゆよらりるれろわをん。\r\nこれはテスト用のランダムな日本語の文字列です。意味は特にありませんが、文字数を確認するために使用できます。あいうえおかきくけこさしすせそたちつてとなにぬねのはひふへほまみむめもやゆよらりるれろわをん。\r\nこれはテスト用のランダムな日本語の文字列です。意味は特にありませんが、文字数を確認するために使用できます。あいうえおかきくけこさしすせそたちつてとなにぬねのはひふへほまみむめもやゆよらりるれろわをん。','これはテスト用のランダムな日本語の文字列です。意味は特にありませんが、文字数を確認するために使用できます。あいうえおかきくけこさしすせそたちつてとなにぬねのはひふへほまみむめもやゆよらりるれろわをん。',NULL,NULL,NULL,NULL,NULL,0,NULL,NULL,NULL),(2,NULL,NULL,'耕種農業','畑作・野菜',NULL,'漁船漁業','かつお一本釣り漁業',NULL,'漁船漁業','ひき網漁業',NULL,NULL,NULL,NULL,NULL,NULL,NULL,0,NULL,NULL,NULL);

--
-- Table structure for table `et_doc_notification_acceptance_activity_status`
--

CREATE TABLE `et_doc_notification_acceptance_activity_status` (
  `id` int NOT NULL AUTO_INCREMENT,
  `quarter` date DEFAULT NULL,
  `corporate_number` varchar(255) COLLATE utf8mb4_general_ci DEFAULT NULL,
  `specific_industry_field` varchar(255) COLLATE utf8mb4_general_ci DEFAULT NULL,
  `name` varchar(255) COLLATE utf8mb4_general_ci DEFAULT NULL,
  `accommodation` varchar(255) COLLATE utf8mb4_general_ci DEFAULT NULL,
  `accommodation_tel` varchar(255) COLLATE utf8mb4_general_ci DEFAULT NULL,
  `specified_skilled_foreign_1` int DEFAULT NULL,
  `specified_skilled_foreign_2` int DEFAULT NULL,
  `specified_skilled_foreign_3` int DEFAULT NULL,
  `specified_skilled_foreign_4` int DEFAULT NULL,
  `specified_skilled_foreign_5` int DEFAULT NULL,
  `specified_skilled_foreign_6` int DEFAULT NULL,
  `application_worker_1` int DEFAULT NULL,
  `application_worker_2` int DEFAULT NULL,
  `regarding_social_insurance_1` int DEFAULT NULL,
  `regarding_social_insurance_2` int DEFAULT NULL,
  `regarding_social_insurance_3` int DEFAULT NULL,
  `social_insurance_premium_1` int DEFAULT NULL,
  `social_insurance_premium_2` int DEFAULT NULL,
  `tax_payment_status_1` int DEFAULT NULL,
  `tax_payment_status_2` int DEFAULT NULL,
  `tax_payment_status_3` int DEFAULT NULL,
  `tax_payment_status_4` int DEFAULT NULL,
  `safety_health_status_1` int DEFAULT NULL,
  `safety_health_status_2` int DEFAULT NULL,
  `name_specific_skills_organization` varchar(255) COLLATE utf8mb4_general_ci DEFAULT NULL,
  `name_create_document` varchar(255) COLLATE utf8mb4_general_ci DEFAULT NULL,
  `tel` varchar(255) COLLATE utf8mb4_general_ci DEFAULT NULL,
  `sign_name` varchar(255) COLLATE utf8mb4_general_ci DEFAULT NULL,
  `sign_date` date DEFAULT NULL,
  `created_at` datetime DEFAULT NULL,
  `created_by_id` bigint DEFAULT NULL,
  `updated_by_id` bigint DEFAULT NULL,
  `updated_at` datetime DEFAULT NULL,
  `company_id` bigint DEFAULT NULL,
  `updated_count` int DEFAULT NULL,
  PRIMARY KEY (`id`)
) ENGINE=InnoDB DEFAULT CHARSET=utf8mb4 COLLATE=utf8mb4_general_ci;

--
-- Dumping data for table `et_doc_notification_acceptance_activity_status`
--


--
-- Table structure for table `et_doc_notification_activity_status`
--

CREATE TABLE `et_doc_notification_activity_status` (
  `id` bigint NOT NULL AUTO_INCREMENT,
  `quarter` date DEFAULT NULL,
  `specific_industry_field` varchar(255) COLLATE utf8mb4_general_ci DEFAULT NULL,
  `name` varchar(255) COLLATE utf8mb4_general_ci DEFAULT NULL,
  `accommodation` varchar(255) COLLATE utf8mb4_general_ci DEFAULT NULL,
  `accommodation_tel` varchar(255) COLLATE utf8mb4_general_ci DEFAULT NULL,
  `application_employment_insurance_1` int DEFAULT NULL,
  `application_employment_insurance_2` int DEFAULT NULL,
  `application_employment_insurance_3` int DEFAULT NULL,
  `application_employment_insurance_4` int DEFAULT NULL,
  `application_employment_insurance_5` int DEFAULT NULL,
  `application_employment_insurance_6` int DEFAULT NULL,
  `application_employment_insurance_7` int DEFAULT NULL,
  `application_employment_insurance_8` int DEFAULT NULL,
  `regarding_social_insurance_1` int DEFAULT NULL,
  `regarding_social_insurance_2` int DEFAULT NULL,
  `regarding_social_insurance_3` int DEFAULT NULL,
  `social_insurance_premium_1` int DEFAULT NULL,
  `social_insurance_premium_2` int DEFAULT NULL,
  `tax_payment_status_1` int DEFAULT NULL,
  `tax_payment_status_2` int DEFAULT NULL,
  `tax_payment_status_3` int DEFAULT NULL,
  `tax_payment_status_4` int DEFAULT NULL,
  `matter_concerning_safety_health_1` int DEFAULT NULL,
  `matter_concerning_safety_health_2` int DEFAULT NULL,
  `name_specific_skills_organization` varchar(255) COLLATE utf8mb4_general_ci DEFAULT NULL,
  `name_create_document` varchar(255) COLLATE utf8mb4_general_ci DEFAULT NULL,
  `tel` varchar(255) COLLATE utf8mb4_general_ci DEFAULT NULL,
  `sign_name` varchar(255) COLLATE utf8mb4_general_ci DEFAULT NULL,
  `sign_date` date DEFAULT NULL,
  `created_at` datetime DEFAULT NULL,
  `created_by_id` bigint DEFAULT NULL,
  `updated_by_id` bigint DEFAULT NULL,
  `updated_at` datetime DEFAULT NULL,
  `company_id` bigint DEFAULT NULL,
  `updated_count` int DEFAULT NULL,
  PRIMARY KEY (`id`)
) ENGINE=InnoDB DEFAULT CHARSET=utf8mb4 COLLATE=utf8mb4_general_ci;

--
-- Dumping data for table `et_doc_notification_activity_status`
--


--
-- Table structure for table `et_doc_notification_change_register_information`
--

CREATE TABLE `et_doc_notification_change_register_information` (
  `id` bigint NOT NULL AUTO_INCREMENT,
  `registration_number` varchar(255) COLLATE utf8mb4_general_ci DEFAULT NULL,
  `legal_person_number` varchar(255) COLLATE utf8mb4_general_ci DEFAULT NULL,
  `notification_agency` varchar(255) COLLATE utf8mb4_general_ci DEFAULT NULL,
  `name_of_the_institution` varchar(255) COLLATE utf8mb4_general_ci DEFAULT NULL,
  `agency_address` varchar(255) COLLATE utf8mb4_general_ci DEFAULT NULL,
  `reason_for_filing` varchar(255) COLLATE utf8mb4_general_ci DEFAULT NULL,
  `A_changes_B_changes` varchar(255) COLLATE utf8mb4_general_ci DEFAULT NULL,
  `previous_content_C_change` varchar(255) COLLATE utf8mb4_general_ci DEFAULT NULL,
  `later_content` varchar(255) COLLATE utf8mb4_general_ci DEFAULT NULL,
  `date_change` date DEFAULT NULL,
  `signature_the_person` varchar(255) COLLATE utf8mb4_general_ci DEFAULT NULL,
  `date_of_filing` date DEFAULT NULL,
  `contact_name` varchar(255) COLLATE utf8mb4_general_ci DEFAULT NULL,
  `telephone_number` varchar(255) COLLATE utf8mb4_general_ci DEFAULT NULL,
  `c_changes` varchar(255) COLLATE utf8mb4_general_ci DEFAULT NULL,
  `created_at` datetime DEFAULT NULL,
  `created_by_id` bigint DEFAULT NULL,
  `updated_by_id` bigint DEFAULT NULL,
  `updated_at` datetime DEFAULT NULL,
  `company_id` bigint DEFAULT NULL,
  `updated_count` bigint DEFAULT NULL,
  PRIMARY KEY (`id`)
) ENGINE=InnoDB AUTO_INCREMENT=4 DEFAULT CHARSET=utf8mb4 COLLATE=utf8mb4_general_ci;

--
-- Dumping data for table `et_doc_notification_change_register_information`
--

INSERT INTO `et_doc_notification_change_register_information` VALUES (2,'registration_number','legal_person_number',NULL,'name_of_the_institution','agency_address',NULL,'A_changes_B_changes','previous_content_C_change',NULL,'2024-10-06','signature_the_person','2024-10-06','contact_name','telephone_number','c_changes',NULL,NULL,NULL,NULL,1,0),(3,'registration_number','legal_person_number',NULL,'name_of_the_institution','agency_address',NULL,'A_changes_B_changes','previous_content_C_change',NULL,'2024-10-06','signature_the_person','2024-10-06','contact_name','telephone_number','c_changes',NULL,NULL,NULL,NULL,1,0);

--
-- Table structure for table `et_doc_notification_resumption_support_services`
--

CREATE TABLE `et_doc_notification_resumption_support_services` (
  `id` bigint NOT NULL AUTO_INCREMENT,
  `registration_number` varchar(255) COLLATE utf8mb4_general_ci DEFAULT NULL,
  `legal_person_number_1` int DEFAULT NULL,
  `legal_person_number_2` int DEFAULT NULL,
  `legal_person_number_3` int DEFAULT NULL,
  `legal_person_number_4` int DEFAULT NULL,
  `legal_person_number_5` int DEFAULT NULL,
  `legal_person_number_6` int DEFAULT NULL,
  `legal_person_number_7` int DEFAULT NULL,
  `legal_person_number_8` int DEFAULT NULL,
  `legal_person_number_9` int DEFAULT NULL,
  `legal_person_number_10` int DEFAULT NULL,
  `legal_person_number_11` int DEFAULT NULL,
  `legal_person_number_12` int DEFAULT NULL,
  `legal_person_number_13` int DEFAULT NULL,
  `name_the_institution` varchar(255) COLLATE utf8mb4_general_ci DEFAULT NULL,
  `agency_address` varchar(255) COLLATE utf8mb4_general_ci DEFAULT NULL,
  `responsible` varchar(255) COLLATE utf8mb4_general_ci DEFAULT NULL,
  `telephone_number` varchar(255) COLLATE utf8mb4_general_ci DEFAULT NULL,
  `planned_date` date DEFAULT NULL,
  `signature_person` varchar(255) COLLATE utf8mb4_general_ci DEFAULT NULL,
  `signature_person_date` date DEFAULT NULL,
  `created_at` datetime NOT NULL DEFAULT CURRENT_TIMESTAMP,
  `created_by_id` bigint DEFAULT NULL,
  `updated_by_id` bigint DEFAULT NULL,
  `updated_at` datetime NOT NULL DEFAULT CURRENT_TIMESTAMP,
  `company_id` bigint DEFAULT NULL,
  `updated_count` bigint DEFAULT NULL,
  PRIMARY KEY (`id`)
) ENGINE=InnoDB AUTO_INCREMENT=2 DEFAULT CHARSET=utf8mb4 COLLATE=utf8mb4_general_ci;

--
-- Dumping data for table `et_doc_notification_resumption_support_services`
--

INSERT INTO `et_doc_notification_resumption_support_services` VALUES (1,'registration_number',1,1,2,2,3,3,4,4,5,5,6,6,7,'name_the_institution','agency_address','responsible','telephone_number','2024-11-11','fsdfsdf','2024-03-12','2024-10-14 12:54:01',NULL,1,'2024-10-14 13:09:30',1,1);

--
-- Table structure for table `et_doc_notification_support_implementation_status`
--

CREATE TABLE `et_doc_notification_support_implementation_status` (
  `id` int NOT NULL AUTO_INCREMENT,
  `corporate_number` varchar(255) COLLATE utf8mb4_general_ci DEFAULT NULL,
  `name` varchar(255) COLLATE utf8mb4_general_ci DEFAULT NULL,
  `accommodation` varchar(255) COLLATE utf8mb4_general_ci DEFAULT NULL,
  `accommodation_tel` varchar(255) COLLATE utf8mb4_general_ci DEFAULT NULL,
  `specific_skilled_foreign_nationals_1` int DEFAULT NULL,
  `specific_skilled_foreign_nationals_2` int DEFAULT NULL,
  `name_specific_skills_organization` varchar(255) COLLATE utf8mb4_general_ci DEFAULT NULL,
  `name_create_document` varchar(255) COLLATE utf8mb4_general_ci DEFAULT NULL,
  `tel` varchar(255) COLLATE utf8mb4_general_ci DEFAULT NULL,
  `sign_name` varchar(255) COLLATE utf8mb4_general_ci DEFAULT NULL,
  `sign_date` date DEFAULT NULL,
  `created_at` datetime DEFAULT NULL,
  `created_by_id` bigint DEFAULT NULL,
  `updated_by_id` bigint DEFAULT NULL,
  `updated_at` datetime DEFAULT NULL,
  `company_id` bigint DEFAULT NULL,
  `updated_count` int DEFAULT NULL,
  PRIMARY KEY (`id`)
) ENGINE=InnoDB DEFAULT CHARSET=utf8mb4 COLLATE=utf8mb4_general_ci;

--
-- Dumping data for table `et_doc_notification_support_implementation_status`
--


--
-- Table structure for table `et_doc_otherwork_reason`
--

CREATE TABLE `et_doc_otherwork_reason` (
  `id` int NOT NULL AUTO_INCREMENT,
  `date` date DEFAULT NULL,
  `customer_name` varchar(255) CHARACTER SET utf8mb4 COLLATE utf8mb4_unicode_ci DEFAULT NULL,
  `customer_director` varchar(255) CHARACTER SET utf8mb4 COLLATE utf8mb4_unicode_ci DEFAULT NULL,
  `reason_required_work` tinyint(1) NOT NULL DEFAULT '0',
  `reason_required_work_note` text CHARACTER SET utf8mb4 COLLATE utf8mb4_unicode_ci,
  `reason_performance_work` tinyint(1) NOT NULL DEFAULT '0',
  `reason_performance_work_note` text CHARACTER SET utf8mb4 COLLATE utf8mb4_unicode_ci,
  `reason_otherwork` tinyint(1) NOT NULL DEFAULT '0',
  `reason_otherwork_note` text CHARACTER SET utf8mb4 COLLATE utf8mb4_unicode_ci,
  `note` varchar(255) CHARACTER SET utf8mb4 COLLATE utf8mb4_unicode_ci DEFAULT NULL,
  `created_at` timestamp NULL DEFAULT NULL,
  `created_by_id` bigint DEFAULT NULL,
  `updated_at` int DEFAULT NULL,
  `updated_by_id` bigint DEFAULT NULL,
  `company_id` bigint DEFAULT NULL,
  `updated_count` int NOT NULL DEFAULT '0',
  PRIMARY KEY (`id`)
) ENGINE=InnoDB AUTO_INCREMENT=3 DEFAULT CHARSET=utf8mb4 COLLATE=utf8mb4_0900_ai_ci;

--
-- Dumping data for table `et_doc_otherwork_reason`
--

INSERT INTO `et_doc_otherwork_reason` VALUES (1,'2024-06-21','customer_name 123','customer_director 123123',1,'ádasdaasd asdasdasd ádasd',1,'ádasdasdasd ádasd',1,'ádasda',NULL,NULL,NULL,NULL,1,1,2),(2,'2024-09-01','customer_name','customer_director',1,'test\r\ntest3',1,'1\r\n2',1,'1111\r\n222',NULL,NULL,NULL,NULL,1,1,3);

--
-- Table structure for table `et_doc_payment_certificate`
--

CREATE TABLE `et_doc_payment_certificate` (
  `id` int NOT NULL AUTO_INCREMENT,
  `month` varchar(255) DEFAULT NULL,
  `from_date` date DEFAULT NULL,
  `to_date` date DEFAULT NULL,
  `name` varchar(255) CHARACTER SET utf8mb4 COLLATE utf8mb4_unicode_ci DEFAULT NULL,
  `sex` tinyint(1) DEFAULT NULL,
  `birthdate` date DEFAULT NULL,
  `nationality` varchar(255) CHARACTER SET utf8mb4 COLLATE utf8mb4_unicode_ci DEFAULT NULL,
  `zairyu_number` varchar(255) CHARACTER SET utf8mb4 COLLATE utf8mb4_unicode_ci DEFAULT NULL,
  `money` int DEFAULT NULL,
  `cash_money` int DEFAULT NULL,
  `pay_date` date DEFAULT NULL,
  `sign_date1` date DEFAULT NULL,
  `sign_company_name` varchar(255) CHARACTER SET utf8mb4 COLLATE utf8mb4_unicode_ci DEFAULT NULL,
  `sign_company_director_name` varchar(255) CHARACTER SET utf8mb4 COLLATE utf8mb4_unicode_ci DEFAULT NULL,
  `sign_company_payer_name` varchar(255) CHARACTER SET utf8mb4 COLLATE utf8mb4_unicode_ci DEFAULT NULL,
  `sign_date2` date DEFAULT NULL,
  `trainee_name` varchar(255) CHARACTER SET utf8mb4 COLLATE utf8mb4_unicode_ci DEFAULT NULL,
  `created_at` timestamp NULL DEFAULT NULL,
  `created_by_id` bigint DEFAULT NULL,
  `updated_at` int DEFAULT NULL,
  `updated_by_id` bigint DEFAULT NULL,
  `company_id` bigint DEFAULT NULL,
  `updated_count` int NOT NULL DEFAULT '0',
  PRIMARY KEY (`id`)
) ENGINE=InnoDB AUTO_INCREMENT=3 DEFAULT CHARSET=utf8mb4 COLLATE=utf8mb4_0900_ai_ci;

--
-- Dumping data for table `et_doc_payment_certificate`
--

INSERT INTO `et_doc_payment_certificate` VALUES (1,'2024-07','2024-07-01','2024-07-31','name',1,'2024-07-08','nationality','zairyu_number',1000,10000,'2024-07-22','2024-07-25','sign_company_name','sign_company_director_name','sign_company_payer_name','2024-07-25','trainee_name',NULL,NULL,NULL,1,1,1),(2,'2024-08','2024-08-02','2024-08-02','TEST',1,'2024-08-02','nationality',NULL,NULL,NULL,NULL,NULL,NULL,NULL,NULL,NULL,NULL,NULL,NULL,NULL,1,1,4);

--
-- Table structure for table `et_doc_power_attorney`
--

CREATE TABLE `et_doc_power_attorney` (
  `id` int NOT NULL AUTO_INCREMENT,
  `person_1_postcode` varchar(255) CHARACTER SET utf8mb4 COLLATE utf8mb4_unicode_ci DEFAULT NULL,
  `person_1_address` varchar(255) CHARACTER SET utf8mb4 COLLATE utf8mb4_unicode_ci DEFAULT NULL,
  `person_1_tell` varchar(255) CHARACTER SET utf8mb4 COLLATE utf8mb4_unicode_ci DEFAULT NULL,
  `person_1_name` varchar(255) CHARACTER SET utf8mb4 COLLATE utf8mb4_unicode_ci DEFAULT NULL,
  `person_1_leader_name` varchar(255) CHARACTER SET utf8mb4 COLLATE utf8mb4_unicode_ci DEFAULT NULL,
  `content` varchar(255) CHARACTER SET utf8mb4 COLLATE utf8mb4_unicode_ci DEFAULT NULL,
  `content_2` varchar(255) CHARACTER SET utf8mb4 COLLATE utf8mb4_unicode_ci DEFAULT NULL,
  `content_3` varchar(255) CHARACTER SET utf8mb4 COLLATE utf8mb4_unicode_ci DEFAULT NULL,
  `sign_date` date DEFAULT NULL,
  `person_2_postcode` varchar(255) CHARACTER SET utf8mb4 COLLATE utf8mb4_unicode_ci DEFAULT NULL,
  `person_2_address` varchar(255) CHARACTER SET utf8mb4 COLLATE utf8mb4_unicode_ci DEFAULT NULL,
  `person_2_tell` varchar(255) CHARACTER SET utf8mb4 COLLATE utf8mb4_unicode_ci DEFAULT NULL,
  `person_2_name` varchar(255) CHARACTER SET utf8mb4 COLLATE utf8mb4_unicode_ci DEFAULT NULL,
  `person_2_leader_name` varchar(255) CHARACTER SET utf8mb4 COLLATE utf8mb4_unicode_ci DEFAULT NULL,
  `created_at` timestamp NULL DEFAULT NULL,
  `created_by_id` bigint DEFAULT NULL,
  `updated_at` int DEFAULT NULL,
  `updated_by_id` bigint DEFAULT NULL,
  `company_id` bigint DEFAULT NULL,
  `updated_count` int NOT NULL DEFAULT '0',
  PRIMARY KEY (`id`)
) ENGINE=InnoDB AUTO_INCREMENT=3 DEFAULT CHARSET=utf8mb4 COLLATE=utf8mb4_0900_ai_ci;

--
-- Dumping data for table `et_doc_power_attorney`
--

INSERT INTO `et_doc_power_attorney` VALUES (1,'12345','tesst','0123456789','name','person_1_leader_name','afasdf asdfa','test','content 3','2024-07-02','12345678','123456789','test','name 111','leader 111',NULL,NULL,NULL,1,1,15),(2,NULL,NULL,NULL,NULL,NULL,NULL,NULL,NULL,NULL,NULL,NULL,NULL,NULL,NULL,NULL,NULL,NULL,1,1,1);

--
-- Table structure for table `et_doc_pre_entry_training_scheduler`
--

CREATE TABLE `et_doc_pre_entry_training_scheduler` (
  `id` int NOT NULL AUTO_INCREMENT,
  `sign_date` date DEFAULT NULL,
  `sign_name` varchar(255) CHARACTER SET utf8mb4 COLLATE utf8mb4_unicode_ci DEFAULT NULL,
  `sign_creator_name` varchar(255) CHARACTER SET utf8mb4 COLLATE utf8mb4_unicode_ci DEFAULT NULL,
  `sign_customer_name` varchar(255) CHARACTER SET utf8mb4 COLLATE utf8mb4_unicode_ci DEFAULT NULL,
  `created_at` timestamp NULL DEFAULT NULL,
  `created_by_id` bigint DEFAULT NULL,
  `updated_at` int DEFAULT NULL,
  `updated_by_id` bigint DEFAULT NULL,
  `company_id` bigint DEFAULT NULL,
  `updated_count` int NOT NULL DEFAULT '0',
  PRIMARY KEY (`id`)
) ENGINE=InnoDB AUTO_INCREMENT=5 DEFAULT CHARSET=utf8mb4 COLLATE=utf8mb4_0900_ai_ci;

--
-- Dumping data for table `et_doc_pre_entry_training_scheduler`
--

INSERT INTO `et_doc_pre_entry_training_scheduler` VALUES (1,'2024-07-05','NGUYEN DUC TAP','NGUYEN VAN A','CUSTOME NAME',NULL,NULL,NULL,NULL,1,0),(2,'2024-07-09','sign_name','sign_creator_name','sign_customer_name',NULL,NULL,NULL,1,1,2),(3,'2024-07-30','sign_name','sign_creator_name','sign_customer_name',NULL,NULL,NULL,NULL,1,0),(4,'2024-09-09','sign_name','sign_creator_name','sign_customer_name',NULL,NULL,NULL,1,1,4);

--
-- Table structure for table `et_doc_pregnancy_declaration`
--

CREATE TABLE `et_doc_pregnancy_declaration` (
  `id` int NOT NULL AUTO_INCREMENT,
  `check_1` int DEFAULT NULL,
  `check_2` int DEFAULT NULL,
  `name` varchar(255) CHARACTER SET utf8mb4 COLLATE utf8mb4_unicode_ci DEFAULT NULL,
  `detail_check_1` int DEFAULT NULL,
  `detail_check_2` int DEFAULT NULL,
  `detail_check_3` int DEFAULT NULL,
  `detail_check_4` int DEFAULT NULL,
  `detail_check_5` int DEFAULT NULL,
  `detail_check_6` tinyint(1) DEFAULT NULL,
  `detail_check_7` int DEFAULT NULL,
  `date_to` date DEFAULT NULL,
  `return_country_date` date DEFAULT NULL,
  `return_check_1` int DEFAULT NULL,
  `return_month` varchar(8) CHARACTER SET utf8mb4 COLLATE utf8mb4_unicode_ci DEFAULT NULL,
  `return_check_2` tinyint(1) DEFAULT NULL,
  `return_check_3` tinyint(1) DEFAULT NULL,
  `sign_date` date DEFAULT NULL,
  `sign_name` varchar(255) CHARACTER SET utf8mb4 COLLATE utf8mb4_unicode_ci DEFAULT NULL,
  `sign_submit_name` varchar(255) CHARACTER SET utf8mb4 COLLATE utf8mb4_unicode_ci DEFAULT NULL,
  `created_at` timestamp NULL DEFAULT NULL,
  `created_by_id` bigint DEFAULT NULL,
  `updated_at` int DEFAULT NULL,
  `updated_by_id` bigint DEFAULT NULL,
  `company_id` bigint DEFAULT NULL,
  `updated_count` int NOT NULL DEFAULT '0',
  `note` text,
  PRIMARY KEY (`id`)
) ENGINE=InnoDB AUTO_INCREMENT=3 DEFAULT CHARSET=utf8mb4 COLLATE=utf8mb4_0900_ai_ci;

--
-- Dumping data for table `et_doc_pregnancy_declaration`
--

INSERT INTO `et_doc_pregnancy_declaration` VALUES (1,1,0,'name test',1,0,0,1,1,1,1,'2024-07-04','2024-07-04',1,'2024-06',1,0,'2024-07-10','sign_name','sign_submit_name',NULL,NULL,NULL,NULL,NULL,0,'note'),(2,0,0,NULL,0,0,0,0,0,0,0,NULL,NULL,0,NULL,0,0,NULL,NULL,NULL,NULL,NULL,NULL,NULL,NULL,0,NULL);

--
-- Table structure for table `et_doc_prepare_institution_pledge`
--

CREATE TABLE `et_doc_prepare_institution_pledge` (
  `id` int NOT NULL AUTO_INCREMENT,
  `name` varchar(255) CHARACTER SET utf8mb4 COLLATE utf8mb4_unicode_ci DEFAULT NULL,
  `director_name` varchar(255) CHARACTER SET utf8mb4 COLLATE utf8mb4_unicode_ci DEFAULT NULL,
  `address` varchar(255) CHARACTER SET utf8mb4 COLLATE utf8mb4_unicode_ci DEFAULT NULL,
  `tel` varchar(255) CHARACTER SET utf8mb4 COLLATE utf8mb4_unicode_ci DEFAULT NULL,
  `email` varchar(255) CHARACTER SET utf8mb4 COLLATE utf8mb4_unicode_ci DEFAULT NULL,
  `establistment_date` date DEFAULT NULL,
  `trainee_relationship_type` int DEFAULT NULL COMMENT '1: 入国前講習の実施に関与する者, 2: その他',
  `trainee_relationship_type_other` varchar(255) CHARACTER SET utf8mb4 COLLATE utf8mb4_unicode_ci DEFAULT NULL,
  `job_name` varchar(255) CHARACTER SET utf8mb4 COLLATE utf8mb4_unicode_ci DEFAULT NULL,
  `sign_date` date DEFAULT NULL,
  `sign_name` varchar(255) CHARACTER SET utf8mb4 COLLATE utf8mb4_unicode_ci DEFAULT NULL,
  `sign_director_name` varchar(255) DEFAULT NULL,
  `note` varchar(255) CHARACTER SET utf8mb4 COLLATE utf8mb4_unicode_ci DEFAULT NULL,
  `created_at` timestamp NULL DEFAULT NULL,
  `created_by_id` bigint DEFAULT NULL,
  `updated_at` int DEFAULT NULL,
  `updated_by_id` bigint DEFAULT NULL,
  `company_id` bigint DEFAULT NULL,
  `updated_count` int NOT NULL DEFAULT '0',
  PRIMARY KEY (`id`)
) ENGINE=InnoDB AUTO_INCREMENT=6 DEFAULT CHARSET=utf8mb4 COLLATE=utf8mb4_0900_ai_ci;

--
-- Dumping data for table `et_doc_prepare_institution_pledge`
--

INSERT INTO `et_doc_prepare_institution_pledge` VALUES (1,'test name','director_name','prepare_institution_pledge address','0123456789','test2gmail.com','2024-06-03',1,'trainee relationship type other','job','2024-06-03','sign_name','sign_director_name',NULL,NULL,NULL,NULL,1,1,2),(2,'longnh','dsa','abcsda','1234123412','admin@gmail.com','2024-06-29',1,'dsadsadsadsa','1','2024-06-26','sign name','dsadsa',NULL,NULL,NULL,NULL,1,1,3),(5,'TEST','director_name','address','tel','test@gmail.com.vn','2024-09-01',2,'trainee_relationship_type_other','job_name','2024-09-05','sign_name','sign_director_name',NULL,NULL,NULL,NULL,1,1,5);

--
-- Table structure for table `et_doc_recomend_trainee`
--

CREATE TABLE `et_doc_recomend_trainee` (
  `id` bigint NOT NULL AUTO_INCREMENT,
  `sending_agency_name` varchar(255) DEFAULT NULL,
  `company_id` int DEFAULT NULL,
  `customer_id` int DEFAULT NULL,
  `start_month` varchar(8) CHARACTER SET utf8mb4 COLLATE utf8mb4_unicode_ci DEFAULT NULL,
  `job_type_id` int DEFAULT NULL,
  `sign_date` date DEFAULT NULL,
  `coulcity` varchar(255) CHARACTER SET utf8mb4 COLLATE utf8mb4_unicode_ci DEFAULT NULL,
  `coulcity_staff_name` varchar(255) CHARACTER SET utf8mb4 COLLATE utf8mb4_unicode_ci DEFAULT NULL,
  `note` text CHARACTER SET utf8mb4 COLLATE utf8mb4_unicode_ci,
  `created_at` timestamp NULL DEFAULT NULL,
  `created_by_id` bigint DEFAULT NULL,
  `updated_at` timestamp NULL DEFAULT NULL,
  `updated_by_id` bigint DEFAULT NULL,
  `updated_count` int NOT NULL DEFAULT '0',
  PRIMARY KEY (`id`)
) ENGINE=InnoDB AUTO_INCREMENT=3 DEFAULT CHARSET=utf8mb4 COLLATE=utf8mb4_0900_ai_ci;

--
-- Dumping data for table `et_doc_recomend_trainee`
--

INSERT INTO `et_doc_recomend_trainee` VALUES (1,NULL,1,2,'2024-07',3,'2024-06-21','test ád','Nguyen Duc Tap',NULL,NULL,NULL,NULL,NULL,0),(2,'sending_agency_name',1,NULL,'2024-08',5,'2024-08-05','test','coulcity_staff_name',NULL,NULL,NULL,NULL,NULL,0);

--
-- Table structure for table `et_doc_recomend_trainee_listname`
--

CREATE TABLE `et_doc_recomend_trainee_listname` (
  `id` bigint NOT NULL AUTO_INCREMENT,
  `recomend_trainee_id` bigint NOT NULL,
  `trainee_id` bigint NOT NULL,
  `updated_at` datetime DEFAULT NULL,
  `created_at` datetime DEFAULT NULL,
  PRIMARY KEY (`id`)
) ENGINE=InnoDB AUTO_INCREMENT=12 DEFAULT CHARSET=utf8mb4 COLLATE=utf8mb4_0900_ai_ci;

--
-- Dumping data for table `et_doc_recomend_trainee_listname`
--

INSERT INTO `et_doc_recomend_trainee_listname` VALUES (3,1,4,'2024-06-27 20:14:14','2024-06-27 20:14:14'),(4,1,18,'2024-06-27 20:14:14','2024-06-27 20:14:14'),(5,1,11,'2024-06-27 20:14:14','2024-06-27 20:14:14'),(6,1,18,'2024-06-27 20:14:14','2024-06-27 20:14:14'),(7,1,74,'2024-06-27 20:14:14','2024-06-27 20:14:14'),(8,2,79,'2024-08-05 16:09:52','2024-08-05 16:09:52'),(9,2,143,'2024-08-05 16:10:58','2024-08-05 16:10:58'),(10,2,74,'2024-08-05 16:10:58','2024-08-05 16:10:58'),(11,2,75,'2024-08-05 16:10:58','2024-08-05 16:10:58');

--
-- Table structure for table `et_doc_returncountry_declaration`
--

CREATE TABLE `et_doc_returncountry_declaration` (
  `id` int NOT NULL AUTO_INCREMENT,
  `reason_type` int DEFAULT NULL COMMENT '1:帰国便都合, 2:技能実習期間の末日が休日である, 3:その他',
  `reason_other_note` varchar(255) CHARACTER SET utf8mb4 COLLATE utf8mb4_unicode_ci DEFAULT NULL,
  `deadline_date` date DEFAULT NULL,
  `return_date` date DEFAULT NULL,
  `person_type` int DEFAULT NULL COMMENT ' 1: 監理団体  2:実習実施者',
  `person_name` varchar(255) CHARACTER SET utf8mb4 COLLATE utf8mb4_unicode_ci DEFAULT NULL,
  `sign_date` date DEFAULT NULL,
  `sign_name` varchar(255) CHARACTER SET utf8mb4 COLLATE utf8mb4_unicode_ci DEFAULT NULL,
  `note` varchar(255) CHARACTER SET utf8mb4 COLLATE utf8mb4_unicode_ci DEFAULT NULL,
  `created_at` timestamp NULL DEFAULT NULL,
  `created_by_id` bigint DEFAULT NULL,
  `updated_at` int DEFAULT NULL,
  `updated_by_id` bigint DEFAULT NULL,
  `company_id` bigint DEFAULT NULL,
  `updated_count` int NOT NULL DEFAULT '0',
  PRIMARY KEY (`id`)
) ENGINE=InnoDB AUTO_INCREMENT=3 DEFAULT CHARSET=utf8mb4 COLLATE=utf8mb4_0900_ai_ci;

--
-- Dumping data for table `et_doc_returncountry_declaration`
--

INSERT INTO `et_doc_returncountry_declaration` VALUES (1,2,NULL,'2024-06-19','2024-06-21',1,'dsa222','2024-06-27','dsa',NULL,NULL,NULL,NULL,NULL,NULL,0),(2,3,'reason_other_note','2024-08-08','2024-08-15',2,'person_name','2024-08-14','sign_name',NULL,NULL,NULL,NULL,NULL,NULL,0);

--
-- Table structure for table `et_doc_sending_agency_expenses`
--

CREATE TABLE `et_doc_sending_agency_expenses` (
  `id` int NOT NULL AUTO_INCREMENT,
  `sign_date` date DEFAULT NULL,
  `sign_sending_agency_name` varchar(255) CHARACTER SET utf8mb4 COLLATE utf8mb4_unicode_ci DEFAULT NULL,
  `sign_director_name` varchar(255) CHARACTER SET utf8mb4 COLLATE utf8mb4_unicode_ci DEFAULT NULL,
  `created_at` timestamp NULL DEFAULT NULL,
  `created_by_id` bigint DEFAULT NULL,
  `updated_at` int DEFAULT NULL,
  `updated_by_id` bigint DEFAULT NULL,
  `company_id` bigint DEFAULT NULL,
  `updated_count` int NOT NULL DEFAULT '0',
  PRIMARY KEY (`id`)
) ENGINE=InnoDB AUTO_INCREMENT=2 DEFAULT CHARSET=utf8mb4 COLLATE=utf8mb4_0900_ai_ci;

--
-- Dumping data for table `et_doc_sending_agency_expenses`
--

INSERT INTO `et_doc_sending_agency_expenses` VALUES (1,'2024-07-02','sign_sending_agency_name','sign_director_name',NULL,NULL,NULL,1,1,6);

--
-- Table structure for table `et_doc_sending_agency_expenses_detail`
--

CREATE TABLE `et_doc_sending_agency_expenses_detail` (
  `id` int NOT NULL AUTO_INCREMENT,
  `sending_agency_expenses_id` int DEFAULT NULL,
  `name` varchar(255) CHARACTER SET utf8mb4 COLLATE utf8mb4_unicode_ci DEFAULT NULL,
  `period_date` date DEFAULT NULL,
  `money` varchar(255) CHARACTER SET utf8mb4 COLLATE utf8mb4_unicode_ci DEFAULT NULL,
  `money_yen` int DEFAULT NULL,
  `pay_method` varchar(255) CHARACTER SET utf8mb4 COLLATE utf8mb4_unicode_ci DEFAULT NULL,
  PRIMARY KEY (`id`)
) ENGINE=InnoDB AUTO_INCREMENT=4 DEFAULT CHARSET=utf8mb4 COLLATE=utf8mb4_0900_ai_ci;

--
-- Dumping data for table `et_doc_sending_agency_expenses_detail`
--

INSERT INTO `et_doc_sending_agency_expenses_detail` VALUES (1,1,'NAME','2024-07-09','205700',205700,'online'),(2,1,'name 2','2024-07-10','100000',100000,''),(3,1,'test 3',NULL,'30000',400000,'');

--
-- Table structure for table `et_doc_sending_agency_oath`
--

CREATE TABLE `et_doc_sending_agency_oath` (
  `id` int NOT NULL AUTO_INCREMENT,
  `customer_name` varchar(255) CHARACTER SET utf8mb4 COLLATE utf8mb4_unicode_ci DEFAULT NULL,
  `company_name` varchar(255) CHARACTER SET utf8mb4 COLLATE utf8mb4_unicode_ci DEFAULT NULL,
  `date` date DEFAULT NULL,
  `sending_agency_name` varchar(255) CHARACTER SET utf8mb4 COLLATE utf8mb4_unicode_ci DEFAULT NULL,
  `sending_agency_number` varchar(255) CHARACTER SET utf8mb4 COLLATE utf8mb4_unicode_ci DEFAULT NULL,
  `sending_agency_number_ref` varchar(255) CHARACTER SET utf8mb4 COLLATE utf8mb4_unicode_ci DEFAULT NULL,
  `created_by_name` varchar(255) CHARACTER SET utf8mb4 COLLATE utf8mb4_unicode_ci DEFAULT NULL,
  `note` varchar(255) CHARACTER SET utf8mb4 COLLATE utf8mb4_unicode_ci DEFAULT NULL,
  `created_at` timestamp NULL DEFAULT NULL,
  `created_by_id` bigint DEFAULT NULL,
  `updated_at` int DEFAULT NULL,
  `updated_by_id` bigint DEFAULT NULL,
  `company_id` bigint DEFAULT NULL,
  `updated_count` int NOT NULL DEFAULT '0',
  PRIMARY KEY (`id`)
) ENGINE=InnoDB AUTO_INCREMENT=3 DEFAULT CHARSET=utf8mb4 COLLATE=utf8mb4_0900_ai_ci;

--
-- Dumping data for table `et_doc_sending_agency_oath`
--

INSERT INTO `et_doc_sending_agency_oath` VALUES (1,'12345','test1','2024-06-03','testdsyhtft','12345','sending_agency_number_ref','test',NULL,NULL,NULL,NULL,NULL,1,0),(2,'申請者（実習実施者）','監理団体の名称','2024-08-05','1234567','111112222','2222','333333333',NULL,NULL,NULL,NULL,NULL,1,0);

--
-- Table structure for table `et_doc_sending_agency_oath_listname`
--

CREATE TABLE `et_doc_sending_agency_oath_listname` (
  `id` bigint unsigned NOT NULL AUTO_INCREMENT,
  `sending_agency_oath_id` int DEFAULT NULL,
  `name` varchar(255) CHARACTER SET utf8mb4 COLLATE utf8mb4_unicode_ci DEFAULT NULL,
  `national` varchar(255) COLLATE utf8mb4_unicode_ci DEFAULT NULL,
  `note` text CHARACTER SET utf8mb4 COLLATE utf8mb4_unicode_ci,
  `created_at` timestamp NULL DEFAULT NULL,
  `updated_at` timestamp NULL DEFAULT NULL,
  PRIMARY KEY (`id`)
) ENGINE=InnoDB AUTO_INCREMENT=120 DEFAULT CHARSET=utf8mb4 COLLATE=utf8mb4_unicode_ci;

--
-- Dumping data for table `et_doc_sending_agency_oath_listname`
--

INSERT INTO `et_doc_sending_agency_oath_listname` VALUES (103,1,'ddd','オーストラリア人',NULL,NULL,NULL),(104,1,'tap tast','チリ人',NULL,NULL,NULL),(105,1,'abc','中国人',NULL,NULL,NULL),(106,1,'abc','バングラデシュ人',NULL,NULL,NULL),(107,1,'test 1','',NULL,NULL,NULL),(108,1,'2','',NULL,NULL,NULL),(109,1,'test3','',NULL,NULL,NULL),(110,1,'test 4','',NULL,NULL,NULL),(111,2,'test','アルバニア','',NULL,NULL),(113,2,'test1','コロンビア','',NULL,NULL);

--
-- Table structure for table `et_doc_sending_agency_overview`
--

CREATE TABLE `et_doc_sending_agency_overview` (
  `id` int NOT NULL AUTO_INCREMENT,
  `number` varchar(255) CHARACTER SET utf8mb4 COLLATE utf8mb4_unicode_ci DEFAULT NULL,
  `name` varchar(255) CHARACTER SET utf8mb4 COLLATE utf8mb4_unicode_ci DEFAULT NULL,
  `director_name` varchar(255) CHARACTER SET utf8mb4 COLLATE utf8mb4_unicode_ci DEFAULT NULL,
  `address` varchar(255) CHARACTER SET utf8mb4 COLLATE utf8mb4_unicode_ci DEFAULT NULL,
  `tel` varchar(255) CHARACTER SET utf8mb4 COLLATE utf8mb4_unicode_ci DEFAULT NULL,
  `email` varchar(255) CHARACTER SET utf8mb4 COLLATE utf8mb4_unicode_ci DEFAULT NULL,
  `establish_date` date DEFAULT NULL,
  `business_content` varchar(255) CHARACTER SET utf8mb4 COLLATE utf8mb4_unicode_ci DEFAULT NULL,
  `capital` varchar(255) CHARACTER SET utf8mb4 COLLATE utf8mb4_unicode_ci DEFAULT NULL,
  `capital_yen` int DEFAULT NULL,
  `earning_money` varchar(255) CHARACTER SET utf8mb4 COLLATE utf8mb4_unicode_ci DEFAULT NULL,
  `earning_money_yen` int DEFAULT NULL,
  `staff_number` varchar(255) DEFAULT NULL,
  `leader_name` varchar(255) CHARACTER SET utf8mb4 COLLATE utf8mb4_unicode_ci DEFAULT NULL,
  `jp_name` varchar(255) CHARACTER SET utf8mb4 COLLATE utf8mb4_unicode_ci DEFAULT NULL,
  `jp_address` varchar(255) CHARACTER SET utf8mb4 COLLATE utf8mb4_unicode_ci DEFAULT NULL,
  `jp_postcode` varchar(255) CHARACTER SET utf8mb4 COLLATE utf8mb4_unicode_ci DEFAULT NULL,
  `jp_tel` varchar(255) CHARACTER SET utf8mb4 COLLATE utf8mb4_unicode_ci DEFAULT NULL,
  `jp_director_name` varchar(255) CHARACTER SET utf8mb4 COLLATE utf8mb4_unicode_ci DEFAULT NULL,
  `jp_staff` varchar(255) CHARACTER SET utf8mb4 COLLATE utf8mb4_unicode_ci DEFAULT NULL,
  `sign_date` date DEFAULT NULL,
  `sign_sending_agency_name` varchar(255) CHARACTER SET utf8mb4 COLLATE utf8mb4_unicode_ci DEFAULT NULL,
  `sign_director_name` varchar(255) CHARACTER SET utf8mb4 COLLATE utf8mb4_unicode_ci DEFAULT NULL,
  `created_at` timestamp NULL DEFAULT NULL,
  `created_by_id` bigint DEFAULT NULL,
  `updated_at` int DEFAULT NULL,
  `updated_by_id` bigint DEFAULT NULL,
  `company_id` bigint DEFAULT NULL,
  `updated_count` int NOT NULL DEFAULT '0',
  PRIMARY KEY (`id`)
) ENGINE=InnoDB AUTO_INCREMENT=3 DEFAULT CHARSET=utf8mb4 COLLATE=utf8mb4_0900_ai_ci;

--
-- Dumping data for table `et_doc_sending_agency_overview`
--

INSERT INTO `et_doc_sending_agency_overview` VALUES (1,'number','name','director_name','address','tel','email','2024-07-03','business_content','business_content',1232,'1232',1232,'231321','leader_name','jp_name',NULL,'jp_postcode','23132111','jp_director_name','jp_staff','2024-07-03','sign_sending_agency_name','sign_director_name',NULL,NULL,NULL,NULL,NULL,0),(2,NULL,NULL,NULL,NULL,NULL,NULL,NULL,NULL,NULL,NULL,NULL,NULL,'',NULL,NULL,NULL,NULL,NULL,NULL,NULL,NULL,NULL,NULL,NULL,NULL,NULL,NULL,NULL,0);

--
-- Table structure for table `et_doc_sendingagency_recommendation`
--

CREATE TABLE `et_doc_sendingagency_recommendation` (
  `id` int NOT NULL AUTO_INCREMENT,
  `sendingagency_name` varchar(255) CHARACTER SET utf8mb4 COLLATE utf8mb4_unicode_ci DEFAULT NULL,
  `sign_date` date DEFAULT NULL,
  `company_name` varchar(255) CHARACTER SET utf8mb4 COLLATE utf8mb4_unicode_ci DEFAULT NULL,
  `director_name` varchar(255) CHARACTER SET utf8mb4 COLLATE utf8mb4_unicode_ci DEFAULT NULL,
  `created_at` timestamp NULL DEFAULT NULL,
  `created_by_id` bigint DEFAULT NULL,
  `updated_at` int DEFAULT NULL,
  `updated_by_id` bigint DEFAULT NULL,
  `company_id` bigint DEFAULT NULL,
  `updated_count` int NOT NULL DEFAULT '0',
  PRIMARY KEY (`id`)
) ENGINE=InnoDB AUTO_INCREMENT=5 DEFAULT CHARSET=utf8mb4 COLLATE=utf8mb4_0900_ai_ci;

--
-- Dumping data for table `et_doc_sendingagency_recommendation`
--

INSERT INTO `et_doc_sendingagency_recommendation` VALUES (1,'sendingagency_name','2024-07-10','company_name','director_name',NULL,NULL,NULL,NULL,1,0),(2,'sendingagency_name','2024-07-16','company_name','director_name',NULL,NULL,NULL,NULL,1,0),(3,'sendingagency_name','2024-08-13','company_name','test',NULL,NULL,NULL,NULL,1,0),(4,'sendingagency_name','2024-09-02','test1','test2',NULL,NULL,NULL,NULL,1,0);

--
-- Table structure for table `et_doc_similar_job_description`
--

CREATE TABLE `et_doc_similar_job_description` (
  `id` int NOT NULL AUTO_INCREMENT,
  `check_1` int DEFAULT NULL,
  `check_2` int DEFAULT NULL,
  `check_3` tinyint(1) DEFAULT NULL,
  `check_4` tinyint(1) DEFAULT NULL,
  `check_5` tinyint(1) DEFAULT NULL,
  `created_at` timestamp NULL DEFAULT NULL,
  `created_by_id` bigint DEFAULT NULL,
  `updated_at` int DEFAULT NULL,
  `updated_by_id` bigint DEFAULT NULL,
  `company_id` bigint DEFAULT NULL,
  `updated_count` int NOT NULL DEFAULT '0',
  PRIMARY KEY (`id`)
) ENGINE=InnoDB AUTO_INCREMENT=3 DEFAULT CHARSET=utf8mb4 COLLATE=utf8mb4_0900_ai_ci;

--
-- Dumping data for table `et_doc_similar_job_description`
--

INSERT INTO `et_doc_similar_job_description` VALUES (1,1,0,1,0,1,NULL,NULL,NULL,NULL,NULL,0),(2,0,0,0,0,0,NULL,NULL,NULL,NULL,NULL,0);

--
-- Table structure for table `et_doc_staff_cv`
--

CREATE TABLE `et_doc_staff_cv` (
  `id` bigint unsigned NOT NULL AUTO_INCREMENT,
  `staff_incharge_id` int DEFAULT NULL,
  `staff_instructor_gino_id` int DEFAULT NULL,
  `staff_instuctor_life_id` int DEFAULT NULL,
  `staff_furigana` varchar(255) COLLATE utf8mb4_unicode_ci DEFAULT NULL,
  `staff_name` varchar(255) COLLATE utf8mb4_unicode_ci DEFAULT NULL,
  `staff_birthdate` date DEFAULT NULL,
  `staff_national` varchar(255) COLLATE utf8mb4_unicode_ci DEFAULT NULL,
  `staff_degree` varchar(255) COLLATE utf8mb4_unicode_ci DEFAULT NULL,
  `staff_technical_training` varchar(255) COLLATE utf8mb4_unicode_ci DEFAULT NULL,
  `instructor_furigana` varchar(255) COLLATE utf8mb4_unicode_ci DEFAULT NULL,
  `instructor_name` varchar(255) COLLATE utf8mb4_unicode_ci DEFAULT NULL,
  `instructor_birthdate` date DEFAULT NULL,
  `instructor_national` varchar(255) COLLATE utf8mb4_unicode_ci DEFAULT NULL,
  `instructor_degree` varchar(255) COLLATE utf8mb4_unicode_ci DEFAULT NULL,
  `instructor_technical_training` varchar(255) COLLATE utf8mb4_unicode_ci DEFAULT NULL,
  `life_instructor_furigana` varchar(255) COLLATE utf8mb4_unicode_ci DEFAULT NULL,
  `life_instructor_name` varchar(255) COLLATE utf8mb4_unicode_ci DEFAULT NULL,
  `life_instructor_birthdate` date DEFAULT NULL,
  `life_instructor_national` varchar(255) COLLATE utf8mb4_unicode_ci DEFAULT NULL,
  `life_instructor_degree` varchar(255) COLLATE utf8mb4_unicode_ci DEFAULT NULL,
  `life_instructor_technical_training` varchar(255) COLLATE utf8mb4_unicode_ci DEFAULT NULL,
  `applicant_name` varchar(255) COLLATE utf8mb4_unicode_ci DEFAULT NULL,
  `address` varchar(255) COLLATE utf8mb4_unicode_ci DEFAULT NULL,
  `content_technical` varchar(255) COLLATE utf8mb4_unicode_ci DEFAULT NULL,
  `date` date DEFAULT NULL,
  `sign_staff_name` varchar(255) COLLATE utf8mb4_unicode_ci DEFAULT NULL,
  `sign_instructor_name` varchar(255) COLLATE utf8mb4_unicode_ci DEFAULT NULL,
  `sign_life_instructor_name` varchar(255) COLLATE utf8mb4_unicode_ci DEFAULT NULL,
  `created_at` timestamp NULL DEFAULT NULL,
  `created_by_id` bigint DEFAULT NULL,
  `updated_by_id` bigint DEFAULT NULL,
  `updated_at` timestamp NULL DEFAULT NULL,
  `company_id` bigint NOT NULL,
  `updated_count` int NOT NULL DEFAULT '0',
  PRIMARY KEY (`id`)
) ENGINE=InnoDB AUTO_INCREMENT=4 DEFAULT CHARSET=utf8mb4 COLLATE=utf8mb4_unicode_ci;

--
-- Dumping data for table `et_doc_staff_cv`
--

INSERT INTO `et_doc_staff_cv` VALUES (1,NULL,NULL,NULL,'staff_furigana','staff_name','2024-07-01','staff_national','staff_degree','staff_technical_training','instructor_furigana 2','instructor_name 2','2024-07-04','instructor_national 2','instructor_degree 2','instructor_technical_training 2','life_instructor_furigana 3','life_instructor_name 3','2024-07-05','life_instructor_national 3','life_instructor_degree 3','life_instructor_technical_training 3','applicant_name 3','address 3','content_technical 3','2024-07-06','sign_staff_name 3','sign_instructor_name 3','sign_life_instructor_name 3',NULL,NULL,1,NULL,1,3),(2,NULL,NULL,NULL,'staff_furigana','staff_name','2024-08-02','staff_national','staff_degree','staff_technical_training','instructor_furigana','instructor_name','2024-08-02','instructor_national','instructor_degree','instructor_technical_training','life_instructor_furigana','life_instructor_name','2024-08-08','life_instructor_national','life_instructor_degree','life_instructor_technical_training 3','applicant_name 3','address 3','content_technical 3','2024-08-12','sign_staff_name 3','sign_instructor_name 3','sign_life_instructor_name 3',NULL,NULL,1,NULL,1,6),(3,NULL,NULL,NULL,'staff_furigana','a','2024-09-10','as','ss','sa','123','12','2024-09-11','国籍','資格・免許','技能実習に係る講習の受講歴','ふりがな',NULL,'2024-08-12','国籍（国又は地域）','資格・免許','技能実習に係る講習の受講歴','applicant_name','address','content_technical','2024-09-10','技能実習責任者の氏名','技能実習指導員の氏名','技能実習指導員の氏名',NULL,NULL,1,NULL,1,3);

--
-- Table structure for table `et_doc_staff_cv_filelist`
--

CREATE TABLE `et_doc_staff_cv_filelist` (
  `id` int NOT NULL AUTO_INCREMENT,
  `staff_cv_id` bigint NOT NULL,
  `file` varchar(255) CHARACTER SET utf8mb4 COLLATE utf8mb4_unicode_ci DEFAULT NULL,
  `note` varchar(255) CHARACTER SET utf8mb4 COLLATE utf8mb4_unicode_ci DEFAULT NULL,
  `type` int NOT NULL COMMENT '1 staff, 2 instructor, 3 life_instructor',
  PRIMARY KEY (`id`)
) ENGINE=InnoDB AUTO_INCREMENT=14 DEFAULT CHARSET=utf8mb4 COLLATE=utf8mb4_0900_ai_ci;

--
-- Dumping data for table `et_doc_staff_cv_filelist`
--

INSERT INTO `et_doc_staff_cv_filelist` VALUES (1,1,'storage/app/public/et_document/doc_staff_cv/reform.png',NULL,1),(2,1,'storage/app/public/et_document/doc_staff_cv/kumiai_jobtype_scope.pdf',NULL,2),(3,1,'storage/app/public/et_document/doc_staff_cv/kokokuhi.png',NULL,3),(4,1,'storage/app/public/et_document/doc_staff_cv/reform.png',NULL,1),(5,1,'storage/app/public/et_document/doc_staff_cv/kumiai_jobtype_scope.pdf',NULL,2),(6,1,'storage/app/public/et_document/doc_staff_cv/kokokuhi.png',NULL,3),(7,1,'storage/app/public/et_document/doc_staff_cv/reform.png',NULL,1),(8,1,'storage/app/public/et_document/doc_staff_cv/kumiai_jobtype_scope.pdf',NULL,2),(9,1,'storage/app/public/et_document/doc_staff_cv/kokokuhi.png',NULL,3),(10,1,'storage/app/public/et_document/doc_staff_cv/doc_staff_cv (1).pdf',NULL,1),(11,2,'storage/app/public/et_document/doc_staff_cv/pic_point_01.png',NULL,1),(12,2,'storage/app/public/et_document/doc_staff_cv/pic_point_03.png',NULL,3),(13,2,'storage/app/public/et_document/doc_staff_cv/checklist.png',NULL,1);

--
-- Table structure for table `et_doc_staff_job_history`
--

CREATE TABLE `et_doc_staff_job_history` (
  `id` int NOT NULL AUTO_INCREMENT,
  `staff_cv_id` bigint NOT NULL,
  `year` varchar(4) DEFAULT NULL,
  `month` varchar(2) DEFAULT NULL,
  `date` int DEFAULT NULL,
  `content` varchar(255) CHARACTER SET utf8mb4 COLLATE utf8mb4_unicode_ci DEFAULT NULL,
  `type` int NOT NULL COMMENT '1 staff, 2 instructor, 3 life_instructor',
  PRIMARY KEY (`id`)
) ENGINE=InnoDB AUTO_INCREMENT=19 DEFAULT CHARSET=utf8mb4 COLLATE=utf8mb4_0900_ai_ci;

--
-- Dumping data for table `et_doc_staff_job_history`
--

INSERT INTO `et_doc_staff_job_history` VALUES (1,3,'2000','01',1,'test',1),(5,3,'2000','03',1,'life',3),(7,3,'2023','01',2,'test 123',2),(8,3,'2024','01',1,'life2',3),(9,3,'2024','01',2,'life3',3),(16,3,'2001','02',4,'test1',1),(17,3,'2000','03',5,'test2',1),(18,3,'2000','03',3,'test 1234',2);

--
-- Table structure for table `et_doc_supervisor_cv`
--

CREATE TABLE `et_doc_supervisor_cv` (
  `id` int NOT NULL AUTO_INCREMENT,
  `name` varchar(255) CHARACTER SET utf8mb4 COLLATE utf8mb4_unicode_ci DEFAULT NULL,
  `name_furigana` varchar(255) CHARACTER SET utf8mb4 COLLATE utf8mb4_0900_ai_ci DEFAULT NULL,
  `sex` int DEFAULT NULL COMMENT '1:male, 2:female',
  `birthdate` date DEFAULT NULL,
  `nationality` varchar(255) CHARACTER SET utf8mb4 COLLATE utf8mb4_unicode_ci DEFAULT NULL,
  `postcode` varchar(255) CHARACTER SET utf8mb4 COLLATE utf8mb4_unicode_ci DEFAULT NULL,
  `address` varchar(255) CHARACTER SET utf8mb4 COLLATE utf8mb4_unicode_ci DEFAULT NULL,
  `tel` varchar(255) CHARACTER SET utf8mb4 COLLATE utf8mb4_unicode_ci DEFAULT NULL,
  `company_name` varchar(255) CHARACTER SET utf8mb4 COLLATE utf8mb4_unicode_ci DEFAULT NULL,
  `company_address` varchar(255) CHARACTER SET utf8mb4 COLLATE utf8mb4_unicode_ci DEFAULT NULL,
  `company_postcode` varchar(255) CHARACTER SET utf8mb4 COLLATE utf8mb4_unicode_ci DEFAULT NULL,
  `company_tel` varchar(255) CHARACTER SET utf8mb4 COLLATE utf8mb4_unicode_ci DEFAULT NULL,
  `job_title` varchar(255) CHARACTER SET utf8mb4 COLLATE utf8mb4_unicode_ci DEFAULT NULL,
  `certificate` varchar(255) CHARACTER SET utf8mb4 COLLATE utf8mb4_unicode_ci DEFAULT NULL,
  `job_cv` varchar(255) CHARACTER SET utf8mb4 COLLATE utf8mb4_unicode_ci DEFAULT NULL,
  `job_sermina_cv` varchar(255) CHARACTER SET utf8mb4 COLLATE utf8mb4_unicode_ci DEFAULT NULL,
  `sign_date` date DEFAULT NULL,
  `sign_name` varchar(255) CHARACTER SET utf8mb4 COLLATE utf8mb4_unicode_ci DEFAULT NULL,
  `sign_creator_title` varchar(255) CHARACTER SET utf8mb4 COLLATE utf8mb4_unicode_ci DEFAULT NULL,
  `sign_creator_name` varchar(255) CHARACTER SET utf8mb4 COLLATE utf8mb4_unicode_ci DEFAULT NULL,
  `created_at` timestamp NULL DEFAULT NULL,
  `created_by_id` bigint DEFAULT NULL,
  `updated_at` int DEFAULT NULL,
  `updated_by_id` bigint DEFAULT NULL,
  `company_id` bigint DEFAULT NULL,
  `updated_count` int NOT NULL DEFAULT '0',
  PRIMARY KEY (`id`)
) ENGINE=InnoDB AUTO_INCREMENT=5 DEFAULT CHARSET=utf8mb4 COLLATE=utf8mb4_0900_ai_ci;

--
-- Dumping data for table `et_doc_supervisor_cv`
--

INSERT INTO `et_doc_supervisor_cv` VALUES (1,'name','name',2,'2024-07-04','test','0999','test address','0123456789','company_name','company_address','postcode','tel','job','certificate','job_cv','cv','2024-07-09','sign_name','sign_name 2','sign_name 3',NULL,NULL,NULL,1,1,1),(2,'name','name_furigana',2,'2024-07-09','nationality','postcode','address','tel','company_name','company_address','company_postcode','company_tel','job_title','certificate','job_cv','job_sermina_cv','2024-07-10','sign_name','sign_creator_title','sign_creator_name',NULL,NULL,NULL,NULL,1,0),(3,'name','name_furigana',1,'2020-01-01','nationality',NULL,NULL,NULL,'company_name','company_address',NULL,NULL,NULL,NULL,NULL,NULL,'2024-08-12','sign_name','sign_creator_title','sign_creator_name',NULL,NULL,NULL,1,1,3),(4,'test','1asdf',1,'2024-09-10','国籍（国又は地域）','12445','住所','電話','勤務先','勤務先住所','郵便番号','電話','役職名','資格・免許','技能実習に係る監理・指導等の経歴','技能実習に係る講習の受講歴','2024-09-11','申請者の名称','作成責任者 役職','作成責任者 氏名',NULL,NULL,NULL,1,1,3);

--
-- Table structure for table `et_doc_supervisor_pledge`
--

CREATE TABLE `et_doc_supervisor_pledge` (
  `id` int NOT NULL AUTO_INCREMENT,
  `name` varchar(255) CHARACTER SET utf8mb4 COLLATE utf8mb4_unicode_ci DEFAULT NULL,
  `address` varchar(255) CHARACTER SET utf8mb4 COLLATE utf8mb4_unicode_ci DEFAULT NULL,
  `sign_date` date DEFAULT NULL,
  `sign_name` varchar(255) CHARACTER SET utf8mb4 COLLATE utf8mb4_unicode_ci DEFAULT NULL,
  `note` varchar(255) CHARACTER SET utf8mb4 COLLATE utf8mb4_unicode_ci DEFAULT NULL,
  `created_at` timestamp NULL DEFAULT NULL,
  `created_by_id` bigint DEFAULT NULL,
  `updated_at` int DEFAULT NULL,
  `updated_by_id` bigint DEFAULT NULL,
  `company_id` bigint DEFAULT NULL,
  `updated_count` int NOT NULL DEFAULT '0',
  PRIMARY KEY (`id`)
) ENGINE=InnoDB AUTO_INCREMENT=3 DEFAULT CHARSET=utf8mb4 COLLATE=utf8mb4_0900_ai_ci;

--
-- Dumping data for table `et_doc_supervisor_pledge`
--

INSERT INTO `et_doc_supervisor_pledge` VALUES (1,'name','address','2024-07-12','sign_name',NULL,NULL,NULL,NULL,NULL,NULL,0),(2,'test','teset123','2024-09-11','hi',NULL,NULL,NULL,NULL,NULL,NULL,0);

--
-- Table structure for table `et_doc_support_plan_reference`
--

CREATE TABLE `et_doc_support_plan_reference` (
  `id` bigint NOT NULL AUTO_INCREMENT,
  `fullname` varchar(255) COLLATE utf8mb4_general_ci DEFAULT NULL,
  `birthdate` date DEFAULT NULL,
  `sex` int DEFAULT NULL,
  `nationality` varchar(255) COLLATE utf8mb4_general_ci DEFAULT NULL,
  `title` varchar(255) COLLATE utf8mb4_general_ci DEFAULT NULL,
  `accommodation` varchar(255) COLLATE utf8mb4_general_ci DEFAULT NULL,
  `accommodation_tel` varchar(255) COLLATE utf8mb4_general_ci DEFAULT NULL,
  `location_office` varchar(255) COLLATE utf8mb4_general_ci DEFAULT NULL,
  `location_office_tel` varchar(255) COLLATE utf8mb4_general_ci DEFAULT NULL,
  `support_person_responsible_furigana` varchar(255) COLLATE utf8mb4_general_ci DEFAULT NULL,
  `support_person_responsible_name` varchar(255) COLLATE utf8mb4_general_ci DEFAULT NULL,
  `providing_support` int DEFAULT NULL,
  `number_providing_support` int DEFAULT NULL,
  `neutrality_support_ensured` tinyint DEFAULT NULL,
  `registration_number` tinyint DEFAULT NULL,
  `registration_date` date DEFAULT NULL,
  `planned_date` date DEFAULT NULL,
  `registration_title` varchar(255) COLLATE utf8mb4_general_ci DEFAULT NULL,
  `registration_accommodation` varchar(255) COLLATE utf8mb4_general_ci DEFAULT NULL,
  `name_furigana_representative` varchar(255) COLLATE utf8mb4_general_ci DEFAULT NULL,
  `name_representative` varchar(255) COLLATE utf8mb4_general_ci DEFAULT NULL,
  `registration_location_office` varchar(255) COLLATE utf8mb4_general_ci DEFAULT NULL,
  `registration_location_office_tel` varchar(255) COLLATE utf8mb4_general_ci DEFAULT NULL,
  `registration_support_person_responsible_furigana` varchar(255) COLLATE utf8mb4_general_ci DEFAULT NULL,
  `registration_support_person_responsible_name` varchar(255) COLLATE utf8mb4_general_ci DEFAULT NULL,
  `registration_post` varchar(255) COLLATE utf8mb4_general_ci DEFAULT NULL,
  `registration_providing_support` int DEFAULT NULL,
  `registration_providing_support_number` int DEFAULT NULL,
  `created_at` datetime DEFAULT NULL,
  `created_by_id` bigint DEFAULT NULL,
  `updated_by_id` bigint DEFAULT NULL,
  `updated_at` datetime DEFAULT NULL,
  `company_id` bigint NOT NULL,
  `updated_count` int DEFAULT NULL,
  PRIMARY KEY (`id`)
) ENGINE=InnoDB DEFAULT CHARSET=utf8mb4 COLLATE=utf8mb4_general_ci;

--
-- Dumping data for table `et_doc_support_plan_reference`
--


--
-- Table structure for table `et_doc_teaching_techniques`
--

CREATE TABLE `et_doc_teaching_techniques` (
  `id` int NOT NULL AUTO_INCREMENT,
  `staff_cv_id` int NOT NULL,
  `job_content` varchar(255) CHARACTER SET utf8mb4 COLLATE utf8mb4_unicode_ci DEFAULT NULL,
  `year_experience` int DEFAULT NULL,
  `fulltime` tinyint(1) DEFAULT NULL,
  PRIMARY KEY (`id`)
) ENGINE=InnoDB AUTO_INCREMENT=4 DEFAULT CHARSET=utf8mb4 COLLATE=utf8mb4_0900_ai_ci;

--
-- Dumping data for table `et_doc_teaching_techniques`
--

INSERT INTO `et_doc_teaching_techniques` VALUES (1,1,'job_content 2',3,0),(2,2,'job_content',3,1),(3,3,'job_content',2,0);

--
-- Table structure for table `et_doc_technical_intern_training`
--

CREATE TABLE `et_doc_technical_intern_training` (
  `id` int NOT NULL AUTO_INCREMENT,
  `evaluation_trainee_id` int DEFAULT NULL,
  `year` varchar(255) COLLATE utf8mb4_unicode_ci DEFAULT NULL,
  `month` varchar(255) COLLATE utf8mb4_unicode_ci DEFAULT NULL,
  `plan_day` int DEFAULT NULL,
  `number_workday` int DEFAULT NULL,
  `number_absent` int DEFAULT NULL,
  `number_paid_holiday` int DEFAULT NULL,
  PRIMARY KEY (`id`)
) ENGINE=InnoDB AUTO_INCREMENT=4 DEFAULT CHARSET=utf8mb4 COLLATE=utf8mb4_unicode_ci;

--
-- Dumping data for table `et_doc_technical_intern_training`
--

INSERT INTO `et_doc_technical_intern_training` VALUES (1,1,'2024-09','2024-09',1000,1,100,20),(2,1,'2024-01','2024-02',100,10,20,30),(3,1,'2024-03','2024-03',100,20,30,40);

--
-- Table structure for table `et_doc_trainee_consultation`
--

CREATE TABLE `et_doc_trainee_consultation` (
  `id` int NOT NULL AUTO_INCREMENT,
  `created_at` timestamp NULL DEFAULT NULL,
  `created_by_id` bigint DEFAULT NULL,
  `updated_at` int DEFAULT NULL,
  `updated_by_id` bigint DEFAULT NULL,
  `company_id` bigint DEFAULT NULL,
  `updated_count` int NOT NULL DEFAULT '0',
  PRIMARY KEY (`id`)
) ENGINE=InnoDB AUTO_INCREMENT=2 DEFAULT CHARSET=utf8mb4 COLLATE=utf8mb4_0900_ai_ci;

--
-- Dumping data for table `et_doc_trainee_consultation`
--

INSERT INTO `et_doc_trainee_consultation` VALUES (1,NULL,NULL,NULL,1,1,4);

--
-- Table structure for table `et_doc_trainee_consultation_detail`
--

CREATE TABLE `et_doc_trainee_consultation_detail` (
  `id` int NOT NULL AUTO_INCREMENT,
  `trainee_consultation_id` int DEFAULT NULL,
  `date` date DEFAULT NULL,
  `trainee_name` varchar(255) CHARACTER SET utf8mb4 COLLATE utf8mb4_unicode_ci DEFAULT NULL,
  `staff_name` varchar(255) CHARACTER SET utf8mb4 COLLATE utf8mb4_unicode_ci DEFAULT NULL,
  `content` varchar(255) CHARACTER SET utf8mb4 COLLATE utf8mb4_unicode_ci DEFAULT NULL,
  `method_content` varchar(255) CHARACTER SET utf8mb4 COLLATE utf8mb4_unicode_ci DEFAULT NULL,
  `method_date` date DEFAULT NULL,
  `method_staff_name` varchar(255) CHARACTER SET utf8mb4 COLLATE utf8mb4_unicode_ci DEFAULT NULL,
  `leader_name` varchar(255) CHARACTER SET utf8mb4 COLLATE utf8mb4_unicode_ci DEFAULT NULL,
  PRIMARY KEY (`id`)
) ENGINE=InnoDB AUTO_INCREMENT=7 DEFAULT CHARSET=utf8mb4 COLLATE=utf8mb4_0900_ai_ci;

--
-- Dumping data for table `et_doc_trainee_consultation_detail`
--

INSERT INTO `et_doc_trainee_consultation_detail` VALUES (1,1,'2024-07-10','Nguyen A','STAFF NAME','CONTENT','METHOD CONTENT','2024-07-17','METHOD STAFF NAME','LEADER NAME'),(2,1,'2024-07-20','Nguyen B','STAFF NAME2','CONTENT2','METHOD CONTENT2','2024-07-19','METHOD TAFF NAME2','LEADER NAME2'),(3,1,NULL,'c',NULL,'',NULL,NULL,NULL,NULL),(4,1,NULL,'d',NULL,'',NULL,NULL,NULL,NULL),(5,1,NULL,'e',NULL,'',NULL,NULL,NULL,NULL),(6,1,NULL,'f',NULL,'',NULL,NULL,NULL,NULL);

--
-- Table structure for table `et_doc_trainee_declaration`
--

CREATE TABLE `et_doc_trainee_declaration` (
  `id` bigint unsigned NOT NULL AUTO_INCREMENT,
  `national` varchar(255) COLLATE utf8mb4_unicode_ci DEFAULT NULL,
  `jobtype` varchar(255) CHARACTER SET utf8mb4 COLLATE utf8mb4_unicode_ci DEFAULT NULL,
  `date` date DEFAULT NULL,
  `note` text CHARACTER SET utf8mb4 COLLATE utf8mb4_unicode_ci,
  `sign_name` varchar(255) COLLATE utf8mb4_unicode_ci DEFAULT NULL,
  `created_at` timestamp NULL DEFAULT NULL,
  `created_by_id` bigint DEFAULT NULL,
  `updated_by_id` bigint DEFAULT NULL,
  `updated_at` timestamp NULL DEFAULT NULL,
  `company_id` bigint NOT NULL,
  `updated_count` int NOT NULL DEFAULT '0',
  PRIMARY KEY (`id`)
) ENGINE=InnoDB AUTO_INCREMENT=3 DEFAULT CHARSET=utf8mb4 COLLATE=utf8mb4_unicode_ci;

--
-- Dumping data for table `et_doc_trainee_declaration`
--

INSERT INTO `et_doc_trainee_declaration` VALUES (1,'national','jobtype','2024-06-21','note note','NGUYEN DUC TAP',NULL,NULL,1,NULL,1,12),(2,NULL,NULL,NULL,NULL,NULL,NULL,NULL,1,NULL,1,3);

--
-- Table structure for table `et_doc_trainee_list`
--

CREATE TABLE `et_doc_trainee_list` (
  `id` int NOT NULL AUTO_INCREMENT,
  `sign_name` varchar(255) CHARACTER SET utf8mb4 COLLATE utf8mb4_unicode_ci DEFAULT NULL,
  `sign_date` date DEFAULT NULL,
  `sign_name_leader` varchar(255) CHARACTER SET utf8mb4 COLLATE utf8mb4_unicode_ci DEFAULT NULL,
  `created_at` timestamp NULL DEFAULT NULL,
  `created_by_id` bigint DEFAULT NULL,
  `updated_at` int DEFAULT NULL,
  `updated_by_id` bigint DEFAULT NULL,
  `company_id` bigint DEFAULT NULL,
  `updated_count` int NOT NULL DEFAULT '0',
  PRIMARY KEY (`id`)
) ENGINE=InnoDB AUTO_INCREMENT=124 DEFAULT CHARSET=utf8mb4 COLLATE=utf8mb4_0900_ai_ci;

--
-- Dumping data for table `et_doc_trainee_list`
--

INSERT INTO `et_doc_trainee_list` VALUES (123,'sign_name','2024-08-24','12345678',NULL,NULL,NULL,1,1,3);

--
-- Table structure for table `et_doc_trainee_list_name`
--

CREATE TABLE `et_doc_trainee_list_name` (
  `id` bigint NOT NULL AUTO_INCREMENT,
  `doc_trainee_list_id` bigint NOT NULL,
  `name` varchar(255) COLLATE utf8mb4_unicode_ci DEFAULT NULL,
  `type` varchar(255) CHARACTER SET utf8mb4 COLLATE utf8mb4_unicode_ci DEFAULT NULL,
  `date_from` date DEFAULT NULL,
  `date_to` date DEFAULT NULL,
  `note` varchar(255) CHARACTER SET utf8mb4 COLLATE utf8mb4_unicode_ci DEFAULT NULL,
  PRIMARY KEY (`id`)
) ENGINE=InnoDB AUTO_INCREMENT=3 DEFAULT CHARSET=utf8mb4 COLLATE=utf8mb4_unicode_ci;

--
-- Dumping data for table `et_doc_trainee_list_name`
--

INSERT INTO `et_doc_trainee_list_name` VALUES (2,123,'test','1','2024-08-20','2024-08-14','8');

--
-- Table structure for table `et_doc_trainee_pledge`
--

CREATE TABLE `et_doc_trainee_pledge` (
  `id` bigint unsigned NOT NULL AUTO_INCREMENT,
  `customer_name` varchar(255) CHARACTER SET utf8mb4 COLLATE utf8mb4_unicode_ci DEFAULT NULL,
  `staff_name` varchar(255) CHARACTER SET utf8mb4 COLLATE utf8mb4_unicode_ci DEFAULT NULL,
  `date` date DEFAULT NULL,
  `number_1` int DEFAULT NULL,
  `number_2` int DEFAULT NULL,
  `number_3` int DEFAULT NULL,
  `number_4` int DEFAULT NULL,
  `number_5` int DEFAULT NULL,
  `number_6` int DEFAULT NULL,
  `number_7` int DEFAULT NULL,
  `number_8` int DEFAULT NULL,
  `number_9` int DEFAULT NULL,
  `number_10` int DEFAULT NULL,
  `number_11` int DEFAULT NULL,
  `number_12` int DEFAULT NULL,
  `number_13` int DEFAULT NULL,
  `number_14` int DEFAULT NULL,
  `number_15` int DEFAULT NULL,
  `number_16` int DEFAULT NULL,
  `note` text CHARACTER SET utf8mb4 COLLATE utf8mb4_unicode_ci,
  `created_at` timestamp NULL DEFAULT NULL,
  `created_by_id` bigint DEFAULT NULL,
  `updated_by_id` bigint DEFAULT NULL,
  `updated_at` timestamp NULL DEFAULT NULL,
  `company_id` bigint NOT NULL,
  `updated_count` int NOT NULL DEFAULT '0',
  PRIMARY KEY (`id`)
) ENGINE=InnoDB AUTO_INCREMENT=6 DEFAULT CHARSET=utf8mb4 COLLATE=utf8mb4_unicode_ci;

--
-- Dumping data for table `et_doc_trainee_pledge`
--

INSERT INTO `et_doc_trainee_pledge` VALUES (1,'2','1','2024-05-31',1,1,1,1,1,NULL,NULL,NULL,NULL,NULL,NULL,NULL,NULL,NULL,NULL,NULL,NULL,NULL,NULL,NULL,NULL,1,0),(2,'2','1','2024-07-10',1,1,1,NULL,NULL,NULL,NULL,NULL,NULL,1,1,NULL,NULL,1,NULL,NULL,NULL,NULL,NULL,NULL,NULL,1,0),(3,'test','test 2','2024-07-19',0,0,0,0,0,0,0,0,0,0,0,0,0,0,0,0,NULL,NULL,NULL,NULL,NULL,1,0),(4,'test','staff_name','2024-07-31',1,1,1,1,1,1,1,1,1,1,1,1,1,1,1,1,NULL,NULL,NULL,NULL,NULL,1,0),(5,'株式会社AlphaCep','大越 花蓮','2024-08-08',0,0,0,0,0,0,0,0,0,0,0,0,0,0,0,0,NULL,NULL,NULL,NULL,NULL,1,0);

--
-- Table structure for table `et_doc_trainee_pledge_listname`
--

CREATE TABLE `et_doc_trainee_pledge_listname` (
  `id` bigint unsigned NOT NULL AUTO_INCREMENT,
  `doc_trainee_pledge_id` int DEFAULT NULL,
  `name` varchar(255) COLLATE utf8mb4_unicode_ci DEFAULT NULL,
  `nationality` varchar(255) CHARACTER SET utf8mb4 COLLATE utf8mb4_unicode_ci DEFAULT NULL,
  `created_at` timestamp NULL DEFAULT NULL,
  `updated_at` timestamp NULL DEFAULT NULL,
  PRIMARY KEY (`id`)
) ENGINE=InnoDB AUTO_INCREMENT=13 DEFAULT CHARSET=utf8mb4 COLLATE=utf8mb4_unicode_ci;

--
-- Dumping data for table `et_doc_trainee_pledge_listname`
--

INSERT INTO `et_doc_trainee_pledge_listname` VALUES (2,5,'nguyen van a','アルジェリア',NULL,NULL),(3,5,'nguyen van b','アルジェリア',NULL,NULL),(4,5,'nguyen van c','アルジェリア',NULL,NULL),(5,5,'nguyen van d','オーストラリア',NULL,NULL),(6,5,'nguyen van e','カンボジア',NULL,NULL),(7,5,'大越 花蓮','ブラジル',NULL,NULL),(8,4,'test1','アルゼンチン',NULL,NULL),(9,4,'test2','中国',NULL,NULL),(10,4,'test3','オーストラリア',NULL,NULL),(11,4,'test4','コロンビア',NULL,NULL),(12,4,'test5','中国',NULL,NULL);

--
-- Table structure for table `et_doc_training_certification`
--

CREATE TABLE `et_doc_training_certification` (
  `id` bigint unsigned NOT NULL AUTO_INCREMENT,
  `date` date DEFAULT NULL,
  `customer_name` varchar(255) CHARACTER SET utf8mb4 COLLATE utf8mb4_unicode_ci DEFAULT NULL,
  `company_name` varchar(255) CHARACTER SET utf8mb4 COLLATE utf8mb4_unicode_ci DEFAULT NULL,
  `create_date` date DEFAULT NULL,
  `receipt_number` varchar(255) CHARACTER SET utf8mb4 COLLATE utf8mb4_unicode_ci DEFAULT NULL,
  `customer_director_name` varchar(255) CHARACTER SET utf8mb4 COLLATE utf8mb4_unicode_ci DEFAULT NULL,
  `customer_name_furigana` varchar(255) CHARACTER SET utf8mb4 COLLATE utf8mb4_unicode_ci DEFAULT NULL,
  `customer_postcode` varchar(255) CHARACTER SET utf8mb4 COLLATE utf8mb4_unicode_ci DEFAULT NULL,
  `customer_address` varchar(255) CHARACTER SET utf8mb4 COLLATE utf8mb4_unicode_ci DEFAULT NULL,
  `customer_tel` varchar(255) CHARACTER SET utf8mb4 COLLATE utf8mb4_unicode_ci DEFAULT NULL,
  `customer_director_name_furigana` varchar(255) COLLATE utf8mb4_unicode_ci DEFAULT NULL,
  `customer_company_number` varchar(255) CHARACTER SET utf8mb4 COLLATE utf8mb4_unicode_ci DEFAULT NULL,
  `jobtype_category` varchar(255) COLLATE utf8mb4_unicode_ci DEFAULT NULL,
  `jobtype_name` varchar(255) CHARACTER SET utf8mb4 COLLATE utf8mb4_unicode_ci DEFAULT NULL,
  `work_place_name_furigana` varchar(255) CHARACTER SET utf8mb4 COLLATE utf8mb4_unicode_ci DEFAULT NULL,
  `work_place_name` varchar(255) CHARACTER SET utf8mb4 COLLATE utf8mb4_unicode_ci DEFAULT NULL,
  `work_place_name_address_postcode` varchar(255) CHARACTER SET utf8mb4 COLLATE utf8mb4_unicode_ci DEFAULT NULL,
  `work_place_name_address` varchar(255) CHARACTER SET utf8mb4 COLLATE utf8mb4_unicode_ci DEFAULT NULL,
  `work_place_name_leader_name_furigana` varchar(255) CHARACTER SET utf8mb4 COLLATE utf8mb4_unicode_ci DEFAULT NULL,
  `work_place_name_leader_name` varchar(255) CHARACTER SET utf8mb4 COLLATE utf8mb4_unicode_ci DEFAULT NULL,
  `work_place_name_jobtitle` varchar(255) CHARACTER SET utf8mb4 COLLATE utf8mb4_unicode_ci DEFAULT NULL,
  `training_leader_name_furigana` varchar(255) CHARACTER SET utf8mb4 COLLATE utf8mb4_unicode_ci DEFAULT NULL,
  `training_leader_name` varchar(255) CHARACTER SET utf8mb4 COLLATE utf8mb4_unicode_ci DEFAULT NULL,
  `training_leader_jobtitle` varchar(255) CHARACTER SET utf8mb4 COLLATE utf8mb4_unicode_ci DEFAULT NULL,
  `life_leader_name_furigana` varchar(255) CHARACTER SET utf8mb4 COLLATE utf8mb4_unicode_ci DEFAULT NULL,
  `life_leader_name` varchar(255) CHARACTER SET utf8mb4 COLLATE utf8mb4_unicode_ci DEFAULT NULL,
  `life_leader_jobtitle` varchar(255) CHARACTER SET utf8mb4 COLLATE utf8mb4_unicode_ci DEFAULT NULL,
  `trainee_name_romaji` varchar(255) CHARACTER SET utf8mb4 COLLATE utf8mb4_unicode_ci DEFAULT NULL,
  `trainee_name_kanji` varchar(255) CHARACTER SET utf8mb4 COLLATE utf8mb4_unicode_ci DEFAULT NULL,
  `trainee_nationality` varchar(255) CHARACTER SET utf8mb4 COLLATE utf8mb4_unicode_ci DEFAULT NULL,
  `trainee_birthdate` date DEFAULT NULL,
  `trainee_yearold` int DEFAULT NULL,
  `trainee_sex` int DEFAULT NULL COMMENT '1 男 , 2 女',
  `returncountry_period` varchar(255) CHARACTER SET utf8mb4 COLLATE utf8mb4_unicode_ci DEFAULT NULL,
  `returncountry_period_datefrom` date DEFAULT NULL,
  `returncountry_period_dateto` date DEFAULT NULL,
  `trainee_type` int DEFAULT NULL COMMENT '1 Ａ(第一号企業単独型技能実習); 2 Ｄ(第一号団体監理型技能実習);\r\n3 Ｂ(第二号企業単独型技能実習); 4 Ｅ(第二号団体監理型技能実習);\r\n5 Ｃ(第三号企業単独型技能実習); 6 Ｆ(第三号団体監理型技能実習)',
  `trainee_jobtype_number` varchar(255) COLLATE utf8mb4_unicode_ci DEFAULT NULL,
  `trainee_jobtype_name` varchar(255) COLLATE utf8mb4_unicode_ci DEFAULT NULL,
  `trainee_jobtype_workname` varchar(255) COLLATE utf8mb4_unicode_ci DEFAULT NULL,
  `trainee_jobtype_number_2` varchar(255) COLLATE utf8mb4_unicode_ci DEFAULT NULL,
  `trainee_jobtype_name_2` varchar(255) COLLATE utf8mb4_unicode_ci DEFAULT NULL,
  `trainee_jobtype_workname_2` varchar(255) COLLATE utf8mb4_unicode_ci DEFAULT NULL,
  `trainee_jobtype_other` varchar(255) COLLATE utf8mb4_unicode_ci DEFAULT NULL,
  `training_before_japan` int DEFAULT NULL COMMENT '1:有   2: 無',
  `has_test` int DEFAULT NULL,
  `has_test_name` varchar(255) CHARACTER SET utf8mb4 COLLATE utf8mb4_unicode_ci DEFAULT NULL,
  `has_test_level` varchar(255) CHARACTER SET utf8mb4 COLLATE utf8mb4_unicode_ci DEFAULT NULL,
  `has_evaluate` int DEFAULT NULL,
  `has_evaluate_name` varchar(255) CHARACTER SET utf8mb4 COLLATE utf8mb4_unicode_ci DEFAULT NULL,
  `has_evaluate_level` varchar(255) CHARACTER SET utf8mb4 COLLATE utf8mb4_unicode_ci DEFAULT NULL,
  `has_test_other` int DEFAULT NULL,
  `has_test_content` varchar(255) CHARACTER SET utf8mb4 COLLATE utf8mb4_unicode_ci DEFAULT NULL,
  `has_test_goal` int DEFAULT NULL,
  `has_test_goal_name` varchar(255) CHARACTER SET utf8mb4 COLLATE utf8mb4_unicode_ci DEFAULT NULL,
  `has_test_goal_level` varchar(255) CHARACTER SET utf8mb4 COLLATE utf8mb4_unicode_ci DEFAULT NULL,
  `has_evaluate_goal` int DEFAULT NULL,
  `has_evaluate_goal_name` varchar(255) CHARACTER SET utf8mb4 COLLATE utf8mb4_unicode_ci DEFAULT NULL,
  `has_evaluate_goal_level` varchar(255) CHARACTER SET utf8mb4 COLLATE utf8mb4_unicode_ci DEFAULT NULL,
  `has_test_goal_other` int DEFAULT NULL,
  `has_test_goal_content` varchar(255) CHARACTER SET utf8mb4 COLLATE utf8mb4_unicode_ci DEFAULT NULL,
  `before_step_receipt_number` varchar(255) CHARACTER SET utf8mb4 COLLATE utf8mb4_unicode_ci DEFAULT NULL,
  `extend_period` varchar(255) CHARACTER SET utf8mb4 COLLATE utf8mb4_unicode_ci DEFAULT NULL,
  `extend_period_datefrom` date DEFAULT NULL,
  `extend_period_tofrom` date DEFAULT NULL,
  `extend_period_count_time` int DEFAULT NULL,
  `extend_period_learning_time` time DEFAULT NULL,
  `extend_period_training_time` time DEFAULT NULL,
  `company_license_number` varchar(255) CHARACTER SET utf8mb4 COLLATE utf8mb4_unicode_ci DEFAULT NULL,
  `company_type` int DEFAULT NULL COMMENT '1: 一般監理事業, 2: 特定監理事業',
  `company_name_furigana` varchar(255) CHARACTER SET utf8mb4 COLLATE utf8mb4_unicode_ci DEFAULT NULL,
  `company_postcode` varchar(255) CHARACTER SET utf8mb4 COLLATE utf8mb4_unicode_ci DEFAULT NULL,
  `company_address` varchar(255) CHARACTER SET utf8mb4 COLLATE utf8mb4_unicode_ci DEFAULT NULL,
  `company_tel` varchar(255) CHARACTER SET utf8mb4 COLLATE utf8mb4_unicode_ci DEFAULT NULL,
  `company_director_name` varchar(255) CHARACTER SET utf8mb4 COLLATE utf8mb4_unicode_ci DEFAULT NULL,
  `company_director_name_furigana` varchar(255) CHARACTER SET utf8mb4 COLLATE utf8mb4_unicode_ci DEFAULT NULL,
  `company_leader_name` varchar(255) CHARACTER SET utf8mb4 COLLATE utf8mb4_unicode_ci DEFAULT NULL,
  `company_leader_name_furigana` varchar(255) CHARACTER SET utf8mb4 COLLATE utf8mb4_unicode_ci DEFAULT NULL,
  `company_workplace_name` varchar(255) CHARACTER SET utf8mb4 COLLATE utf8mb4_unicode_ci DEFAULT NULL,
  `company_workplace_name_furigana` varchar(255) CHARACTER SET utf8mb4 COLLATE utf8mb4_unicode_ci DEFAULT NULL,
  `company_workplace_postcode` varchar(255) CHARACTER SET utf8mb4 COLLATE utf8mb4_unicode_ci DEFAULT NULL,
  `company_workplace_address` varchar(255) CHARACTER SET utf8mb4 COLLATE utf8mb4_unicode_ci DEFAULT NULL,
  `plan_created_by_name` varchar(255) CHARACTER SET utf8mb4 COLLATE utf8mb4_unicode_ci DEFAULT NULL,
  `plan_created_by_name_furigana` varchar(255) CHARACTER SET utf8mb4 COLLATE utf8mb4_unicode_ci DEFAULT NULL,
  `sending_agency_name` text CHARACTER SET utf8mb4 COLLATE utf8mb4_unicode_ci,
  `sending_agency_number` text CHARACTER SET utf8mb4 COLLATE utf8mb4_unicode_ci,
  `sending_agency_ref_number` text CHARACTER SET utf8mb4 COLLATE utf8mb4_unicode_ci,
  `salary_type` int DEFAULT NULL COMMENT '1月給, 2 日給, 3 時給',
  `salary_money` int DEFAULT NULL,
  `salary_learning_money` int DEFAULT NULL,
  `note` text CHARACTER SET utf8mb4 COLLATE utf8mb4_unicode_ci,
  `created_at` timestamp NULL DEFAULT NULL,
  `created_by_id` bigint DEFAULT NULL,
  `updated_by_id` bigint DEFAULT NULL,
  `updated_at` timestamp NULL DEFAULT NULL,
  `company_id` bigint NOT NULL,
  `updated_count` int NOT NULL DEFAULT '0',
  `salary_other` int DEFAULT NULL,
  `work_contract_period_type` tinyint(1) DEFAULT NULL COMMENT '1 有,  0 無',
  `work_contract_period_datefrom` date DEFAULT NULL,
  `work_contract_period_dateto` date DEFAULT NULL,
  `work_time_begin` time DEFAULT NULL,
  `work_time_end` time DEFAULT NULL,
  `work_breakoff_begin` time DEFAULT NULL,
  `work_breakoff_end` time DEFAULT NULL,
  `work_year_counttime` int DEFAULT NULL,
  `work_week_counttime` int DEFAULT NULL,
  `holiday_note` text CHARACTER SET utf8mb4 COLLATE utf8mb4_unicode_ci,
  `vacation_note` text CHARACTER SET utf8mb4 COLLATE utf8mb4_unicode_ci,
  `dormitory_note` text CHARACTER SET utf8mb4 COLLATE utf8mb4_unicode_ci,
  `meal_money` int DEFAULT NULL,
  `dormitory_money` int DEFAULT NULL,
  `other_money` int DEFAULT NULL,
  `note_contract` text COLLATE utf8mb4_unicode_ci,
  `note_type` int DEFAULT NULL COMMENT '1 有,  0 無',
  PRIMARY KEY (`id`)
) ENGINE=InnoDB AUTO_INCREMENT=3 DEFAULT CHARSET=utf8mb4 COLLATE=utf8mb4_unicode_ci;

--
-- Dumping data for table `et_doc_training_certification`
--

INSERT INTO `et_doc_training_certification` VALUES (1,'2024-06-16','test',NULL,'2024-06-18','123456','tst','test','test','test','test','tes','tes','test','trst','test',NULL,NULL,NULL,NULL,NULL,NULL,'1342',NULL,NULL,NULL,NULL,NULL,NULL,NULL,NULL,NULL,NULL,NULL,NULL,NULL,NULL,NULL,NULL,NULL,NULL,NULL,NULL,NULL,NULL,NULL,NULL,NULL,NULL,NULL,NULL,NULL,NULL,NULL,NULL,NULL,NULL,NULL,NULL,NULL,NULL,NULL,NULL,NULL,NULL,NULL,NULL,NULL,NULL,NULL,NULL,NULL,NULL,NULL,NULL,NULL,NULL,NULL,NULL,NULL,NULL,NULL,NULL,NULL,NULL,NULL,NULL,NULL,NULL,NULL,NULL,NULL,NULL,NULL,NULL,NULL,1,0,NULL,NULL,NULL,NULL,NULL,NULL,NULL,NULL,NULL,NULL,NULL,NULL,NULL,NULL,NULL,NULL,NULL,NULL),(2,NULL,NULL,NULL,NULL,NULL,NULL,NULL,NULL,NULL,NULL,NULL,NULL,NULL,NULL,NULL,NULL,NULL,NULL,NULL,NULL,NULL,NULL,NULL,NULL,NULL,NULL,NULL,NULL,NULL,NULL,NULL,NULL,NULL,NULL,NULL,NULL,NULL,NULL,NULL,NULL,NULL,NULL,NULL,NULL,NULL,NULL,NULL,NULL,NULL,NULL,NULL,NULL,NULL,NULL,NULL,NULL,NULL,NULL,NULL,NULL,NULL,NULL,NULL,NULL,NULL,NULL,NULL,NULL,NULL,NULL,NULL,NULL,NULL,NULL,NULL,NULL,NULL,NULL,NULL,NULL,NULL,NULL,NULL,NULL,NULL,NULL,NULL,NULL,NULL,NULL,NULL,NULL,NULL,NULL,NULL,1,0,NULL,NULL,NULL,NULL,NULL,NULL,NULL,NULL,NULL,NULL,NULL,NULL,NULL,NULL,NULL,NULL,NULL,NULL);

--
-- Table structure for table `et_doc_training_certification_cancel_report`
--

CREATE TABLE `et_doc_training_certification_cancel_report` (
  `id` int NOT NULL AUTO_INCREMENT,
  `date` date DEFAULT NULL,
  `name` varchar(255) CHARACTER SET utf8mb4 COLLATE utf8mb4_0900_ai_ci DEFAULT NULL,
  `number` varchar(255) CHARACTER SET utf8mb4 COLLATE utf8mb4_unicode_ci DEFAULT NULL,
  `customer_name` varchar(255) CHARACTER SET utf8mb4 COLLATE utf8mb4_unicode_ci DEFAULT NULL,
  `customer_name_furigana` varchar(255) CHARACTER SET utf8mb4 COLLATE utf8mb4_unicode_ci DEFAULT NULL,
  `customer_postcode` varchar(255) CHARACTER SET utf8mb4 COLLATE utf8mb4_unicode_ci DEFAULT NULL,
  `customer_address` varchar(255) CHARACTER SET utf8mb4 COLLATE utf8mb4_unicode_ci DEFAULT NULL,
  `customer_tel` varchar(255) CHARACTER SET utf8mb4 COLLATE utf8mb4_unicode_ci DEFAULT NULL,
  `office_branch_name` varchar(255) CHARACTER SET utf8mb4 COLLATE utf8mb4_unicode_ci DEFAULT NULL,
  `office_branch_name_furigana` varchar(255) CHARACTER SET utf8mb4 COLLATE utf8mb4_unicode_ci DEFAULT NULL,
  `office_branch_postcode` varchar(255) CHARACTER SET utf8mb4 COLLATE utf8mb4_unicode_ci DEFAULT NULL,
  `office_branch_address` varchar(255) CHARACTER SET utf8mb4 COLLATE utf8mb4_unicode_ci DEFAULT NULL,
  `office_branch_tel` varchar(255) CHARACTER SET utf8mb4 COLLATE utf8mb4_unicode_ci DEFAULT NULL,
  `check_1` tinyint(1) DEFAULT NULL,
  `check_2` tinyint(1) DEFAULT NULL,
  `check_3` tinyint(1) DEFAULT NULL,
  `check_4` tinyint(1) DEFAULT NULL,
  `check_5` tinyint(1) DEFAULT NULL,
  `check_6` tinyint(1) DEFAULT NULL,
  `check_7` tinyint(1) DEFAULT NULL,
  `real_content` text CHARACTER SET utf8mb4 COLLATE utf8mb4_unicode_ci,
  `improve_content` text CHARACTER SET utf8mb4 COLLATE utf8mb4_unicode_ci,
  `created_at` timestamp NULL DEFAULT NULL,
  `created_by_id` bigint DEFAULT NULL,
  `updated_at` int DEFAULT NULL,
  `updated_by_id` bigint DEFAULT NULL,
  `company_id` bigint DEFAULT NULL,
  `updated_count` int NOT NULL DEFAULT '0',
  PRIMARY KEY (`id`)
) ENGINE=InnoDB AUTO_INCREMENT=3 DEFAULT CHARSET=utf8mb4 COLLATE=utf8mb4_0900_ai_ci;

--
-- Dumping data for table `et_doc_training_certification_cancel_report`
--

INSERT INTO `et_doc_training_certification_cancel_report` VALUES (1,'2024-07-09','name','34324342','customer_name','customer_name_furigana','232 ― 1321','customer_address','321 ― 3213 ― 2132','office_branch_name','office_branch_name_furigana','232 ― 4532','office_branch_address','432 ― 4324 ― 1114',1,1,0,1,0,1,1,'real_content','improve_content',NULL,NULL,NULL,NULL,NULL,0),(2,NULL,NULL,NULL,NULL,NULL,NULL,NULL,NULL,NULL,NULL,NULL,NULL,NULL,0,0,0,0,0,0,0,NULL,NULL,NULL,NULL,NULL,NULL,NULL,0);

--
-- Table structure for table `et_doc_training_implementation_scheduler`
--

CREATE TABLE `et_doc_training_implementation_scheduler` (
  `id` int NOT NULL AUTO_INCREMENT,
  `created_at` timestamp NULL DEFAULT NULL,
  `created_by_id` bigint DEFAULT NULL,
  `updated_at` int DEFAULT NULL,
  `updated_by_id` bigint DEFAULT NULL,
  `company_id` bigint DEFAULT NULL,
  `updated_count` int NOT NULL DEFAULT '0',
  PRIMARY KEY (`id`)
) ENGINE=InnoDB AUTO_INCREMENT=4 DEFAULT CHARSET=utf8mb4 COLLATE=utf8mb4_0900_ai_ci;

--
-- Dumping data for table `et_doc_training_implementation_scheduler`
--

INSERT INTO `et_doc_training_implementation_scheduler` VALUES (1,NULL,NULL,NULL,1,1,8),(2,NULL,NULL,NULL,1,1,2),(3,NULL,NULL,NULL,1,1,2);

--
-- Table structure for table `et_doc_training_instructor_resume`
--

CREATE TABLE `et_doc_training_instructor_resume` (
  `id` int NOT NULL AUTO_INCREMENT,
  `name_furigana` varchar(255) CHARACTER SET utf8mb4 COLLATE utf8mb4_unicode_ci DEFAULT NULL,
  `name` varchar(255) CHARACTER SET utf8mb4 COLLATE utf8mb4_unicode_ci DEFAULT NULL,
  `sex` tinyint(1) DEFAULT NULL COMMENT '1: male, 2:female',
  `birthdate` date DEFAULT NULL,
  `postcode` varchar(255) CHARACTER SET utf8mb4 COLLATE utf8mb4_unicode_ci DEFAULT NULL,
  `address` varchar(255) CHARACTER SET utf8mb4 COLLATE utf8mb4_unicode_ci DEFAULT NULL,
  `tel` varchar(255) CHARACTER SET utf8mb4 COLLATE utf8mb4_unicode_ci DEFAULT NULL,
  `work_name` varchar(255) CHARACTER SET utf8mb4 COLLATE utf8mb4_unicode_ci DEFAULT NULL,
  `work_postcode` varchar(255) CHARACTER SET utf8mb4 COLLATE utf8mb4_unicode_ci DEFAULT NULL,
  `work_address` varchar(255) CHARACTER SET utf8mb4 COLLATE utf8mb4_unicode_ci DEFAULT NULL,
  `work_tel` varchar(255) CHARACTER SET utf8mb4 COLLATE utf8mb4_unicode_ci DEFAULT NULL,
  `business_title` varchar(255) CHARACTER SET utf8mb4 COLLATE utf8mb4_unicode_ci DEFAULT NULL,
  `certificate` varchar(255) CHARACTER SET utf8mb4 COLLATE utf8mb4_unicode_ci DEFAULT NULL,
  `job_resume` varchar(255) CHARACTER SET utf8mb4 COLLATE utf8mb4_unicode_ci DEFAULT NULL,
  `job_resume_old` varchar(255) CHARACTER SET utf8mb4 COLLATE utf8mb4_unicode_ci DEFAULT NULL,
  `sign_date` date DEFAULT NULL,
  `sign_company_name` varchar(255) CHARACTER SET utf8mb4 COLLATE utf8mb4_unicode_ci DEFAULT NULL,
  `sign_director_name` varchar(255) CHARACTER SET utf8mb4 COLLATE utf8mb4_unicode_ci DEFAULT NULL,
  `created_at` timestamp NULL DEFAULT NULL,
  `created_by_id` bigint DEFAULT NULL,
  `updated_at` int DEFAULT NULL,
  `updated_by_id` bigint DEFAULT NULL,
  `company_id` bigint DEFAULT NULL,
  `updated_count` int NOT NULL DEFAULT '0',
  PRIMARY KEY (`id`)
) ENGINE=InnoDB AUTO_INCREMENT=3 DEFAULT CHARSET=utf8mb4 COLLATE=utf8mb4_0900_ai_ci;

--
-- Dumping data for table `et_doc_training_instructor_resume`
--

INSERT INTO `et_doc_training_instructor_resume` VALUES (1,NULL,NULL,2,NULL,NULL,NULL,NULL,NULL,NULL,NULL,NULL,NULL,NULL,NULL,NULL,NULL,NULL,NULL,NULL,NULL,NULL,1,1,2),(2,NULL,NULL,1,NULL,NULL,NULL,NULL,NULL,NULL,NULL,NULL,NULL,NULL,NULL,NULL,NULL,NULL,NULL,NULL,NULL,NULL,1,1,5);

--
-- Table structure for table `et_doc_training_report_daily`
--

CREATE TABLE `et_doc_training_report_daily` (
  `id` int NOT NULL AUTO_INCREMENT,
  `month` varchar(8) CHARACTER SET utf8mb4 COLLATE utf8mb4_0900_ai_ci DEFAULT NULL,
  `sign_date` date DEFAULT NULL,
  `company_name` varchar(255) CHARACTER SET utf8mb4 COLLATE utf8mb4_unicode_ci DEFAULT NULL,
  `customer_name` varchar(255) CHARACTER SET utf8mb4 COLLATE utf8mb4_unicode_ci DEFAULT NULL,
  `note` varchar(255) CHARACTER SET utf8mb4 COLLATE utf8mb4_unicode_ci DEFAULT NULL,
  `created_at` timestamp NULL DEFAULT NULL,
  `created_by_id` bigint DEFAULT NULL,
  `updated_at` int DEFAULT NULL,
  `updated_by_id` bigint DEFAULT NULL,
  `company_id` bigint DEFAULT NULL,
  `updated_count` int NOT NULL DEFAULT '0',
  PRIMARY KEY (`id`)
) ENGINE=InnoDB AUTO_INCREMENT=3 DEFAULT CHARSET=utf8mb4 COLLATE=utf8mb4_0900_ai_ci;

--
-- Dumping data for table `et_doc_training_report_daily`
--

INSERT INTO `et_doc_training_report_daily` VALUES (1,'2024-07','2024-07-16','company_name','customer_name','note',NULL,NULL,NULL,NULL,1,0),(2,'2024-09','2024-09-01','company_name','customer_name','note trainee_declaration trainee_declaration trainee_declaration trainee_declaration trainee_declaration',NULL,NULL,NULL,NULL,1,0);

--
-- Table structure for table `et_doc_training_report_daily_detail`
--

CREATE TABLE `et_doc_training_report_daily_detail` (
  `id` int NOT NULL AUTO_INCREMENT,
  `training_report_daily_id` int DEFAULT NULL,
  `date` date DEFAULT NULL,
  `job_content` varchar(255) CHARACTER SET utf8mb4 COLLATE utf8mb4_unicode_ci DEFAULT NULL,
  `job_content_no` varchar(255) CHARACTER SET utf8mb4 COLLATE utf8mb4_unicode_ci DEFAULT NULL,
  `job_asign_content` varchar(255) CHARACTER SET utf8mb4 COLLATE utf8mb4_unicode_ci DEFAULT NULL,
  `leader_name` varchar(255) CHARACTER SET utf8mb4 COLLATE utf8mb4_unicode_ci DEFAULT NULL,
  PRIMARY KEY (`id`)
) ENGINE=InnoDB AUTO_INCREMENT=3 DEFAULT CHARSET=utf8mb4 COLLATE=utf8mb4_0900_ai_ci;

--
-- Dumping data for table `et_doc_training_report_daily_detail`
--

INSERT INTO `et_doc_training_report_daily_detail` VALUES (1,1,'2024-07-16','JOB_CONTENT','JOB_CONTENT_NO','JOB_ASIGN_CONTENT','LEADER_NAME'),(2,2,'2024-09-01','JOB_CONTENT','JOB_CONTENT_NO','JOB_ASIGN_CONTENT','LEADER_NAME');

--
-- Table structure for table `et_doc_training_report_daily_name`
--

CREATE TABLE `et_doc_training_report_daily_name` (
  `id` int NOT NULL AUTO_INCREMENT,
  `training_report_daily_id` int DEFAULT NULL,
  `no` int DEFAULT NULL,
  `name` varchar(255) CHARACTER SET utf8mb4 COLLATE utf8mb4_unicode_ci DEFAULT NULL,
  `type` varchar(255) CHARACTER SET utf8mb4 COLLATE utf8mb4_unicode_ci DEFAULT NULL,
  `date_from` date DEFAULT NULL,
  `date_to` date DEFAULT NULL,
  `note` varchar(255) CHARACTER SET utf8mb4 COLLATE utf8mb4_unicode_ci DEFAULT NULL,
  PRIMARY KEY (`id`)
) ENGINE=InnoDB AUTO_INCREMENT=4 DEFAULT CHARSET=utf8mb4 COLLATE=utf8mb4_0900_ai_ci;

--
-- Dumping data for table `et_doc_training_report_daily_name`
--

INSERT INTO `et_doc_training_report_daily_name` VALUES (1,1,1,'NAME','TYPE','2024-07-25','2024-07-10','test'),(2,2,1,'NAME','TYPE','2024-09-02','2024-09-11','test'),(3,2,NULL,'test','123','2024-09-12','2024-09-12','123');

--
-- Table structure for table `et_doc_trainning_reason`
--

CREATE TABLE `et_doc_trainning_reason` (
  `id` bigint NOT NULL AUTO_INCREMENT,
  `job_type_id` int DEFAULT NULL,
  `test_not_device_note` varchar(255) CHARACTER SET utf8mb4 COLLATE utf8mb4_unicode_ci DEFAULT NULL,
  `reason` text CHARACTER SET utf8mb4 COLLATE utf8mb4_unicode_ci,
  `job_type_id2` int DEFAULT NULL,
  `note` text CHARACTER SET utf8mb4 COLLATE utf8mb4_unicode_ci,
  `created_at` timestamp NULL DEFAULT NULL,
  `created_by_id` bigint DEFAULT NULL,
  `updated_at` timestamp NULL DEFAULT NULL,
  `updated_by_id` bigint DEFAULT NULL,
  `company_id` int DEFAULT NULL,
  `updated_count` int NOT NULL DEFAULT '0',
  `created_by` varchar(254) DEFAULT NULL,
  PRIMARY KEY (`id`)
) ENGINE=InnoDB AUTO_INCREMENT=3 DEFAULT CHARSET=utf8mb4 COLLATE=utf8mb4_0900_ai_ci;

--
-- Dumping data for table `et_doc_trainning_reason`
--

INSERT INTO `et_doc_trainning_reason` VALUES (1,4,'test_not_device','reason REST\r\nTEST \r\nTEST TEST \r\nTEST TEST TEST TEST \r\nTSET TEST TEST TEST TEST\r\nTSET TEST TEST TEST TESTTSET TEST TEST TEST TESTTSET TEST TEST TEST TEST \r\nTSET TEST TEST TEST TEST',6,'TEST',NULL,NULL,NULL,NULL,NULL,0,NULL),(2,4,'test444','test12345',3,'hi',NULL,NULL,NULL,NULL,NULL,0,'test');

--
-- Table structure for table `et_doc_transfer_declaration`
--

CREATE TABLE `et_doc_transfer_declaration` (
  `id` int NOT NULL AUTO_INCREMENT,
  `transfer_reason_type` int DEFAULT NULL COMMENT '1:技能実習期間の末日が休日であること   2: その他',
  `transfer_reason_note` varchar(255) CHARACTER SET utf8mb4 COLLATE utf8mb4_unicode_ci DEFAULT NULL,
  `deadline_date` date DEFAULT NULL,
  `transfer_date` date DEFAULT NULL,
  `person_type` int DEFAULT NULL COMMENT ' 1: 監理団体,  2:実習実施者',
  `person_name` varchar(255) CHARACTER SET utf8mb4 COLLATE utf8mb4_unicode_ci DEFAULT NULL,
  `sign_date` date DEFAULT NULL,
  `sign_name` varchar(255) CHARACTER SET utf8mb4 COLLATE utf8mb4_unicode_ci DEFAULT NULL,
  `note` varchar(255) CHARACTER SET utf8mb4 COLLATE utf8mb4_unicode_ci DEFAULT NULL,
  `created_at` timestamp NULL DEFAULT NULL,
  `created_by_id` bigint DEFAULT NULL,
  `updated_at` int DEFAULT NULL,
  `updated_by_id` bigint DEFAULT NULL,
  `company_id` bigint DEFAULT NULL,
  `updated_count` int NOT NULL DEFAULT '0',
  PRIMARY KEY (`id`)
) ENGINE=InnoDB AUTO_INCREMENT=4 DEFAULT CHARSET=utf8mb4 COLLATE=utf8mb4_0900_ai_ci;

--
-- Dumping data for table `et_doc_transfer_declaration`
--

INSERT INTO `et_doc_transfer_declaration` VALUES (1,1,'Noteｖｚｖｚｘｃｖｚｃｖ','2024-05-30','2024-06-01',1,'ｄｄｓｆさｄｆ','2024-05-31','ええええええ',NULL,NULL,NULL,NULL,1,1,2),(2,2,'note  test 12345677890','2024-06-21','2024-06-21',2,'test','2024-06-10','DDANG DINH TIEP',NULL,NULL,NULL,NULL,1,1,5),(3,2,'note nnote','2024-09-01','2024-09-05',1,'test','2024-09-06','sign_name',NULL,NULL,NULL,NULL,1,1,2);

--
-- Table structure for table `et_document`
--

CREATE TABLE `et_document` (
  `id` bigint unsigned NOT NULL AUTO_INCREMENT,
  `status` tinyint DEFAULT NULL,
  `type` tinyint DEFAULT NULL,
  `document_template_id` int DEFAULT NULL,
  `company_id` bigint NOT NULL,
  `customer_id` bigint DEFAULT NULL,
  `name` varchar(256) COLLATE utf8mb4_unicode_ci DEFAULT NULL,
  `form_name` varchar(255) COLLATE utf8mb4_unicode_ci DEFAULT NULL,
  `note` text COLLATE utf8mb4_unicode_ci,
  `created_by_id` bigint DEFAULT NULL,
  `created_on` date DEFAULT NULL,
  `updated_at` timestamp NULL DEFAULT NULL ON UPDATE CURRENT_TIMESTAMP,
  `updated_by_id` bigint DEFAULT NULL,
  `updated_on` date DEFAULT NULL,
  `updated_count` int DEFAULT NULL,
  `project_id` int DEFAULT NULL,
  `created_at` timestamp NOT NULL DEFAULT CURRENT_TIMESTAMP,
  PRIMARY KEY (`id`)
) ENGINE=InnoDB AUTO_INCREMENT=162 DEFAULT CHARSET=utf8mb4 COLLATE=utf8mb4_unicode_ci;

--
-- Dumping data for table `et_document`
--

INSERT INTO `et_document` VALUES (105,NULL,NULL,39,1,NULL,'test_実習生の履歴書_20240726','doc-certificate','参考様式第１－３号',1,'2024-07-26','2024-07-26 07:43:50',NULL,NULL,NULL,NULL,'2024-07-26 07:43:50'),(106,0,1,40,1,NULL,'test_申請者の概要書_20240727','doc-certificate','第１-１号',1,'2024-07-27','2024-07-26 21:25:52',1,'2024-07-27',1,NULL,'2024-07-26 21:25:26'),(107,NULL,NULL,41,1,NULL,'test_申請者の誓約書','doc-certificate','第１-２号',1,'2024-07-27','2024-07-26 21:36:30',NULL,NULL,NULL,NULL,'2024-07-26 21:36:30'),(108,NULL,NULL,40,1,603,'test_申請者概要書_0729','doc-certificate','第１-１号',1,'2024-07-29','2024-07-29 00:47:50',NULL,NULL,NULL,NULL,'2024-07-29 00:47:50'),(109,NULL,NULL,40,1,603,'test2_5555555','doc-certificate','第１-１号',1,'2024-07-29','2024-07-29 00:50:59',NULL,NULL,NULL,NULL,'2024-07-29 00:50:59'),(110,0,1,13,1,603,'test','doc-certificate','技能実習計画の認定申請／計画の変更関係',1,'2024-07-29','2024-07-30 02:38:28',1,'2024-07-30',3,NULL,'2024-07-29 00:51:54'),(111,NULL,NULL,40,1,603,'test_0730_gaiyo','doc-certificate','第１-１号',1,'2024-07-30','2024-07-29 22:01:13',NULL,NULL,NULL,NULL,'2024-07-29 22:01:13'),(113,NULL,NULL,39,1,NULL,NULL,'doc-certificate','参考様式第１－３号',1,'2024-07-30','2024-07-30 00:34:51',NULL,NULL,NULL,NULL,'2024-07-30 00:34:51'),(114,NULL,NULL,41,1,NULL,NULL,'doc-certificate','第１-２号',1,'2024-07-30','2024-07-30 00:58:22',NULL,NULL,NULL,NULL,'2024-07-30 00:58:22'),(124,NULL,NULL,24,1,NULL,NULL,'doc-certificate','各種届出・報告関係（実習実施者届／実施状況報告／困難時届／監査報告／事業報告／認定・許可取消し事由報告）',1,'2024-07-30','2024-07-30 02:06:43',NULL,NULL,NULL,NULL,'2024-07-30 02:06:43'),(132,NULL,NULL,35,1,NULL,NULL,'doc-certificate','監理責任者の履歴書',1,'2024-07-30','2024-07-30 02:09:44',NULL,NULL,NULL,NULL,'2024-07-30 02:09:44'),(138,NULL,NULL,39,1,NULL,'test','doc-certificate','参考様式第１－３号',1,'2024-07-30','2024-07-30 07:24:07',NULL,NULL,NULL,NULL,'2024-07-30 07:24:07'),(140,NULL,NULL,40,1,603,'test','doc-certificate','第１-１号',1,'2024-08-02','2024-08-02 04:08:36',NULL,NULL,NULL,NULL,'2024-08-02 04:08:36'),(142,NULL,1,42,1,NULL,'test_技能実習責任者・技能実習指導員・生活指導員の履歴書並びに就任承諾書及び誓約書','doc-certificate',NULL,1,'2024-08-04','2024-08-03 22:38:03',NULL,NULL,NULL,NULL,'2024-08-03 22:38:03'),(143,NULL,1,43,1,NULL,'test_雇用契約書及び雇用条件書','doc-certificate',NULL,1,'2024-08-04','2024-08-04 11:16:29',NULL,NULL,NULL,NULL,'2024-08-04 11:16:29'),(144,NULL,1,43,1,NULL,'test_雇用契約書及び雇用条件書','doc-certificate',NULL,1,'2024-08-04','2024-08-04 11:17:15',NULL,NULL,NULL,NULL,'2024-08-04 11:17:15'),(145,NULL,NULL,39,1,1,'test_20240808','doc-certificate','testaaaa\r\nb\r\nd\r\nc',1,'2024-08-08','2024-08-07 22:27:29',NULL,NULL,NULL,NULL,'2024-08-07 22:27:29'),(146,1,1,41,1,603,'test_申請者の誓約書','doc-certificate','333\r\nfdsadsf\r\ndầdsf',1,'2024-08-08','2024-08-08 03:09:17',1,'2024-08-08',1,NULL,'2024-08-08 03:08:45'),(147,NULL,1,42,1,603,'test_aaa','doc-certificate','aaf\r\nàdafdas',1,'2024-08-08','2024-08-08 11:41:13',NULL,NULL,NULL,NULL,'2024-08-08 11:41:13'),(148,NULL,0,40,1,1185,'申請者の概要書','doc-certificate',NULL,1,'2024-08-15','2024-08-14 17:38:03',NULL,NULL,NULL,NULL,'2024-08-14 17:38:03'),(149,NULL,NULL,13,1,NULL,NULL,'doc-certificate',NULL,1,'2024-08-16','2024-08-16 10:32:14',NULL,NULL,NULL,NULL,'2024-08-16 10:32:14'),(150,NULL,1,44,1,NULL,NULL,'doc-certificate',NULL,1,'2024-08-16','2024-08-16 10:39:27',NULL,NULL,NULL,NULL,'2024-08-16 10:39:27'),(151,NULL,1,45,1,NULL,NULL,'doc-certificate',NULL,1,'2024-08-16','2024-08-16 10:46:33',NULL,NULL,NULL,NULL,'2024-08-16 10:46:33'),(152,NULL,1,46,1,NULL,NULL,'doc-certificate',NULL,1,'2024-08-16','2024-08-16 10:59:51',NULL,NULL,NULL,NULL,'2024-08-16 10:59:51'),(153,NULL,1,47,1,NULL,NULL,'doc-certificate',NULL,1,'2024-09-01','2024-09-01 02:50:12',NULL,NULL,NULL,NULL,'2024-09-01 02:50:12'),(154,NULL,1,48,1,NULL,NULL,'doc-certificate',NULL,1,'2024-09-01','2024-09-01 03:31:07',NULL,NULL,NULL,NULL,'2024-09-01 03:31:07'),(155,NULL,NULL,24,1,NULL,NULL,'doc-certificate',NULL,1,'2024-09-01','2024-09-01 05:03:48',NULL,NULL,NULL,NULL,'2024-09-01 05:03:48'),(156,NULL,1,50,1,NULL,NULL,'doc-certificate',NULL,1,'2024-09-01','2024-09-01 07:54:16',NULL,NULL,NULL,NULL,'2024-09-01 07:54:16'),(157,NULL,1,51,1,NULL,NULL,'doc-certificate',NULL,1,'2024-09-01','2024-09-01 08:02:30',NULL,NULL,NULL,NULL,'2024-09-01 08:02:30'),(158,NULL,1,52,1,NULL,NULL,'doc-certificate',NULL,1,'2024-09-01','2024-09-01 08:33:44',NULL,NULL,NULL,NULL,'2024-09-01 08:33:44'),(159,NULL,NULL,34,1,NULL,NULL,'doc-certificate',NULL,1,'2024-09-01','2024-09-01 08:50:03',NULL,NULL,NULL,NULL,'2024-09-01 08:50:03'),(160,NULL,NULL,34,1,NULL,NULL,'doc-certificate',NULL,1,'2024-09-01','2024-09-01 08:52:13',NULL,NULL,NULL,NULL,'2024-09-01 08:52:13'),(161,NULL,1,53,1,NULL,NULL,'doc-certificate',NULL,1,'2024-09-01','2024-09-01 10:50:48',NULL,NULL,NULL,NULL,'2024-09-01 10:50:48');

--
-- Table structure for table `et_document_attribute`
--

CREATE TABLE `et_document_attribute` (
  `document_attribute_id` bigint unsigned NOT NULL AUTO_INCREMENT,
  `document_template_id` bigint DEFAULT NULL,
  `seq_no` int DEFAULT NULL,
  `attribute_name` varchar(254) COLLATE utf8mb4_unicode_ci DEFAULT NULL,
  `attribute_value` varchar(254) COLLATE utf8mb4_unicode_ci DEFAULT NULL,
  `created_by_id` bigint DEFAULT NULL,
  `created_at` timestamp NULL DEFAULT NULL,
  `updated_by_id` bigint DEFAULT NULL,
  `updated_at` timestamp NULL DEFAULT NULL,
  `updated_count` int DEFAULT NULL,
  `company_id` bigint NOT NULL,
  `document_set_name` varchar(191) COLLATE utf8mb4_unicode_ci DEFAULT NULL,
  `type_gino_1` tinyint(1) DEFAULT NULL,
  `type_gino_2` tinyint(1) DEFAULT NULL,
  `note` text COLLATE utf8mb4_unicode_ci,
  `gino_check_type` tinyint(1) DEFAULT NULL,
  `gino_check_note` text COLLATE utf8mb4_unicode_ci,
  PRIMARY KEY (`document_attribute_id`)
) ENGINE=InnoDB DEFAULT CHARSET=utf8mb4 COLLATE=utf8mb4_unicode_ci;

--
-- Dumping data for table `et_document_attribute`
--


--
-- Table structure for table `et_document_file`
--

CREATE TABLE `et_document_file` (
  `id` bigint unsigned NOT NULL AUTO_INCREMENT,
  `document_id` bigint DEFAULT NULL,
  `file_id` bigint DEFAULT NULL,
  `project_id` bigint DEFAULT NULL,
  `customer_id` bigint DEFAULT NULL,
  `note` text COLLATE utf8mb4_unicode_ci,
  `created_by_id` bigint DEFAULT NULL,
  `created_at` timestamp NULL DEFAULT NULL,
  `updated_by_id` bigint DEFAULT NULL,
  `updated_at` timestamp NULL DEFAULT NULL,
  `updated_count` int DEFAULT NULL,
  `company_id` bigint NOT NULL,
  PRIMARY KEY (`id`)
) ENGINE=InnoDB AUTO_INCREMENT=1698 DEFAULT CHARSET=utf8mb4 COLLATE=utf8mb4_unicode_ci;

--
-- Dumping data for table `et_document_file`
--

INSERT INTO `et_document_file` VALUES (1,6,3,NULL,NULL,NULL,1,'2024-04-25 10:33:46',NULL,'2024-04-25 10:33:46',NULL,1),(2,NULL,4,NULL,NULL,NULL,1,'2024-04-26 03:11:13',NULL,'2024-04-26 03:11:13',NULL,1),(3,NULL,5,NULL,NULL,NULL,1,'2024-04-26 03:11:58',NULL,'2024-04-26 03:11:58',NULL,1),(4,NULL,6,NULL,NULL,NULL,1,'2024-04-26 03:12:29',NULL,'2024-04-26 03:12:29',NULL,1),(5,NULL,7,NULL,NULL,NULL,1,'2024-04-26 03:13:37',NULL,'2024-04-26 03:13:37',NULL,1),(6,11,8,71,NULL,NULL,1,'2024-04-26 22:35:20',NULL,'2024-04-26 22:35:20',NULL,1),(7,11,9,71,NULL,NULL,1,'2024-04-26 22:36:39',NULL,'2024-04-26 22:36:39',NULL,1),(8,11,10,71,NULL,NULL,1,'2024-04-26 22:36:39',NULL,'2024-04-26 22:36:39',NULL,1),(9,11,11,71,NULL,NULL,1,'2024-04-26 22:36:39',NULL,'2024-04-26 22:36:39',NULL,1),(10,12,12,57,NULL,NULL,1,'2024-04-28 23:20:26',NULL,'2024-04-28 23:20:26',NULL,1),(11,13,13,71,NULL,NULL,1,'2024-04-28 23:45:02',NULL,'2024-04-28 23:45:02',NULL,1),(12,14,14,71,NULL,NULL,1,'2024-04-29 00:20:02',NULL,'2024-04-29 00:20:02',NULL,1),(13,14,15,71,NULL,NULL,1,'2024-04-29 00:20:02',NULL,'2024-04-29 00:20:02',NULL,1),(14,14,16,71,NULL,NULL,1,'2024-04-29 00:20:02',NULL,'2024-04-29 00:20:02',NULL,1),(15,14,17,71,NULL,NULL,1,'2024-04-29 00:20:02',NULL,'2024-04-29 00:20:02',NULL,1),(16,14,18,71,NULL,NULL,1,'2024-04-29 00:20:02',NULL,'2024-04-29 00:20:02',NULL,1),(17,14,19,71,NULL,NULL,1,'2024-04-29 00:20:02',NULL,'2024-04-29 00:20:02',NULL,1),(18,14,20,71,NULL,NULL,1,'2024-04-29 00:20:02',NULL,'2024-04-29 00:20:02',NULL,1),(19,14,21,71,NULL,NULL,1,'2024-04-29 00:20:02',NULL,'2024-04-29 00:20:02',NULL,1),(20,14,22,71,NULL,NULL,1,'2024-04-29 00:20:02',NULL,'2024-04-29 00:20:02',NULL,1),(21,14,23,71,NULL,NULL,1,'2024-04-29 00:20:02',NULL,'2024-04-29 00:20:02',NULL,1),(22,14,24,71,NULL,NULL,1,'2024-04-29 00:20:02',NULL,'2024-04-29 00:20:02',NULL,1),(23,14,25,71,NULL,NULL,1,'2024-04-29 00:20:02',NULL,'2024-04-29 00:20:02',NULL,1),(24,14,26,71,NULL,NULL,1,'2024-04-29 00:20:02',NULL,'2024-04-29 00:20:02',NULL,1),(25,14,27,71,NULL,NULL,1,'2024-04-29 00:20:02',NULL,'2024-04-29 00:20:02',NULL,1),(26,14,28,71,NULL,NULL,1,'2024-04-29 00:20:02',NULL,'2024-04-29 00:20:02',NULL,1),(27,14,29,71,NULL,NULL,1,'2024-04-29 00:20:02',NULL,'2024-04-29 00:20:02',NULL,1),(28,14,30,71,NULL,NULL,1,'2024-04-29 00:20:02',NULL,'2024-04-29 00:20:02',NULL,1),(29,14,31,71,NULL,NULL,1,'2024-04-29 00:20:02',NULL,'2024-04-29 00:20:02',NULL,1),(30,14,32,71,NULL,NULL,1,'2024-04-29 00:20:02',NULL,'2024-04-29 00:20:02',NULL,1),(31,14,33,71,NULL,NULL,1,'2024-04-29 00:20:02',NULL,'2024-04-29 00:20:02',NULL,1),(32,14,34,71,NULL,NULL,1,'2024-04-29 00:20:02',NULL,'2024-04-29 00:20:02',NULL,1),(33,14,35,71,NULL,NULL,1,'2024-04-29 00:20:02',NULL,'2024-04-29 00:20:02',NULL,1),(34,14,36,71,NULL,NULL,1,'2024-04-29 00:20:02',NULL,'2024-04-29 00:20:02',NULL,1),(35,14,37,71,NULL,NULL,1,'2024-04-29 00:20:02',NULL,'2024-04-29 00:20:02',NULL,1),(36,14,38,71,NULL,NULL,1,'2024-04-29 00:20:02',NULL,'2024-04-29 00:20:02',NULL,1),(37,14,39,71,NULL,NULL,1,'2024-04-29 00:20:02',NULL,'2024-04-29 00:20:02',NULL,1),(38,14,40,71,NULL,NULL,1,'2024-04-29 00:20:02',NULL,'2024-04-29 00:20:02',NULL,1),(39,14,41,71,NULL,NULL,1,'2024-04-29 00:20:02',NULL,'2024-04-29 00:20:02',NULL,1),(40,14,42,71,NULL,NULL,1,'2024-04-29 00:20:02',NULL,'2024-04-29 00:20:02',NULL,1),(41,14,43,71,NULL,NULL,1,'2024-04-29 00:20:02',NULL,'2024-04-29 00:20:02',NULL,1),(42,14,44,71,NULL,NULL,1,'2024-04-29 00:20:02',NULL,'2024-04-29 00:20:02',NULL,1),(43,14,45,71,NULL,NULL,1,'2024-04-29 00:20:02',NULL,'2024-04-29 00:20:02',NULL,1),(44,14,46,71,NULL,NULL,1,'2024-04-29 00:20:02',NULL,'2024-04-29 00:20:02',NULL,1),(45,14,47,71,NULL,NULL,1,'2024-04-29 00:20:02',NULL,'2024-04-29 00:20:02',NULL,1),(46,14,48,71,NULL,NULL,1,'2024-04-29 00:20:02',NULL,'2024-04-29 00:20:02',NULL,1),(47,14,49,71,NULL,NULL,1,'2024-04-29 00:20:02',NULL,'2024-04-29 00:20:02',NULL,1),(48,14,50,71,NULL,NULL,1,'2024-04-29 00:20:02',NULL,'2024-04-29 00:20:02',NULL,1),(49,14,51,71,NULL,NULL,1,'2024-04-29 00:20:02',NULL,'2024-04-29 00:20:02',NULL,1),(50,15,52,54,NULL,NULL,1,'2024-04-29 00:53:54',NULL,'2024-04-29 00:53:54',NULL,1),(51,15,53,54,NULL,NULL,1,'2024-04-29 00:53:54',NULL,'2024-04-29 00:53:54',NULL,1),(52,15,54,54,NULL,NULL,1,'2024-04-29 00:53:54',NULL,'2024-04-29 00:53:54',NULL,1),(53,15,55,54,NULL,NULL,1,'2024-04-29 00:53:54',NULL,'2024-04-29 00:53:54',NULL,1),(54,15,56,54,NULL,NULL,1,'2024-04-29 00:53:54',NULL,'2024-04-29 00:53:54',NULL,1),(55,15,57,54,NULL,NULL,1,'2024-04-29 00:53:54',NULL,'2024-04-29 00:53:54',NULL,1),(56,15,58,54,NULL,NULL,1,'2024-04-29 00:53:54',NULL,'2024-04-29 00:53:54',NULL,1),(57,15,59,54,NULL,NULL,1,'2024-04-29 00:53:54',NULL,'2024-04-29 00:53:54',NULL,1),(58,15,60,54,NULL,NULL,1,'2024-04-29 00:53:54',NULL,'2024-04-29 00:53:54',NULL,1),(59,15,61,54,NULL,NULL,1,'2024-04-29 00:53:54',NULL,'2024-04-29 00:53:54',NULL,1),(60,15,62,54,NULL,NULL,1,'2024-04-29 00:53:54',NULL,'2024-04-29 00:53:54',NULL,1),(61,15,63,54,NULL,NULL,1,'2024-04-29 00:53:54',NULL,'2024-04-29 00:53:54',NULL,1),(62,15,64,54,NULL,NULL,1,'2024-04-29 00:53:55',NULL,'2024-04-29 00:53:55',NULL,1),(63,15,65,54,NULL,NULL,1,'2024-04-29 00:53:55',NULL,'2024-04-29 00:53:55',NULL,1),(64,15,66,54,NULL,NULL,1,'2024-04-29 00:53:55',NULL,'2024-04-29 00:53:55',NULL,1),(65,15,67,54,NULL,NULL,1,'2024-04-29 00:53:55',NULL,'2024-04-29 00:53:55',NULL,1),(66,15,68,54,NULL,NULL,1,'2024-04-29 00:53:55',NULL,'2024-04-29 00:53:55',NULL,1),(67,15,69,54,NULL,NULL,1,'2024-04-29 00:53:55',NULL,'2024-04-29 00:53:55',NULL,1),(68,15,70,54,NULL,NULL,1,'2024-04-29 00:53:55',NULL,'2024-04-29 00:53:55',NULL,1),(69,15,71,54,NULL,NULL,1,'2024-04-29 00:53:55',NULL,'2024-04-29 00:53:55',NULL,1),(70,15,72,54,NULL,NULL,1,'2024-04-29 00:53:55',NULL,'2024-04-29 00:53:55',NULL,1),(71,15,73,54,NULL,NULL,1,'2024-04-29 00:53:55',NULL,'2024-04-29 00:53:55',NULL,1),(72,15,74,54,NULL,NULL,1,'2024-04-29 00:53:55',NULL,'2024-04-29 00:53:55',NULL,1),(73,15,75,54,NULL,NULL,1,'2024-04-29 00:53:55',NULL,'2024-04-29 00:53:55',NULL,1),(74,15,76,54,NULL,NULL,1,'2024-04-29 00:53:55',NULL,'2024-04-29 00:53:55',NULL,1),(75,15,77,54,NULL,NULL,1,'2024-04-29 00:53:55',NULL,'2024-04-29 00:53:55',NULL,1),(76,15,78,54,NULL,NULL,1,'2024-04-29 00:53:55',NULL,'2024-04-29 00:53:55',NULL,1),(77,15,79,54,NULL,NULL,1,'2024-04-29 00:53:55',NULL,'2024-04-29 00:53:55',NULL,1),(78,15,80,54,NULL,NULL,1,'2024-04-29 00:53:55',NULL,'2024-04-29 00:53:55',NULL,1),(79,15,81,54,NULL,NULL,1,'2024-04-29 00:53:55',NULL,'2024-04-29 00:53:55',NULL,1),(80,15,82,54,NULL,NULL,1,'2024-04-29 00:53:55',NULL,'2024-04-29 00:53:55',NULL,1),(81,15,83,54,NULL,NULL,1,'2024-04-29 00:53:55',NULL,'2024-04-29 00:53:55',NULL,1),(82,15,84,54,NULL,NULL,1,'2024-04-29 00:53:55',NULL,'2024-04-29 00:53:55',NULL,1),(83,15,85,54,NULL,NULL,1,'2024-04-29 00:53:55',NULL,'2024-04-29 00:53:55',NULL,1),(84,15,86,54,NULL,NULL,1,'2024-04-29 00:53:55',NULL,'2024-04-29 00:53:55',NULL,1),(85,15,87,54,NULL,NULL,1,'2024-04-29 00:53:55',NULL,'2024-04-29 00:53:55',NULL,1),(86,15,88,54,NULL,NULL,1,'2024-04-29 00:53:55',NULL,'2024-04-29 00:53:55',NULL,1),(87,15,89,54,NULL,NULL,1,'2024-04-29 00:53:55',NULL,'2024-04-29 00:53:55',NULL,1),(88,16,90,71,NULL,NULL,1,'2024-04-29 01:46:48',NULL,'2024-04-29 01:46:48',NULL,1),(89,16,91,71,NULL,NULL,1,'2024-04-29 01:46:48',NULL,'2024-04-29 01:46:48',NULL,1),(90,16,92,71,NULL,NULL,1,'2024-04-29 01:46:48',NULL,'2024-04-29 01:46:48',NULL,1),(91,16,93,71,NULL,NULL,1,'2024-04-29 01:46:48',NULL,'2024-04-29 01:46:48',NULL,1),(92,16,94,71,NULL,NULL,1,'2024-04-29 01:46:48',NULL,'2024-04-29 01:46:48',NULL,1),(93,16,95,71,NULL,NULL,1,'2024-04-29 01:46:48',NULL,'2024-04-29 01:46:48',NULL,1),(94,16,96,71,NULL,NULL,1,'2024-04-29 01:46:48',NULL,'2024-04-29 01:46:48',NULL,1),(95,16,98,71,NULL,NULL,1,'2024-04-29 01:46:48',NULL,'2024-04-29 01:46:48',NULL,1),(96,17,97,71,NULL,NULL,1,'2024-04-29 01:46:48',NULL,'2024-04-29 01:46:48',NULL,1),(97,16,99,71,NULL,NULL,1,'2024-04-29 01:46:48',NULL,'2024-04-29 01:46:48',NULL,1),(98,17,100,71,NULL,NULL,1,'2024-04-29 01:46:48',NULL,'2024-04-29 01:46:48',NULL,1),(99,16,101,71,NULL,NULL,1,'2024-04-29 01:46:48',NULL,'2024-04-29 01:46:48',NULL,1),(100,17,102,71,NULL,NULL,1,'2024-04-29 01:46:48',NULL,'2024-04-29 01:46:48',NULL,1),(101,16,103,71,NULL,NULL,1,'2024-04-29 01:46:48',NULL,'2024-04-29 01:46:48',NULL,1),(102,17,104,71,NULL,NULL,1,'2024-04-29 01:46:48',NULL,'2024-04-29 01:46:48',NULL,1),(103,16,105,71,NULL,NULL,1,'2024-04-29 01:46:48',NULL,'2024-04-29 01:46:48',NULL,1),(104,17,106,71,NULL,NULL,1,'2024-04-29 01:46:48',NULL,'2024-04-29 01:46:48',NULL,1),(105,16,107,71,NULL,NULL,1,'2024-04-29 01:46:48',NULL,'2024-04-29 01:46:48',NULL,1),(106,17,108,71,NULL,NULL,1,'2024-04-29 01:46:48',NULL,'2024-04-29 01:46:48',NULL,1),(107,16,109,71,NULL,NULL,1,'2024-04-29 01:46:48',NULL,'2024-04-29 01:46:48',NULL,1),(108,17,110,71,NULL,NULL,1,'2024-04-29 01:46:48',NULL,'2024-04-29 01:46:48',NULL,1),(109,16,111,71,NULL,NULL,1,'2024-04-29 01:46:48',NULL,'2024-04-29 01:46:48',NULL,1),(110,17,112,71,NULL,NULL,1,'2024-04-29 01:46:48',NULL,'2024-04-29 01:46:48',NULL,1),(111,16,113,71,NULL,NULL,1,'2024-04-29 01:46:48',NULL,'2024-04-29 01:46:48',NULL,1),(112,17,114,71,NULL,NULL,1,'2024-04-29 01:46:48',NULL,'2024-04-29 01:46:48',NULL,1),(113,16,115,71,NULL,NULL,1,'2024-04-29 01:46:48',NULL,'2024-04-29 01:46:48',NULL,1),(114,17,116,71,NULL,NULL,1,'2024-04-29 01:46:48',NULL,'2024-04-29 01:46:48',NULL,1),(115,17,117,71,NULL,NULL,1,'2024-04-29 01:46:48',NULL,'2024-04-29 01:46:48',NULL,1),(116,16,118,71,NULL,NULL,1,'2024-04-29 01:46:48',NULL,'2024-04-29 01:46:48',NULL,1),(117,17,119,71,NULL,NULL,1,'2024-04-29 01:46:48',NULL,'2024-04-29 01:46:48',NULL,1),(118,16,120,71,NULL,NULL,1,'2024-04-29 01:46:48',NULL,'2024-04-29 01:46:48',NULL,1),(119,17,121,71,NULL,NULL,1,'2024-04-29 01:46:48',NULL,'2024-04-29 01:46:48',NULL,1),(120,16,122,71,NULL,NULL,1,'2024-04-29 01:46:48',NULL,'2024-04-29 01:46:48',NULL,1),(121,17,123,71,NULL,NULL,1,'2024-04-29 01:46:48',NULL,'2024-04-29 01:46:48',NULL,1),(122,16,124,71,NULL,NULL,1,'2024-04-29 01:46:48',NULL,'2024-04-29 01:46:48',NULL,1),(123,17,125,71,NULL,NULL,1,'2024-04-29 01:46:48',NULL,'2024-04-29 01:46:48',NULL,1),(124,16,126,71,NULL,NULL,1,'2024-04-29 01:46:48',NULL,'2024-04-29 01:46:48',NULL,1),(125,17,127,71,NULL,NULL,1,'2024-04-29 01:46:48',NULL,'2024-04-29 01:46:48',NULL,1),(126,16,128,71,NULL,NULL,1,'2024-04-29 01:46:48',NULL,'2024-04-29 01:46:48',NULL,1),(127,17,129,71,NULL,NULL,1,'2024-04-29 01:46:48',NULL,'2024-04-29 01:46:48',NULL,1),(128,16,130,71,NULL,NULL,1,'2024-04-29 01:46:48',NULL,'2024-04-29 01:46:48',NULL,1),(129,17,131,71,NULL,NULL,1,'2024-04-29 01:46:48',NULL,'2024-04-29 01:46:48',NULL,1),(130,16,132,71,NULL,NULL,1,'2024-04-29 01:46:48',NULL,'2024-04-29 01:46:48',NULL,1),(131,17,133,71,NULL,NULL,1,'2024-04-29 01:46:48',NULL,'2024-04-29 01:46:48',NULL,1),(132,16,134,71,NULL,NULL,1,'2024-04-29 01:46:48',NULL,'2024-04-29 01:46:48',NULL,1),(133,17,135,71,NULL,NULL,1,'2024-04-29 01:46:48',NULL,'2024-04-29 01:46:48',NULL,1),(134,16,136,71,NULL,NULL,1,'2024-04-29 01:46:48',NULL,'2024-04-29 01:46:48',NULL,1),(135,17,137,71,NULL,NULL,1,'2024-04-29 01:46:48',NULL,'2024-04-29 01:46:48',NULL,1),(136,16,138,71,NULL,NULL,1,'2024-04-29 01:46:48',NULL,'2024-04-29 01:46:48',NULL,1),(137,17,139,71,NULL,NULL,1,'2024-04-29 01:46:48',NULL,'2024-04-29 01:46:48',NULL,1),(138,16,140,71,NULL,NULL,1,'2024-04-29 01:46:48',NULL,'2024-04-29 01:46:48',NULL,1),(139,17,141,71,NULL,NULL,1,'2024-04-29 01:46:48',NULL,'2024-04-29 01:46:48',NULL,1),(140,17,142,71,NULL,NULL,1,'2024-04-29 01:46:48',NULL,'2024-04-29 01:46:48',NULL,1),(141,16,143,71,NULL,NULL,1,'2024-04-29 01:46:48',NULL,'2024-04-29 01:46:48',NULL,1),(142,17,144,71,NULL,NULL,1,'2024-04-29 01:46:48',NULL,'2024-04-29 01:46:48',NULL,1),(143,16,145,71,NULL,NULL,1,'2024-04-29 01:46:48',NULL,'2024-04-29 01:46:48',NULL,1),(144,16,146,71,NULL,NULL,1,'2024-04-29 01:46:48',NULL,'2024-04-29 01:46:48',NULL,1),(145,17,147,71,NULL,NULL,1,'2024-04-29 01:46:48',NULL,'2024-04-29 01:46:48',NULL,1),(146,16,148,71,NULL,NULL,1,'2024-04-29 01:46:48',NULL,'2024-04-29 01:46:48',NULL,1),(147,17,149,71,NULL,NULL,1,'2024-04-29 01:46:48',NULL,'2024-04-29 01:46:48',NULL,1),(148,16,150,71,NULL,NULL,1,'2024-04-29 01:46:48',NULL,'2024-04-29 01:46:48',NULL,1),(149,17,151,71,NULL,NULL,1,'2024-04-29 01:46:48',NULL,'2024-04-29 01:46:48',NULL,1),(150,16,152,71,NULL,NULL,1,'2024-04-29 01:46:48',NULL,'2024-04-29 01:46:48',NULL,1),(151,17,153,71,NULL,NULL,1,'2024-04-29 01:46:48',NULL,'2024-04-29 01:46:48',NULL,1),(152,16,154,71,NULL,NULL,1,'2024-04-29 01:46:48',NULL,'2024-04-29 01:46:48',NULL,1),(153,17,155,71,NULL,NULL,1,'2024-04-29 01:46:48',NULL,'2024-04-29 01:46:48',NULL,1),(154,16,156,71,NULL,NULL,1,'2024-04-29 01:46:48',NULL,'2024-04-29 01:46:48',NULL,1),(155,17,157,71,NULL,NULL,1,'2024-04-29 01:46:48',NULL,'2024-04-29 01:46:48',NULL,1),(156,16,158,71,NULL,NULL,1,'2024-04-29 01:46:48',NULL,'2024-04-29 01:46:48',NULL,1),(157,17,159,71,NULL,NULL,1,'2024-04-29 01:46:48',NULL,'2024-04-29 01:46:48',NULL,1),(158,17,160,71,NULL,NULL,1,'2024-04-29 01:46:48',NULL,'2024-04-29 01:46:48',NULL,1),(159,17,161,71,NULL,NULL,1,'2024-04-29 01:46:48',NULL,'2024-04-29 01:46:48',NULL,1),(160,17,162,71,NULL,NULL,1,'2024-04-29 01:46:48',NULL,'2024-04-29 01:46:48',NULL,1),(161,17,163,71,NULL,NULL,1,'2024-04-29 01:46:48',NULL,'2024-04-29 01:46:48',NULL,1),(162,17,164,71,NULL,NULL,1,'2024-04-29 01:46:48',NULL,'2024-04-29 01:46:48',NULL,1),(163,17,165,71,NULL,NULL,1,'2024-04-29 01:46:48',NULL,'2024-04-29 01:46:48',NULL,1),(164,18,166,59,NULL,NULL,1,'2024-04-29 02:00:53',NULL,'2024-04-29 02:00:53',NULL,1),(165,18,167,59,NULL,NULL,1,'2024-04-29 02:00:53',NULL,'2024-04-29 02:00:53',NULL,1),(166,18,168,59,NULL,NULL,1,'2024-04-29 02:00:53',NULL,'2024-04-29 02:00:53',NULL,1),(167,18,169,59,NULL,NULL,1,'2024-04-29 02:00:53',NULL,'2024-04-29 02:00:53',NULL,1),(168,18,170,59,NULL,NULL,1,'2024-04-29 02:00:53',NULL,'2024-04-29 02:00:53',NULL,1),(169,18,171,59,NULL,NULL,1,'2024-04-29 02:00:53',NULL,'2024-04-29 02:00:53',NULL,1),(170,18,172,59,NULL,NULL,1,'2024-04-29 02:00:53',NULL,'2024-04-29 02:00:53',NULL,1),(171,18,173,59,NULL,NULL,1,'2024-04-29 02:00:53',NULL,'2024-04-29 02:00:53',NULL,1),(172,18,174,59,NULL,NULL,1,'2024-04-29 02:00:53',NULL,'2024-04-29 02:00:53',NULL,1),(173,18,175,59,NULL,NULL,1,'2024-04-29 02:00:53',NULL,'2024-04-29 02:00:53',NULL,1),(174,18,176,59,NULL,NULL,1,'2024-04-29 02:00:53',NULL,'2024-04-29 02:00:53',NULL,1),(175,18,177,59,NULL,NULL,1,'2024-04-29 02:00:53',NULL,'2024-04-29 02:00:53',NULL,1),(176,18,178,59,NULL,NULL,1,'2024-04-29 02:00:53',NULL,'2024-04-29 02:00:53',NULL,1),(177,18,179,59,NULL,NULL,1,'2024-04-29 02:00:53',NULL,'2024-04-29 02:00:53',NULL,1),(178,18,180,59,NULL,NULL,1,'2024-04-29 02:00:53',NULL,'2024-04-29 02:00:53',NULL,1),(179,18,181,59,NULL,NULL,1,'2024-04-29 02:00:53',NULL,'2024-04-29 02:00:53',NULL,1),(180,18,182,59,NULL,NULL,1,'2024-04-29 02:00:53',NULL,'2024-04-29 02:00:53',NULL,1),(181,18,183,59,NULL,NULL,1,'2024-04-29 02:00:53',NULL,'2024-04-29 02:00:53',NULL,1),(182,18,184,59,NULL,NULL,1,'2024-04-29 02:00:53',NULL,'2024-04-29 02:00:53',NULL,1),(183,18,185,59,NULL,NULL,1,'2024-04-29 02:00:53',NULL,'2024-04-29 02:00:53',NULL,1),(184,18,186,59,NULL,NULL,1,'2024-04-29 02:00:53',NULL,'2024-04-29 02:00:53',NULL,1),(185,18,187,59,NULL,NULL,1,'2024-04-29 02:00:53',NULL,'2024-04-29 02:00:53',NULL,1),(186,18,188,59,NULL,NULL,1,'2024-04-29 02:00:53',NULL,'2024-04-29 02:00:53',NULL,1),(187,18,189,59,NULL,NULL,1,'2024-04-29 02:00:53',NULL,'2024-04-29 02:00:53',NULL,1),(188,18,190,59,NULL,NULL,1,'2024-04-29 02:00:53',NULL,'2024-04-29 02:00:53',NULL,1),(189,18,191,59,NULL,NULL,1,'2024-04-29 02:00:53',NULL,'2024-04-29 02:00:53',NULL,1),(190,18,192,59,NULL,NULL,1,'2024-04-29 02:00:53',NULL,'2024-04-29 02:00:53',NULL,1),(191,18,193,59,NULL,NULL,1,'2024-04-29 02:00:53',NULL,'2024-04-29 02:00:53',NULL,1),(192,18,194,59,NULL,NULL,1,'2024-04-29 02:00:53',NULL,'2024-04-29 02:00:53',NULL,1),(193,18,195,59,NULL,NULL,1,'2024-04-29 02:00:53',NULL,'2024-04-29 02:00:53',NULL,1),(194,18,196,59,NULL,NULL,1,'2024-04-29 02:00:53',NULL,'2024-04-29 02:00:53',NULL,1),(195,18,197,59,NULL,NULL,1,'2024-04-29 02:00:53',NULL,'2024-04-29 02:00:53',NULL,1),(196,18,198,59,NULL,NULL,1,'2024-04-29 02:00:53',NULL,'2024-04-29 02:00:53',NULL,1),(197,18,199,59,NULL,NULL,1,'2024-04-29 02:00:53',NULL,'2024-04-29 02:00:53',NULL,1),(198,18,200,59,NULL,NULL,1,'2024-04-29 02:00:53',NULL,'2024-04-29 02:00:53',NULL,1),(199,18,201,59,NULL,NULL,1,'2024-04-29 02:00:53',NULL,'2024-04-29 02:00:53',NULL,1),(200,18,202,59,NULL,NULL,1,'2024-04-29 02:00:53',NULL,'2024-04-29 02:00:53',NULL,1),(201,18,203,59,NULL,NULL,1,'2024-04-29 02:00:53',NULL,'2024-04-29 02:00:53',NULL,1),(202,20,204,56,NULL,NULL,1,'2024-04-29 02:38:35',NULL,'2024-04-29 02:38:35',NULL,1),(203,20,205,56,NULL,NULL,1,'2024-04-29 02:38:35',NULL,'2024-04-29 02:38:35',NULL,1),(204,20,206,56,NULL,NULL,1,'2024-04-29 02:38:35',NULL,'2024-04-29 02:38:35',NULL,1),(205,20,207,56,NULL,NULL,1,'2024-04-29 02:38:35',NULL,'2024-04-29 02:38:35',NULL,1),(206,20,208,56,NULL,NULL,1,'2024-04-29 02:38:35',NULL,'2024-04-29 02:38:35',NULL,1),(207,20,209,56,NULL,NULL,1,'2024-04-29 02:38:35',NULL,'2024-04-29 02:38:35',NULL,1),(208,20,210,56,NULL,NULL,1,'2024-04-29 02:38:35',NULL,'2024-04-29 02:38:35',NULL,1),(209,20,211,56,NULL,NULL,1,'2024-04-29 02:38:35',NULL,'2024-04-29 02:38:35',NULL,1),(210,20,212,56,NULL,NULL,1,'2024-04-29 02:38:35',NULL,'2024-04-29 02:38:35',NULL,1),(211,20,213,56,NULL,NULL,1,'2024-04-29 02:38:35',NULL,'2024-04-29 02:38:35',NULL,1),(212,20,214,56,NULL,NULL,1,'2024-04-29 02:38:35',NULL,'2024-04-29 02:38:35',NULL,1),(213,20,215,56,NULL,NULL,1,'2024-04-29 02:38:35',NULL,'2024-04-29 02:38:35',NULL,1),(214,20,216,56,NULL,NULL,1,'2024-04-29 02:38:35',NULL,'2024-04-29 02:38:35',NULL,1),(215,20,217,56,NULL,NULL,1,'2024-04-29 02:38:35',NULL,'2024-04-29 02:38:35',NULL,1),(216,20,218,56,NULL,NULL,1,'2024-04-29 02:38:35',NULL,'2024-04-29 02:38:35',NULL,1),(217,20,219,56,NULL,NULL,1,'2024-04-29 02:38:35',NULL,'2024-04-29 02:38:35',NULL,1),(218,20,220,56,NULL,NULL,1,'2024-04-29 02:38:35',NULL,'2024-04-29 02:38:35',NULL,1),(219,20,221,56,NULL,NULL,1,'2024-04-29 02:38:35',NULL,'2024-04-29 02:38:35',NULL,1),(220,20,222,56,NULL,NULL,1,'2024-04-29 02:38:35',NULL,'2024-04-29 02:38:35',NULL,1),(221,20,223,56,NULL,NULL,1,'2024-04-29 02:38:35',NULL,'2024-04-29 02:38:35',NULL,1),(222,20,224,56,NULL,NULL,1,'2024-04-29 02:38:35',NULL,'2024-04-29 02:38:35',NULL,1),(223,20,225,56,NULL,NULL,1,'2024-04-29 02:38:35',NULL,'2024-04-29 02:38:35',NULL,1),(224,20,226,56,NULL,NULL,1,'2024-04-29 02:38:35',NULL,'2024-04-29 02:38:35',NULL,1),(225,20,227,56,NULL,NULL,1,'2024-04-29 02:38:35',NULL,'2024-04-29 02:38:35',NULL,1),(226,20,228,56,NULL,NULL,1,'2024-04-29 02:38:35',NULL,'2024-04-29 02:38:35',NULL,1),(227,20,229,56,NULL,NULL,1,'2024-04-29 02:38:35',NULL,'2024-04-29 02:38:35',NULL,1),(228,20,230,56,NULL,NULL,1,'2024-04-29 02:38:35',NULL,'2024-04-29 02:38:35',NULL,1),(229,20,231,56,NULL,NULL,1,'2024-04-29 02:38:35',NULL,'2024-04-29 02:38:35',NULL,1),(230,20,232,56,NULL,NULL,1,'2024-04-29 02:38:35',NULL,'2024-04-29 02:38:35',NULL,1),(231,20,233,56,NULL,NULL,1,'2024-04-29 02:38:35',NULL,'2024-04-29 02:38:35',NULL,1),(232,20,234,56,NULL,NULL,1,'2024-04-29 02:38:35',NULL,'2024-04-29 02:38:35',NULL,1),(233,20,235,56,NULL,NULL,1,'2024-04-29 02:38:35',NULL,'2024-04-29 02:38:35',NULL,1),(234,20,236,56,NULL,NULL,1,'2024-04-29 02:38:35',NULL,'2024-04-29 02:38:35',NULL,1),(235,20,237,56,NULL,NULL,1,'2024-04-29 02:38:35',NULL,'2024-04-29 02:38:35',NULL,1),(236,20,238,56,NULL,NULL,1,'2024-04-29 02:38:35',NULL,'2024-04-29 02:38:35',NULL,1),(237,20,239,56,NULL,NULL,1,'2024-04-29 02:38:35',NULL,'2024-04-29 02:38:35',NULL,1),(238,20,240,56,NULL,NULL,1,'2024-04-29 02:38:35',NULL,'2024-04-29 02:38:35',NULL,1),(239,20,241,56,NULL,NULL,1,'2024-04-29 02:38:35',NULL,'2024-04-29 02:38:35',NULL,1),(240,20,242,56,NULL,NULL,1,'2024-04-29 02:38:35',NULL,'2024-04-29 02:38:35',NULL,1),(241,21,243,56,NULL,NULL,1,'2024-04-29 03:20:15',NULL,'2024-04-29 03:20:15',NULL,1),(242,21,244,56,NULL,NULL,1,'2024-04-29 03:20:15',NULL,'2024-04-29 03:20:15',NULL,1),(243,21,245,56,NULL,NULL,1,'2024-04-29 03:20:15',NULL,'2024-04-29 03:20:15',NULL,1),(244,21,246,56,NULL,NULL,1,'2024-04-29 03:20:15',NULL,'2024-04-29 03:20:15',NULL,1),(245,21,247,56,NULL,NULL,1,'2024-04-29 03:20:15',NULL,'2024-04-29 03:20:15',NULL,1),(246,21,248,56,NULL,NULL,1,'2024-04-29 03:20:15',NULL,'2024-04-29 03:20:15',NULL,1),(247,21,249,56,NULL,NULL,1,'2024-04-29 03:20:15',NULL,'2024-04-29 03:20:15',NULL,1),(248,21,250,56,NULL,NULL,1,'2024-04-29 03:20:15',NULL,'2024-04-29 03:20:15',NULL,1),(249,21,251,56,NULL,NULL,1,'2024-04-29 03:20:15',NULL,'2024-04-29 03:20:15',NULL,1),(250,21,252,56,NULL,NULL,1,'2024-04-29 03:20:15',NULL,'2024-04-29 03:20:15',NULL,1),(251,21,253,56,NULL,NULL,1,'2024-04-29 03:20:15',NULL,'2024-04-29 03:20:15',NULL,1),(252,21,254,56,NULL,NULL,1,'2024-04-29 03:20:15',NULL,'2024-04-29 03:20:15',NULL,1),(253,21,255,56,NULL,NULL,1,'2024-04-29 03:20:15',NULL,'2024-04-29 03:20:15',NULL,1),(254,21,256,56,NULL,NULL,1,'2024-04-29 03:20:15',NULL,'2024-04-29 03:20:15',NULL,1),(255,21,257,56,NULL,NULL,1,'2024-04-29 03:20:15',NULL,'2024-04-29 03:20:15',NULL,1),(256,21,258,56,NULL,NULL,1,'2024-04-29 03:20:15',NULL,'2024-04-29 03:20:15',NULL,1),(257,21,259,56,NULL,NULL,1,'2024-04-29 03:20:15',NULL,'2024-04-29 03:20:15',NULL,1),(258,21,260,56,NULL,NULL,1,'2024-04-29 03:20:15',NULL,'2024-04-29 03:20:15',NULL,1),(259,21,261,56,NULL,NULL,1,'2024-04-29 03:20:15',NULL,'2024-04-29 03:20:15',NULL,1),(260,21,262,56,NULL,NULL,1,'2024-04-29 03:20:15',NULL,'2024-04-29 03:20:15',NULL,1),(261,21,263,56,NULL,NULL,1,'2024-04-29 03:20:15',NULL,'2024-04-29 03:20:15',NULL,1),(262,21,264,56,NULL,NULL,1,'2024-04-29 03:20:15',NULL,'2024-04-29 03:20:15',NULL,1),(263,21,265,56,NULL,NULL,1,'2024-04-29 03:20:15',NULL,'2024-04-29 03:20:15',NULL,1),(264,21,266,56,NULL,NULL,1,'2024-04-29 03:20:15',NULL,'2024-04-29 03:20:15',NULL,1),(265,21,267,56,NULL,NULL,1,'2024-04-29 03:20:15',NULL,'2024-04-29 03:20:15',NULL,1),(266,21,268,56,NULL,NULL,1,'2024-04-29 03:20:15',NULL,'2024-04-29 03:20:15',NULL,1),(267,21,269,56,NULL,NULL,1,'2024-04-29 03:20:15',NULL,'2024-04-29 03:20:15',NULL,1),(268,21,270,56,NULL,NULL,1,'2024-04-29 03:20:15',NULL,'2024-04-29 03:20:15',NULL,1),(269,21,271,56,NULL,NULL,1,'2024-04-29 03:20:15',NULL,'2024-04-29 03:20:15',NULL,1),(270,21,272,56,NULL,NULL,1,'2024-04-29 03:20:15',NULL,'2024-04-29 03:20:15',NULL,1),(271,21,273,56,NULL,NULL,1,'2024-04-29 03:20:15',NULL,'2024-04-29 03:20:15',NULL,1),(272,21,274,56,NULL,NULL,1,'2024-04-29 03:20:15',NULL,'2024-04-29 03:20:15',NULL,1),(273,21,275,56,NULL,NULL,1,'2024-04-29 03:20:15',NULL,'2024-04-29 03:20:15',NULL,1),(274,21,276,56,NULL,NULL,1,'2024-04-29 03:20:15',NULL,'2024-04-29 03:20:15',NULL,1),(275,21,277,56,NULL,NULL,1,'2024-04-29 03:20:15',NULL,'2024-04-29 03:20:15',NULL,1),(276,21,278,56,NULL,NULL,1,'2024-04-29 03:20:15',NULL,'2024-04-29 03:20:15',NULL,1),(277,21,279,56,NULL,NULL,1,'2024-04-29 03:20:15',NULL,'2024-04-29 03:20:15',NULL,1),(278,21,280,56,NULL,NULL,1,'2024-04-29 03:20:15',NULL,'2024-04-29 03:20:15',NULL,1),(279,21,281,56,NULL,NULL,1,'2024-04-29 03:20:15',NULL,'2024-04-29 03:20:15',NULL,1),(603,46,610,71,NULL,NULL,1,'2024-06-24 22:40:51',NULL,'2024-06-24 22:40:51',NULL,1),(604,46,611,71,NULL,NULL,1,'2024-06-24 22:40:51',NULL,'2024-06-24 22:40:51',NULL,1),(605,46,612,71,NULL,NULL,1,'2024-06-24 22:40:51',NULL,'2024-06-24 22:40:51',NULL,1),(606,46,613,71,NULL,NULL,1,'2024-06-24 22:40:51',NULL,'2024-06-24 22:40:51',NULL,1),(607,46,614,71,NULL,NULL,1,'2024-06-24 22:40:51',NULL,'2024-06-24 22:40:51',NULL,1),(608,46,615,71,NULL,NULL,1,'2024-06-24 22:40:51',NULL,'2024-06-24 22:40:51',NULL,1),(609,46,616,71,NULL,NULL,1,'2024-06-24 22:40:51',NULL,'2024-06-24 22:40:51',NULL,1),(610,46,617,71,NULL,NULL,1,'2024-06-24 22:40:51',NULL,'2024-06-24 22:40:51',NULL,1),(611,46,618,71,NULL,NULL,1,'2024-06-24 22:40:51',NULL,'2024-06-24 22:40:51',NULL,1),(612,46,619,71,NULL,NULL,1,'2024-06-24 22:40:51',NULL,'2024-06-24 22:40:51',NULL,1),(613,46,620,71,NULL,NULL,1,'2024-06-24 22:40:51',NULL,'2024-06-24 22:40:51',NULL,1),(614,46,621,71,NULL,NULL,1,'2024-06-24 22:40:51',NULL,'2024-06-24 22:40:51',NULL,1),(615,46,622,71,NULL,NULL,1,'2024-06-24 22:40:51',NULL,'2024-06-24 22:40:51',NULL,1),(616,46,623,71,NULL,NULL,1,'2024-06-24 22:40:51',NULL,'2024-06-24 22:40:51',NULL,1),(617,46,624,71,NULL,NULL,1,'2024-06-24 22:40:51',NULL,'2024-06-24 22:40:51',NULL,1),(618,46,625,71,NULL,NULL,1,'2024-06-24 22:40:51',NULL,'2024-06-24 22:40:51',NULL,1),(619,46,626,71,NULL,NULL,1,'2024-06-24 22:40:51',NULL,'2024-06-24 22:40:51',NULL,1),(620,46,627,71,NULL,NULL,1,'2024-06-24 22:40:51',NULL,'2024-06-24 22:40:51',NULL,1),(621,46,628,71,NULL,NULL,1,'2024-06-24 22:40:51',NULL,'2024-06-24 22:40:51',NULL,1),(622,46,629,71,NULL,NULL,1,'2024-06-24 22:40:51',NULL,'2024-06-24 22:40:51',NULL,1),(623,46,630,71,NULL,NULL,1,'2024-06-24 22:40:51',NULL,'2024-06-24 22:40:51',NULL,1),(624,46,631,71,NULL,NULL,1,'2024-06-24 22:40:51',NULL,'2024-06-24 22:40:51',NULL,1),(625,46,632,71,NULL,NULL,1,'2024-06-24 22:40:51',NULL,'2024-06-24 22:40:51',NULL,1),(626,46,633,71,NULL,NULL,1,'2024-06-24 22:40:51',NULL,'2024-06-24 22:40:51',NULL,1),(627,46,634,71,NULL,NULL,1,'2024-06-24 22:40:51',NULL,'2024-06-24 22:40:51',NULL,1),(628,46,635,71,NULL,NULL,1,'2024-06-24 22:40:52',NULL,'2024-06-24 22:40:52',NULL,1),(629,46,636,71,NULL,NULL,1,'2024-06-24 22:40:52',NULL,'2024-06-24 22:40:52',NULL,1),(630,46,637,71,NULL,NULL,1,'2024-06-24 22:40:52',NULL,'2024-06-24 22:40:52',NULL,1),(631,46,638,71,NULL,NULL,1,'2024-06-24 22:40:52',NULL,'2024-06-24 22:40:52',NULL,1),(632,46,639,71,NULL,NULL,1,'2024-06-24 22:40:52',NULL,'2024-06-24 22:40:52',NULL,1),(633,46,640,71,NULL,NULL,1,'2024-06-24 22:40:52',NULL,'2024-06-24 22:40:52',NULL,1),(634,46,641,71,NULL,NULL,1,'2024-06-24 22:40:52',NULL,'2024-06-24 22:40:52',NULL,1),(635,46,642,71,NULL,NULL,1,'2024-06-24 22:40:52',NULL,'2024-06-24 22:40:52',NULL,1),(636,46,643,71,NULL,NULL,1,'2024-06-24 22:40:52',NULL,'2024-06-24 22:40:52',NULL,1),(637,46,644,71,NULL,NULL,1,'2024-06-24 22:40:52',NULL,'2024-06-24 22:40:52',NULL,1),(638,46,645,71,NULL,NULL,1,'2024-06-24 22:40:52',NULL,'2024-06-24 22:40:52',NULL,1),(639,46,646,71,NULL,NULL,1,'2024-06-24 22:40:52',NULL,'2024-06-24 22:40:52',NULL,1),(640,46,647,71,NULL,NULL,1,'2024-06-24 22:40:52',NULL,'2024-06-24 22:40:52',NULL,1),(641,46,648,71,NULL,NULL,1,'2024-06-24 22:40:52',NULL,'2024-06-24 22:40:52',NULL,1),(642,46,649,71,NULL,NULL,1,'2024-06-24 22:40:52',NULL,'2024-06-24 22:40:52',NULL,1),(643,46,650,71,NULL,NULL,1,'2024-06-24 22:40:52',NULL,'2024-06-24 22:40:52',NULL,1),(644,46,651,71,NULL,NULL,1,'2024-06-24 22:40:52',NULL,'2024-06-24 22:40:52',NULL,1),(645,46,652,71,NULL,NULL,1,'2024-06-24 22:40:52',NULL,'2024-06-24 22:40:52',NULL,1),(646,46,653,71,NULL,NULL,1,'2024-06-24 22:40:52',NULL,'2024-06-24 22:40:52',NULL,1),(647,46,654,71,NULL,NULL,1,'2024-06-24 22:40:52',NULL,'2024-06-24 22:40:52',NULL,1),(648,46,655,71,NULL,NULL,1,'2024-06-24 22:40:52',NULL,'2024-06-24 22:40:52',NULL,1),(649,47,656,71,NULL,NULL,1,'2024-06-24 22:48:30',NULL,'2024-06-24 22:48:30',NULL,1),(650,47,657,71,NULL,NULL,1,'2024-06-24 22:48:30',NULL,'2024-06-24 22:48:30',NULL,1),(651,47,658,71,NULL,NULL,1,'2024-06-24 22:48:30',NULL,'2024-06-24 22:48:30',NULL,1),(652,47,659,71,NULL,NULL,1,'2024-06-24 22:48:30',NULL,'2024-06-24 22:48:30',NULL,1),(653,47,660,71,NULL,NULL,1,'2024-06-24 22:48:30',NULL,'2024-06-24 22:48:30',NULL,1),(654,47,661,71,NULL,NULL,1,'2024-06-24 22:48:30',NULL,'2024-06-24 22:48:30',NULL,1),(655,47,662,71,NULL,NULL,1,'2024-06-24 22:48:30',NULL,'2024-06-24 22:48:30',NULL,1),(656,47,663,71,NULL,NULL,1,'2024-06-24 22:48:30',NULL,'2024-06-24 22:48:30',NULL,1),(657,47,664,71,NULL,NULL,1,'2024-06-24 22:48:30',NULL,'2024-06-24 22:48:30',NULL,1),(658,47,665,71,NULL,NULL,1,'2024-06-24 22:48:30',NULL,'2024-06-24 22:48:30',NULL,1),(659,47,666,71,NULL,NULL,1,'2024-06-24 22:48:30',NULL,'2024-06-24 22:48:30',NULL,1),(660,47,667,71,NULL,NULL,1,'2024-06-24 22:48:30',NULL,'2024-06-24 22:48:30',NULL,1),(661,47,668,71,NULL,NULL,1,'2024-06-24 22:48:30',NULL,'2024-06-24 22:48:30',NULL,1),(662,47,669,71,NULL,NULL,1,'2024-06-24 22:48:30',NULL,'2024-06-24 22:48:30',NULL,1),(663,47,670,71,NULL,NULL,1,'2024-06-24 22:48:30',NULL,'2024-06-24 22:48:30',NULL,1),(664,47,671,71,NULL,NULL,1,'2024-06-24 22:48:30',NULL,'2024-06-24 22:48:30',NULL,1),(665,47,672,71,NULL,NULL,1,'2024-06-24 22:48:30',NULL,'2024-06-24 22:48:30',NULL,1),(666,47,673,71,NULL,NULL,1,'2024-06-24 22:48:30',NULL,'2024-06-24 22:48:30',NULL,1),(667,47,674,71,NULL,NULL,1,'2024-06-24 22:48:30',NULL,'2024-06-24 22:48:30',NULL,1),(668,47,675,71,NULL,NULL,1,'2024-06-24 22:48:30',NULL,'2024-06-24 22:48:30',NULL,1),(669,47,676,71,NULL,NULL,1,'2024-06-24 22:48:30',NULL,'2024-06-24 22:48:30',NULL,1),(670,47,677,71,NULL,NULL,1,'2024-06-24 22:48:30',NULL,'2024-06-24 22:48:30',NULL,1),(671,47,678,71,NULL,NULL,1,'2024-06-24 22:48:30',NULL,'2024-06-24 22:48:30',NULL,1),(672,47,679,71,NULL,NULL,1,'2024-06-24 22:48:30',NULL,'2024-06-24 22:48:30',NULL,1),(673,47,680,71,NULL,NULL,1,'2024-06-24 22:48:30',NULL,'2024-06-24 22:48:30',NULL,1),(674,47,681,71,NULL,NULL,1,'2024-06-24 22:48:30',NULL,'2024-06-24 22:48:30',NULL,1),(675,47,682,71,NULL,NULL,1,'2024-06-24 22:48:30',NULL,'2024-06-24 22:48:30',NULL,1),(676,47,683,71,NULL,NULL,1,'2024-06-24 22:48:30',NULL,'2024-06-24 22:48:30',NULL,1),(677,47,684,71,NULL,NULL,1,'2024-06-24 22:48:30',NULL,'2024-06-24 22:48:30',NULL,1),(678,47,685,71,NULL,NULL,1,'2024-06-24 22:48:30',NULL,'2024-06-24 22:48:30',NULL,1),(679,47,686,71,NULL,NULL,1,'2024-06-24 22:48:30',NULL,'2024-06-24 22:48:30',NULL,1),(680,47,687,71,NULL,NULL,1,'2024-06-24 22:48:30',NULL,'2024-06-24 22:48:30',NULL,1),(681,47,688,71,NULL,NULL,1,'2024-06-24 22:48:30',NULL,'2024-06-24 22:48:30',NULL,1),(682,47,689,71,NULL,NULL,1,'2024-06-24 22:48:30',NULL,'2024-06-24 22:48:30',NULL,1),(683,47,690,71,NULL,NULL,1,'2024-06-24 22:48:30',NULL,'2024-06-24 22:48:30',NULL,1),(684,47,691,71,NULL,NULL,1,'2024-06-24 22:48:30',NULL,'2024-06-24 22:48:30',NULL,1),(685,47,692,71,NULL,NULL,1,'2024-06-24 22:48:30',NULL,'2024-06-24 22:48:30',NULL,1),(686,47,693,71,NULL,NULL,1,'2024-06-24 22:48:30',NULL,'2024-06-24 22:48:30',NULL,1),(687,47,694,71,NULL,NULL,1,'2024-06-24 22:48:30',NULL,'2024-06-24 22:48:30',NULL,1),(688,47,695,71,NULL,NULL,1,'2024-06-24 22:48:30',NULL,'2024-06-24 22:48:30',NULL,1),(689,47,696,71,NULL,NULL,1,'2024-06-24 22:48:30',NULL,'2024-06-24 22:48:30',NULL,1),(690,47,697,71,NULL,NULL,1,'2024-06-24 22:48:30',NULL,'2024-06-24 22:48:30',NULL,1),(691,47,698,71,NULL,NULL,1,'2024-06-24 22:48:30',NULL,'2024-06-24 22:48:30',NULL,1),(692,47,699,71,NULL,NULL,1,'2024-06-24 22:48:30',NULL,'2024-06-24 22:48:30',NULL,1),(693,47,700,71,NULL,NULL,1,'2024-06-24 22:48:30',NULL,'2024-06-24 22:48:30',NULL,1),(694,47,701,71,NULL,NULL,1,'2024-06-24 22:48:30',NULL,'2024-06-24 22:48:30',NULL,1),(695,47,702,71,NULL,NULL,1,'2024-06-24 22:48:30',NULL,'2024-06-24 22:48:30',NULL,1),(696,49,703,71,NULL,NULL,1,'2024-06-25 01:23:14',NULL,'2024-06-25 01:23:14',NULL,1),(697,50,704,71,NULL,NULL,1,'2024-06-25 01:39:11',NULL,'2024-06-25 01:39:11',NULL,1),(698,50,705,71,NULL,NULL,1,'2024-06-25 01:39:11',NULL,'2024-06-25 01:39:11',NULL,1),(699,50,706,71,NULL,NULL,1,'2024-06-25 01:39:11',NULL,'2024-06-25 01:39:11',NULL,1),(700,50,707,71,NULL,NULL,1,'2024-06-25 01:39:12',NULL,'2024-06-25 01:39:12',NULL,1),(701,50,708,71,NULL,NULL,1,'2024-06-25 01:39:12',NULL,'2024-06-25 01:39:12',NULL,1),(702,50,709,71,NULL,NULL,1,'2024-06-25 01:39:12',NULL,'2024-06-25 01:39:12',NULL,1),(703,50,710,71,NULL,NULL,1,'2024-06-25 01:39:12',NULL,'2024-06-25 01:39:12',NULL,1),(704,50,711,71,NULL,NULL,1,'2024-06-25 01:39:12',NULL,'2024-06-25 01:39:12',NULL,1),(705,50,712,71,NULL,NULL,1,'2024-06-25 01:39:12',NULL,'2024-06-25 01:39:12',NULL,1),(706,50,713,71,NULL,NULL,1,'2024-06-25 01:39:12',NULL,'2024-06-25 01:39:12',NULL,1),(707,50,714,71,NULL,NULL,1,'2024-06-25 01:39:12',NULL,'2024-06-25 01:39:12',NULL,1),(708,50,715,71,NULL,NULL,1,'2024-06-25 01:39:12',NULL,'2024-06-25 01:39:12',NULL,1),(709,50,716,71,NULL,NULL,1,'2024-06-25 01:39:12',NULL,'2024-06-25 01:39:12',NULL,1),(710,50,717,71,NULL,NULL,1,'2024-06-25 01:39:12',NULL,'2024-06-25 01:39:12',NULL,1),(711,50,718,71,NULL,NULL,1,'2024-06-25 01:39:12',NULL,'2024-06-25 01:39:12',NULL,1),(712,50,719,71,NULL,NULL,1,'2024-06-25 01:39:12',NULL,'2024-06-25 01:39:12',NULL,1),(713,50,720,71,NULL,NULL,1,'2024-06-25 01:39:12',NULL,'2024-06-25 01:39:12',NULL,1),(714,50,721,71,NULL,NULL,1,'2024-06-25 01:39:12',NULL,'2024-06-25 01:39:12',NULL,1),(715,50,722,71,NULL,NULL,1,'2024-06-25 01:39:12',NULL,'2024-06-25 01:39:12',NULL,1),(716,50,723,71,NULL,NULL,1,'2024-06-25 01:39:12',NULL,'2024-06-25 01:39:12',NULL,1),(717,50,724,71,NULL,NULL,1,'2024-06-25 01:39:12',NULL,'2024-06-25 01:39:12',NULL,1),(718,50,725,71,NULL,NULL,1,'2024-06-25 01:39:12',NULL,'2024-06-25 01:39:12',NULL,1),(719,50,726,71,NULL,NULL,1,'2024-06-25 01:39:12',NULL,'2024-06-25 01:39:12',NULL,1),(720,50,727,71,NULL,NULL,1,'2024-06-25 01:39:12',NULL,'2024-06-25 01:39:12',NULL,1),(721,50,728,71,NULL,NULL,1,'2024-06-25 01:39:12',NULL,'2024-06-25 01:39:12',NULL,1),(722,50,729,71,NULL,NULL,1,'2024-06-25 01:39:12',NULL,'2024-06-25 01:39:12',NULL,1),(723,50,730,71,NULL,NULL,1,'2024-06-25 01:39:12',NULL,'2024-06-25 01:39:12',NULL,1),(724,50,731,71,NULL,NULL,1,'2024-06-25 01:39:12',NULL,'2024-06-25 01:39:12',NULL,1),(725,50,732,71,NULL,NULL,1,'2024-06-25 01:39:12',NULL,'2024-06-25 01:39:12',NULL,1),(726,50,733,71,NULL,NULL,1,'2024-06-25 01:39:12',NULL,'2024-06-25 01:39:12',NULL,1),(727,50,734,71,NULL,NULL,1,'2024-06-25 01:39:12',NULL,'2024-06-25 01:39:12',NULL,1),(728,50,735,71,NULL,NULL,1,'2024-06-25 01:39:12',NULL,'2024-06-25 01:39:12',NULL,1),(729,50,736,71,NULL,NULL,1,'2024-06-25 01:39:12',NULL,'2024-06-25 01:39:12',NULL,1),(730,50,737,71,NULL,NULL,1,'2024-06-25 01:39:12',NULL,'2024-06-25 01:39:12',NULL,1),(731,50,738,71,NULL,NULL,1,'2024-06-25 01:39:12',NULL,'2024-06-25 01:39:12',NULL,1),(732,50,739,71,NULL,NULL,1,'2024-06-25 01:39:12',NULL,'2024-06-25 01:39:12',NULL,1),(733,50,740,71,NULL,NULL,1,'2024-06-25 01:39:12',NULL,'2024-06-25 01:39:12',NULL,1),(734,50,741,71,NULL,NULL,1,'2024-06-25 01:39:12',NULL,'2024-06-25 01:39:12',NULL,1),(735,50,742,71,NULL,NULL,1,'2024-06-25 01:39:12',NULL,'2024-06-25 01:39:12',NULL,1),(736,50,743,71,NULL,NULL,1,'2024-06-25 01:39:12',NULL,'2024-06-25 01:39:12',NULL,1),(737,50,744,71,NULL,NULL,1,'2024-06-25 01:39:12',NULL,'2024-06-25 01:39:12',NULL,1),(738,50,745,71,NULL,NULL,1,'2024-06-25 01:39:12',NULL,'2024-06-25 01:39:12',NULL,1),(739,50,746,71,NULL,NULL,1,'2024-06-25 01:39:12',NULL,'2024-06-25 01:39:12',NULL,1),(740,50,747,71,NULL,NULL,1,'2024-06-25 01:39:12',NULL,'2024-06-25 01:39:12',NULL,1),(741,50,748,71,NULL,NULL,1,'2024-06-25 01:39:12',NULL,'2024-06-25 01:39:12',NULL,1),(742,50,749,71,NULL,NULL,1,'2024-06-25 01:39:12',NULL,'2024-06-25 01:39:12',NULL,1),(743,51,750,71,NULL,NULL,1,'2024-06-25 22:24:08',NULL,'2024-06-25 22:24:08',NULL,1),(744,51,751,71,NULL,NULL,1,'2024-06-25 22:24:08',NULL,'2024-06-25 22:24:08',NULL,1),(745,51,752,71,NULL,NULL,1,'2024-06-25 22:24:08',NULL,'2024-06-25 22:24:08',NULL,1),(1196,91,1203,71,NULL,NULL,1,'2024-07-06 12:57:22',NULL,'2024-07-06 12:57:22',NULL,1),(1197,91,1204,71,NULL,NULL,1,'2024-07-06 12:57:22',NULL,'2024-07-06 12:57:22',NULL,1),(1198,91,1205,71,NULL,NULL,1,'2024-07-06 12:57:22',NULL,'2024-07-06 12:57:22',NULL,1),(1199,91,1206,71,NULL,NULL,1,'2024-07-06 12:57:22',NULL,'2024-07-06 12:57:22',NULL,1),(1200,91,1207,71,NULL,NULL,1,'2024-07-06 12:57:22',NULL,'2024-07-06 12:57:22',NULL,1),(1201,91,1208,71,NULL,NULL,1,'2024-07-06 12:57:22',NULL,'2024-07-06 12:57:22',NULL,1),(1202,91,1209,71,NULL,NULL,1,'2024-07-06 12:57:22',NULL,'2024-07-06 12:57:22',NULL,1),(1203,91,1210,71,NULL,NULL,1,'2024-07-06 12:57:22',NULL,'2024-07-06 12:57:22',NULL,1),(1204,91,1211,71,NULL,NULL,1,'2024-07-06 12:57:22',NULL,'2024-07-06 12:57:22',NULL,1),(1205,91,1212,71,NULL,NULL,1,'2024-07-06 12:57:22',NULL,'2024-07-06 12:57:22',NULL,1),(1206,91,1213,71,NULL,NULL,1,'2024-07-06 12:57:22',NULL,'2024-07-06 12:57:22',NULL,1),(1207,91,1214,71,NULL,NULL,1,'2024-07-06 12:57:22',NULL,'2024-07-06 12:57:22',NULL,1),(1208,91,1215,71,NULL,NULL,1,'2024-07-06 12:57:22',NULL,'2024-07-06 12:57:22',NULL,1),(1209,91,1216,71,NULL,NULL,1,'2024-07-06 12:57:22',NULL,'2024-07-06 12:57:22',NULL,1),(1210,91,1217,71,NULL,NULL,1,'2024-07-06 12:57:22',NULL,'2024-07-06 12:57:22',NULL,1),(1211,91,1218,71,NULL,NULL,1,'2024-07-06 12:57:22',NULL,'2024-07-06 12:57:22',NULL,1),(1212,91,1219,71,NULL,NULL,1,'2024-07-06 12:57:22',NULL,'2024-07-06 12:57:22',NULL,1),(1213,91,1220,71,NULL,NULL,1,'2024-07-06 12:57:22',NULL,'2024-07-06 12:57:22',NULL,1),(1214,91,1221,71,NULL,NULL,1,'2024-07-06 12:57:22',NULL,'2024-07-06 12:57:22',NULL,1),(1215,91,1222,71,NULL,NULL,1,'2024-07-06 12:57:22',NULL,'2024-07-06 12:57:22',NULL,1),(1216,91,1223,71,NULL,NULL,1,'2024-07-06 12:57:22',NULL,'2024-07-06 12:57:22',NULL,1),(1217,91,1224,71,NULL,NULL,1,'2024-07-06 12:57:22',NULL,'2024-07-06 12:57:22',NULL,1),(1218,91,1225,71,NULL,NULL,1,'2024-07-06 12:57:22',NULL,'2024-07-06 12:57:22',NULL,1),(1219,91,1226,71,NULL,NULL,1,'2024-07-06 12:57:22',NULL,'2024-07-06 12:57:22',NULL,1),(1220,91,1227,71,NULL,NULL,1,'2024-07-06 12:57:22',NULL,'2024-07-06 12:57:22',NULL,1),(1221,91,1228,71,NULL,NULL,1,'2024-07-06 12:57:22',NULL,'2024-07-06 12:57:22',NULL,1),(1222,91,1229,71,NULL,NULL,1,'2024-07-06 12:57:22',NULL,'2024-07-06 12:57:22',NULL,1),(1256,95,1263,71,NULL,NULL,1,'2024-07-06 20:31:31',NULL,'2024-07-06 20:31:31',NULL,1),(1257,95,1264,71,NULL,NULL,1,'2024-07-06 20:31:31',NULL,'2024-07-06 20:31:31',NULL,1),(1258,95,1265,71,NULL,NULL,1,'2024-07-06 20:31:31',NULL,'2024-07-06 20:31:31',NULL,1),(1259,95,1266,71,NULL,NULL,1,'2024-07-06 20:31:31',NULL,'2024-07-06 20:31:31',NULL,1),(1260,95,1267,71,NULL,NULL,1,'2024-07-06 20:31:31',NULL,'2024-07-06 20:31:31',NULL,1),(1261,95,1268,71,NULL,NULL,1,'2024-07-06 20:31:31',NULL,'2024-07-06 20:31:31',NULL,1),(1262,95,1269,71,NULL,NULL,1,'2024-07-06 20:31:31',NULL,'2024-07-06 20:31:31',NULL,1),(1263,95,1270,71,NULL,NULL,1,'2024-07-06 20:31:31',NULL,'2024-07-06 20:31:31',NULL,1),(1264,95,1271,71,NULL,NULL,1,'2024-07-06 20:31:31',NULL,'2024-07-06 20:31:31',NULL,1),(1265,95,1272,71,NULL,NULL,1,'2024-07-06 20:31:31',NULL,'2024-07-06 20:31:31',NULL,1),(1266,95,1273,71,NULL,NULL,1,'2024-07-06 20:31:31',NULL,'2024-07-06 20:31:31',NULL,1),(1267,95,1274,71,NULL,NULL,1,'2024-07-06 20:31:31',NULL,'2024-07-06 20:31:31',NULL,1),(1268,95,1275,71,NULL,NULL,1,'2024-07-06 20:31:31',NULL,'2024-07-06 20:31:31',NULL,1),(1270,95,1277,71,NULL,NULL,1,'2024-07-08 17:26:15',NULL,'2024-07-08 17:26:15',NULL,1),(1278,98,1287,71,NULL,NULL,1,'2024-07-11 20:38:30',NULL,'2024-07-11 20:38:30',NULL,1),(1279,99,1288,71,NULL,NULL,1,'2024-07-13 06:38:17',NULL,'2024-07-13 06:38:17',NULL,1),(1280,99,1289,71,NULL,NULL,1,'2024-07-15 16:26:13',NULL,'2024-07-15 16:26:13',NULL,1),(1281,99,1290,71,NULL,NULL,1,'2024-07-15 18:03:01',NULL,'2024-07-15 18:03:01',NULL,1),(1282,99,1291,71,NULL,NULL,1,'2024-07-15 18:14:11',NULL,'2024-07-15 18:14:11',NULL,1),(1283,100,1292,NULL,NULL,NULL,1,'2024-07-18 19:45:09',NULL,'2024-07-18 19:45:09',NULL,1),(1284,100,1293,NULL,NULL,NULL,1,'2024-07-18 19:45:09',NULL,'2024-07-18 19:45:09',NULL,1),(1285,100,1294,NULL,NULL,NULL,1,'2024-07-18 19:45:09',NULL,'2024-07-18 19:45:09',NULL,1),(1286,100,1295,NULL,NULL,NULL,1,'2024-07-18 19:45:09',NULL,'2024-07-18 19:45:09',NULL,1),(1287,101,1296,NULL,NULL,NULL,1,'2024-07-19 21:05:21',NULL,'2024-07-19 21:05:21',NULL,1),(1288,101,1297,NULL,NULL,NULL,1,'2024-07-19 21:05:21',NULL,'2024-07-19 21:05:21',NULL,1),(1289,101,1298,NULL,NULL,NULL,1,'2024-07-19 21:05:21',NULL,'2024-07-19 21:05:21',NULL,1),(1290,101,1299,NULL,NULL,NULL,1,'2024-07-19 21:05:21',NULL,'2024-07-19 21:05:21',NULL,1),(1291,102,1300,NULL,NULL,NULL,1,'2024-07-19 21:15:33',NULL,'2024-07-19 21:15:33',NULL,1),(1292,102,1301,NULL,NULL,NULL,1,'2024-07-19 21:15:33',NULL,'2024-07-19 21:15:33',NULL,1),(1293,102,1302,NULL,NULL,NULL,1,'2024-07-19 21:15:33',NULL,'2024-07-19 21:15:33',NULL,1),(1294,102,1303,NULL,NULL,NULL,1,'2024-07-19 21:15:33',NULL,'2024-07-19 21:15:33',NULL,1),(1295,103,1305,NULL,NULL,NULL,1,'2024-07-22 12:50:05',NULL,'2024-07-22 12:50:05',NULL,1),(1296,103,1306,NULL,NULL,NULL,1,'2024-07-22 12:50:05',NULL,'2024-07-22 12:50:05',NULL,1),(1297,103,1307,NULL,NULL,NULL,1,'2024-07-22 12:50:05',NULL,'2024-07-22 12:50:05',NULL,1),(1298,103,1308,NULL,NULL,NULL,1,'2024-07-22 12:50:05',NULL,'2024-07-22 12:50:05',NULL,1),(1299,103,1309,NULL,NULL,NULL,1,'2024-07-22 12:50:06',NULL,'2024-07-22 12:50:06',NULL,1),(1300,103,1310,NULL,NULL,NULL,1,'2024-07-22 12:50:06',NULL,'2024-07-22 12:50:06',NULL,1),(1301,103,1311,NULL,NULL,NULL,1,'2024-07-22 12:50:06',NULL,'2024-07-22 12:50:06',NULL,1),(1302,103,1312,NULL,NULL,NULL,1,'2024-07-22 12:50:06',NULL,'2024-07-22 12:50:06',NULL,1),(1303,103,1313,NULL,NULL,NULL,1,'2024-07-22 12:50:06',NULL,'2024-07-22 12:50:06',NULL,1),(1304,103,1314,NULL,NULL,NULL,1,'2024-07-22 12:50:06',NULL,'2024-07-22 12:50:06',NULL,1),(1305,103,1315,NULL,NULL,NULL,1,'2024-07-22 12:50:06',NULL,'2024-07-22 12:50:06',NULL,1),(1306,103,1316,NULL,NULL,NULL,1,'2024-07-22 12:50:06',NULL,'2024-07-22 12:50:06',NULL,1),(1307,103,1317,NULL,NULL,NULL,1,'2024-07-22 12:50:06',NULL,'2024-07-22 12:50:06',NULL,1),(1308,103,1318,NULL,NULL,NULL,1,'2024-07-22 12:50:06',NULL,'2024-07-22 12:50:06',NULL,1),(1309,103,1319,NULL,NULL,NULL,1,'2024-07-22 12:50:06',NULL,'2024-07-22 12:50:06',NULL,1),(1310,103,1320,NULL,NULL,NULL,1,'2024-07-22 12:50:06',NULL,'2024-07-22 12:50:06',NULL,1),(1311,103,1321,NULL,NULL,NULL,1,'2024-07-22 12:50:06',NULL,'2024-07-22 12:50:06',NULL,1),(1312,103,1322,NULL,NULL,NULL,1,'2024-07-22 12:50:06',NULL,'2024-07-22 12:50:06',NULL,1),(1313,103,1323,NULL,NULL,NULL,1,'2024-07-22 12:50:06',NULL,'2024-07-22 12:50:06',NULL,1),(1314,103,1324,NULL,NULL,NULL,1,'2024-07-22 12:50:06',NULL,'2024-07-22 12:50:06',NULL,1),(1315,103,1325,NULL,NULL,NULL,1,'2024-07-22 12:50:06',NULL,'2024-07-22 12:50:06',NULL,1),(1316,103,1326,NULL,NULL,NULL,1,'2024-07-22 12:50:06',NULL,'2024-07-22 12:50:06',NULL,1),(1317,103,1327,NULL,NULL,NULL,1,'2024-07-22 12:50:06',NULL,'2024-07-22 12:50:06',NULL,1),(1318,103,1328,NULL,NULL,NULL,1,'2024-07-22 12:50:06',NULL,'2024-07-22 12:50:06',NULL,1),(1319,103,1329,NULL,NULL,NULL,1,'2024-07-22 12:50:06',NULL,'2024-07-22 12:50:06',NULL,1),(1320,103,1330,NULL,NULL,NULL,1,'2024-07-22 12:50:06',NULL,'2024-07-22 12:50:06',NULL,1),(1321,103,1331,NULL,NULL,NULL,1,'2024-07-22 12:50:06',NULL,'2024-07-22 12:50:06',NULL,1),(1322,103,1332,NULL,NULL,NULL,1,'2024-07-22 12:50:06',NULL,'2024-07-22 12:50:06',NULL,1),(1323,103,1333,NULL,NULL,NULL,1,'2024-07-22 12:50:06',NULL,'2024-07-22 12:50:06',NULL,1),(1324,103,1334,NULL,NULL,NULL,1,'2024-07-22 12:50:06',NULL,'2024-07-22 12:50:06',NULL,1),(1325,103,1335,NULL,NULL,NULL,1,'2024-07-22 12:50:06',NULL,'2024-07-22 12:50:06',NULL,1),(1326,103,1336,NULL,NULL,NULL,1,'2024-07-22 12:50:06',NULL,'2024-07-22 12:50:06',NULL,1),(1327,103,1337,NULL,NULL,NULL,1,'2024-07-22 12:50:06',NULL,'2024-07-22 12:50:06',NULL,1),(1328,103,1338,NULL,NULL,NULL,1,'2024-07-22 12:50:06',NULL,'2024-07-22 12:50:06',NULL,1),(1329,103,1339,NULL,NULL,NULL,1,'2024-07-22 12:50:06',NULL,'2024-07-22 12:50:06',NULL,1),(1330,103,1340,NULL,NULL,NULL,1,'2024-07-22 12:50:06',NULL,'2024-07-22 12:50:06',NULL,1),(1331,103,1341,NULL,NULL,NULL,1,'2024-07-22 12:50:06',NULL,'2024-07-22 12:50:06',NULL,1),(1332,103,1342,NULL,NULL,NULL,1,'2024-07-22 12:50:06',NULL,'2024-07-22 12:50:06',NULL,1),(1333,103,1343,NULL,NULL,NULL,1,'2024-07-22 12:50:06',NULL,'2024-07-22 12:50:06',NULL,1),(1334,103,1344,NULL,NULL,NULL,1,'2024-07-22 12:50:06',NULL,'2024-07-22 12:50:06',NULL,1),(1335,103,1345,NULL,NULL,NULL,1,'2024-07-22 12:50:06',NULL,'2024-07-22 12:50:06',NULL,1),(1336,103,1346,NULL,NULL,NULL,1,'2024-07-22 12:50:06',NULL,'2024-07-22 12:50:06',NULL,1),(1337,103,1347,NULL,NULL,NULL,1,'2024-07-22 12:50:06',NULL,'2024-07-22 12:50:06',NULL,1),(1338,103,1348,NULL,NULL,NULL,1,'2024-07-22 12:50:06',NULL,'2024-07-22 12:50:06',NULL,1),(1339,103,1349,NULL,NULL,NULL,1,'2024-07-22 12:50:06',NULL,'2024-07-22 12:50:06',NULL,1),(1340,103,1350,NULL,NULL,NULL,1,'2024-07-22 12:50:06',NULL,'2024-07-22 12:50:06',NULL,1),(1341,103,1351,NULL,NULL,NULL,1,'2024-07-22 12:50:06',NULL,'2024-07-22 12:50:06',NULL,1),(1342,103,1352,NULL,NULL,NULL,1,'2024-07-22 12:50:06',NULL,'2024-07-22 12:50:06',NULL,1),(1343,103,1353,NULL,NULL,NULL,1,'2024-07-22 12:50:06',NULL,'2024-07-22 12:50:06',NULL,1),(1344,103,1354,NULL,NULL,NULL,1,'2024-07-22 12:50:06',NULL,'2024-07-22 12:50:06',NULL,1),(1345,103,1355,NULL,NULL,NULL,1,'2024-07-22 12:50:06',NULL,'2024-07-22 12:50:06',NULL,1),(1350,105,1361,NULL,NULL,NULL,1,'2024-07-26 07:43:50',NULL,'2024-07-26 07:43:50',NULL,1),(1351,106,1362,NULL,NULL,NULL,1,'2024-07-26 21:25:26',NULL,'2024-07-26 21:25:26',NULL,1),(1352,107,1363,NULL,NULL,NULL,1,'2024-07-26 21:36:30',NULL,'2024-07-26 21:36:30',NULL,1),(1353,108,1364,NULL,NULL,NULL,1,'2024-07-29 00:47:50',NULL,'2024-07-29 00:47:50',NULL,1),(1354,109,1365,NULL,NULL,NULL,1,'2024-07-29 00:50:59',NULL,'2024-07-29 00:50:59',NULL,1),(1355,110,1366,NULL,NULL,NULL,1,'2024-07-29 00:51:54',NULL,'2024-07-29 00:51:54',NULL,1),(1356,110,1367,NULL,NULL,NULL,1,'2024-07-29 00:51:54',NULL,'2024-07-29 00:51:54',NULL,1),(1357,110,1368,NULL,NULL,NULL,1,'2024-07-29 00:51:54',NULL,'2024-07-29 00:51:54',NULL,1),(1358,110,1369,NULL,NULL,NULL,1,'2024-07-29 00:51:54',NULL,'2024-07-29 00:51:54',NULL,1),(1359,110,1370,NULL,NULL,NULL,1,'2024-07-29 00:51:54',NULL,'2024-07-29 00:51:54',NULL,1),(1360,110,1371,NULL,NULL,NULL,1,'2024-07-29 00:51:54',NULL,'2024-07-29 00:51:54',NULL,1),(1361,110,1372,NULL,NULL,NULL,1,'2024-07-29 00:51:54',NULL,'2024-07-29 00:51:54',NULL,1),(1362,110,1373,NULL,NULL,NULL,1,'2024-07-29 00:51:54',NULL,'2024-07-29 00:51:54',NULL,1),(1363,110,1374,NULL,NULL,NULL,1,'2024-07-29 00:51:54',NULL,'2024-07-29 00:51:54',NULL,1),(1364,110,1375,NULL,NULL,NULL,1,'2024-07-29 00:51:54',NULL,'2024-07-29 00:51:54',NULL,1),(1365,110,1376,NULL,NULL,NULL,1,'2024-07-29 00:51:54',NULL,'2024-07-29 00:51:54',NULL,1),(1366,110,1377,NULL,NULL,NULL,1,'2024-07-29 00:51:54',NULL,'2024-07-29 00:51:54',NULL,1),(1367,110,1378,NULL,NULL,NULL,1,'2024-07-29 00:51:54',NULL,'2024-07-29 00:51:54',NULL,1),(1368,110,1379,NULL,NULL,NULL,1,'2024-07-29 00:51:54',NULL,'2024-07-29 00:51:54',NULL,1),(1369,110,1380,NULL,NULL,NULL,1,'2024-07-29 00:51:54',NULL,'2024-07-29 00:51:54',NULL,1),(1370,110,1381,NULL,NULL,NULL,1,'2024-07-29 00:51:54',NULL,'2024-07-29 00:51:54',NULL,1),(1371,110,1382,NULL,NULL,NULL,1,'2024-07-29 00:51:54',NULL,'2024-07-29 00:51:54',NULL,1),(1372,110,1383,NULL,NULL,NULL,1,'2024-07-29 00:51:54',NULL,'2024-07-29 00:51:54',NULL,1),(1373,110,1384,NULL,NULL,NULL,1,'2024-07-29 00:51:54',NULL,'2024-07-29 00:51:54',NULL,1),(1374,110,1385,NULL,NULL,NULL,1,'2024-07-29 00:51:54',NULL,'2024-07-29 00:51:54',NULL,1),(1375,110,1386,NULL,NULL,NULL,1,'2024-07-29 00:51:54',NULL,'2024-07-29 00:51:54',NULL,1),(1376,110,1387,NULL,NULL,NULL,1,'2024-07-29 00:51:54',NULL,'2024-07-29 00:51:54',NULL,1),(1377,110,1388,NULL,NULL,NULL,1,'2024-07-29 00:51:54',NULL,'2024-07-29 00:51:54',NULL,1),(1378,110,1389,NULL,NULL,NULL,1,'2024-07-29 00:51:54',NULL,'2024-07-29 00:51:54',NULL,1),(1379,110,1390,NULL,NULL,NULL,1,'2024-07-29 00:51:54',NULL,'2024-07-29 00:51:54',NULL,1),(1380,110,1391,NULL,NULL,NULL,1,'2024-07-29 00:51:54',NULL,'2024-07-29 00:51:54',NULL,1),(1381,110,1392,NULL,NULL,NULL,1,'2024-07-29 00:51:54',NULL,'2024-07-29 00:51:54',NULL,1),(1382,110,1393,NULL,NULL,NULL,1,'2024-07-29 00:51:54',NULL,'2024-07-29 00:51:54',NULL,1),(1383,110,1394,NULL,NULL,NULL,1,'2024-07-29 00:51:54',NULL,'2024-07-29 00:51:54',NULL,1),(1384,110,1395,NULL,NULL,NULL,1,'2024-07-29 00:51:54',NULL,'2024-07-29 00:51:54',NULL,1),(1385,110,1396,NULL,NULL,NULL,1,'2024-07-29 00:51:54',NULL,'2024-07-29 00:51:54',NULL,1),(1386,110,1397,NULL,NULL,NULL,1,'2024-07-29 00:51:54',NULL,'2024-07-29 00:51:54',NULL,1),(1387,110,1398,NULL,NULL,NULL,1,'2024-07-29 00:51:54',NULL,'2024-07-29 00:51:54',NULL,1),(1388,110,1399,NULL,NULL,NULL,1,'2024-07-29 00:51:54',NULL,'2024-07-29 00:51:54',NULL,1),(1389,110,1400,NULL,NULL,NULL,1,'2024-07-29 00:51:54',NULL,'2024-07-29 00:51:54',NULL,1),(1390,110,1401,NULL,NULL,NULL,1,'2024-07-29 00:51:54',NULL,'2024-07-29 00:51:54',NULL,1),(1391,110,1402,NULL,NULL,NULL,1,'2024-07-29 00:51:54',NULL,'2024-07-29 00:51:54',NULL,1),(1392,110,1403,NULL,NULL,NULL,1,'2024-07-29 00:51:54',NULL,'2024-07-29 00:51:54',NULL,1),(1393,110,1404,NULL,NULL,NULL,1,'2024-07-29 00:51:54',NULL,'2024-07-29 00:51:54',NULL,1),(1394,110,1405,NULL,NULL,NULL,1,'2024-07-29 00:51:54',NULL,'2024-07-29 00:51:54',NULL,1),(1395,110,1406,NULL,NULL,NULL,1,'2024-07-29 00:51:54',NULL,'2024-07-29 00:51:54',NULL,1),(1396,110,1407,NULL,NULL,NULL,1,'2024-07-29 00:51:54',NULL,'2024-07-29 00:51:54',NULL,1),(1397,110,1408,NULL,NULL,NULL,1,'2024-07-29 00:51:54',NULL,'2024-07-29 00:51:54',NULL,1),(1398,110,1409,NULL,NULL,NULL,1,'2024-07-29 00:51:54',NULL,'2024-07-29 00:51:54',NULL,1),(1399,110,1410,NULL,NULL,NULL,1,'2024-07-29 00:51:54',NULL,'2024-07-29 00:51:54',NULL,1),(1400,110,1411,NULL,NULL,NULL,1,'2024-07-29 00:51:54',NULL,'2024-07-29 00:51:54',NULL,1),(1401,110,1412,NULL,NULL,NULL,1,'2024-07-29 00:51:54',NULL,'2024-07-29 00:51:54',NULL,1),(1402,110,1413,NULL,NULL,NULL,1,'2024-07-29 00:51:54',NULL,'2024-07-29 00:51:54',NULL,1),(1403,110,1414,NULL,NULL,NULL,1,'2024-07-29 00:51:54',NULL,'2024-07-29 00:51:54',NULL,1),(1404,110,1415,NULL,NULL,NULL,1,'2024-07-29 00:51:54',NULL,'2024-07-29 00:51:54',NULL,1),(1405,110,1416,NULL,NULL,NULL,1,'2024-07-29 00:51:54',NULL,'2024-07-29 00:51:54',NULL,1),(1406,111,1417,NULL,NULL,NULL,1,'2024-07-29 22:01:13',NULL,'2024-07-29 22:01:13',NULL,1),(1408,113,1419,NULL,NULL,NULL,1,'2024-07-30 00:34:51',NULL,'2024-07-30 00:34:51',NULL,1),(1409,114,1420,NULL,NULL,NULL,1,'2024-07-30 00:58:22',NULL,'2024-07-30 00:58:22',NULL,1),(1516,132,1527,NULL,NULL,NULL,1,'2024-07-30 02:09:44',NULL,'2024-07-30 02:09:44',NULL,1),(1517,132,1528,NULL,NULL,NULL,1,'2024-07-30 02:09:44',NULL,'2024-07-30 02:09:44',NULL,1),(1518,132,1529,NULL,NULL,NULL,1,'2024-07-30 02:09:44',NULL,'2024-07-30 02:09:44',NULL,1),(1519,132,1530,NULL,NULL,NULL,1,'2024-07-30 02:09:44',NULL,'2024-07-30 02:09:44',NULL,1),(1520,132,1531,NULL,NULL,NULL,1,'2024-07-30 02:09:44',NULL,'2024-07-30 02:09:44',NULL,1),(1521,132,1532,NULL,NULL,NULL,1,'2024-07-30 02:09:44',NULL,'2024-07-30 02:09:44',NULL,1),(1522,132,1533,NULL,NULL,NULL,1,'2024-07-30 02:09:44',NULL,'2024-07-30 02:09:44',NULL,1),(1523,132,1534,NULL,NULL,NULL,1,'2024-07-30 02:09:44',NULL,'2024-07-30 02:09:44',NULL,1),(1524,132,1535,NULL,NULL,NULL,1,'2024-07-30 02:09:44',NULL,'2024-07-30 02:09:44',NULL,1),(1525,132,1536,NULL,NULL,NULL,1,'2024-07-30 02:09:44',NULL,'2024-07-30 02:09:44',NULL,1),(1526,132,1537,NULL,NULL,NULL,1,'2024-07-30 02:09:44',NULL,'2024-07-30 02:09:44',NULL,1),(1527,132,1538,NULL,NULL,NULL,1,'2024-07-30 02:09:44',NULL,'2024-07-30 02:09:44',NULL,1),(1528,132,1539,NULL,NULL,NULL,1,'2024-07-30 02:09:44',NULL,'2024-07-30 02:09:44',NULL,1),(1529,132,1540,NULL,NULL,NULL,1,'2024-07-30 02:09:44',NULL,'2024-07-30 02:09:44',NULL,1),(1577,138,1588,NULL,NULL,NULL,1,'2024-07-30 07:24:07',NULL,'2024-07-30 07:24:07',NULL,1),(1629,140,1640,NULL,NULL,NULL,1,'2024-08-02 04:08:36',NULL,'2024-08-02 04:08:36',NULL,1),(1630,142,1642,NULL,NULL,NULL,1,'2024-08-03 22:38:03',NULL,'2024-08-03 22:38:03',NULL,1),(1631,144,1643,NULL,NULL,NULL,1,'2024-08-04 11:17:15',NULL,'2024-08-04 11:17:15',NULL,1),(1632,145,1644,NULL,NULL,NULL,1,'2024-08-07 22:27:29',NULL,'2024-08-07 22:27:29',NULL,1),(1633,146,1645,NULL,NULL,NULL,1,'2024-08-08 03:08:45',NULL,'2024-08-08 03:08:45',NULL,1),(1634,147,1646,NULL,NULL,NULL,1,'2024-08-08 11:41:13',NULL,'2024-08-08 11:41:13',NULL,1),(1635,148,1647,NULL,NULL,NULL,1,'2024-08-14 17:38:03',NULL,'2024-08-14 17:38:03',NULL,1),(1636,149,1648,NULL,NULL,NULL,1,'2024-08-16 10:32:14',NULL,'2024-08-16 10:32:14',NULL,1),(1637,149,1649,NULL,NULL,NULL,1,'2024-08-16 10:32:14',NULL,'2024-08-16 10:32:14',NULL,1),(1638,149,1650,NULL,NULL,NULL,1,'2024-08-16 10:32:14',NULL,'2024-08-16 10:32:14',NULL,1),(1639,149,1651,NULL,NULL,NULL,1,'2024-08-16 10:32:14',NULL,'2024-08-16 10:32:14',NULL,1),(1640,149,1652,NULL,NULL,NULL,1,'2024-08-16 10:32:14',NULL,'2024-08-16 10:32:14',NULL,1),(1641,149,1653,NULL,NULL,NULL,1,'2024-08-16 10:32:14',NULL,'2024-08-16 10:32:14',NULL,1),(1642,149,1654,NULL,NULL,NULL,1,'2024-08-16 10:32:14',NULL,'2024-08-16 10:32:14',NULL,1),(1643,149,1655,NULL,NULL,NULL,1,'2024-08-16 10:32:14',NULL,'2024-08-16 10:32:14',NULL,1),(1644,149,1656,NULL,NULL,NULL,1,'2024-08-16 10:32:14',NULL,'2024-08-16 10:32:14',NULL,1),(1645,149,1657,NULL,NULL,NULL,1,'2024-08-16 10:32:14',NULL,'2024-08-16 10:32:14',NULL,1),(1646,149,1658,NULL,NULL,NULL,1,'2024-08-16 10:32:14',NULL,'2024-08-16 10:32:14',NULL,1),(1647,149,1659,NULL,NULL,NULL,1,'2024-08-16 10:32:14',NULL,'2024-08-16 10:32:14',NULL,1),(1648,149,1660,NULL,NULL,NULL,1,'2024-08-16 10:32:14',NULL,'2024-08-16 10:32:14',NULL,1),(1649,149,1661,NULL,NULL,NULL,1,'2024-08-16 10:32:14',NULL,'2024-08-16 10:32:14',NULL,1),(1650,149,1662,NULL,NULL,NULL,1,'2024-08-16 10:32:14',NULL,'2024-08-16 10:32:14',NULL,1),(1651,149,1663,NULL,NULL,NULL,1,'2024-08-16 10:32:14',NULL,'2024-08-16 10:32:14',NULL,1),(1652,149,1664,NULL,NULL,NULL,1,'2024-08-16 10:32:14',NULL,'2024-08-16 10:32:14',NULL,1),(1653,149,1665,NULL,NULL,NULL,1,'2024-08-16 10:32:14',NULL,'2024-08-16 10:32:14',NULL,1),(1654,149,1666,NULL,NULL,NULL,1,'2024-08-16 10:32:14',NULL,'2024-08-16 10:32:14',NULL,1),(1655,149,1667,NULL,NULL,NULL,1,'2024-08-16 10:32:14',NULL,'2024-08-16 10:32:14',NULL,1),(1656,149,1668,NULL,NULL,NULL,1,'2024-08-16 10:32:14',NULL,'2024-08-16 10:32:14',NULL,1),(1657,149,1669,NULL,NULL,NULL,1,'2024-08-16 10:32:14',NULL,'2024-08-16 10:32:14',NULL,1),(1658,149,1670,NULL,NULL,NULL,1,'2024-08-16 10:32:14',NULL,'2024-08-16 10:32:14',NULL,1),(1659,149,1671,NULL,NULL,NULL,1,'2024-08-16 10:32:14',NULL,'2024-08-16 10:32:14',NULL,1),(1660,149,1672,NULL,NULL,NULL,1,'2024-08-16 10:32:14',NULL,'2024-08-16 10:32:14',NULL,1),(1661,149,1673,NULL,NULL,NULL,1,'2024-08-16 10:32:14',NULL,'2024-08-16 10:32:14',NULL,1),(1662,149,1674,NULL,NULL,NULL,1,'2024-08-16 10:32:14',NULL,'2024-08-16 10:32:14',NULL,1),(1663,149,1675,NULL,NULL,NULL,1,'2024-08-16 10:32:14',NULL,'2024-08-16 10:32:14',NULL,1),(1664,149,1676,NULL,NULL,NULL,1,'2024-08-16 10:32:14',NULL,'2024-08-16 10:32:14',NULL,1),(1665,149,1677,NULL,NULL,NULL,1,'2024-08-16 10:32:14',NULL,'2024-08-16 10:32:14',NULL,1),(1666,149,1678,NULL,NULL,NULL,1,'2024-08-16 10:32:14',NULL,'2024-08-16 10:32:14',NULL,1),(1667,149,1679,NULL,NULL,NULL,1,'2024-08-16 10:32:14',NULL,'2024-08-16 10:32:14',NULL,1),(1668,149,1680,NULL,NULL,NULL,1,'2024-08-16 10:32:14',NULL,'2024-08-16 10:32:14',NULL,1),(1669,149,1681,NULL,NULL,NULL,1,'2024-08-16 10:32:14',NULL,'2024-08-16 10:32:14',NULL,1),(1670,149,1682,NULL,NULL,NULL,1,'2024-08-16 10:32:14',NULL,'2024-08-16 10:32:14',NULL,1),(1671,149,1683,NULL,NULL,NULL,1,'2024-08-16 10:32:14',NULL,'2024-08-16 10:32:14',NULL,1),(1672,149,1684,NULL,NULL,NULL,1,'2024-08-16 10:32:14',NULL,'2024-08-16 10:32:14',NULL,1),(1673,149,1685,NULL,NULL,NULL,1,'2024-08-16 10:32:14',NULL,'2024-08-16 10:32:14',NULL,1),(1674,149,1686,NULL,NULL,NULL,1,'2024-08-16 10:32:14',NULL,'2024-08-16 10:32:14',NULL,1),(1675,149,1687,NULL,NULL,NULL,1,'2024-08-16 10:32:14',NULL,'2024-08-16 10:32:14',NULL,1),(1676,149,1688,NULL,NULL,NULL,1,'2024-08-16 10:32:14',NULL,'2024-08-16 10:32:14',NULL,1),(1677,149,1689,NULL,NULL,NULL,1,'2024-08-16 10:32:14',NULL,'2024-08-16 10:32:14',NULL,1),(1678,149,1690,NULL,NULL,NULL,1,'2024-08-16 10:32:14',NULL,'2024-08-16 10:32:14',NULL,1),(1679,149,1691,NULL,NULL,NULL,1,'2024-08-16 10:32:14',NULL,'2024-08-16 10:32:14',NULL,1),(1680,149,1692,NULL,NULL,NULL,1,'2024-08-16 10:32:14',NULL,'2024-08-16 10:32:14',NULL,1),(1681,149,1693,NULL,NULL,NULL,1,'2024-08-16 10:32:14',NULL,'2024-08-16 10:32:14',NULL,1),(1682,149,1694,NULL,NULL,NULL,1,'2024-08-16 10:32:14',NULL,'2024-08-16 10:32:14',NULL,1),(1683,149,1695,NULL,NULL,NULL,1,'2024-08-16 10:32:14',NULL,'2024-08-16 10:32:14',NULL,1),(1684,149,1696,NULL,NULL,NULL,1,'2024-08-16 10:32:14',NULL,'2024-08-16 10:32:14',NULL,1),(1685,149,1697,NULL,NULL,NULL,1,'2024-08-16 10:32:14',NULL,'2024-08-16 10:32:14',NULL,1),(1686,149,1698,NULL,NULL,NULL,1,'2024-08-16 10:32:14',NULL,'2024-08-16 10:32:14',NULL,1),(1687,150,1699,NULL,NULL,NULL,1,'2024-08-16 10:39:27',NULL,'2024-08-16 10:39:27',NULL,1),(1688,151,1700,NULL,NULL,NULL,1,'2024-08-16 10:46:33',NULL,'2024-08-16 10:46:33',NULL,1),(1689,152,1701,NULL,NULL,NULL,1,'2024-08-16 10:59:51',NULL,'2024-08-16 10:59:51',NULL,1),(1690,153,1713,NULL,NULL,NULL,1,'2024-09-01 02:50:12',NULL,'2024-09-01 02:50:12',NULL,1),(1691,154,1714,NULL,NULL,NULL,1,'2024-09-01 03:31:07',NULL,'2024-09-01 03:31:07',NULL,1),(1692,156,1715,NULL,NULL,NULL,1,'2024-09-01 07:54:16',NULL,'2024-09-01 07:54:16',NULL,1),(1693,157,1716,NULL,NULL,NULL,1,'2024-09-01 08:02:30',NULL,'2024-09-01 08:02:30',NULL,1),(1694,158,1719,NULL,NULL,NULL,1,'2024-09-01 08:33:44',NULL,'2024-09-01 08:33:44',NULL,1),(1695,160,1720,NULL,NULL,NULL,1,'2024-09-01 08:52:13',NULL,'2024-09-01 08:52:13',NULL,1),(1696,161,1721,NULL,NULL,NULL,1,'2024-09-01 10:50:48',NULL,'2024-09-01 10:50:48',NULL,1);

--
-- Table structure for table `et_document_file_trainee`
--

CREATE TABLE `et_document_file_trainee` (
  `id` bigint unsigned NOT NULL AUTO_INCREMENT,
  `document_file_id` bigint DEFAULT NULL,
  `trainee_id` int DEFAULT NULL,
  `note` text COLLATE utf8mb4_unicode_ci,
  `created_by_id` bigint DEFAULT NULL,
  `created_at` timestamp NULL DEFAULT NULL,
  `updated_by_id` bigint DEFAULT NULL,
  `updated_at` timestamp NULL DEFAULT NULL,
  `updated_count` int DEFAULT NULL,
  `company_id` bigint NOT NULL,
  PRIMARY KEY (`id`)
) ENGINE=InnoDB AUTO_INCREMENT=6 DEFAULT CHARSET=utf8mb4 COLLATE=utf8mb4_unicode_ci;

--
-- Dumping data for table `et_document_file_trainee`
--

INSERT INTO `et_document_file_trainee` VALUES (1,610,1,NULL,NULL,NULL,NULL,NULL,NULL,1),(2,1629,NULL,NULL,1,'2024-08-02 04:08:36',NULL,'2024-08-02 04:08:36',NULL,1),(3,1630,NULL,NULL,1,'2024-08-03 22:38:03',NULL,'2024-08-03 22:38:03',NULL,1),(4,1631,NULL,NULL,1,'2024-08-04 11:17:15',NULL,'2024-08-04 11:17:15',NULL,1),(5,1632,1,NULL,1,'2024-08-07 22:27:29',NULL,'2024-08-07 22:27:29',NULL,1);

--
-- Table structure for table `et_document_history`
--

CREATE TABLE `et_document_history` (
  `id` bigint unsigned NOT NULL AUTO_INCREMENT,
  `document_id` int DEFAULT NULL,
  `user_id` bigint unsigned NOT NULL,
  `action` varchar(255) CHARACTER SET utf8mb4 COLLATE utf8mb4_unicode_ci NOT NULL,
  `data_before` text CHARACTER SET utf8mb4 COLLATE utf8mb4_unicode_ci,
  `data_after` text CHARACTER SET utf8mb4 COLLATE utf8mb4_unicode_ci,
  `ip_address` varchar(255) CHARACTER SET utf8mb4 COLLATE utf8mb4_unicode_ci DEFAULT NULL,
  `note` text CHARACTER SET utf8mb4 COLLATE utf8mb4_unicode_ci,
  `created_at` timestamp NULL DEFAULT NULL,
  `company_id` int DEFAULT NULL,
  PRIMARY KEY (`id`)
) ENGINE=InnoDB AUTO_INCREMENT=15 DEFAULT CHARSET=utf8mb4 COLLATE=utf8mb4_unicode_ci;

--
-- Dumping data for table `et_document_history`
--

INSERT INTO `et_document_history` VALUES (1,148,1,'1','','','138.64.65.197',NULL,'2024-08-14 17:38:03',1),(2,149,1,'1','','','138.64.65.197',NULL,'2024-08-16 10:32:14',1),(3,150,1,'1','','','138.64.65.197',NULL,'2024-08-16 10:39:27',1),(4,151,1,'1','','','138.64.65.197',NULL,'2024-08-16 10:46:33',1),(5,152,1,'1','','','138.64.65.197',NULL,'2024-08-16 10:59:51',1),(6,153,1,'1','','','138.64.65.197',NULL,'2024-09-01 02:50:12',1),(7,154,1,'1','','','138.64.65.197',NULL,'2024-09-01 03:31:07',1),(8,155,1,'1','','','138.64.65.197',NULL,'2024-09-01 05:03:48',1),(9,156,1,'1','','','138.64.65.197',NULL,'2024-09-01 07:54:16',1),(10,157,1,'1','','','138.64.65.197',NULL,'2024-09-01 08:02:30',1),(11,158,1,'1','','','138.64.65.197',NULL,'2024-09-01 08:33:44',1),(12,159,1,'1','','','138.64.65.197',NULL,'2024-09-01 08:50:03',1),(13,160,1,'1','','','138.64.65.197',NULL,'2024-09-01 08:52:13',1),(14,161,1,'1','','','138.64.65.197',NULL,'2024-09-01 10:50:48',1);

--
-- Table structure for table `et_document_template`
--

CREATE TABLE `et_document_template` (
  `document_template_id` bigint unsigned NOT NULL AUTO_INCREMENT,
  `type` varchar(2) COLLATE utf8mb4_unicode_ci DEFAULT NULL,
  `target_doc` varchar(2) COLLATE utf8mb4_unicode_ci DEFAULT NULL,
  `name` varchar(256) COLLATE utf8mb4_unicode_ci DEFAULT NULL,
  `sort_order` int DEFAULT NULL,
  `note` text COLLATE utf8mb4_unicode_ci,
  `created_by_id` bigint DEFAULT NULL,
  `created_at` timestamp NULL DEFAULT CURRENT_TIMESTAMP,
  `updated_by_id` bigint DEFAULT NULL,
  `updated_at` timestamp NULL DEFAULT CURRENT_TIMESTAMP ON UPDATE CURRENT_TIMESTAMP,
  `updated_count` int DEFAULT NULL,
  `company_id` bigint NOT NULL,
  `is_set` int DEFAULT NULL,
  `form_name` varchar(255) CHARACTER SET utf8mb4 COLLATE utf8mb4_unicode_ci DEFAULT 'doc-certificate',
  `number` varchar(254) COLLATE utf8mb4_unicode_ci DEFAULT NULL,
  `notice` text COLLATE utf8mb4_unicode_ci,
  `created_on` date DEFAULT NULL,
  `status` tinyint DEFAULT NULL,
  PRIMARY KEY (`document_template_id`)
) ENGINE=InnoDB AUTO_INCREMENT=56 DEFAULT CHARSET=utf8mb4 COLLATE=utf8mb4_unicode_ci;

--
-- Dumping data for table `et_document_template`
--

INSERT INTO `et_document_template` VALUES (13,NULL,NULL,'技能実習計画認定申請',1,'技能実習計画の認定申請／計画の変更関係',1,'2024-04-12 04:35:41',1,'2024-04-24 02:55:11',4,1,1,'doc-certificate',NULL,NULL,NULL,NULL),(14,NULL,NULL,'技能実習計画変更申請',4,'技能実習計画の認定申請／計画の変更関係',1,'2024-04-12 04:35:57',1,'2024-04-18 04:31:25',1,1,1,'doc-certificate',NULL,NULL,NULL,NULL),(20,NULL,NULL,'実習実施者届',8,'各種届出・報告関係（実習実施者届／実施状況報告／困難時届／監査報告／事業報告／認定・許可取消し事由報告）',1,'2024-04-12 05:13:12',NULL,'2024-07-11 20:35:22',NULL,1,1,'doc-certificate',NULL,NULL,NULL,NULL),(21,NULL,NULL,'実施状況報告',9,'各種届出・報告関係（実習実施者届／実施状況報告／困難時届／監査報告／事業報告／認定・許可取消し事由報告）',1,'2024-04-12 05:13:28',NULL,'2024-07-11 20:35:22',NULL,1,1,'doc-certificate',NULL,NULL,NULL,NULL),(22,NULL,NULL,'困難時届',10,'各種届出・報告関係（実習実施者届／実施状況報告／困難時届／監査報告／事業報告／認定・許可取消し事由報告）',1,'2024-04-12 05:13:36',NULL,'2024-07-11 20:35:22',NULL,1,1,'doc-certificate',NULL,NULL,NULL,NULL),(23,NULL,NULL,'監査報告',11,'各種届出・報告関係（実習実施者届／実施状況報告／困難時届／監査報告／事業報告／認定・許可取消し事由報告）',1,'2024-04-12 05:13:44',NULL,'2024-07-11 20:35:22',NULL,1,1,'doc-certificate',NULL,NULL,NULL,NULL),(24,NULL,NULL,'事業報告',12,'各種届出・報告関係（実習実施者届／実施状況報告／困難時届／監査報告／事業報告／認定・許可取消し事由報告）',1,'2024-04-12 05:13:55',NULL,'2024-07-11 20:35:22',NULL,1,1,'doc-certificate',NULL,NULL,NULL,NULL),(27,NULL,NULL,'認定・許可取消し事由報告',13,'各種届出・報告関係（実習実施者届／実施状況報告／困難時届／監査報告／事業報告／認定・許可取消し事由報告）',1,'2024-04-12 05:19:15',NULL,'2024-07-11 20:35:22',NULL,1,1,'doc-certificate',NULL,NULL,NULL,NULL),(28,NULL,NULL,'帳簿関係',14,'帳簿関係',1,'2024-04-12 05:23:11',NULL,'2024-07-11 20:35:22',NULL,1,NULL,'doc-certificate',NULL,NULL,NULL,NULL),(29,NULL,NULL,'講習関係',15,'講習関係',1,'2024-04-12 05:23:25',NULL,'2024-07-11 20:35:22',NULL,1,NULL,'doc-certificate',NULL,NULL,NULL,NULL),(34,NULL,NULL,'技能実習日誌',NULL,'帳簿関係',1,'2024-05-10 01:51:57',NULL,'2024-06-25 01:16:33',NULL,1,NULL,'doc-certificate',NULL,NULL,NULL,NULL),(35,NULL,NULL,'監理責任者の履歴書',NULL,'監理責任者の履歴書',1,'2024-05-10 01:51:57',NULL,'2024-06-25 22:26:26',NULL,1,NULL,'doc-certificate',NULL,NULL,NULL,NULL),(36,NULL,NULL,'監理責任者の就任承諾書及び誓約書',NULL,'監理責任者の就任承諾書及び誓約書',1,'2024-05-10 01:51:57',NULL,'2024-06-25 22:26:26',NULL,1,NULL,'doc-certificate',NULL,NULL,NULL,NULL),(38,NULL,NULL,'test',NULL,NULL,1,'2024-07-11 07:18:04',NULL,'2024-07-11 20:35:22',NULL,1,NULL,'doc-certificate',NULL,NULL,NULL,NULL),(39,NULL,NULL,'技能実習生の履歴書',NULL,'参考様式第１－３号',1,'2024-07-11 07:19:30',NULL,'2024-07-11 20:35:22',NULL,1,NULL,'doc-certificate',NULL,NULL,NULL,NULL),(40,NULL,NULL,'申請者の概要書',NULL,'第１-１号',1,'2024-07-13 06:37:32',NULL,'2024-07-13 06:37:32',NULL,1,NULL,'doc-certificate',NULL,NULL,NULL,NULL),(41,NULL,NULL,'申請者の誓約書',NULL,'第１-２号',1,'2024-07-13 07:13:58',NULL,'2024-07-13 07:13:58',NULL,1,NULL,'doc-certificate',NULL,NULL,NULL,NULL),(42,'1',NULL,'技能実習責任者・技能実習指導員・生活指導員の履歴書並びに就任承諾書及び誓約書',NULL,NULL,1,'2024-08-03 22:36:46',NULL,'2024-08-03 22:36:46',NULL,1,NULL,'doc-certificate',NULL,'参考様式第１－５号（規則第８条第５号、第６号、第７号関係）\r\nＡ・Ｂ・Ｃ・Ｄ・Ｅ・Ｆ','2024-08-04',NULL),(43,'1',NULL,'雇用契約書及び雇用条件書',NULL,NULL,1,'2024-08-04 11:15:51',NULL,'2024-08-04 11:15:51',NULL,1,NULL,'doc-certificate',NULL,'Ａ・Ｂ・Ｃ・Ｄ・Ｅ・Ｆ','2024-08-04',NULL),(44,'1',NULL,'技能実習生に関する評価調書',NULL,NULL,1,'2024-08-16 10:36:56',1,'2024-08-16 10:49:33',1,1,NULL,'doc-certificate',NULL,NULL,'2024-08-16',NULL),(45,'1',NULL,'在留資格認定証明書交付申請書',NULL,NULL,1,'2024-08-16 10:45:20',NULL,'2024-08-16 10:45:20',NULL,1,NULL,'doc-certificate',NULL,NULL,'2024-08-16',NULL),(46,'1',NULL,'技能実習生一覧表',NULL,NULL,1,'2024-08-16 10:59:02',NULL,'2024-08-16 10:59:02',NULL,1,NULL,'doc-certificate',NULL,NULL,'2024-08-16',NULL),(47,'1',NULL,'技能実習生の報酬・宿泊施設・徴収費用についての説明書',NULL,NULL,1,'2024-09-01 02:48:50',NULL,'2024-09-01 02:48:50',NULL,1,NULL,'doc-certificate',NULL,NULL,'2024-09-01',NULL),(48,'1',NULL,'技能実習の準備に関し本国で支払った費用の明細書',NULL,NULL,1,'2024-09-01 03:29:00',NULL,'2024-09-01 03:29:00',NULL,1,NULL,'doc-certificate',NULL,NULL,'2024-09-01',NULL),(50,'1',NULL,'申請する技能実習計画の対象となる技能実習生の名',NULL,NULL,1,'2024-09-01 07:52:13',NULL,'2024-09-01 07:52:13',NULL,1,NULL,'doc-certificate',NULL,NULL,'2024-09-01',NULL),(51,'1',NULL,'技能実習計画作成指導者の履歴書',NULL,NULL,1,'2024-09-01 08:01:46',NULL,'2024-09-01 08:01:46',NULL,1,NULL,'doc-certificate',NULL,NULL,'2024-09-01',NULL),(52,'1',NULL,'認定計画の履行状況に係る管理簿',NULL,NULL,1,'2024-09-01 08:32:45',NULL,'2024-09-01 08:32:45',NULL,1,NULL,'doc-certificate',NULL,NULL,'2024-09-01',NULL),(53,'1',NULL,'監理費管理簿',NULL,NULL,1,'2024-09-01 10:50:02',NULL,'2024-09-01 10:50:02',NULL,1,NULL,'doc-certificate',NULL,NULL,'2024-09-01',NULL),(54,'1',NULL,'外部役員確認書',NULL,NULL,1,'2024-09-13 11:22:59',NULL,'2024-09-13 11:22:59',NULL,1,NULL,'doc-certificate',NULL,NULL,'2024-09-13',NULL),(55,'1',NULL,'技能実習生求人申込書',NULL,NULL,1,'2024-10-13 08:12:04',NULL,'2024-10-13 08:12:04',NULL,1,NULL,'doc-certificate',NULL,NULL,'2024-10-13',NULL);

--
-- Table structure for table `et_document_template_file_template`
--

CREATE TABLE `et_document_template_file_template` (
  `id` bigint unsigned NOT NULL AUTO_INCREMENT,
  `document_template_id` bigint unsigned NOT NULL,
  `file_template_id` bigint unsigned NOT NULL,
  `sort_order` int DEFAULT NULL,
  `created_at` timestamp NULL DEFAULT CURRENT_TIMESTAMP,
  `updated_at` timestamp NULL DEFAULT CURRENT_TIMESTAMP ON UPDATE CURRENT_TIMESTAMP,
  `created_by_id` bigint unsigned DEFAULT NULL,
  `updated_by_id` bigint unsigned DEFAULT NULL,
  `company_id` bigint unsigned NOT NULL DEFAULT '1',
  PRIMARY KEY (`id`)
) ENGINE=InnoDB AUTO_INCREMENT=285 DEFAULT CHARSET=utf8mb4 COLLATE=utf8mb4_general_ci;

--
-- Dumping data for table `et_document_template_file_template`
--

INSERT INTO `et_document_template_file_template` VALUES (4,28,15,NULL,'2024-04-12 05:32:56','2024-04-12 05:32:56',NULL,NULL,1),(5,28,43,NULL,'2024-04-12 05:32:56','2024-04-12 05:32:56',NULL,NULL,1),(151,13,2,3,'2024-04-15 05:21:37','2024-06-01 17:34:54',NULL,NULL,1),(152,13,3,4,'2024-04-15 05:21:37','2024-06-01 17:34:58',NULL,NULL,1),(153,13,4,5,'2024-04-15 05:21:37','2024-06-01 17:35:01',NULL,NULL,1),(154,13,5,6,'2024-04-15 05:21:37','2024-06-01 17:35:05',NULL,NULL,1),(155,13,6,7,'2024-04-15 05:21:37','2024-06-01 17:35:08',NULL,NULL,1),(159,13,9,11,'2024-04-15 05:21:37','2024-06-01 17:35:17',NULL,NULL,1),(160,13,10,12,'2024-04-15 05:21:37','2024-06-01 17:35:21',NULL,NULL,1),(161,13,11,13,'2024-04-15 05:21:37','2024-06-01 17:35:26',NULL,NULL,1),(162,13,12,14,'2024-04-15 05:21:37','2024-06-01 17:35:29',NULL,NULL,1),(163,13,13,16,'2024-04-15 05:21:37','2024-06-01 17:35:32',NULL,NULL,1),(164,13,14,17,'2024-04-15 05:21:37','2024-06-01 17:35:35',NULL,NULL,1),(166,13,15,19,'2024-04-15 05:21:37','2024-06-01 17:35:39',NULL,NULL,1),(170,13,17,25,'2024-04-15 05:21:37','2024-06-01 17:35:48',NULL,NULL,1),(171,13,18,26,'2024-04-15 05:21:37','2024-06-01 17:35:52',NULL,NULL,1),(173,13,20,28,'2024-04-15 05:21:37','2024-06-01 17:35:58',NULL,NULL,1),(176,13,21,31,'2024-04-15 05:21:37','2024-06-01 17:36:02',NULL,NULL,1),(178,13,22,33,'2024-04-15 05:21:37','2024-06-01 17:36:05',NULL,NULL,1),(183,13,23,38,'2024-04-15 05:21:37','2024-06-01 17:36:08',NULL,NULL,1),(186,13,24,41,'2024-04-15 05:21:37','2024-06-01 17:36:11',NULL,NULL,1),(187,13,25,42,'2024-04-15 05:21:37','2024-06-01 17:36:14',NULL,NULL,1),(189,13,26,32,'2024-04-15 05:21:37','2024-06-01 17:36:17',NULL,NULL,1),(190,13,27,1,'2024-04-15 05:21:37','2024-06-01 17:36:20',NULL,NULL,1),(191,13,28,33,'2024-04-15 05:21:37','2024-06-01 17:36:05',NULL,NULL,1),(192,13,29,38,'2024-04-15 05:21:37','2024-06-01 17:36:08',NULL,NULL,1),(193,13,30,41,'2024-04-15 05:21:37','2024-06-01 17:36:11',NULL,NULL,1),(194,13,31,42,'2024-04-15 05:21:37','2024-06-01 17:36:14',NULL,NULL,1),(195,13,32,32,'2024-04-15 05:21:37','2024-06-01 17:36:17',NULL,NULL,1),(196,13,33,33,'2024-04-15 05:21:37','2024-06-01 17:36:20',NULL,NULL,1),(197,13,34,34,'2024-04-15 05:21:37','2024-06-01 17:36:14',NULL,NULL,1),(198,13,35,35,'2024-04-15 05:21:37','2024-06-01 17:36:17',NULL,NULL,1),(199,13,36,36,'2024-04-15 05:21:37','2024-06-01 17:36:20',NULL,NULL,1),(200,13,37,37,'2024-04-15 05:21:37','2024-06-01 17:36:05',NULL,NULL,1),(201,13,38,38,'2024-04-15 05:21:37','2024-06-01 17:36:08',NULL,NULL,1),(202,13,39,39,'2024-04-15 05:21:37','2024-06-01 17:36:11',NULL,NULL,1),(203,13,40,40,'2024-04-15 05:21:37','2024-06-01 17:36:14',NULL,NULL,1),(204,13,41,41,'2024-04-15 05:21:37','2024-06-01 17:36:17',NULL,NULL,1),(205,13,42,42,'2024-04-15 05:21:37','2024-06-01 17:36:20',NULL,NULL,1),(206,13,43,43,'2024-04-15 05:21:37','2024-06-01 17:36:14',NULL,NULL,1),(207,13,44,44,'2024-04-15 05:21:37','2024-06-01 17:36:17',NULL,NULL,1),(208,13,45,45,'2024-04-15 05:21:37','2024-06-01 17:36:20',NULL,NULL,1),(209,13,46,46,'2024-04-15 05:21:37','2024-06-01 17:36:05',NULL,NULL,1),(210,13,47,47,'2024-04-15 05:21:37','2024-06-01 17:36:08',NULL,NULL,1),(211,13,48,48,'2024-04-15 05:21:37','2024-06-01 17:36:11',NULL,NULL,1),(212,13,49,49,'2024-04-15 05:21:37','2024-06-01 17:36:14',NULL,NULL,1),(213,13,50,50,'2024-04-15 05:21:37','2024-06-01 17:36:17',NULL,NULL,1),(214,13,51,51,'2024-04-15 05:21:37','2024-06-01 17:36:20',NULL,NULL,1),(215,35,54,53,'2024-04-15 05:21:37','2024-06-25 22:27:42',NULL,NULL,1),(216,13,54,NULL,'2024-04-12 05:32:56','2024-06-25 22:24:45',NULL,NULL,1),(217,36,55,55,'2024-04-15 05:21:37','2024-06-25 22:27:42',NULL,NULL,1),(218,35,55,55,'2024-04-15 05:21:37','2024-06-25 22:27:42',NULL,NULL,1),(219,36,56,56,'2024-04-15 05:21:37','2024-06-25 22:27:42',NULL,NULL,1),(220,36,57,57,'2024-04-15 05:21:37','2024-06-25 22:27:42',NULL,NULL,1),(221,36,58,58,'2024-04-15 05:21:37','2024-06-25 22:27:42',NULL,NULL,1),(222,36,59,59,'2024-04-15 05:21:37','2024-06-25 22:27:42',NULL,NULL,1),(224,36,61,61,'2024-04-15 05:21:37','2024-06-25 22:27:42',NULL,NULL,1),(226,36,63,63,'2024-04-15 05:21:37','2024-06-25 22:27:42',NULL,NULL,1),(228,36,65,65,'2024-04-15 05:21:37','2024-06-25 22:27:42',NULL,NULL,1),(230,36,67,67,'2024-04-15 05:21:37','2024-06-25 22:27:42',NULL,NULL,1),(231,36,68,68,'2024-04-15 05:21:37','2024-06-25 22:27:42',NULL,NULL,1),(232,36,69,69,'2024-04-15 05:21:37','2024-06-25 22:27:42',NULL,NULL,1),(233,36,70,70,'2024-04-15 05:21:37','2024-06-25 22:27:42',NULL,NULL,1),(234,36,71,71,'2024-04-15 05:21:37','2024-06-25 22:27:42',NULL,NULL,1),(235,36,72,72,'2024-04-15 05:21:37','2024-06-25 22:27:42',NULL,NULL,1),(236,36,73,73,'2024-04-15 05:21:37','2024-06-25 22:27:42',NULL,NULL,1),(237,36,74,74,'2024-04-15 05:21:37','2024-06-25 22:27:42',NULL,NULL,1),(238,36,75,75,'2024-04-15 05:21:37','2024-06-25 22:27:42',NULL,NULL,1),(239,36,76,76,'2024-04-15 05:21:37','2024-06-25 22:27:42',NULL,NULL,1),(240,36,77,77,'2024-04-15 05:21:37','2024-06-25 22:27:42',NULL,NULL,1),(241,36,78,78,'2024-04-15 05:21:37','2024-06-25 22:27:42',NULL,NULL,1),(243,36,80,80,'2024-04-15 05:21:37','2024-06-25 22:27:42',NULL,NULL,1),(244,36,81,81,'2024-04-15 05:21:37','2024-06-25 22:27:42',NULL,NULL,1),(245,35,82,82,'2024-07-01 06:31:09','2024-07-06 13:04:45',NULL,NULL,1),(246,35,83,83,'2024-07-01 06:31:09','2024-07-06 13:04:49',NULL,NULL,1),(247,35,84,84,'2024-07-01 06:31:09','2024-07-06 13:04:52',NULL,NULL,1),(248,35,85,85,'2024-07-02 01:11:50','2024-07-06 13:04:55',NULL,NULL,1),(249,35,86,86,'2024-07-03 17:13:27','2024-07-06 13:04:58',NULL,NULL,1),(250,35,87,87,'2024-07-03 17:13:27','2024-07-06 13:05:01',NULL,NULL,1),(251,35,88,88,'2024-07-03 17:13:27','2024-07-06 13:05:07',NULL,NULL,1),(252,35,89,89,'2024-07-03 17:13:27','2024-07-06 13:05:13',NULL,NULL,1),(253,35,90,90,'2024-07-03 17:13:27','2024-07-06 13:05:13',NULL,NULL,1),(254,35,91,91,'2024-07-03 17:13:27','2024-07-06 13:05:13',NULL,NULL,1),(255,35,92,92,'2024-07-03 17:13:27','2024-07-06 13:05:13',NULL,NULL,1),(256,13,93,NULL,'2024-07-08 16:56:39','2024-07-08 16:56:39',NULL,NULL,1),(257,35,94,NULL,'2024-07-08 17:26:15','2024-07-08 17:26:15',NULL,NULL,1),(258,13,95,NULL,'2024-07-09 01:10:10','2024-07-09 01:10:10',NULL,NULL,1),(259,13,96,NULL,'2024-07-09 01:10:10','2024-07-09 01:10:10',NULL,NULL,1),(260,13,97,NULL,'2024-07-09 01:10:10','2024-07-09 01:10:10',NULL,NULL,1),(261,13,98,NULL,'2024-07-10 21:20:09','2024-07-10 21:20:09',NULL,NULL,1),(262,13,99,NULL,'2024-07-10 21:20:09','2024-07-10 21:20:09',NULL,NULL,1),(263,39,9,1,'2024-07-11 07:20:14','2024-07-11 07:20:14',NULL,NULL,1),(264,40,7,1,'2024-07-13 06:37:58','2024-07-13 06:37:58',NULL,NULL,1),(268,41,8,NULL,'2024-07-26 21:36:09','2024-07-26 21:36:09',NULL,NULL,1),(269,42,10,NULL,'2024-08-03 22:37:46','2024-08-03 22:37:46',NULL,NULL,1),(270,43,14,NULL,'2024-08-04 11:16:57','2024-08-04 11:16:57',NULL,NULL,1),(271,44,104,NULL,'2024-08-16 10:38:32','2024-08-16 10:38:32',NULL,NULL,1),(272,45,105,NULL,'2024-08-16 10:45:41','2024-08-16 10:45:41',NULL,NULL,1),(273,46,106,NULL,'2024-08-16 10:59:21','2024-08-16 10:59:21',NULL,NULL,1),(274,47,100,NULL,'2024-09-01 02:49:46','2024-09-01 02:49:46',NULL,NULL,1),(275,48,101,NULL,'2024-09-01 03:29:25','2024-09-01 03:29:25',NULL,NULL,1),(277,50,88,NULL,'2024-09-01 07:53:01','2024-09-01 07:53:01',NULL,NULL,1),(278,51,74,NULL,'2024-09-01 08:02:10','2024-09-01 08:02:10',NULL,NULL,1),(279,52,78,NULL,'2024-09-01 08:33:06','2024-09-01 08:33:06',NULL,NULL,1),(280,34,53,NULL,'2024-09-01 08:51:34','2024-09-01 08:51:34',NULL,NULL,1),(281,53,94,NULL,'2024-09-01 10:50:20','2024-09-01 10:50:20',NULL,NULL,1),(282,54,91,NULL,'2024-09-13 11:23:27','2024-09-13 11:23:27',NULL,NULL,1),(283,55,107,NULL,'2024-10-13 08:12:30','2024-10-13 08:12:30',NULL,NULL,1),(284,44,107,NULL,'2024-10-13 08:36:25','2024-10-13 08:36:25',NULL,NULL,1);

--
-- Table structure for table `et_download_history`
--

CREATE TABLE `et_download_history` (
  `id` bigint unsigned NOT NULL AUTO_INCREMENT,
  `user_id` bigint unsigned NOT NULL,
  `action` varchar(255) CHARACTER SET utf8mb4 COLLATE utf8mb4_unicode_ci NOT NULL,
  `message` text CHARACTER SET utf8mb4 COLLATE utf8mb4_unicode_ci,
  `data` text CHARACTER SET utf8mb4 COLLATE utf8mb4_unicode_ci,
  `ip_address` varchar(255) CHARACTER SET utf8mb4 COLLATE utf8mb4_unicode_ci DEFAULT NULL,
  `created_at` timestamp NULL DEFAULT NULL,
  `updated_at` timestamp NULL DEFAULT NULL,
  `table_name` varchar(254) CHARACTER SET utf8mb4 COLLATE utf8mb4_unicode_ci DEFAULT NULL,
  PRIMARY KEY (`id`)
) ENGINE=InnoDB AUTO_INCREMENT=5 DEFAULT CHARSET=utf8mb4 COLLATE=utf8mb4_unicode_ci;

--
-- Dumping data for table `et_download_history`
--

INSERT INTO `et_download_history` VALUES (1,1,'download','file:https://ginosan.alphacep.co.jp/file/1756/edit',NULL,NULL,'2024-10-07 21:48:12','2024-10-07 21:48:12',NULL),(2,1,'download','file:https://ginosan.alphacep.co.jp/file/1757/edit',NULL,NULL,'2024-10-07 21:49:13','2024-10-07 21:49:13',NULL),(3,1,'download','file:https://ginosan.alphacep.co.jp/file/1770/edit',NULL,NULL,'2024-10-18 04:47:08','2024-10-18 04:47:08',NULL),(4,1,'download','file:https://ginosan.alphacep.co.jp/file/1771/edit',NULL,NULL,'2024-10-18 04:47:51','2024-10-18 04:47:51',NULL);

--
-- Table structure for table `et_estimate`
--

CREATE TABLE `et_estimate` (
  `id` bigint NOT NULL AUTO_INCREMENT,
  `table_name` varchar(255) CHARACTER SET utf8mb3 COLLATE utf8mb3_unicode_ci DEFAULT NULL,
  `table_record_id` bigint DEFAULT NULL,
  `status` int DEFAULT '1',
  `name` varchar(255) CHARACTER SET utf8mb3 COLLATE utf8mb3_unicode_ci DEFAULT NULL,
  `price` int DEFAULT NULL,
  `customer_id` bigint DEFAULT NULL,
  `customer_name` varchar(255) CHARACTER SET utf8mb3 COLLATE utf8mb3_unicode_ci DEFAULT NULL,
  `customer_contact_id` bigint DEFAULT NULL,
  `date` date DEFAULT NULL,
  `date_end` date DEFAULT NULL,
  `note` text CHARACTER SET utf8mb3 COLLATE utf8mb3_unicode_ci,
  `created_at` timestamp NULL DEFAULT NULL,
  `created_by_id` bigint DEFAULT NULL,
  `updated_at` timestamp NULL DEFAULT NULL,
  `updated_by_id` bigint DEFAULT NULL,
  `checked_on` date DEFAULT NULL,
  `checked_by_id` bigint DEFAULT NULL,
  `approved_on` date DEFAULT NULL,
  `approved_by_id` bigint DEFAULT NULL,
  `submited_by_id` bigint DEFAULT NULL,
  `submited_on` date DEFAULT NULL,
  `company_id` varchar(255) CHARACTER SET utf8mb3 COLLATE utf8mb3_unicode_ci DEFAULT '0',
  `updated_count` int DEFAULT NULL,
  PRIMARY KEY (`id`)
) ENGINE=MyISAM DEFAULT CHARSET=utf8mb3 COLLATE=utf8mb3_unicode_ci;

--
-- Dumping data for table `et_estimate`
--


--
-- Table structure for table `et_event`
--

CREATE TABLE `et_event` (
  `event_id` bigint unsigned NOT NULL AUTO_INCREMENT,
  `title` varchar(255) COLLATE utf8mb3_unicode_ci DEFAULT NULL,
  `day` date DEFAULT NULL,
  `time_begin` time DEFAULT NULL,
  `time_end` time DEFAULT NULL,
  `address` varchar(255) COLLATE utf8mb3_unicode_ci DEFAULT NULL,
  `content` text COLLATE utf8mb3_unicode_ci,
  `status` tinyint NOT NULL DEFAULT '1',
  `created_at` timestamp NULL DEFAULT CURRENT_TIMESTAMP,
  `created_by_id` bigint unsigned DEFAULT NULL,
  `checked_at` timestamp NULL DEFAULT NULL,
  `checked_by_id` bigint unsigned DEFAULT NULL,
  `approved_at` timestamp NULL DEFAULT NULL,
  `approved_by_id` bigint unsigned DEFAULT NULL,
  `note` text COLLATE utf8mb3_unicode_ci,
  `user` varchar(255) COLLATE utf8mb3_unicode_ci DEFAULT NULL,
  `type` int DEFAULT NULL,
  `category_type` int DEFAULT NULL,
  `date_end` date DEFAULT NULL,
  `updated_at` timestamp NULL DEFAULT CURRENT_TIMESTAMP ON UPDATE CURRENT_TIMESTAMP,
  `updated_by_id` bigint unsigned DEFAULT NULL,
  `user_id` bigint unsigned DEFAULT NULL,
  `company_id` bigint unsigned DEFAULT NULL,
  `priority` int DEFAULT NULL,
  `progress` int DEFAULT NULL,
  PRIMARY KEY (`event_id`)
) ENGINE=MyISAM AUTO_INCREMENT=19 DEFAULT CHARSET=utf8mb3 COLLATE=utf8mb3_unicode_ci;

--
-- Dumping data for table `et_event`
--

INSERT INTO `et_event` VALUES (2,NULL,'2024-04-06','09:00:00','18:00:00',NULL,NULL,1,'2024-04-03 07:25:50',1,NULL,NULL,NULL,NULL,NULL,NULL,NULL,NULL,NULL,'2024-04-03 07:26:20',NULL,1,1,NULL,NULL),(3,NULL,'2024-04-07','09:00:00','18:00:00',NULL,NULL,2,'2024-04-03 07:25:52',1,NULL,NULL,NULL,NULL,'<p>dsa</p>',NULL,1,1,NULL,'2024-04-18 09:36:53',1,117,1,1,NULL),(4,NULL,'2024-04-08','09:00:00','18:00:00',NULL,NULL,3,'2024-04-03 07:25:54',1,NULL,NULL,NULL,NULL,NULL,NULL,NULL,NULL,NULL,'2024-04-03 07:26:23',NULL,1,1,NULL,NULL),(5,NULL,'2024-04-09','09:00:00','18:00:00',NULL,NULL,4,'2024-04-03 07:25:56',1,NULL,NULL,NULL,NULL,NULL,NULL,NULL,NULL,NULL,'2024-04-03 07:26:24',NULL,1,1,NULL,NULL),(8,NULL,'2024-04-18','09:00:00','18:00:00',NULL,NULL,1,'2024-04-18 05:30:35',1,NULL,NULL,NULL,NULL,'<p>dsa</p>',NULL,1,1,NULL,'2024-04-18 08:49:12',1,1,1,NULL,NULL),(17,'dsa','2024-04-21','09:00:00','18:00:00',NULL,NULL,1,'2024-04-18 05:57:33',1,NULL,NULL,NULL,NULL,'<p><font style=\"vertical-align: inherit;\"><font style=\"vertical-align: inherit;\">dsa</font></font></p>',NULL,1,1,NULL,'2024-04-18 08:49:15',1,1,1,NULL,NULL),(16,NULL,'2024-04-12','09:00:00','18:00:00',NULL,NULL,1,'2024-04-18 05:56:42',1,NULL,NULL,NULL,NULL,'dsa',NULL,NULL,NULL,NULL,'2024-04-18 08:49:17',NULL,1,1,NULL,NULL),(18,'dsa3214','2024-04-19','09:00:00','18:00:00',NULL,'<p>dsa2222</p>',4,'2024-04-18 07:11:49',1,NULL,NULL,NULL,NULL,'<p>dsa</p>',NULL,2,2,NULL,'2024-04-18 07:20:24',1,1,1,3,11);

--
-- Table structure for table `et_explanation_fees_trainee_listname`
--

CREATE TABLE `et_explanation_fees_trainee_listname` (
  `id` int NOT NULL AUTO_INCREMENT,
  `explanation_fee_id` int DEFAULT NULL,
  `name` varchar(255) COLLATE utf8mb4_unicode_ci DEFAULT NULL,
  `name_romaji` varchar(255) COLLATE utf8mb4_unicode_ci DEFAULT NULL,
  `yearold` int DEFAULT NULL,
  `experience_year` varchar(255) COLLATE utf8mb4_unicode_ci DEFAULT NULL,
  PRIMARY KEY (`id`)
) ENGINE=InnoDB AUTO_INCREMENT=9 DEFAULT CHARSET=utf8mb4 COLLATE=utf8mb4_unicode_ci;

--
-- Dumping data for table `et_explanation_fees_trainee_listname`
--

INSERT INTO `et_explanation_fees_trainee_listname` VALUES (4,3,'test','test123',1000,'2000'),(5,3,'name1','nameram1',2000,'2000'),(6,3,'hujsasas','hujsasas',1980,'1980'),(7,3,'hujsasas','hujsasas',2006,'2006'),(8,3,'test12345',NULL,NULL,NULL);

--
-- Table structure for table `et_file`
--

CREATE TABLE `et_file` (
  `file_id` bigint unsigned NOT NULL AUTO_INCREMENT,
  `file_template_id` int DEFAULT NULL,
  `table_rowid` int DEFAULT NULL,
  `type` int DEFAULT NULL,
  `name` varchar(191) COLLATE utf8mb4_unicode_ci DEFAULT NULL,
  `path` text CHARACTER SET utf8mb4 COLLATE utf8mb4_unicode_ci,
  `created_by_id` bigint DEFAULT NULL,
  `updated_by_id` bigint DEFAULT NULL,
  `updated_count` int NOT NULL DEFAULT '0',
  `created_at` timestamp NULL DEFAULT NULL,
  `updated_at` timestamp NULL DEFAULT NULL,
  `company_id` bigint NOT NULL,
  `extension` varchar(254) COLLATE utf8mb4_unicode_ci DEFAULT NULL,
  `file_size` bigint DEFAULT NULL,
  PRIMARY KEY (`file_id`)
) ENGINE=InnoDB AUTO_INCREMENT=1781 DEFAULT CHARSET=utf8mb4 COLLATE=utf8mb4_unicode_ci;

--
-- Dumping data for table `et_file`
--

INSERT INTO `et_file` VALUES (610,2,NULL,NULL,'変更申請・軽微変更届に必要な書類について',NULL,1,NULL,0,'2024-06-24 22:40:51','2024-06-24 22:40:51',1,NULL,NULL),(611,3,NULL,NULL,'介護職種に係る技能実習計画認定申請に係る提出書類について',NULL,1,NULL,0,'2024-06-24 22:40:51','2024-06-24 22:40:51',1,NULL,NULL),(612,4,2,NULL,'技能実習計画認定申請書','/storage/systemfiles/youshiki/01/training_certification/training_certification',1,1,1,'2024-06-24 22:40:51','2024-07-17 14:09:42',1,NULL,NULL),(613,5,NULL,NULL,'技能実習計画軽微変更届出書',NULL,1,NULL,0,'2024-06-24 22:40:51','2024-06-24 22:40:51',1,NULL,NULL),(614,6,NULL,NULL,'技能実習計画変更認定申請書',NULL,1,NULL,0,'2024-06-24 22:40:51','2024-06-24 22:40:51',1,NULL,NULL),(615,7,3,NULL,'申請者の概要書','/storage/systemfiles/youshiki/01/customer_brief/customer_brief',1,1,1,'2024-06-24 22:40:51','2024-07-16 20:56:01',1,NULL,NULL),(616,8,NULL,NULL,'申請者の誓約書',NULL,1,NULL,0,'2024-06-24 22:40:51','2024-06-24 22:40:51',1,NULL,NULL),(617,9,NULL,NULL,'技能実習生の履歴書','/storage/systemfiles/youshiki/01/candidate_curriculumvitae/candidate_curriculumvitae',1,NULL,0,'2024-06-24 22:40:51','2024-06-24 22:40:51',1,NULL,NULL),(618,10,NULL,NULL,'技能実習責任者・技能実習指導員・生活指導員の履歴書並びに就任承諾書及び誓約書','/storage/systemfiles/youshiki/01/staff_cv/staff_cv',1,NULL,0,'2024-06-24 22:40:51','2024-06-24 22:40:51',1,NULL,NULL),(619,11,NULL,NULL,'技能実習計画の認定に関する取次送出機関の誓約書','/storage/systemfiles/youshiki/01/sending_agency_oath/sending_agency_oath',1,NULL,0,'2024-06-24 22:40:51','2024-06-24 22:40:51',1,NULL,NULL),(620,12,NULL,NULL,'外国の所属機関の概要書及び当該機関による証明書（企業単独型技能実習）',NULL,1,NULL,0,'2024-06-24 22:40:51','2024-06-24 22:40:51',1,NULL,NULL),(621,13,2,NULL,'外国の準備機関の概要書及び誓約書','/storage/systemfiles/youshiki/01/prepare_institution_pledge/prepare_institution_pledge',1,1,1,'2024-06-24 22:40:51','2024-06-25 22:54:25',1,NULL,NULL),(622,14,NULL,NULL,'雇用契約書及び雇用条件書',NULL,1,NULL,0,'2024-06-24 22:40:51','2024-06-24 22:40:51',1,NULL,NULL),(623,15,NULL,NULL,'入国後講習実施記録（団体監理型技能実習）',NULL,1,NULL,0,'2024-06-24 22:40:51','2024-06-24 22:40:51',1,NULL,NULL),(624,17,1,NULL,'技能実習の期間中の待遇に関する重要事項説明書','/storage/systemfiles/youshiki/01/explanation_during_training/explanation_during_training',1,1,1,'2024-06-24 22:40:51','2024-07-10 06:05:09',1,NULL,NULL),(625,18,NULL,NULL,'技能実習生の申告書','/storage/systemfiles/youshiki/01/trainee_declaration/trainee_declaration',1,NULL,0,'2024-06-24 22:40:51','2024-06-24 22:40:51',1,NULL,NULL),(626,20,NULL,NULL,'技能実習を行わせる理由書','/storage/systemfiles/youshiki/01/trainning_reason/trainning_reason',1,NULL,0,'2024-06-24 22:40:51','2024-06-24 22:40:51',1,NULL,NULL),(627,21,NULL,NULL,'技能実習生の推薦状','systemfiles/youshiki/01/recomend_trainee/recomend_trainee',1,NULL,0,'2024-06-24 22:40:51','2024-06-24 22:40:51',1,NULL,NULL),(628,22,NULL,NULL,'優良要件適合申告書（実習実施者）',NULL,1,NULL,0,'2024-06-24 22:40:51','2024-06-24 22:40:51',1,NULL,NULL),(629,23,NULL,NULL,'理由書（主務大臣が特別に認める技能実習）',NULL,1,NULL,0,'2024-06-24 22:40:51','2024-06-24 22:40:51',1,NULL,NULL),(630,24,NULL,NULL,'同種業務従事経験等説明書（団体監理型技能実習）',NULL,1,NULL,0,'2024-06-24 22:40:51','2024-06-24 22:40:51',1,NULL,NULL),(631,25,NULL,NULL,'外国の所属機関による証明書（団体監理型技能実習）',NULL,1,NULL,0,'2024-06-24 22:40:51','2024-06-24 22:40:51',1,NULL,NULL),(632,26,NULL,NULL,'入国前講習実施（予定）表に関する申請者等の誓約書',NULL,1,NULL,0,'2024-06-24 22:40:51','2024-06-24 22:40:51',1,NULL,NULL),(633,27,NULL,NULL,'複数の職種及び作業に係る技能実習を行わせる理由書',NULL,1,NULL,0,'2024-06-24 22:40:51','2024-06-24 22:40:51',1,NULL,NULL),(634,28,NULL,NULL,'申請取下げ書',NULL,1,NULL,0,'2024-06-24 22:40:51','2024-06-24 22:40:51',1,NULL,NULL),(635,29,NULL,NULL,'協定内容証明書（団体監理型技能実習）','/storage/systemfiles/youshiki/01/agreement_certificate/agreement_certificate',1,NULL,0,'2024-06-24 22:40:51','2024-06-24 22:40:51',1,NULL,NULL),(636,30,NULL,NULL,'教育機関の概要書','/storage/systemfiles/youshiki/01/edu_brief/edu_brief',1,NULL,0,'2024-06-24 22:40:52','2024-06-24 22:40:52',1,NULL,NULL),(637,31,NULL,NULL,'訓練実施（予定）表',NULL,1,NULL,0,'2024-06-24 22:40:52','2024-06-24 22:40:52',1,NULL,NULL),(638,32,NULL,NULL,'申請者の役員に関する誓約書','/storage/systemfiles/youshiki/01/director_pledge/director_pledge',1,NULL,0,'2024-06-24 22:40:52','2024-06-24 22:40:52',1,NULL,NULL),(639,33,NULL,NULL,'省令様式第2号の「5申請者」欄の別紙',NULL,1,NULL,0,'2024-06-24 22:40:52','2024-06-24 22:40:52',1,NULL,NULL),(640,34,NULL,NULL,'理由書','/storage/systemfiles/youshiki/01/otherwork_reason/otherwork_reason',1,NULL,0,'2024-06-24 22:40:52','2024-06-24 22:40:52',1,NULL,NULL),(641,35,NULL,NULL,'技能実習生の個人情報の取り扱いに係る同意書','/storage/systemfiles/youshiki/01/handlinginfo_agreement/handlinginfo_agreement',1,NULL,0,'2024-06-24 22:40:52','2024-06-24 22:40:52',1,NULL,NULL),(642,36,NULL,NULL,'技能実習期間満了前の帰国についての申告書','/storage/systemfiles/youshiki/01/returncountry_declaration/returncountry_declaration',1,NULL,0,'2024-06-24 22:40:52','2024-06-24 22:40:52',1,NULL,NULL),(643,37,NULL,NULL,'技能実習期間満了前の移行についての申告書','systemfiles/youshiki/01/transfer_declaration/transfer_declaration',1,NULL,0,'2024-06-24 22:40:52','2024-06-24 22:40:52',1,NULL,NULL),(644,38,NULL,NULL,'妊娠等に関連した技能実習期間満了前の帰国についての申告書',NULL,1,NULL,0,'2024-06-24 22:40:52','2024-06-24 22:40:52',1,NULL,NULL),(645,39,NULL,NULL,'意思確認書面','/storage/systemfiles/youshiki/01/intention_agreement/intention_agreement',1,NULL,0,'2024-06-24 22:40:52','2024-06-24 22:40:52',1,NULL,NULL),(646,40,NULL,NULL,'申請する技能実習計画の対象となる技能実習生の名簿(企業単独型・団体監理型共通)','/storage/systemfiles/youshiki/01/apply_trainee_list/apply_trainee_list',1,NULL,0,'2024-06-24 22:40:52','2024-06-24 22:40:52',1,NULL,NULL),(647,41,NULL,NULL,'委任状',NULL,1,NULL,0,'2024-06-24 22:40:52','2024-06-24 22:40:52',1,NULL,NULL),(648,42,NULL,NULL,'認定申請手数料払込申告書',NULL,1,NULL,0,'2024-06-24 22:40:52','2024-06-24 22:40:52',1,NULL,NULL),(649,43,NULL,NULL,'入国前講習実施記録（団体監理型技能実習）',NULL,1,NULL,0,'2024-06-24 22:40:52','2024-06-24 22:40:52',1,NULL,NULL),(650,45,NULL,NULL,'abc','/project/1',1,NULL,0,'2024-06-24 22:40:52','2024-06-24 22:40:52',1,NULL,NULL),(651,46,NULL,NULL,'入国後講習実施予定表',NULL,1,NULL,0,'2024-06-24 22:40:52','2024-06-24 22:40:52',1,NULL,NULL),(652,47,NULL,NULL,'入国前講習実施予定表',NULL,1,NULL,0,'2024-06-24 22:40:52','2024-06-24 22:40:52',1,NULL,NULL),(653,48,NULL,NULL,'実習実施予定表',NULL,1,NULL,0,'2024-06-24 22:40:52','2024-06-24 22:40:52',1,NULL,NULL),(654,49,NULL,NULL,'実習実施予定表（１年目）',NULL,1,NULL,0,'2024-06-24 22:40:52','2024-06-24 22:40:52',1,NULL,NULL),(655,50,NULL,NULL,'実習実施予定表（２年目）',NULL,1,NULL,0,'2024-06-24 22:40:52','2024-06-24 22:40:52',1,NULL,NULL),(656,2,NULL,NULL,'変更申請・軽微変更届に必要な書類について',NULL,1,NULL,0,'2024-06-24 22:48:30','2024-06-24 22:48:30',1,NULL,NULL),(657,3,NULL,NULL,'介護職種に係る技能実習計画認定申請に係る提出書類について',NULL,1,NULL,0,'2024-06-24 22:48:30','2024-06-24 22:48:30',1,NULL,NULL),(658,4,NULL,NULL,'技能実習計画認定申請書','/storage/systemfiles/youshiki/01/training_certification/training_certification',1,NULL,0,'2024-06-24 22:48:30','2024-06-24 22:48:30',1,NULL,NULL),(659,5,NULL,NULL,'技能実習計画軽微変更届出書',NULL,1,NULL,0,'2024-06-24 22:48:30','2024-06-24 22:48:30',1,NULL,NULL),(660,6,NULL,NULL,'技能実習計画変更認定申請書',NULL,1,NULL,0,'2024-06-24 22:48:30','2024-06-24 22:48:30',1,NULL,NULL),(661,7,NULL,NULL,'申請者の概要書','/storage/systemfiles/youshiki/01/customer_brief/customer_brief',1,NULL,0,'2024-06-24 22:48:30','2024-06-24 22:48:30',1,NULL,NULL),(662,8,NULL,NULL,'申請者の誓約書',NULL,1,NULL,0,'2024-06-24 22:48:30','2024-06-24 22:48:30',1,NULL,NULL),(663,9,NULL,NULL,'技能実習生の履歴書','/storage/systemfiles/youshiki/01/candidate_curriculumvitae/candidate_curriculumvitae',1,NULL,0,'2024-06-24 22:48:30','2024-06-24 22:48:30',1,NULL,NULL),(664,10,NULL,NULL,'技能実習責任者・技能実習指導員・生活指導員の履歴書並びに就任承諾書及び誓約書','/storage/systemfiles/youshiki/01/staff_cv/staff_cv',1,NULL,0,'2024-06-24 22:48:30','2024-06-24 22:48:30',1,NULL,NULL),(665,11,NULL,NULL,'技能実習計画の認定に関する取次送出機関の誓約書','/storage/systemfiles/youshiki/01/sending_agency_oath/sending_agency_oath',1,NULL,0,'2024-06-24 22:48:30','2024-06-24 22:48:30',1,NULL,NULL),(666,12,NULL,NULL,'外国の所属機関の概要書及び当該機関による証明書（企業単独型技能実習）',NULL,1,NULL,0,'2024-06-24 22:48:30','2024-06-24 22:48:30',1,NULL,NULL),(667,13,NULL,NULL,'外国の準備機関の概要書及び誓約書','/storage/systemfiles/youshiki/01/prepare_institution_pledge/prepare_institution_pledge',1,NULL,0,'2024-06-24 22:48:30','2024-06-24 22:48:30',1,NULL,NULL),(668,14,NULL,NULL,'雇用契約書及び雇用条件書',NULL,1,NULL,0,'2024-06-24 22:48:30','2024-06-24 22:48:30',1,NULL,NULL),(669,15,NULL,NULL,'入国後講習実施記録（団体監理型技能実習）',NULL,1,NULL,0,'2024-06-24 22:48:30','2024-06-24 22:48:30',1,NULL,NULL),(670,17,NULL,NULL,'技能実習の期間中の待遇に関する重要事項説明書','/storage/systemfiles/youshiki/01/explanation_during_training/explanation_during_training',1,NULL,0,'2024-06-24 22:48:30','2024-06-24 22:48:30',1,NULL,NULL),(671,18,NULL,NULL,'技能実習生の申告書','/storage/systemfiles/youshiki/01/trainee_declaration/trainee_declaration',1,NULL,0,'2024-06-24 22:48:30','2024-06-24 22:48:30',1,NULL,NULL),(672,20,NULL,NULL,'技能実習を行わせる理由書','/storage/systemfiles/youshiki/01/trainning_reason/trainning_reason',1,NULL,0,'2024-06-24 22:48:30','2024-06-24 22:48:30',1,NULL,NULL),(673,21,NULL,NULL,'技能実習生の推薦状','systemfiles/youshiki/01/recomend_trainee/recomend_trainee',1,NULL,0,'2024-06-24 22:48:30','2024-06-24 22:48:30',1,NULL,NULL),(674,22,NULL,NULL,'優良要件適合申告書（実習実施者）',NULL,1,NULL,0,'2024-06-24 22:48:30','2024-06-24 22:48:30',1,NULL,NULL),(675,23,NULL,NULL,'理由書（主務大臣が特別に認める技能実習）',NULL,1,NULL,0,'2024-06-24 22:48:30','2024-06-24 22:48:30',1,NULL,NULL),(676,24,NULL,NULL,'同種業務従事経験等説明書（団体監理型技能実習）',NULL,1,NULL,0,'2024-06-24 22:48:30','2024-06-24 22:48:30',1,NULL,NULL),(677,25,NULL,NULL,'外国の所属機関による証明書（団体監理型技能実習）',NULL,1,NULL,0,'2024-06-24 22:48:30','2024-06-24 22:48:30',1,NULL,NULL),(678,26,NULL,NULL,'入国前講習実施（予定）表に関する申請者等の誓約書',NULL,1,NULL,0,'2024-06-24 22:48:30','2024-06-24 22:48:30',1,NULL,NULL),(679,27,NULL,NULL,'複数の職種及び作業に係る技能実習を行わせる理由書',NULL,1,NULL,0,'2024-06-24 22:48:30','2024-06-24 22:48:30',1,NULL,NULL),(680,28,NULL,NULL,'申請取下げ書',NULL,1,NULL,0,'2024-06-24 22:48:30','2024-06-24 22:48:30',1,NULL,NULL),(681,29,NULL,NULL,'協定内容証明書（団体監理型技能実習）','/storage/systemfiles/youshiki/01/agreement_certificate/agreement_certificate',1,NULL,0,'2024-06-24 22:48:30','2024-06-24 22:48:30',1,NULL,NULL),(682,30,NULL,NULL,'教育機関の概要書','/storage/systemfiles/youshiki/01/edu_brief/edu_brief',1,NULL,0,'2024-06-24 22:48:30','2024-06-24 22:48:30',1,NULL,NULL),(683,31,NULL,NULL,'訓練実施（予定）表',NULL,1,NULL,0,'2024-06-24 22:48:30','2024-06-24 22:48:30',1,NULL,NULL),(684,32,NULL,NULL,'申請者の役員に関する誓約書','/storage/systemfiles/youshiki/01/director_pledge/director_pledge',1,NULL,0,'2024-06-24 22:48:30','2024-06-24 22:48:30',1,NULL,NULL),(685,33,NULL,NULL,'省令様式第2号の「5申請者」欄の別紙',NULL,1,NULL,0,'2024-06-24 22:48:30','2024-06-24 22:48:30',1,NULL,NULL),(686,34,NULL,NULL,'理由書','/storage/systemfiles/youshiki/01/otherwork_reason/otherwork_reason',1,NULL,0,'2024-06-24 22:48:30','2024-06-24 22:48:30',1,NULL,NULL),(687,35,NULL,NULL,'技能実習生の個人情報の取り扱いに係る同意書','/storage/systemfiles/youshiki/01/handlinginfo_agreement/handlinginfo_agreement',1,NULL,0,'2024-06-24 22:48:30','2024-06-24 22:48:30',1,NULL,NULL),(688,36,NULL,NULL,'技能実習期間満了前の帰国についての申告書','/storage/systemfiles/youshiki/01/returncountry_declaration/returncountry_declaration',1,NULL,0,'2024-06-24 22:48:30','2024-06-24 22:48:30',1,NULL,NULL),(689,37,NULL,NULL,'技能実習期間満了前の移行についての申告書','systemfiles/youshiki/01/transfer_declaration/transfer_declaration',1,NULL,0,'2024-06-24 22:48:30','2024-06-24 22:48:30',1,NULL,NULL),(690,38,NULL,NULL,'妊娠等に関連した技能実習期間満了前の帰国についての申告書',NULL,1,NULL,0,'2024-06-24 22:48:30','2024-06-24 22:48:30',1,NULL,NULL),(691,39,NULL,NULL,'意思確認書面','/storage/systemfiles/youshiki/01/intention_agreement/intention_agreement',1,NULL,0,'2024-06-24 22:48:30','2024-06-24 22:48:30',1,NULL,NULL),(692,40,NULL,NULL,'申請する技能実習計画の対象となる技能実習生の名簿(企業単独型・団体監理型共通)','/storage/systemfiles/youshiki/01/apply_trainee_list/apply_trainee_list',1,NULL,0,'2024-06-24 22:48:30','2024-06-24 22:48:30',1,NULL,NULL),(693,41,NULL,NULL,'委任状',NULL,1,NULL,0,'2024-06-24 22:48:30','2024-06-24 22:48:30',1,NULL,NULL),(694,42,NULL,NULL,'認定申請手数料払込申告書',NULL,1,NULL,0,'2024-06-24 22:48:30','2024-06-24 22:48:30',1,NULL,NULL),(695,43,NULL,NULL,'入国前講習実施記録（団体監理型技能実習）',NULL,1,NULL,0,'2024-06-24 22:48:30','2024-06-24 22:48:30',1,NULL,NULL),(696,45,NULL,NULL,'abc','/project/1',1,NULL,0,'2024-06-24 22:48:30','2024-06-24 22:48:30',1,NULL,NULL),(697,46,NULL,NULL,'入国後講習実施予定表',NULL,1,NULL,0,'2024-06-24 22:48:30','2024-06-24 22:48:30',1,NULL,NULL),(698,47,NULL,NULL,'入国前講習実施予定表',NULL,1,NULL,0,'2024-06-24 22:48:30','2024-06-24 22:48:30',1,NULL,NULL),(699,48,NULL,NULL,'実習実施予定表',NULL,1,NULL,0,'2024-06-24 22:48:30','2024-06-24 22:48:30',1,NULL,NULL),(700,49,NULL,NULL,'実習実施予定表（１年目）',NULL,1,NULL,0,'2024-06-24 22:48:30','2024-06-24 22:48:30',1,NULL,NULL),(701,50,NULL,NULL,'実習実施予定表（２年目）',NULL,1,NULL,0,'2024-06-24 22:48:30','2024-06-24 22:48:30',1,NULL,NULL),(702,53,NULL,NULL,'技能実習日誌','/storage/systemfiles/youshiki/01/training_report_daily/training_report_daily',1,NULL,0,'2024-06-24 22:48:30','2024-06-24 22:48:30',1,NULL,NULL),(703,53,1,NULL,'技能実習日誌','/storage/systemfiles/youshiki/01/training_report_daily/training_report_daily',1,1,1,'2024-06-25 01:23:14','2024-07-16 06:05:16',1,NULL,NULL),(704,2,NULL,NULL,'変更申請・軽微変更届に必要な書類について',NULL,1,NULL,0,'2024-06-25 01:39:11','2024-06-25 01:39:11',1,NULL,NULL),(705,3,NULL,NULL,'介護職種に係る技能実習計画認定申請に係る提出書類について',NULL,1,NULL,0,'2024-06-25 01:39:11','2024-06-25 01:39:11',1,NULL,NULL),(706,4,NULL,NULL,'技能実習計画認定申請書','/storage/systemfiles/youshiki/01/training_certification/training_certification',1,NULL,0,'2024-06-25 01:39:11','2024-06-25 01:39:11',1,NULL,NULL),(707,5,NULL,NULL,'技能実習計画軽微変更届出書',NULL,1,NULL,0,'2024-06-25 01:39:12','2024-06-25 01:39:12',1,NULL,NULL),(708,6,NULL,NULL,'技能実習計画変更認定申請書',NULL,1,NULL,0,'2024-06-25 01:39:12','2024-06-25 01:39:12',1,NULL,NULL),(709,7,NULL,NULL,'申請者の概要書','/storage/systemfiles/youshiki/01/customer_brief/customer_brief',1,NULL,0,'2024-06-25 01:39:12','2024-06-25 01:39:12',1,NULL,NULL),(710,8,NULL,NULL,'申請者の誓約書',NULL,1,NULL,0,'2024-06-25 01:39:12','2024-06-25 01:39:12',1,NULL,NULL),(711,9,NULL,NULL,'技能実習生の履歴書','/storage/systemfiles/youshiki/01/candidate_curriculumvitae/candidate_curriculumvitae',1,NULL,0,'2024-06-25 01:39:12','2024-06-25 01:39:12',1,NULL,NULL),(712,10,NULL,NULL,'技能実習責任者・技能実習指導員・生活指導員の履歴書並びに就任承諾書及び誓約書','/storage/systemfiles/youshiki/01/staff_cv/staff_cv',1,NULL,0,'2024-06-25 01:39:12','2024-06-25 01:39:12',1,NULL,NULL),(713,11,NULL,NULL,'技能実習計画の認定に関する取次送出機関の誓約書','/storage/systemfiles/youshiki/01/sending_agency_oath/sending_agency_oath',1,NULL,0,'2024-06-25 01:39:12','2024-06-25 01:39:12',1,NULL,NULL),(714,12,NULL,NULL,'外国の所属機関の概要書及び当該機関による証明書（企業単独型技能実習）',NULL,1,NULL,0,'2024-06-25 01:39:12','2024-06-25 01:39:12',1,NULL,NULL),(715,13,NULL,NULL,'外国の準備機関の概要書及び誓約書','/storage/systemfiles/youshiki/01/prepare_institution_pledge/prepare_institution_pledge',1,NULL,0,'2024-06-25 01:39:12','2024-06-25 01:39:12',1,NULL,NULL),(716,14,NULL,NULL,'雇用契約書及び雇用条件書',NULL,1,NULL,0,'2024-06-25 01:39:12','2024-06-25 01:39:12',1,NULL,NULL),(717,15,NULL,NULL,'入国後講習実施記録（団体監理型技能実習）',NULL,1,NULL,0,'2024-06-25 01:39:12','2024-06-25 01:39:12',1,NULL,NULL),(718,17,2,NULL,'技能実習の期間中の待遇に関する重要事項説明書','/storage/systemfiles/youshiki/01/explanation_during_training/explanation_during_training',1,1,1,'2024-06-25 01:39:12','2024-07-16 07:52:43',1,NULL,NULL),(719,18,NULL,NULL,'技能実習生の申告書','/storage/systemfiles/youshiki/01/trainee_declaration/trainee_declaration',1,NULL,0,'2024-06-25 01:39:12','2024-06-25 01:39:12',1,NULL,NULL),(720,20,NULL,NULL,'技能実習を行わせる理由書','/storage/systemfiles/youshiki/01/trainning_reason/trainning_reason',1,NULL,0,'2024-06-25 01:39:12','2024-06-25 01:39:12',1,NULL,NULL),(721,21,NULL,NULL,'技能実習生の推薦状','systemfiles/youshiki/01/recomend_trainee/recomend_trainee',1,NULL,0,'2024-06-25 01:39:12','2024-06-25 01:39:12',1,NULL,NULL),(722,22,NULL,NULL,'優良要件適合申告書（実習実施者）',NULL,1,NULL,0,'2024-06-25 01:39:12','2024-06-25 01:39:12',1,NULL,NULL),(723,23,NULL,NULL,'理由書（主務大臣が特別に認める技能実習）',NULL,1,NULL,0,'2024-06-25 01:39:12','2024-06-25 01:39:12',1,NULL,NULL),(724,24,NULL,NULL,'同種業務従事経験等説明書（団体監理型技能実習）',NULL,1,NULL,0,'2024-06-25 01:39:12','2024-06-25 01:39:12',1,NULL,NULL),(725,25,NULL,NULL,'外国の所属機関による証明書（団体監理型技能実習）',NULL,1,NULL,0,'2024-06-25 01:39:12','2024-06-25 01:39:12',1,NULL,NULL),(726,26,NULL,NULL,'入国前講習実施（予定）表に関する申請者等の誓約書',NULL,1,NULL,0,'2024-06-25 01:39:12','2024-06-25 01:39:12',1,NULL,NULL),(727,27,NULL,NULL,'複数の職種及び作業に係る技能実習を行わせる理由書',NULL,1,NULL,0,'2024-06-25 01:39:12','2024-06-25 01:39:12',1,NULL,NULL),(728,28,NULL,NULL,'申請取下げ書',NULL,1,NULL,0,'2024-06-25 01:39:12','2024-06-25 01:39:12',1,NULL,NULL),(729,29,NULL,NULL,'協定内容証明書（団体監理型技能実習）','/storage/systemfiles/youshiki/01/agreement_certificate/agreement_certificate',1,NULL,0,'2024-06-25 01:39:12','2024-06-25 01:39:12',1,NULL,NULL),(730,30,NULL,NULL,'教育機関の概要書','/storage/systemfiles/youshiki/01/edu_brief/edu_brief',1,NULL,0,'2024-06-25 01:39:12','2024-06-25 01:39:12',1,NULL,NULL),(731,31,NULL,NULL,'訓練実施（予定）表',NULL,1,NULL,0,'2024-06-25 01:39:12','2024-06-25 01:39:12',1,NULL,NULL),(732,32,NULL,NULL,'申請者の役員に関する誓約書','/storage/systemfiles/youshiki/01/director_pledge/director_pledge',1,NULL,0,'2024-06-25 01:39:12','2024-06-25 01:39:12',1,NULL,NULL),(733,33,NULL,NULL,'省令様式第2号の「5申請者」欄の別紙',NULL,1,NULL,0,'2024-06-25 01:39:12','2024-06-25 01:39:12',1,NULL,NULL),(734,34,NULL,NULL,'理由書','/storage/systemfiles/youshiki/01/otherwork_reason/otherwork_reason',1,NULL,0,'2024-06-25 01:39:12','2024-06-25 01:39:12',1,NULL,NULL),(735,35,NULL,NULL,'技能実習生の個人情報の取り扱いに係る同意書','/storage/systemfiles/youshiki/01/handlinginfo_agreement/handlinginfo_agreement',1,NULL,0,'2024-06-25 01:39:12','2024-06-25 01:39:12',1,NULL,NULL),(736,36,NULL,NULL,'技能実習期間満了前の帰国についての申告書','/storage/systemfiles/youshiki/01/returncountry_declaration/returncountry_declaration',1,NULL,0,'2024-06-25 01:39:12','2024-06-25 01:39:12',1,NULL,NULL),(737,37,NULL,NULL,'技能実習期間満了前の移行についての申告書','systemfiles/youshiki/01/transfer_declaration/transfer_declaration',1,NULL,0,'2024-06-25 01:39:12','2024-06-25 01:39:12',1,NULL,NULL),(738,38,NULL,NULL,'妊娠等に関連した技能実習期間満了前の帰国についての申告書',NULL,1,NULL,0,'2024-06-25 01:39:12','2024-06-25 01:39:12',1,NULL,NULL),(739,39,NULL,NULL,'意思確認書面','/storage/systemfiles/youshiki/01/intention_agreement/intention_agreement',1,NULL,0,'2024-06-25 01:39:12','2024-06-25 01:39:12',1,NULL,NULL),(740,40,NULL,NULL,'申請する技能実習計画の対象となる技能実習生の名簿(企業単独型・団体監理型共通)','/storage/systemfiles/youshiki/01/apply_trainee_list/apply_trainee_list',1,NULL,0,'2024-06-25 01:39:12','2024-06-25 01:39:12',1,NULL,NULL),(741,41,NULL,NULL,'委任状',NULL,1,NULL,0,'2024-06-25 01:39:12','2024-06-25 01:39:12',1,NULL,NULL),(742,42,2,NULL,'認定申請手数料払込申告書','/storage/systemfiles/youshiki/01/cert_application_fee/cert_application_fee',1,1,1,'2024-06-25 01:39:12','2024-07-02 23:41:00',1,NULL,NULL),(743,43,NULL,NULL,'入国前講習実施記録（団体監理型技能実習）',NULL,1,NULL,0,'2024-06-25 01:39:12','2024-06-25 01:39:12',1,NULL,NULL),(744,45,NULL,NULL,'abc','/project/1',1,NULL,0,'2024-06-25 01:39:12','2024-06-25 01:39:12',1,NULL,NULL),(745,46,NULL,NULL,'入国後講習実施予定表',NULL,1,NULL,0,'2024-06-25 01:39:12','2024-06-25 01:39:12',1,NULL,NULL),(746,47,NULL,NULL,'入国前講習実施予定表',NULL,1,NULL,0,'2024-06-25 01:39:12','2024-06-25 01:39:12',1,NULL,NULL),(747,48,NULL,NULL,'実習実施予定表',NULL,1,NULL,0,'2024-06-25 01:39:12','2024-06-25 01:39:12',1,NULL,NULL),(748,49,NULL,NULL,'実習実施予定表（１年目）',NULL,1,NULL,0,'2024-06-25 01:39:12','2024-06-25 01:39:12',1,NULL,NULL),(749,50,NULL,NULL,'実習実施予定表（２年目）',NULL,1,NULL,0,'2024-06-25 01:39:12','2024-06-25 01:39:12',1,NULL,NULL),(750,15,NULL,NULL,'入国後講習実施記録（団体監理型技能実習）',NULL,1,NULL,0,'2024-06-25 22:24:08','2024-06-25 22:24:08',1,NULL,NULL),(751,43,NULL,NULL,'入国前講習実施記録（団体監理型技能実習）',NULL,1,NULL,0,'2024-06-25 22:24:08','2024-06-25 22:24:08',1,NULL,NULL),(752,54,NULL,NULL,'監理責任者の履歴書',NULL,1,NULL,0,'2024-06-25 22:24:08','2024-06-25 22:24:08',1,NULL,NULL),(1203,55,NULL,NULL,'監理責任者の就任承諾書及び誓約書','/storage/systemfiles/youshiki/01/supervisor_pledge/supervisor_pledge',1,NULL,0,'2024-07-06 12:57:22','2024-07-06 12:57:22',1,NULL,NULL),(1204,56,NULL,NULL,'外部監査人の概要書','/storage/systemfiles/youshiki/01/ext_auditor_brief/ext_auditor_brief',1,NULL,0,'2024-07-06 12:57:22','2024-07-06 12:57:22',1,NULL,NULL),(1205,57,NULL,NULL,'認定申請手数料払込申告書',NULL,1,NULL,0,'2024-07-06 12:57:22','2024-07-06 12:57:22',1,NULL,NULL),(1206,58,NULL,NULL,'委任状',NULL,1,NULL,0,'2024-07-06 12:57:22','2024-07-06 12:57:22',1,NULL,NULL),(1207,59,NULL,NULL,'妊娠等に関連した技能実習期間満了前の帰国についての申告書',NULL,1,NULL,0,'2024-07-06 12:57:22','2024-07-06 12:57:22',1,NULL,NULL),(1208,60,NULL,NULL,'申請取下げ書',NULL,1,NULL,0,'2024-07-06 12:57:22','2024-07-06 12:57:22',1,NULL,NULL),(1209,61,NULL,NULL,'優良要件適合申告書（実習実施者）',NULL,1,NULL,0,'2024-07-06 12:57:22','2024-07-06 12:57:22',1,NULL,NULL),(1210,62,NULL,NULL,'外国の所属機関による証明書（団体監理型技能実習）',NULL,1,NULL,0,'2024-07-06 12:57:22','2024-07-06 12:57:22',1,NULL,NULL),(1211,63,NULL,NULL,'理由書（主務大臣が特別に認める技能実習）',NULL,1,NULL,0,'2024-07-06 12:57:22','2024-07-06 12:57:22',1,NULL,NULL),(1212,64,NULL,NULL,'入国前講習実施（予定）表に関する申請者等の誓約書',NULL,1,NULL,0,'2024-07-06 12:57:22','2024-07-06 12:57:22',1,NULL,NULL),(1213,65,NULL,NULL,'複数の職種及び作業に係る技能実習を行わせる理由書',NULL,1,NULL,0,'2024-07-06 12:57:22','2024-07-06 12:57:22',1,NULL,NULL),(1214,66,2,NULL,'訓練実施（予定）表',NULL,1,1,1,'2024-07-06 12:57:22','2024-07-10 07:05:08',1,NULL,NULL),(1215,67,2,NULL,'外部監査人の就任承諾書及び誓約書','/storage/systemfiles/youshiki/01/ext_auditor_pledge/ext_auditor_pledge',1,1,1,'2024-07-06 12:57:22','2024-08-12 15:35:24',1,NULL,NULL),(1216,68,NULL,NULL,'指定外部役員の就任承諾書及び誓約書','/storage/systemfiles/youshiki/01/ext_officer_pledge/ext_officer_pledge',1,NULL,0,'2024-07-06 12:57:22','2024-07-06 12:57:22',1,NULL,NULL),(1217,69,NULL,NULL,'指定外部役員の就任承諾書及び誓約書',NULL,1,NULL,0,'2024-07-06 12:57:22','2024-07-06 12:57:22',1,NULL,NULL),(1218,70,2,NULL,'外国の送出機関の概要書','/storage/systemfiles/youshiki/01/sending_agency_overview/sending_agency_overview',1,1,1,'2024-07-06 12:57:22','2024-08-14 05:42:10',1,NULL,NULL),(1219,71,1,NULL,'外国の送出機関が徴収する費用明細書','/storage/systemfiles/youshiki/01/sending_agency_expenses/sending_agency_expenses',1,1,1,'2024-07-06 12:57:22','2024-07-09 03:20:02',1,NULL,NULL),(1220,72,1,NULL,'監理団体の許可に関する外国の送出機関の誓約書','/storage/systemfiles/youshiki/01/kumiai_sendingagency_pledge/kumiai_sendingagency_pledge',1,1,1,'2024-07-06 12:57:22','2024-07-07 09:28:51',1,NULL,NULL),(1221,73,1,NULL,'外国の送出機関の推薦状','/storage/systemfiles/youshiki/01/sendingagency_recommendation/sendingagency_recommendation',1,1,1,'2024-07-06 12:57:22','2024-07-10 06:39:41',1,NULL,NULL),(1222,74,1,NULL,'技能実習計画作成指導者の履歴書','/storage/systemfiles/youshiki/01/training_instructor_resume/training_instructor_resume',1,1,1,'2024-07-06 12:57:22','2024-07-09 02:43:43',1,NULL,NULL),(1223,75,NULL,NULL,'団体監理型技能実習の取扱職種の範囲等','/storage/systemfiles/youshiki/01/kumiai_jobtype_scope/kumiai_jobtype_scope',1,NULL,0,'2024-07-06 12:57:22','2024-07-06 12:57:22',1,NULL,NULL),(1224,76,NULL,NULL,'監理団体許可申請の内容変更申出書・監理団体許可条件変更申出書','/storage/systemfiles/youshiki/01/kumiai_change_info_application/kumiai_change_info_application',1,NULL,0,'2024-07-06 12:57:22','2024-07-06 12:57:22',1,NULL,NULL),(1225,77,NULL,NULL,'実習認定取消し事由該当事実に係る報告書','/storage/systemfiles/youshiki/01/training_certification_cancel_report/training_certification_cancel_report',1,NULL,0,'2024-07-06 12:57:22','2024-07-06 12:57:22',1,NULL,NULL),(1226,78,1,NULL,'認定計画の履行状況に係る管理簿','/storage/systemfiles/youshiki/01/certification_plan_management/certification_plan_management',1,1,1,'2024-07-06 12:57:22','2024-07-09 02:16:38',1,NULL,NULL),(1227,79,NULL,NULL,'監理費管理簿',NULL,1,NULL,0,'2024-07-06 12:57:22','2024-07-06 12:57:22',1,NULL,NULL),(1228,80,3,NULL,'監査実施概要','/storage/systemfiles/youshiki/01/audit_implementation_overview/audit_implementation_overview',1,1,1,'2024-07-06 12:57:22','2024-07-23 03:44:07',1,NULL,NULL),(1229,81,1,NULL,'団体監理型技能実習生からの相談対応記録書','/storage/systemfiles/youshiki/01/trainee_consultation/trainee_consultation',1,1,1,'2024-07-06 12:57:22','2024-07-09 16:56:06',1,NULL,NULL),(1263,54,2,NULL,'監理責任者の履歴書','/storage/systemfiles/youshiki/01/supervisor_cv/supervisor_cv',1,1,3,'2024-07-21 18:16:13','2024-07-21 18:16:13',1,NULL,NULL),(1264,55,NULL,NULL,'監理責任者の就任承諾書及び誓約書','/storage/systemfiles/youshiki/01/supervisor_pledge/supervisor_pledge',1,1,2,'2024-07-21 18:16:13','2024-07-21 18:16:13',1,NULL,NULL),(1265,82,2,NULL,'委任状','/storage/systemfiles/youshiki/01/power_attorney/power_attorney',1,1,3,'2024-07-21 18:16:13','2024-07-21 18:16:13',1,NULL,NULL),(1266,83,NULL,NULL,'外部監査人の概要書','/storage/systemfiles/youshiki/01/ext_auditor_brief/ext_auditor_brief',1,1,2,'2024-07-21 18:16:13','2024-07-21 18:16:13',1,NULL,NULL),(1267,84,2,NULL,'申請取下げ書','/storage/systemfiles/youshiki/01/application_cancel/application_cancel',1,1,3,'2024-07-21 18:16:13','2024-07-21 18:16:13',1,NULL,NULL),(1268,85,1,NULL,'外国の所属機関による証明書（団体監理型技能実習)','/storage/systemfiles/youshiki/01/foreign_institution_certificate/foreign_institution_certificate',1,1,3,'2024-07-21 18:16:13','2024-07-21 18:16:13',1,NULL,NULL),(1269,86,2,NULL,'入国前講習実施（予定）表に関する申請者等の誓約書','/storage/systemfiles/youshiki/01/pre_entry_training_scheduler/pre_entry_training_scheduler',1,1,3,'2024-07-21 18:16:13','2024-07-21 18:16:13',1,NULL,NULL),(1270,87,1,NULL,'訓練実施（予定）表','/storage/systemfiles/youshiki/01/training_implementation_scheduler/training_implementation_scheduler',1,1,3,'2024-07-21 18:16:13','2024-07-21 18:16:13',1,NULL,NULL),(1271,88,2,NULL,'外国の送出機関の推薦状','/storage/systemfiles/youshiki/01/sendingagency_recommendation/sendingagency_recommendation',1,1,3,'2024-07-21 18:16:13','2024-07-21 18:16:13',1,NULL,NULL),(1272,89,1,NULL,'外部監査報告書','/storage/systemfiles/youshiki/01/ext_audit_report/ext_audit_report',1,1,3,'2024-07-21 18:16:13','2024-07-22 06:47:25',1,NULL,NULL),(1273,90,NULL,NULL,'外部監査報告書（同行監査）',NULL,1,1,1,'2024-07-21 18:04:35','2024-07-21 18:04:35',1,NULL,NULL),(1274,91,NULL,NULL,'外部役員確認書',NULL,1,1,1,'2024-07-21 18:04:35','2024-07-21 18:04:35',1,NULL,NULL),(1275,92,1,NULL,'報酬支払証明書','/storage/systemfiles/youshiki/01/payment_certificate/payment_certificate',1,1,2,'2024-07-21 18:04:35','2024-07-21 18:04:45',1,NULL,NULL),(1277,94,1,NULL,'監理費管理簿','/storage/systemfiles/youshiki/01/kumiai_expense_management/kumiai_expense_management',1,1,2,'2024-07-21 18:04:35','2024-07-21 18:04:35',1,NULL,NULL),(1281,NULL,NULL,NULL,'joel.jpg','public/userfiles/trainee_logo/2024/07//joel.jpg',1,NULL,0,'2024-07-09 11:26:46','2024-07-09 11:26:46',1,NULL,NULL),(1284,NULL,NULL,NULL,'joel.jpg','public/userfiles/trainee_logo/2024/07//joel.jpg',1,NULL,0,'2024-07-11 05:58:32','2024-07-11 05:58:32',1,NULL,NULL),(1287,9,NULL,NULL,'技能実習生の履歴書','/storage/systemfiles/youshiki/01/candidate_curriculumvitae/candidate_curriculumvitae',1,NULL,0,'2024-07-11 20:38:30','2024-07-11 20:38:30',1,NULL,NULL),(1288,7,2,NULL,'申請者の概要書','/storage/systemfiles/youshiki/01/customer_brief/customer_brief',1,1,4,'2024-07-15 18:14:11','2024-07-15 18:14:11',1,NULL,NULL),(1289,100,2,NULL,'技能実習生の報酬・宿泊施設・徴収費用についての説明書','/storage/systemfiles/youshiki/01/explanation_fees_trainee/explanation_fees_trainee',1,1,3,'2024-07-15 18:14:11','2024-07-16 07:46:49',1,NULL,NULL),(1290,101,1,NULL,'技能実習の準備に関し本国で支払った費用の明細書','/storage/systemfiles/youshiki/01/expenses_paid_trainee/expenses_paid_trainee',1,1,2,'2024-07-15 18:14:11','2024-07-16 08:08:47',1,NULL,NULL),(1291,102,3,NULL,'申請者の誓約書','/storage/systemfiles/youshiki/01/trainee_pledge/trainee_pledge',1,1,1,'2024-07-15 18:14:11','2024-07-16 08:37:19',1,NULL,NULL),(1292,7,NULL,NULL,'申請者の概要書','/storage/systemfiles/youshiki/01/customer_brief/customer_brief',1,NULL,0,'2024-07-18 19:45:09','2024-07-18 19:45:09',1,NULL,NULL),(1293,100,NULL,NULL,'技能実習生の報酬・宿泊施設・徴収費用についての説明書','/storage/systemfiles/youshiki/01/explanation_fees_trainee/explanation_fees_trainee',1,NULL,0,'2024-07-18 19:45:09','2024-07-18 19:45:09',1,NULL,NULL),(1294,101,NULL,NULL,'技能実習の準備に関し本国で支払った費用の明細書','/storage/systemfiles/youshiki/01/expenses_paid_trainee/expenses_paid_trainee',1,NULL,0,'2024-07-18 19:45:09','2024-07-18 19:45:09',1,NULL,NULL),(1295,102,NULL,NULL,'申請者の誓約書','/storage/systemfiles/youshiki/01/trainee_pledge/trainee_pledge',1,NULL,0,'2024-07-18 19:45:09','2024-07-18 19:45:09',1,NULL,NULL),(1296,7,NULL,NULL,'申請者の概要書','/storage/systemfiles/youshiki/01/customer_brief/customer_brief',1,NULL,0,'2024-07-19 21:05:21','2024-07-19 21:05:21',1,NULL,NULL),(1297,100,NULL,NULL,'技能実習生の報酬・宿泊施設・徴収費用についての説明書','/storage/systemfiles/youshiki/01/explanation_fees_trainee/explanation_fees_trainee',1,NULL,0,'2024-07-19 21:05:21','2024-07-19 21:05:21',1,NULL,NULL),(1298,101,NULL,NULL,'技能実習の準備に関し本国で支払った費用の明細書','/storage/systemfiles/youshiki/01/expenses_paid_trainee/expenses_paid_trainee',1,NULL,0,'2024-07-19 21:05:21','2024-07-19 21:05:21',1,NULL,NULL),(1299,102,NULL,NULL,'申請者の誓約書','/storage/systemfiles/youshiki/01/trainee_pledge/trainee_pledge',1,NULL,0,'2024-07-19 21:05:21','2024-07-19 21:05:21',1,NULL,NULL),(1300,7,NULL,NULL,'申請者の概要書','/storage/systemfiles/youshiki/01/customer_brief/customer_brief',1,NULL,0,'2024-07-19 21:15:33','2024-07-19 21:15:33',1,NULL,NULL),(1301,100,NULL,NULL,'技能実習生の報酬・宿泊施設・徴収費用についての説明書','/storage/systemfiles/youshiki/01/explanation_fees_trainee/explanation_fees_trainee',1,NULL,0,'2024-07-19 21:15:33','2024-07-19 21:15:33',1,NULL,NULL),(1302,101,NULL,NULL,'技能実習の準備に関し本国で支払った費用の明細書','/storage/systemfiles/youshiki/01/expenses_paid_trainee/expenses_paid_trainee',1,NULL,0,'2024-07-19 21:15:33','2024-07-19 21:15:33',1,NULL,NULL),(1303,102,NULL,NULL,'申請者の誓約書','/storage/systemfiles/youshiki/01/trainee_pledge/trainee_pledge',1,NULL,0,'2024-07-19 21:15:33','2024-07-19 21:15:33',1,NULL,NULL),(1304,NULL,NULL,NULL,'参考立面.pdf','public/userfiles/trainee_zairyucard/2024/07/1/参考立面.pdf',1,NULL,0,'2024-07-20 02:29:48','2024-07-20 02:29:48',1,NULL,NULL),(1305,2,NULL,NULL,'変更申請・軽微変更届に必要な書類について',NULL,1,NULL,0,'2024-07-22 12:50:05','2024-07-22 12:50:05',1,NULL,NULL),(1306,3,NULL,NULL,'介護職種に係る技能実習計画認定申請に係る提出書類について',NULL,1,NULL,0,'2024-07-22 12:50:05','2024-07-22 12:50:05',1,NULL,NULL),(1307,4,NULL,NULL,'技能実習計画認定申請書','/storage/systemfiles/youshiki/01/training_certification/training_certification',1,NULL,0,'2024-07-22 12:50:05','2024-07-22 12:50:05',1,NULL,NULL),(1308,5,NULL,NULL,'技能実習計画軽微変更届出書',NULL,1,NULL,0,'2024-07-22 12:50:05','2024-07-22 12:50:05',1,NULL,NULL),(1309,6,NULL,NULL,'技能実習計画変更認定申請書',NULL,1,NULL,0,'2024-07-22 12:50:05','2024-07-22 12:50:05',1,NULL,NULL),(1310,9,NULL,NULL,'技能実習生の履歴書','/storage/systemfiles/youshiki/01/candidate_curriculumvitae/candidate_curriculumvitae',1,NULL,0,'2024-07-22 12:50:06','2024-07-22 12:50:06',1,NULL,NULL),(1311,10,NULL,NULL,'技能実習責任者・技能実習指導員・生活指導員の履歴書並びに就任承諾書及び誓約書','/storage/systemfiles/youshiki/01/staff_cv/staff_cv',1,NULL,0,'2024-07-22 12:50:06','2024-07-22 12:50:06',1,NULL,NULL),(1312,11,NULL,NULL,'技能実習計画の認定に関する取次送出機関の誓約書','/storage/systemfiles/youshiki/01/sending_agency_oath/sending_agency_oath',1,NULL,0,'2024-07-22 12:50:06','2024-07-22 12:50:06',1,NULL,NULL),(1313,12,NULL,NULL,'外国の所属機関の概要書及び当該機関による証明書（企業単独型技能実習）',NULL,1,NULL,0,'2024-07-22 12:50:06','2024-07-22 12:50:06',1,NULL,NULL),(1314,13,NULL,NULL,'外国の準備機関の概要書及び誓約書','/storage/systemfiles/youshiki/01/prepare_institution_pledge/prepare_institution_pledge',1,NULL,0,'2024-07-22 12:50:06','2024-07-22 12:50:06',1,NULL,NULL),(1315,14,NULL,NULL,'雇用契約書及び雇用条件書',NULL,1,NULL,0,'2024-07-22 12:50:06','2024-07-22 12:50:06',1,NULL,NULL),(1316,15,NULL,NULL,'入国後講習実施記録（団体監理型技能実習）',NULL,1,NULL,0,'2024-07-22 12:50:06','2024-07-22 12:50:06',1,NULL,NULL),(1317,17,NULL,NULL,'技能実習の期間中の待遇に関する重要事項説明書','/storage/systemfiles/youshiki/01/explanation_during_training/explanation_during_training',1,NULL,0,'2024-07-22 12:50:06','2024-07-22 12:50:06',1,NULL,NULL),(1318,18,NULL,NULL,'技能実習生の申告書','/storage/systemfiles/youshiki/01/trainee_declaration/trainee_declaration',1,NULL,0,'2024-07-22 12:50:06','2024-07-22 12:50:06',1,NULL,NULL),(1319,20,NULL,NULL,'技能実習を行わせる理由書','/storage/systemfiles/youshiki/01/trainning_reason/trainning_reason',1,NULL,0,'2024-07-22 12:50:06','2024-07-22 12:50:06',1,NULL,NULL),(1320,21,NULL,NULL,'技能実習生の推薦状','systemfiles/youshiki/01/recomend_trainee/recomend_trainee',1,NULL,0,'2024-07-22 12:50:06','2024-07-22 12:50:06',1,NULL,NULL),(1321,22,NULL,NULL,'優良要件適合申告書（実習実施者）',NULL,1,NULL,0,'2024-07-22 12:50:06','2024-07-22 12:50:06',1,NULL,NULL),(1322,23,NULL,NULL,'理由書（主務大臣が特別に認める技能実習）','/storage/systemfiles/youshiki/01/minister_statement_reasons/minister_statement_reasons',1,NULL,0,'2024-07-22 12:50:06','2024-07-22 12:50:06',1,NULL,NULL),(1323,24,NULL,NULL,'同種業務従事経験等説明書（団体監理型技能実習）','/storage/systemfiles/youshiki/01/similar_job_description/similar_job_description',1,NULL,0,'2024-07-22 12:50:06','2024-07-22 12:50:06',1,NULL,NULL),(1324,25,NULL,NULL,'外国の所属機関による証明書（団体監理型技能実習）','/storage/systemfiles/youshiki/01/foreign_institution_certificate/foreign_institution_certificate',1,NULL,0,'2024-07-22 12:50:06','2024-07-22 12:50:06',1,NULL,NULL),(1325,26,NULL,NULL,'入国前講習実施（予定）表に関する申請者等の誓約書','/storage/systemfiles/youshiki/01/pre_entry_training_scheduler/pre_entry_training_scheduler',1,NULL,0,'2024-07-22 12:50:06','2024-07-22 12:50:06',1,NULL,NULL),(1326,27,NULL,NULL,'複数の職種及び作業に係る技能実習を行わせる理由書','/storage/systemfiles/youshiki/01/multiple_job_reasons/multiple_job_reasons',1,NULL,0,'2024-07-22 12:50:06','2024-07-22 12:50:06',1,NULL,NULL),(1327,28,NULL,NULL,'申請取下げ書','/storage/systemfiles/youshiki/01/application_cancel/application_cancel',1,NULL,0,'2024-07-22 12:50:06','2024-07-22 12:50:06',1,NULL,NULL),(1328,29,NULL,NULL,'協定内容証明書（団体監理型技能実習）','/storage/systemfiles/youshiki/01/agreement_certificate/agreement_certificate',1,NULL,0,'2024-07-22 12:50:06','2024-07-22 12:50:06',1,NULL,NULL),(1329,30,NULL,NULL,'教育機関の概要書','/storage/systemfiles/youshiki/01/edu_brief/edu_brief',1,NULL,0,'2024-07-22 12:50:06','2024-07-22 12:50:06',1,NULL,NULL),(1330,31,NULL,NULL,'訓練実施（予定）表','/storage/systemfiles/youshiki/01/training_implementation_scheduler/training_implementation_scheduler',1,NULL,0,'2024-07-22 12:50:06','2024-07-22 12:50:06',1,NULL,NULL),(1331,32,NULL,NULL,'申請者の役員に関する誓約書','/storage/systemfiles/youshiki/01/director_pledge/director_pledge',1,NULL,0,'2024-07-22 12:50:06','2024-07-22 12:50:06',1,NULL,NULL),(1332,33,NULL,NULL,'省令様式第2号の「5申請者」欄の別紙',NULL,1,NULL,0,'2024-07-22 12:50:06','2024-07-22 12:50:06',1,NULL,NULL),(1333,34,NULL,NULL,'理由書','/storage/systemfiles/youshiki/01/otherwork_reason/otherwork_reason',1,NULL,0,'2024-07-22 12:50:06','2024-07-22 12:50:06',1,NULL,NULL),(1334,35,NULL,NULL,'技能実習生の個人情報の取り扱いに係る同意書','/storage/systemfiles/youshiki/01/handlinginfo_agreement/handlinginfo_agreement',1,NULL,0,'2024-07-22 12:50:06','2024-07-22 12:50:06',1,NULL,NULL),(1335,36,NULL,NULL,'技能実習期間満了前の帰国についての申告書','/storage/systemfiles/youshiki/01/returncountry_declaration/returncountry_declaration',1,NULL,0,'2024-07-22 12:50:06','2024-07-22 12:50:06',1,NULL,NULL),(1336,37,NULL,NULL,'技能実習期間満了前の移行についての申告書','systemfiles/youshiki/01/transfer_declaration/transfer_declaration',1,NULL,0,'2024-07-22 12:50:06','2024-07-22 12:50:06',1,NULL,NULL),(1337,38,NULL,NULL,'妊娠等に関連した技能実習期間満了前の帰国についての申告書','/storage/systemfiles/youshiki/01/pregnancy_declaration/pregnancy_declaration',1,NULL,0,'2024-07-22 12:50:06','2024-07-22 12:50:06',1,NULL,NULL),(1338,39,NULL,NULL,'意思確認書面','/storage/systemfiles/youshiki/01/intention_agreement/intention_agreement',1,NULL,0,'2024-07-22 12:50:06','2024-07-22 12:50:06',1,NULL,NULL),(1339,40,NULL,NULL,'申請する技能実習計画の対象となる技能実習生の名簿(企業単独型・団体監理型共通)','/storage/systemfiles/youshiki/01/apply_trainee_list/apply_trainee_list',1,NULL,0,'2024-07-22 12:50:06','2024-07-22 12:50:06',1,NULL,NULL),(1340,41,NULL,NULL,'委任状','/storage/systemfiles/youshiki/01/power_attorney/power_attorney',1,NULL,0,'2024-07-22 12:50:06','2024-07-22 12:50:06',1,NULL,NULL),(1341,42,NULL,NULL,'認定申請手数料払込申告書','/storage/systemfiles/youshiki/01/cert_application_fee/cert_application_fee',1,NULL,0,'2024-07-22 12:50:06','2024-07-22 12:50:06',1,NULL,NULL),(1342,43,NULL,NULL,'入国前講習実施記録（団体監理型技能実習）',NULL,1,NULL,0,'2024-07-22 12:50:06','2024-07-22 12:50:06',1,NULL,NULL),(1343,45,NULL,NULL,'abc','/project/1',1,NULL,0,'2024-07-22 12:50:06','2024-07-22 12:50:06',1,NULL,NULL),(1344,46,NULL,NULL,'入国後講習実施予定表',NULL,1,NULL,0,'2024-07-22 12:50:06','2024-07-22 12:50:06',1,NULL,NULL),(1345,47,NULL,NULL,'入国前講習実施予定表',NULL,1,NULL,0,'2024-07-22 12:50:06','2024-07-22 12:50:06',1,NULL,NULL),(1346,48,NULL,NULL,'実習実施予定表',NULL,1,NULL,0,'2024-07-22 12:50:06','2024-07-22 12:50:06',1,NULL,NULL),(1347,49,NULL,NULL,'実習実施予定表（１年目）',NULL,1,NULL,0,'2024-07-22 12:50:06','2024-07-22 12:50:06',1,NULL,NULL),(1348,50,NULL,NULL,'実習実施予定表（２年目）',NULL,1,NULL,0,'2024-07-22 12:50:06','2024-07-22 12:50:06',1,NULL,NULL),(1349,54,NULL,NULL,'監理責任者の履歴書','/storage/systemfiles/youshiki/01/supervisor_cv/supervisor_cv',1,NULL,0,'2024-07-22 12:50:06','2024-07-22 12:50:06',1,NULL,NULL),(1350,93,NULL,NULL,'実習認定取消し事由該当事実に係る報告書','/storage/systemfiles/youshiki/01/training_certification_cancel_report/training_certification_cancel_report',1,NULL,0,'2024-07-22 12:50:06','2024-07-22 12:50:06',1,NULL,NULL),(1351,95,NULL,NULL,'指定外部役員の就任承諾書及び誓約書','/storage/systemfiles/youshiki/01/ext_officer_pledge/ext_officer_pledge',1,NULL,0,'2024-07-22 12:50:06','2024-07-22 12:50:06',1,NULL,NULL),(1352,96,NULL,NULL,'監理団体許可申請の内容変更申出書・監理団体許可条件変更申出書','/storage/systemfiles/youshiki/01/kumiai_change_info_application/kumiai_change_info_application',1,NULL,0,'2024-07-22 12:50:06','2024-07-22 12:50:06',1,NULL,NULL),(1353,97,NULL,NULL,'監査実施概要','/storage/systemfiles/youshiki/01/audit_implementation_overview/audit_implementation_overview',1,NULL,0,'2024-07-22 12:50:06','2024-07-22 12:50:06',1,NULL,NULL),(1354,98,NULL,NULL,'外部監査報告書（同行監査）','/storage/systemfiles/youshiki/01/ext_audit_report_accompany/ext_audit_report_accompany',1,NULL,0,'2024-07-22 12:50:06','2024-07-22 12:50:06',1,NULL,NULL),(1355,99,NULL,NULL,'団体監理型技能実習の取扱職種の範囲等','/storage/systemfiles/youshiki/01/kumiai_jobtype_scope/kumiai_jobtype_scope',1,NULL,0,'2024-07-22 12:50:06','2024-07-22 12:50:06',1,NULL,NULL),(1356,NULL,NULL,NULL,'240_F_807299049_UFV1pQbCDa6Yg7KgDp0X9Jz7keGsglZc.jpg','public/userfiles/trainee_passport/2024/07/1/240_F_807299049_UFV1pQbCDa6Yg7KgDp0X9Jz7keGsglZc.jpg',1,NULL,0,'2024-07-26 02:10:20','2024-07-26 02:10:20',1,NULL,NULL),(1361,9,NULL,NULL,'技能実習生の履歴書','/storage/systemfiles/youshiki/01/candidate_curriculumvitae/candidate_curriculumvitae',1,NULL,0,'2024-07-26 07:43:50','2024-07-26 07:43:50',1,NULL,NULL),(1362,7,4,NULL,'申請者の概要書','/storage/systemfiles/youshiki/01/customer_brief/customer_brief',1,1,1,'2024-07-26 21:25:26','2024-07-28 14:18:55',1,NULL,NULL),(1363,8,4,NULL,'申請者の誓約書','/storage/systemfiles/youshiki/01/trainee_pledge/trainee_pledge',1,1,1,'2024-07-26 21:36:30','2024-07-28 14:29:27',1,NULL,NULL),(1364,7,7,NULL,'申請者の概要書','/storage/systemfiles/youshiki/01/customer_brief/customer_brief',1,1,1,'2024-07-29 00:47:50','2024-08-16 21:53:32',1,NULL,NULL),(1365,7,NULL,NULL,'申請者の概要書','/storage/systemfiles/youshiki/01/customer_brief/customer_brief',1,NULL,0,'2024-07-29 00:50:59','2024-07-29 00:50:59',1,NULL,NULL),(1366,2,NULL,NULL,'変更申請・軽微変更届に必要な書類について',NULL,1,NULL,0,'2024-07-29 00:51:54','2024-07-29 00:51:54',1,NULL,NULL),(1367,3,NULL,NULL,'介護職種に係る技能実習計画認定申請に係る提出書類について',NULL,1,NULL,0,'2024-07-29 00:51:54','2024-07-29 00:51:54',1,NULL,NULL),(1368,4,NULL,NULL,'技能実習計画認定申請書','/storage/systemfiles/youshiki/01/training_certification/training_certification',1,NULL,0,'2024-07-29 00:51:54','2024-07-29 00:51:54',1,NULL,NULL),(1369,5,NULL,NULL,'技能実習計画軽微変更届出書',NULL,1,NULL,0,'2024-07-29 00:51:54','2024-07-29 00:51:54',1,NULL,NULL),(1370,6,NULL,NULL,'技能実習計画変更認定申請書',NULL,1,NULL,0,'2024-07-29 00:51:54','2024-07-29 00:51:54',1,NULL,NULL),(1371,9,34,NULL,'技能実習生の履歴書','/storage/systemfiles/youshiki/01/candidate_curriculumvitae/candidate_curriculumvitae',1,1,1,'2024-07-29 00:51:54','2024-09-01 01:37:42',1,NULL,NULL),(1372,10,2,NULL,'技能実習責任者・技能実習指導員・生活指導員の履歴書並びに就任承諾書及び誓約書','/storage/systemfiles/youshiki/01/staff_cv/staff_cv',1,1,1,'2024-07-29 00:51:54','2024-08-02 01:29:38',1,NULL,NULL),(1373,11,2,NULL,'技能実習計画の認定に関する取次送出機関の誓約書','/storage/systemfiles/youshiki/01/sending_agency_oath/sending_agency_oath',1,1,1,'2024-07-29 00:51:54','2024-08-02 01:02:57',1,NULL,NULL),(1374,12,NULL,NULL,'外国の所属機関の概要書及び当該機関による証明書（企業単独型技能実習）',NULL,1,NULL,0,'2024-07-29 00:51:54','2024-07-29 00:51:54',1,NULL,NULL),(1375,13,5,NULL,'外国の準備機関の概要書及び誓約書','/storage/systemfiles/youshiki/01/prepare_institution_pledge/prepare_institution_pledge',1,1,3,'2024-07-29 00:51:54','2024-07-31 03:39:35',1,NULL,NULL),(1376,14,NULL,NULL,'雇用契約書及び雇用条件書',NULL,1,NULL,0,'2024-07-29 00:51:54','2024-07-29 00:51:54',1,NULL,NULL),(1377,15,NULL,NULL,'入国後講習実施記録（団体監理型技能実習）',NULL,1,NULL,0,'2024-07-29 00:51:54','2024-07-29 00:51:54',1,NULL,NULL),(1378,17,3,NULL,'技能実習の期間中の待遇に関する重要事項説明書','/storage/systemfiles/youshiki/01/explanation_during_training/explanation_during_training',1,1,1,'2024-07-29 00:51:54','2024-07-30 02:49:45',1,NULL,NULL),(1379,18,2,NULL,'技能実習生の申告書','/storage/systemfiles/youshiki/01/trainee_declaration/trainee_declaration',1,1,1,'2024-07-29 00:51:54','2024-08-02 02:02:54',1,NULL,NULL),(1380,20,2,NULL,'技能実習を行わせる理由書','/storage/systemfiles/youshiki/01/trainning_reason/trainning_reason',1,1,1,'2024-07-29 00:51:54','2024-08-05 07:03:12',1,NULL,NULL),(1381,21,2,NULL,'技能実習生の推薦状','systemfiles/youshiki/01/recomend_trainee/recomend_trainee',1,1,1,'2024-07-29 00:51:54','2024-08-04 06:44:13',1,NULL,NULL),(1382,22,NULL,NULL,'優良要件適合申告書（実習実施者）',NULL,1,NULL,0,'2024-07-29 00:51:54','2024-07-29 00:51:54',1,NULL,NULL),(1383,23,2,NULL,'理由書（主務大臣が特別に認める技能実習）','/storage/systemfiles/youshiki/01/minister_statement_reasons/minister_statement_reasons',1,1,1,'2024-07-29 00:51:54','2024-08-02 02:25:20',1,NULL,NULL),(1384,24,2,NULL,'同種業務従事経験等説明書（団体監理型技能実習）','/storage/systemfiles/youshiki/01/similar_job_description/similar_job_description',1,1,1,'2024-07-29 00:51:54','2024-08-02 02:28:08',1,NULL,NULL),(1385,25,3,NULL,'外国の所属機関による証明書（団体監理型技能実習）','/storage/systemfiles/youshiki/01/foreign_institution_certificate/foreign_institution_certificate',1,1,1,'2024-07-29 00:51:54','2024-09-01 05:20:26',1,NULL,NULL),(1386,26,4,NULL,'入国前講習実施（予定）表に関する申請者等の誓約書','/storage/systemfiles/youshiki/01/pre_entry_training_scheduler/pre_entry_training_scheduler',1,1,1,'2024-07-29 00:51:54','2024-08-02 10:05:55',1,NULL,NULL),(1387,27,2,NULL,'複数の職種及び作業に係る技能実習を行わせる理由書','/storage/systemfiles/youshiki/01/multiple_job_reasons/multiple_job_reasons',1,1,1,'2024-07-29 00:51:54','2024-08-05 07:15:37',1,NULL,NULL),(1388,28,3,NULL,'申請取下げ書','/storage/systemfiles/youshiki/01/application_cancel/application_cancel',1,1,1,'2024-07-29 00:51:54','2024-08-02 10:13:00',1,NULL,NULL),(1389,29,3,NULL,'協定内容証明書（団体監理型技能実習）','/storage/systemfiles/youshiki/01/agreement_certificate/agreement_certificate',1,1,2,'2024-07-29 00:51:54','2024-08-09 05:06:23',1,NULL,NULL),(1390,30,3,NULL,'教育機関の概要書','/storage/systemfiles/youshiki/01/edu_brief/edu_brief',1,1,1,'2024-07-29 00:51:54','2024-08-09 05:10:53',1,NULL,NULL),(1391,31,3,NULL,'訓練実施（予定）表','/storage/systemfiles/youshiki/01/training_implementation_scheduler/training_implementation_scheduler',1,1,1,'2024-07-29 00:51:54','2024-08-02 10:23:35',1,NULL,NULL),(1392,32,2,NULL,'申請者の役員に関する誓約書','/storage/systemfiles/youshiki/01/director_pledge/director_pledge',1,1,1,'2024-07-29 00:51:54','2024-08-09 05:13:37',1,NULL,NULL),(1393,33,NULL,NULL,'省令様式第2号の「5申請者」欄の別紙',NULL,1,NULL,0,'2024-07-29 00:51:54','2024-07-29 00:51:54',1,NULL,NULL),(1394,34,2,NULL,'理由書','/storage/systemfiles/youshiki/01/otherwork_reason/otherwork_reason',1,1,1,'2024-07-29 00:51:54','2024-08-02 10:26:50',1,NULL,NULL),(1395,35,2,NULL,'技能実習生の個人情報の取り扱いに係る同意書','/storage/systemfiles/youshiki/01/handlinginfo_agreement/handlinginfo_agreement',1,1,1,'2024-07-29 00:51:54','2024-08-02 10:28:58',1,NULL,NULL),(1396,36,2,NULL,'技能実習期間満了前の帰国についての申告書','/storage/systemfiles/youshiki/01/returncountry_declaration/returncountry_declaration',1,1,1,'2024-07-29 00:51:54','2024-08-09 05:16:38',1,NULL,NULL),(1397,37,3,NULL,'技能実習期間満了前の移行についての申告書','systemfiles/youshiki/01/transfer_declaration/transfer_declaration',1,1,1,'2024-07-29 00:51:54','2024-08-02 10:32:19',1,NULL,NULL),(1398,38,2,NULL,'妊娠等に関連した技能実習期間満了前の帰国についての申告書','/storage/systemfiles/youshiki/01/pregnancy_declaration/pregnancy_declaration',1,1,1,'2024-07-29 00:51:54','2024-08-09 05:21:19',1,NULL,NULL),(1399,39,2,NULL,'意思確認書面','/storage/systemfiles/youshiki/01/intention_agreement/intention_agreement',1,1,1,'2024-07-29 00:51:54','2024-08-09 09:23:44',1,NULL,NULL),(1400,40,2,NULL,'申請する技能実習計画の対象となる技能実習生の名簿(企業単独型・団体監理型共通)','/storage/systemfiles/youshiki/01/apply_trainee_list/apply_trainee_list',1,1,1,'2024-07-29 00:51:54','2024-08-08 14:28:37',1,NULL,NULL),(1401,41,NULL,NULL,'委任状','/storage/systemfiles/youshiki/01/power_attorney/power_attorney',1,NULL,0,'2024-07-29 00:51:54','2024-07-29 00:51:54',1,NULL,NULL),(1402,42,3,NULL,'認定申請手数料払込申告書','/storage/systemfiles/youshiki/01/cert_application_fee/cert_application_fee',1,1,1,'2024-07-29 00:51:54','2024-08-16 05:22:23',1,NULL,NULL),(1403,43,NULL,NULL,'入国前講習実施記録（団体監理型技能実習）',NULL,1,NULL,0,'2024-07-29 00:51:54','2024-07-29 00:51:54',1,NULL,NULL),(1404,45,NULL,NULL,'abc','/project/1',1,NULL,0,'2024-07-29 00:51:54','2024-07-29 00:51:54',1,NULL,NULL),(1405,46,NULL,NULL,'入国後講習実施予定表',NULL,1,NULL,0,'2024-07-29 00:51:54','2024-07-29 00:51:54',1,NULL,NULL),(1406,47,NULL,NULL,'入国前講習実施予定表',NULL,1,NULL,0,'2024-07-29 00:51:54','2024-07-29 00:51:54',1,NULL,NULL),(1407,48,NULL,NULL,'実習実施予定表',NULL,1,NULL,0,'2024-07-29 00:51:54','2024-07-29 00:51:54',1,NULL,NULL),(1408,49,NULL,NULL,'実習実施予定表（１年目）',NULL,1,NULL,0,'2024-07-29 00:51:54','2024-07-29 00:51:54',1,NULL,NULL),(1409,50,NULL,NULL,'実習実施予定表（２年目）',NULL,1,NULL,0,'2024-07-29 00:51:54','2024-07-29 00:51:54',1,NULL,NULL),(1410,54,4,NULL,'監理責任者の履歴書','/storage/systemfiles/youshiki/01/supervisor_cv/supervisor_cv',1,1,1,'2024-07-29 00:51:54','2024-08-11 10:56:28',1,NULL,NULL),(1411,93,2,NULL,'実習認定取消し事由該当事実に係る報告書','/storage/systemfiles/youshiki/01/training_certification_cancel_report/training_certification_cancel_report',1,1,1,'2024-07-29 00:51:54','2024-08-16 13:45:48',1,NULL,NULL),(1412,95,2,NULL,'指定外部役員の就任承諾書及び誓約書','/storage/systemfiles/youshiki/01/ext_officer_pledge/ext_officer_pledge',1,1,1,'2024-07-29 00:51:54','2024-08-13 04:30:09',1,NULL,NULL),(1413,96,2,NULL,'監理団体許可申請の内容変更申出書・監理団体許可条件変更申出書','/storage/systemfiles/youshiki/01/kumiai_change_info_application/kumiai_change_info_application',1,1,1,'2024-07-29 00:51:54','2024-08-13 18:20:27',1,NULL,NULL),(1414,97,4,NULL,'監査実施概要','/storage/systemfiles/youshiki/01/audit_implementation_overview/audit_implementation_overview',1,1,1,'2024-07-29 00:51:54','2024-09-01 11:48:32',1,NULL,NULL),(1415,98,2,NULL,'外部監査報告書（同行監査）','/storage/systemfiles/youshiki/01/ext_audit_report_accompany/ext_audit_report_accompany',1,1,1,'2024-07-29 00:51:54','2024-08-05 06:38:21',1,NULL,NULL),(1416,99,2,NULL,'団体監理型技能実習の取扱職種の範囲等','/storage/systemfiles/youshiki/01/kumiai_jobtype_scope/kumiai_jobtype_scope',1,1,1,'2024-07-29 00:51:54','2024-08-13 04:02:53',1,NULL,NULL),(1417,7,NULL,NULL,'申請者の概要書','/storage/systemfiles/youshiki/01/customer_brief/customer_brief',1,NULL,0,'2024-07-29 22:01:13','2024-07-29 22:01:13',1,NULL,NULL),(1419,9,NULL,NULL,'技能実習生の履歴書','/storage/systemfiles/youshiki/01/candidate_curriculumvitae/candidate_curriculumvitae',1,NULL,0,'2024-07-30 00:34:51','2024-07-30 00:34:51',1,NULL,NULL),(1420,8,NULL,NULL,'申請者の誓約書','/storage/systemfiles/youshiki/01/trainee_pledge/trainee_pledge',1,NULL,0,'2024-07-30 00:58:22','2024-07-30 00:58:22',1,NULL,NULL),(1527,54,3,NULL,'監理責任者の履歴書','/storage/systemfiles/youshiki/01/supervisor_cv/supervisor_cv',1,1,1,'2024-07-30 02:09:44','2024-08-04 09:02:13',1,NULL,NULL),(1528,55,2,NULL,'監理責任者の就任承諾書及び誓約書','/storage/systemfiles/youshiki/01/supervisor_pledge/supervisor_pledge',1,1,1,'2024-07-30 02:09:44','2024-08-11 15:00:32',1,NULL,NULL),(1529,82,NULL,NULL,'委任状','/storage/systemfiles/youshiki/01/power_attorney/power_attorney',1,NULL,0,'2024-07-30 02:09:44','2024-07-30 02:09:44',1,NULL,NULL),(1530,83,2,NULL,'外部監査人の概要書','/storage/systemfiles/youshiki/01/ext_auditor_brief/ext_auditor_brief',1,1,1,'2024-07-30 02:09:44','2024-08-11 11:07:14',1,NULL,NULL),(1531,84,NULL,NULL,'申請取下げ書','/storage/systemfiles/youshiki/01/application_cancel/application_cancel',1,NULL,0,'2024-07-30 02:09:44','2024-07-30 02:09:44',1,NULL,NULL),(1532,85,2,NULL,'外国の所属機関による証明書（団体監理型技能実習)','/storage/systemfiles/youshiki/01/foreign_institution_certificate/foreign_institution_certificate',1,1,1,'2024-07-30 02:09:44','2024-07-31 03:28:27',1,NULL,NULL),(1533,86,3,NULL,'入国前講習実施（予定）表に関する申請者等の誓約書','/storage/systemfiles/youshiki/01/pre_entry_training_scheduler/pre_entry_training_scheduler',1,1,1,'2024-07-30 02:09:44','2024-07-30 04:53:02',1,NULL,NULL),(1534,87,NULL,NULL,'訓練実施（予定）表','/storage/systemfiles/youshiki/01/training_implementation_scheduler/training_implementation_scheduler',1,NULL,0,'2024-07-30 02:09:44','2024-07-30 02:09:44',1,NULL,NULL),(1535,88,3,NULL,'外国の送出機関の推薦状','/storage/systemfiles/youshiki/01/sendingagency_recommendation/sendingagency_recommendation',1,1,1,'2024-07-30 02:09:44','2024-08-13 05:26:32',1,NULL,NULL),(1536,89,2,NULL,'外部監査報告書','/storage/systemfiles/youshiki/01/ext_audit_report/ext_audit_report',1,1,1,'2024-07-30 02:09:44','2024-08-02 00:53:56',1,NULL,NULL),(1537,90,NULL,NULL,'外部監査報告書（同行監査）','/storage/systemfiles/youshiki/01/ext_audit_report_accompany/ext_audit_report_accompany',1,NULL,0,'2024-07-30 02:09:44','2024-07-30 02:09:44',1,NULL,NULL),(1538,91,NULL,NULL,'外部役員確認書','/storage/systemfiles/youshiki/01/ext_officer_confirm/ext_officer_confirm',1,NULL,0,'2024-07-30 02:09:44','2024-07-30 02:09:44',1,NULL,NULL),(1539,92,2,NULL,'報酬支払証明書','/storage/systemfiles/youshiki/01/payment_certificate/payment_certificate',1,1,1,'2024-07-30 02:09:44','2024-08-02 00:46:37',1,NULL,NULL),(1540,94,NULL,NULL,'監理費管理簿','/storage/systemfiles/youshiki/01/kumiai_expense_management/kumiai_expense_management',1,NULL,0,'2024-07-30 02:09:44','2024-07-30 02:09:44',1,NULL,NULL),(1588,9,NULL,NULL,'技能実習生の履歴書','/storage/systemfiles/youshiki/01/candidate_curriculumvitae/candidate_curriculumvitae',1,NULL,0,'2024-07-30 07:24:07','2024-07-30 07:24:07',1,NULL,NULL),(1640,7,NULL,NULL,'申請者の概要書','/storage/systemfiles/youshiki/01/customer_brief/customer_brief',1,NULL,0,'2024-08-02 04:08:36','2024-08-02 04:08:36',1,NULL,NULL),(1641,NULL,NULL,NULL,'②.pdf','public/userfiles/trainee_zairyucard/2024/08/2/②.pdf',1,NULL,0,'2024-08-02 21:15:02','2024-08-02 21:15:02',1,NULL,NULL),(1642,10,NULL,NULL,'技能実習責任者・技能実習指導員・生活指導員の履歴書並びに就任承諾書及び誓約書','/storage/systemfiles/youshiki/01/staff_cv/staff_cv',1,NULL,0,'2024-08-03 22:38:03','2024-08-03 22:38:03',1,NULL,NULL),(1643,14,NULL,NULL,'雇用契約書及び雇用条件書',NULL,1,NULL,0,'2024-08-04 11:17:15','2024-08-04 11:17:15',1,NULL,NULL),(1644,9,33,NULL,'技能実習生の履歴書','/storage/systemfiles/youshiki/01/candidate_curriculumvitae/candidate_curriculumvitae',1,1,2,'2024-08-07 22:27:29','2024-08-16 13:43:02',1,NULL,NULL),(1645,8,5,NULL,'申請者の誓約書','/storage/systemfiles/youshiki/01/trainee_pledge/trainee_pledge',1,1,1,'2024-08-08 03:08:45','2024-08-08 04:35:02',1,NULL,NULL),(1646,10,3,NULL,'技能実習責任者・技能実習指導員・生活指導員の履歴書並びに就任承諾書及び誓約書','/storage/systemfiles/youshiki/01/staff_cv/staff_cv',1,1,1,'2024-08-08 11:41:13','2024-08-11 16:26:05',1,NULL,NULL),(1647,7,6,NULL,'申請者の概要書','/storage/systemfiles/youshiki/01/customer_brief/customer_brief',1,NULL,0,'2024-08-14 17:38:03','2024-08-14 17:38:03',1,NULL,NULL),(1648,2,NULL,NULL,'変更申請・軽微変更届に必要な書類について',NULL,1,NULL,0,'2024-08-16 10:32:14','2024-08-16 10:32:14',1,NULL,NULL),(1649,3,NULL,NULL,'介護職種に係る技能実習計画認定申請に係る提出書類について',NULL,1,NULL,0,'2024-08-16 10:32:14','2024-08-16 10:32:14',1,NULL,NULL),(1650,4,NULL,NULL,'技能実習計画認定申請書','/storage/systemfiles/youshiki/01/training_certification/training_certification',1,NULL,0,'2024-08-16 10:32:14','2024-08-16 10:32:14',1,NULL,NULL),(1651,5,NULL,NULL,'技能実習計画軽微変更届出書',NULL,1,NULL,0,'2024-08-16 10:32:14','2024-08-16 10:32:14',1,NULL,NULL),(1652,6,NULL,NULL,'技能実習計画変更認定申請書',NULL,1,NULL,0,'2024-08-16 10:32:14','2024-08-16 10:32:14',1,NULL,NULL),(1653,9,NULL,NULL,'技能実習生の履歴書','/storage/app/public/systemfiles/youshiki/01/candidate_curriculumvitae/candidate_curriculumvitae',1,NULL,0,'2024-08-16 10:32:14','2024-08-16 10:32:14',1,NULL,NULL),(1654,10,NULL,NULL,'技能実習責任者・技能実習指導員・生活指導員の履歴書並びに就任承諾書及び誓約書','/storage/systemfiles/youshiki/01/staff_cv/staff_cv',1,NULL,0,'2024-08-16 10:32:14','2024-08-16 10:32:14',1,NULL,NULL),(1655,11,NULL,NULL,'技能実習計画の認定に関する取次送出機関の誓約書','/storage/systemfiles/youshiki/01/sending_agency_oath/sending_agency_oath',1,NULL,0,'2024-08-16 10:32:14','2024-08-16 10:32:14',1,NULL,NULL),(1656,12,NULL,NULL,'外国の所属機関の概要書及び当該機関による証明書（企業単独型技能実習）',NULL,1,NULL,0,'2024-08-16 10:32:14','2024-08-16 10:32:14',1,NULL,NULL),(1657,13,NULL,NULL,'外国の準備機関の概要書及び誓約書','/storage/systemfiles/youshiki/01/prepare_institution_pledge/prepare_institution_pledge',1,NULL,0,'2024-08-16 10:32:14','2024-08-16 10:32:14',1,NULL,NULL),(1658,14,NULL,NULL,'雇用契約書及び雇用条件書',NULL,1,NULL,0,'2024-08-16 10:32:14','2024-08-16 10:32:14',1,NULL,NULL),(1659,15,NULL,NULL,'入国後講習実施記録（団体監理型技能実習）',NULL,1,NULL,0,'2024-08-16 10:32:14','2024-08-16 10:32:14',1,NULL,NULL),(1660,17,NULL,NULL,'技能実習の期間中の待遇に関する重要事項説明書','/storage/systemfiles/youshiki/01/explanation_during_training/explanation_during_training',1,NULL,0,'2024-08-16 10:32:14','2024-08-16 10:32:14',1,NULL,NULL),(1661,18,NULL,NULL,'技能実習生の申告書','/storage/systemfiles/youshiki/01/trainee_declaration/trainee_declaration',1,NULL,0,'2024-08-16 10:32:14','2024-08-16 10:32:14',1,NULL,NULL),(1662,20,NULL,NULL,'技能実習を行わせる理由書','/storage/systemfiles/youshiki/01/trainning_reason/trainning_reason',1,NULL,0,'2024-08-16 10:32:14','2024-08-16 10:32:14',1,NULL,NULL),(1663,21,NULL,NULL,'技能実習生の推薦状','systemfiles/youshiki/01/recomend_trainee/recomend_trainee',1,NULL,0,'2024-08-16 10:32:14','2024-08-16 10:32:14',1,NULL,NULL),(1664,22,NULL,NULL,'優良要件適合申告書（実習実施者）',NULL,1,NULL,0,'2024-08-16 10:32:14','2024-08-16 10:32:14',1,NULL,NULL),(1665,23,NULL,NULL,'理由書（主務大臣が特別に認める技能実習）','/storage/systemfiles/youshiki/01/minister_statement_reasons/minister_statement_reasons',1,NULL,0,'2024-08-16 10:32:14','2024-08-16 10:32:14',1,NULL,NULL),(1666,24,NULL,NULL,'同種業務従事経験等説明書（団体監理型技能実習）','/storage/systemfiles/youshiki/01/similar_job_description/similar_job_description',1,NULL,0,'2024-08-16 10:32:14','2024-08-16 10:32:14',1,NULL,NULL),(1667,25,NULL,NULL,'外国の所属機関による証明書（団体監理型技能実習）','/storage/systemfiles/youshiki/01/foreign_institution_certificate/foreign_institution_certificate',1,NULL,0,'2024-08-16 10:32:14','2024-08-16 10:32:14',1,NULL,NULL),(1668,26,NULL,NULL,'入国前講習実施（予定）表に関する申請者等の誓約書','/storage/systemfiles/youshiki/01/pre_entry_training_scheduler/pre_entry_training_scheduler',1,NULL,0,'2024-08-16 10:32:14','2024-08-16 10:32:14',1,NULL,NULL),(1669,27,NULL,NULL,'複数の職種及び作業に係る技能実習を行わせる理由書','/storage/systemfiles/youshiki/01/multiple_job_reasons/multiple_job_reasons',1,NULL,0,'2024-08-16 10:32:14','2024-08-16 10:32:14',1,NULL,NULL),(1670,28,NULL,NULL,'申請取下げ書','/storage/systemfiles/youshiki/01/application_cancel/application_cancel',1,NULL,0,'2024-08-16 10:32:14','2024-08-16 10:32:14',1,NULL,NULL),(1671,29,NULL,NULL,'協定内容証明書（団体監理型技能実習）','/storage/systemfiles/youshiki/01/agreement_certificate/agreement_certificate',1,NULL,0,'2024-08-16 10:32:14','2024-08-16 10:32:14',1,NULL,NULL),(1672,30,NULL,NULL,'教育機関の概要書','/storage/systemfiles/youshiki/01/edu_brief/edu_brief',1,NULL,0,'2024-08-16 10:32:14','2024-08-16 10:32:14',1,NULL,NULL),(1673,31,NULL,NULL,'訓練実施（予定）表','/storage/systemfiles/youshiki/01/training_implementation_scheduler/training_implementation_scheduler',1,NULL,0,'2024-08-16 10:32:14','2024-08-16 10:32:14',1,NULL,NULL),(1674,32,NULL,NULL,'申請者の役員に関する誓約書','/storage/systemfiles/youshiki/01/director_pledge/director_pledge',1,NULL,0,'2024-08-16 10:32:14','2024-08-16 10:32:14',1,NULL,NULL),(1675,33,NULL,NULL,'省令様式第2号の「5申請者」欄の別紙',NULL,1,NULL,0,'2024-08-16 10:32:14','2024-08-16 10:32:14',1,NULL,NULL),(1676,34,NULL,NULL,'理由書','/storage/systemfiles/youshiki/01/otherwork_reason/otherwork_reason',1,NULL,0,'2024-08-16 10:32:14','2024-08-16 10:32:14',1,NULL,NULL),(1677,35,NULL,NULL,'技能実習生の個人情報の取り扱いに係る同意書','/storage/systemfiles/youshiki/01/handlinginfo_agreement/handlinginfo_agreement',1,NULL,0,'2024-08-16 10:32:14','2024-08-16 10:32:14',1,NULL,NULL),(1678,36,NULL,NULL,'技能実習期間満了前の帰国についての申告書','/storage/systemfiles/youshiki/01/returncountry_declaration/returncountry_declaration',1,NULL,0,'2024-08-16 10:32:14','2024-08-16 10:32:14',1,NULL,NULL),(1679,37,NULL,NULL,'技能実習期間満了前の移行についての申告書','systemfiles/youshiki/01/transfer_declaration/transfer_declaration',1,NULL,0,'2024-08-16 10:32:14','2024-08-16 10:32:14',1,NULL,NULL),(1680,38,NULL,NULL,'妊娠等に関連した技能実習期間満了前の帰国についての申告書','/storage/systemfiles/youshiki/01/pregnancy_declaration/pregnancy_declaration',1,NULL,0,'2024-08-16 10:32:14','2024-08-16 10:32:14',1,NULL,NULL),(1681,39,NULL,NULL,'意思確認書面','/storage/systemfiles/youshiki/01/intention_agreement/intention_agreement',1,NULL,0,'2024-08-16 10:32:14','2024-08-16 10:32:14',1,NULL,NULL),(1682,40,NULL,NULL,'申請する技能実習計画の対象となる技能実習生の名簿(企業単独型・団体監理型共通)','/storage/systemfiles/youshiki/01/apply_trainee_list/apply_trainee_list',1,NULL,0,'2024-08-16 10:32:14','2024-08-16 10:32:14',1,NULL,NULL),(1683,41,NULL,NULL,'委任状','/storage/systemfiles/youshiki/01/power_attorney/power_attorney',1,NULL,0,'2024-08-16 10:32:14','2024-08-16 10:32:14',1,NULL,NULL),(1684,42,NULL,NULL,'認定申請手数料払込申告書','/storage/systemfiles/youshiki/01/cert_application_fee/cert_application_fee',1,NULL,0,'2024-08-16 10:32:14','2024-08-16 10:32:14',1,NULL,NULL),(1685,43,NULL,NULL,'入国前講習実施記録（団体監理型技能実習）',NULL,1,NULL,0,'2024-08-16 10:32:14','2024-08-16 10:32:14',1,NULL,NULL),(1686,45,NULL,NULL,'abc','/project/1',1,NULL,0,'2024-08-16 10:32:14','2024-08-16 10:32:14',1,NULL,NULL),(1687,46,NULL,NULL,'入国後講習実施予定表',NULL,1,NULL,0,'2024-08-16 10:32:14','2024-08-16 10:32:14',1,NULL,NULL),(1688,47,NULL,NULL,'入国前講習実施予定表',NULL,1,NULL,0,'2024-08-16 10:32:14','2024-08-16 10:32:14',1,NULL,NULL),(1689,48,NULL,NULL,'実習実施予定表',NULL,1,NULL,0,'2024-08-16 10:32:14','2024-08-16 10:32:14',1,NULL,NULL),(1690,49,NULL,NULL,'実習実施予定表（１年目）',NULL,1,NULL,0,'2024-08-16 10:32:14','2024-08-16 10:32:14',1,NULL,NULL),(1691,50,NULL,NULL,'実習実施予定表（２年目）',NULL,1,NULL,0,'2024-08-16 10:32:14','2024-08-16 10:32:14',1,NULL,NULL),(1692,54,NULL,NULL,'監理責任者の履歴書','/storage/systemfiles/youshiki/01/supervisor_cv/supervisor_cv',1,NULL,0,'2024-08-16 10:32:14','2024-08-16 10:32:14',1,NULL,NULL),(1693,93,NULL,NULL,'実習認定取消し事由該当事実に係る報告書','/storage/systemfiles/youshiki/01/training_certification_cancel_report/training_certification_cancel_report',1,NULL,0,'2024-08-16 10:32:14','2024-08-16 10:32:14',1,NULL,NULL),(1694,95,NULL,NULL,'指定外部役員の就任承諾書及び誓約書','/storage/systemfiles/youshiki/01/ext_officer_pledge/ext_officer_pledge',1,NULL,0,'2024-08-16 10:32:14','2024-08-16 10:32:14',1,NULL,NULL),(1695,96,NULL,NULL,'監理団体許可申請の内容変更申出書・監理団体許可条件変更申出書','/storage/systemfiles/youshiki/01/kumiai_change_info_application/kumiai_change_info_application',1,NULL,0,'2024-08-16 10:32:14','2024-08-16 10:32:14',1,NULL,NULL),(1696,97,NULL,NULL,'監査実施概要','/storage/systemfiles/youshiki/01/audit_implementation_overview/audit_implementation_overview',1,NULL,0,'2024-08-16 10:32:14','2024-08-16 10:32:14',1,NULL,NULL),(1697,98,NULL,NULL,'外部監査報告書（同行監査）','/storage/systemfiles/youshiki/01/ext_audit_report_accompany/ext_audit_report_accompany',1,NULL,0,'2024-08-16 10:32:14','2024-08-16 10:32:14',1,NULL,NULL),(1698,99,NULL,NULL,'団体監理型技能実習の取扱職種の範囲等','/storage/systemfiles/youshiki/01/kumiai_jobtype_scope/kumiai_jobtype_scope',1,NULL,0,'2024-08-16 10:32:14','2024-08-16 10:32:14',1,NULL,NULL),(1699,104,1,NULL,'技能実習生に関する評価調書','/storage/systemfiles/youshiki/01/evaluation_trainee/evaluation_trainee',1,1,1,'2024-08-16 10:39:27','2024-08-29 16:29:45',1,NULL,NULL),(1700,105,1,NULL,'在留資格認定証明書交付申請書','/storage/systemfiles/youshiki/01/certificate_residence/certificate_residence',1,1,1,'2024-08-16 10:46:33','2024-08-16 15:45:58',1,NULL,NULL),(1701,106,123,NULL,'技能実習生一覧表','/storage/systemfiles/youshiki/01/et_doc_trainee_list/et_doc_trainee_list',1,1,1,'2024-08-16 10:59:51','2024-08-16 11:02:04',1,NULL,NULL),(1702,NULL,NULL,NULL,'image_part_002.jpg','public/userfiles/trainee_logo/2024/08//66bfcb3ce24a3image_part_002.jpg',1,NULL,0,'2024-08-16 21:57:16','2024-08-16 21:57:16',1,NULL,NULL),(1703,NULL,NULL,NULL,'コメント 2024-08-17 065735.png','public/userfiles/trainee_logo/2024/08//66bfcb78b2d78コメント 2024-08-17 065735.png',1,NULL,0,'2024-08-16 21:58:16','2024-08-16 21:58:16',1,NULL,NULL),(1704,NULL,NULL,NULL,'コメント 2024-08-17 065735.png','public/userfiles/trainee_logo/2024/08//66bfcb9cdbfaaコメント 2024-08-17 065735.png',1,NULL,0,'2024-08-16 21:58:52','2024-08-16 21:58:52',1,NULL,NULL),(1705,NULL,NULL,NULL,'コメント 2024-08-20 070931.png','public/userfiles/trainee_logo/2024/08//66c3c2e2eae81コメント 2024-08-20 070931.png',1,NULL,0,'2024-08-19 22:10:42','2024-08-19 22:10:42',1,NULL,NULL),(1706,NULL,NULL,NULL,'コメント 2024-08-20 070931.png','public/userfiles/trainee_logo/2024/08//66c3c35d7dacbコメント 2024-08-20 070931.png',1,NULL,0,'2024-08-19 22:12:45','2024-08-19 22:12:45',1,NULL,NULL),(1707,NULL,NULL,NULL,'コメント 2024-08-20 070931222.png','public/userfiles/trainee_logo/2024/08//66c3c3bf09a1aコメント 2024-08-20 070931222.png',1,NULL,0,'2024-08-19 22:14:23','2024-08-19 22:14:23',1,NULL,NULL),(1708,NULL,NULL,NULL,'cam.jpg','public/userfiles/pre_project_comment/2024/08/1/66c3c9c2c74f5cam.jpg',1,NULL,0,'2024-08-19 22:40:02','2024-08-19 22:40:02',1,NULL,NULL),(1709,NULL,NULL,NULL,'cam.jpg','public/userfiles/pre_project_comment/2024/08/2/66c3c9c9e35eecam.jpg',1,NULL,0,'2024-08-19 22:40:09','2024-08-19 22:40:09',1,NULL,NULL),(1711,NULL,NULL,NULL,'bo.jpg','public/userfiles/pre_project_comment/2024/08/3/66c3ca0f168cabo.jpg',1,NULL,0,'2024-08-19 22:41:19','2024-08-19 22:41:19',1,NULL,NULL),(1712,NULL,NULL,NULL,'FREE Wi-Fi.docx','public/userfiles/pre_project_comment/2024/08/5/66c5e0771e5d1FREE Wi-Fi.docx',1,NULL,0,'2024-08-21 12:41:27','2024-08-21 12:41:27',1,NULL,NULL),(1713,100,3,NULL,'技能実習生の報酬・宿泊施設・徴収費用についての説明書','/storage/systemfiles/youshiki/01/explanation_fees_trainee/explanation_fees_trainee',1,1,1,'2024-09-01 02:50:12','2024-09-09 10:34:44',1,NULL,NULL),(1714,101,2,NULL,'技能実習の準備に関し本国で支払った費用の明細書','/storage/systemfiles/youshiki/01/expenses_paid_trainee/expenses_paid_trainee',1,1,1,'2024-09-01 03:31:07','2024-09-07 07:57:49',1,NULL,NULL),(1715,88,4,NULL,'外国の送出機関の推薦状','/storage/systemfiles/youshiki/01/sendingagency_recommendation/sendingagency_recommendation',1,1,1,'2024-09-01 07:54:16','2024-09-01 07:54:59',1,NULL,NULL),(1716,74,2,NULL,'技能実習計画作成指導者の履歴書','/storage/systemfiles/youshiki/01/training_instructor_resume/training_instructor_resume',1,1,1,'2024-09-01 08:02:30','2024-09-01 08:07:59',1,NULL,NULL),(1717,NULL,NULL,NULL,'コメント 2024-08-28 160238.png','public/userfiles/user/2024/09/1/66d424c39841fコメント 2024-08-28 160238.png',1,NULL,0,'2024-09-01 08:24:35','2024-09-01 08:24:35',1,NULL,NULL),(1718,NULL,NULL,NULL,'コメント 2024-09-01 172339.png','public/userfiles/user/2024/09/1/66d42509f05deコメント 2024-09-01 172339.png',1,NULL,0,'2024-09-01 08:25:45','2024-09-01 08:25:45',1,NULL,NULL),(1719,78,2,NULL,'認定計画の履行状況に係る管理簿','/storage/systemfiles/youshiki/01/certification_plan_management/certification_plan_management',1,1,1,'2024-09-01 08:33:44','2024-09-12 12:54:59',1,NULL,NULL),(1720,53,2,NULL,'技能実習日誌','/storage/systemfiles/youshiki/01/training_report_daily/training_report_daily',1,1,1,'2024-09-01 08:52:13','2024-09-01 09:03:18',1,NULL,NULL),(1721,94,2,NULL,'監理費管理簿','/storage/systemfiles/youshiki/01/kumiai_expense_management/kumiai_expense_management',1,1,1,'2024-09-01 10:50:48','2024-09-01 10:55:18',1,NULL,NULL),(1722,NULL,NULL,NULL,'コメント 2024-09-10 212017aaaa2.png','public/userfiles/user/2024/09/132/66e0406646a01コメント 2024-09-10 212017aaaa2.png',132,NULL,0,'2024-09-10 12:49:42','2024-09-10 12:49:42',743,NULL,NULL),(1723,NULL,NULL,NULL,'コメント 2024-09-10 212017aaaa2.png','public/userfiles/user/2024/09/136/66e1207c6c062コメント 2024-09-10 212017aaaa2.png',132,NULL,0,'2024-09-11 04:45:48','2024-09-11 04:45:48',743,NULL,NULL),(1724,NULL,NULL,NULL,'4990722.png','public/userfiles/user/2024/09/143/66e9173968d314990722.png',132,NULL,0,'2024-09-17 05:44:25','2024-09-17 05:44:25',743,NULL,NULL),(1725,NULL,NULL,NULL,'3231499.png','public/userfiles/user/2024/09/144/66e918504ff473231499.png',132,NULL,0,'2024-09-17 05:49:04','2024-09-17 05:49:04',743,NULL,NULL),(1726,NULL,NULL,NULL,'4086699.png','public/userfiles/user/2024/09/145/66e918ca7a7b54086699.png',132,NULL,0,'2024-09-17 05:51:06','2024-09-17 05:51:06',743,NULL,NULL),(1727,NULL,NULL,NULL,'4086577.png','public/userfiles/user/2024/09/136/66e918f8583354086577.png',132,NULL,0,'2024-09-17 05:51:52','2024-09-17 05:51:52',743,NULL,NULL),(1728,NULL,NULL,NULL,'2520850.png','public/userfiles/user/2024/09/146/66e91974647d62520850.png',132,NULL,0,'2024-09-17 05:53:56','2024-09-17 05:53:56',743,NULL,NULL),(1729,NULL,NULL,NULL,'3231499.png','public/userfiles/user/2024/09/143/66eb72fe217013231499.png',148,NULL,0,'2024-09-19 00:40:30','2024-09-19 00:40:30',748,NULL,NULL),(1730,NULL,NULL,NULL,'4086699.png','public/userfiles/user/2024/09/144/66eb735c1ba564086699.png',148,NULL,0,'2024-09-19 00:42:04','2024-09-19 00:42:04',748,NULL,NULL),(1731,NULL,NULL,NULL,'2520850.png','public/userfiles/user/2024/09/146/66eb73746a2912520850.png',148,NULL,0,'2024-09-19 00:42:28','2024-09-19 00:42:28',748,NULL,NULL),(1732,NULL,NULL,NULL,'4990722.png','public/userfiles/user/2024/09/145/66eb739def8b54990722.png',148,NULL,0,'2024-09-19 00:43:09','2024-09-19 00:43:09',748,NULL,NULL),(1733,NULL,NULL,NULL,'4990722.png','public/userfiles/user/2024/09/143/66eb73ba3a3a34990722.png',148,NULL,0,'2024-09-19 00:43:38','2024-09-19 00:43:38',748,NULL,NULL),(1734,NULL,NULL,NULL,'4086699.png','public/userfiles/user/2024/09/145/66eb73d16b0184086699.png',148,NULL,0,'2024-09-19 00:44:01','2024-09-19 00:44:01',748,NULL,NULL),(1735,NULL,NULL,NULL,'3231499.png','public/userfiles/user/2024/09/145/66eb73f0334823231499.png',148,NULL,0,'2024-09-19 00:44:32','2024-09-19 00:44:32',748,NULL,NULL),(1736,NULL,NULL,NULL,'4086577.png','public/userfiles/user/2024/09/136/66eb7404e10944086577.png',148,NULL,0,'2024-09-19 00:44:52','2024-09-19 00:44:52',748,NULL,NULL),(1737,NULL,NULL,NULL,'2206248.png','public/userfiles/user/2024/09/148/66eb7468de09a2206248.png',148,NULL,0,'2024-09-19 00:46:32','2024-09-19 00:46:32',748,NULL,NULL),(1738,NULL,NULL,NULL,'admin.png','public/userfiles/user/2024/09/148/66eb74a2c1e24admin.png',148,NULL,0,'2024-09-19 00:47:30','2024-09-19 00:47:30',748,NULL,NULL),(1739,NULL,NULL,NULL,'images (2).png','public/userfiles/user/2024/09/148/66eb74c580537images (2).png',148,NULL,0,'2024-09-19 00:48:05','2024-09-19 00:48:05',748,NULL,NULL),(1740,NULL,NULL,NULL,'8193914.png','public/userfiles/user/2024/09/146/66ebbc08c6c858193914.png',136,NULL,0,'2024-09-19 05:52:08','2024-09-19 05:52:08',748,NULL,NULL),(1741,NULL,NULL,NULL,'4086646.png','public/userfiles/user/2024/09/146/66ebbc4adc4104086646.png',136,NULL,0,'2024-09-19 05:53:14','2024-09-19 05:53:14',748,NULL,NULL),(1742,108,2,NULL,'支援計画の変更に係る届出書','/storage/systemfiles/youshiki/01/notification_change_support/notification_change_support',1,1,2,'2024-09-01 10:50:48','2024-09-21 09:10:49',1,NULL,NULL),(1743,109,NULL,NULL,'１号特定技能外国人支援計画書','/storage/systemfiles/youshiki/01/support_plan_reference/support_plan_reference',1,1,1,'2024-09-01 10:50:48','2024-09-01 10:55:18',1,NULL,NULL),(1744,110,NULL,NULL,'特定技能雇用契約の変更に係る届出書','/storage/systemfiles/youshiki/01/notification_change_employment_contract/notification_change_employment_contract',1,1,1,'2024-09-01 10:50:48','2024-09-01 10:55:18',1,NULL,NULL),(1745,111,NULL,NULL,'特定技能雇用契約の終了又は締結に係る届出書','/storage/systemfiles/youshiki/01/notification_of_termination_conclusion/notification_of_termination_conclusion',1,1,1,'2024-09-01 10:50:48','2024-09-01 10:55:18',1,NULL,NULL),(1746,112,3,NULL,'登録事項変更に関する届出書','/storage/systemfiles/youshiki/01/notification_change_register_information/notification_change_register_information',1,1,2,'2024-09-01 10:50:48','2024-10-06 14:24:10',1,NULL,NULL),(1747,NULL,NULL,NULL,'4086577.png','public/userfiles/user/2024/09/136/66f48dd1d12474086577.png',136,NULL,0,'2024-09-25 22:25:21','2024-09-25 22:25:21',1,NULL,NULL),(1748,NULL,NULL,NULL,'4086699.png','public/userfiles/user/2024/09/145/66f48df4bc4cf4086699.png',136,NULL,0,'2024-09-25 22:25:56','2024-09-25 22:25:56',1,NULL,NULL),(1749,NULL,NULL,NULL,'3231499.png','public/userfiles/user/2024/09/145/66f48e0c050973231499.png',136,NULL,0,'2024-09-25 22:26:20','2024-09-25 22:26:20',1,NULL,NULL),(1750,NULL,NULL,NULL,'4990722.png','public/userfiles/user/2024/09/143/66f48e274314a4990722.png',136,NULL,0,'2024-09-25 22:26:47','2024-09-25 22:26:47',1,NULL,NULL),(1751,NULL,NULL,NULL,'4086699.png','public/userfiles/user/2024/09/144/66f48e404f45b4086699.png',136,NULL,0,'2024-09-25 22:27:12','2024-09-25 22:27:12',1,NULL,NULL),(1752,NULL,NULL,NULL,'キャプチャ.PNG','public/userfiles/customer/2024/09//66f495b7574b6キャプチャ.PNG',136,NULL,0,'2024-09-25 22:59:03','2024-09-25 22:59:03',1,NULL,NULL),(1753,NULL,NULL,NULL,'キャプチャ.PNG','public/userfiles/customer/2024/09//66f496212b3b4キャプチャ.PNG',136,NULL,0,'2024-09-25 23:00:49','2024-09-25 23:00:49',1,NULL,NULL),(1754,NULL,NULL,NULL,'aisome_company_サムネ.png','public/userfiles/customer/2024/09//66f5dfeed0e5faisome_company_サムネ.png',1,NULL,0,'2024-09-26 22:27:58','2024-09-26 22:27:58',1,NULL,NULL),(1755,113,2,NULL,'登録事項変更に関する届出書','/storage/systemfiles/youshiki/01/et_doc_notification_change_register_information/et_doc_notification_change_register_information',1,1,1,'2024-06-24 22:40:51','2024-10-05 17:15:23',1,NULL,NULL),(1756,NULL,NULL,NULL,'引合20241008_670457193ad30_1728337689.csv','exports/引合20241008_670457193ad30_1728337689.csv',1,NULL,0,'2024-10-07 21:48:09','2024-10-07 21:48:09',1,NULL,NULL),(1757,NULL,NULL,NULL,'引合20241008_67045751da014_1728337745.xlsx','exports/引合20241008_67045751da014_1728337745.xlsx',1,NULL,0,'2024-10-07 21:49:06','2024-10-07 21:49:06',1,NULL,NULL),(1758,NULL,NULL,1,'新しいテキスト ドキュメント (3).txt','public/userfiles/pre_project_comment/2024/10/221/6705a74c9cb0c新しいテキスト ドキュメント (3).txt',1,NULL,0,'2024-10-08 21:42:36','2024-10-08 21:42:36',1,NULL,NULL),(1759,NULL,NULL,2,'新しいテキスト ドキュメント (3).txt','public/userfiles/pre_project_comment/2024/10/222/6705a7aed154c新しいテキスト ドキュメント (3).txt',1,NULL,0,'2024-10-08 21:44:14','2024-10-08 21:44:14',1,NULL,NULL),(1760,114,2,2,' 登録事項変更に関する届出書','/storage/systemfiles/youshiki/01/notification_suspensiontermination_support_services/notification_suspensiontermination_support_services',1,1,1,'2024-10-08 21:44:14','2024-10-11 07:07:44',1,NULL,NULL),(1761,107,1,NULL,'技能実習生求人申込書','/storage/systemfiles/youshiki/01/hiring_request_form/hiring_request_form',1,1,1,'2024-08-16 10:39:27','2024-08-29 16:29:45',1,NULL,NULL),(1762,115,1,NULL,'支援業務の再開に係る届出書','/storage/systemfiles/youshiki/01/notification_resumption_support_services/notification_resumption_support_services',1,1,1,'2024-08-16 10:39:27','2024-08-29 16:29:45',1,NULL,NULL),(1766,NULL,NULL,NULL,'株式会社清野工務店.pdf','public/userfiles/pre_project_comment/2024/10/248/670dbfa062859株式会社清野工務店.pdf',136,NULL,0,'2024-10-15 01:04:32','2024-10-15 01:04:32',1,NULL,NULL),(1767,NULL,NULL,2,'37_ABC協同組合_2024-10-13_講習手当受領書雛形_670b432e1f342.pdf','public/userfiles/pre_project_comment/2024/10/249/670dc21c6e2c337_ABC協同組合_2024-10-13_講習手当受領書雛形_670b432e1f342.pdf',1,NULL,0,'2024-10-15 01:15:08','2024-10-15 01:15:08',1,NULL,NULL),(1768,NULL,NULL,1,'37_ABC協同組合_2024-10-13_講習手当受領書雛形_670b432e1f342.pdf','public/userfiles/pre_project_comment/2024/10/250/670dc2a07696e37_ABC協同組合_2024-10-13_講習手当受領書雛形_670b432e1f342.pdf',1,NULL,0,'2024-10-15 01:17:20','2024-10-15 01:17:20',1,NULL,NULL),(1769,NULL,NULL,NULL,'キャプチャ.PNG','public/userfiles/customer/2024/10//6711dfff3bc6eキャプチャ.PNG',1,NULL,0,'2024-10-18 04:11:43','2024-10-18 04:11:43',1,NULL,519479),(1770,NULL,NULL,NULL,'tasks/引合20241018_6711e842eb9cf','exports/tasks/引合20241018_6711e842eb9cf_1729226819.pdf',1,NULL,0,'2024-10-18 04:47:00','2024-10-18 04:47:00',1,NULL,4205889),(1771,NULL,NULL,NULL,'tasks/引合20241018_6711e87566638_1729226869.xlsx','exports/tasks/引合20241018_6711e87566638_1729226869.xlsx',1,NULL,0,'2024-10-18 04:47:49','2024-10-18 04:47:49',1,NULL,6503),(1772,NULL,NULL,1,'引合20241018_6711e87566638_1729226869.xlsx','public/userfiles/pre_project_comment/2024/10/264/6711ebd85298a引合20241018_6711e87566638_1729226869.xlsx',1,NULL,0,'2024-10-18 05:02:16','2024-10-18 05:02:16',1,NULL,6503),(1773,NULL,NULL,1,'gensen_template.pdf','public/userfiles/pre_project_comment/2024/10/266/671454be09227gensen_template.pdf',1,NULL,0,'2024-10-20 00:54:22','2024-10-20 00:54:22',1,NULL,1227661),(1774,NULL,NULL,2,'キャプチャ.PNG','public/userfiles/pre_project_comment/2024/10/267/671455152f114キャプチャ.PNG',1,NULL,0,'2024-10-20 00:55:49','2024-10-20 00:55:49',1,NULL,519479),(1779,NULL,NULL,1,'特定技能_面談申込書.pdf','public/userfiles/pre_project_comment/2024/10/299/6717240515882特定技能_面談申込書.pdf',136,NULL,0,'2024-10-22 04:03:17','2024-10-22 04:03:17',1,NULL,285999),(1780,NULL,NULL,2,'特定技能_面談申込書.pdf','public/userfiles/pre_project_comment/2024/10/300/6717245868cfc特定技能_面談申込書.pdf',136,NULL,0,'2024-10-22 04:04:40','2024-10-22 04:04:40',1,NULL,285999);

--
