-- Dumping data for table `et_doc_returncountry_declaration`
--

INSERT INTO `et_doc_returncountry_declaration` VALUES (1,2,NULL,'2024-06-19','2024-06-21',1,'dsa222','2024-06-27','dsa',NULL,NULL,NULL,NULL,NULL,NULL,0),(2,3,'reason_other_note','2024-08-08','2024-08-15',2,'person_name','2024-08-14','sign_name',NULL,NULL,NULL,NULL,NULL,NULL,0);

--
-- Table structure for table `et_doc_sending_agency_expenses`
--

CREATE TABLE `et_doc_sending_agency_expenses` (
  `id` int NOT NULL AUTO_INCREMENT,
  `sign_date` date DEFAULT NULL,
  `sign_sending_agency_name` varchar(255) CHARACTER SET utf8mb4 COLLATE utf8mb4_unicode_ci DEFAULT NULL,
  `sign_director_name` varchar(255) CHARACTER SET utf8mb4 COLLATE utf8mb4_unicode_ci DEFAULT NULL,
  `created_at` timestamp NULL DEFAULT NULL,
  `created_by_id` bigint DEFAULT NULL,
  `updated_at` int DEFAULT NULL,
  `updated_by_id` bigint DEFAULT NULL,
  `company_id` bigint DEFAULT NULL,
  `updated_count` int NOT NULL DEFAULT '0',
  PRIMARY KEY (`id`)
) ENGINE=InnoDB AUTO_INCREMENT=2 DEFAULT CHARSET=utf8mb4 COLLATE=utf8mb4_0900_ai_ci;

--
-- Dumping data for table `et_doc_sending_agency_expenses`
--

INSERT INTO `et_doc_sending_agency_expenses` VALUES (1,'2024-07-02','sign_sending_agency_name','sign_director_name',NULL,NULL,NULL,1,1,6);

--
-- Table structure for table `et_doc_sending_agency_expenses_detail`
--

CREATE TABLE `et_doc_sending_agency_expenses_detail` (
  `id` int NOT NULL AUTO_INCREMENT,
  `sending_agency_expenses_id` int DEFAULT NULL,
  `name` varchar(255) CHARACTER SET utf8mb4 COLLATE utf8mb4_unicode_ci DEFAULT NULL,
  `period_date` date DEFAULT NULL,
  `money` varchar(255) CHARACTER SET utf8mb4 COLLATE utf8mb4_unicode_ci DEFAULT NULL,
  `money_yen` int DEFAULT NULL,
  `pay_method` varchar(255) CHARACTER SET utf8mb4 COLLATE utf8mb4_unicode_ci DEFAULT NULL,
  PRIMARY KEY (`id`)
) ENGINE=InnoDB AUTO_INCREMENT=4 DEFAULT CHARSET=utf8mb4 COLLATE=utf8mb4_0900_ai_ci;

--
-- Dumping data for table `et_doc_sending_agency_expenses_detail`
--

INSERT INTO `et_doc_sending_agency_expenses_detail` VALUES (1,1,'NAME','2024-07-09','205700',205700,'online'),(2,1,'name 2','2024-07-10','100000',100000,''),(3,1,'test 3',NULL,'30000',400000,'');

--
-- Table structure for table `et_doc_sending_agency_oath`
--

CREATE TABLE `et_doc_sending_agency_oath` (
  `id` int NOT NULL AUTO_INCREMENT,
  `customer_name` varchar(255) CHARACTER SET utf8mb4 COLLATE utf8mb4_unicode_ci DEFAULT NULL,
  `company_name` varchar(255) CHARACTER SET utf8mb4 COLLATE utf8mb4_unicode_ci DEFAULT NULL,
  `date` date DEFAULT NULL,
  `sending_agency_name` varchar(255) CHARACTER SET utf8mb4 COLLATE utf8mb4_unicode_ci DEFAULT NULL,
  `sending_agency_number` varchar(255) CHARACTER SET utf8mb4 COLLATE utf8mb4_unicode_ci DEFAULT NULL,
  `sending_agency_number_ref` varchar(255) CHARACTER SET utf8mb4 COLLATE utf8mb4_unicode_ci DEFAULT NULL,
  `created_by_name` varchar(255) CHARACTER SET utf8mb4 COLLATE utf8mb4_unicode_ci DEFAULT NULL,
  `note` varchar(255) CHARACTER SET utf8mb4 COLLATE utf8mb4_unicode_ci DEFAULT NULL,
  `created_at` timestamp NULL DEFAULT NULL,
  `created_by_id` bigint DEFAULT NULL,
  `updated_at` int DEFAULT NULL,
  `updated_by_id` bigint DEFAULT NULL,
  `company_id` bigint DEFAULT NULL,
  `updated_count` int NOT NULL DEFAULT '0',
  PRIMARY KEY (`id`)
) ENGINE=InnoDB AUTO_INCREMENT=3 DEFAULT CHARSET=utf8mb4 COLLATE=utf8mb4_0900_ai_ci;

--
-- Dumping data for table `et_doc_sending_agency_oath`
--

INSERT INTO `et_doc_sending_agency_oath` VALUES (1,'12345','test1','2024-06-03','testdsyhtft','12345','sending_agency_number_ref','test',NULL,NULL,NULL,NULL,NULL,1,0),(2,'申請者（実習実施者）','監理団体の名称','2024-08-05','1234567','111112222','2222','333333333',NULL,NULL,NULL,NULL,NULL,1,0);

--
-- Table structure for table `et_doc_sending_agency_oath_listname`
--

CREATE TABLE `et_doc_sending_agency_oath_listname` (
  `id` bigint unsigned NOT NULL AUTO_INCREMENT,
  `sending_agency_oath_id` int DEFAULT NULL,
  `name` varchar(255) CHARACTER SET utf8mb4 COLLATE utf8mb4_unicode_ci DEFAULT NULL,
  `national` varchar(255) COLLATE utf8mb4_unicode_ci DEFAULT NULL,
  `note` text CHARACTER SET utf8mb4 COLLATE utf8mb4_unicode_ci,
  `created_at` timestamp NULL DEFAULT NULL,
  `updated_at` timestamp NULL DEFAULT NULL,
  PRIMARY KEY (`id`)
) ENGINE=InnoDB AUTO_INCREMENT=120 DEFAULT CHARSET=utf8mb4 COLLATE=utf8mb4_unicode_ci;

--
-- Dumping data for table `et_doc_sending_agency_oath_listname`
--

INSERT INTO `et_doc_sending_agency_oath_listname` VALUES (103,1,'ddd','オーストラリア人',NULL,NULL,NULL),(104,1,'tap tast','チリ人',NULL,NULL,NULL),(105,1,'abc','中国人',NULL,NULL,NULL),(106,1,'abc','バングラデシュ人',NULL,NULL,NULL),(107,1,'test 1','',NULL,NULL,NULL),(108,1,'2','',NULL,NULL,NULL),(109,1,'test3','',NULL,NULL,NULL),(110,1,'test 4','',NULL,NULL,NULL),(111,2,'test','アルバニア','',NULL,NULL),(113,2,'test1','コロンビア','',NULL,NULL);

--
-- Table structure for table `et_doc_sending_agency_overview`
--

CREATE TABLE `et_doc_sending_agency_overview` (
  `id` int NOT NULL AUTO_INCREMENT,
  `number` varchar(255) CHARACTER SET utf8mb4 COLLATE utf8mb4_unicode_ci DEFAULT NULL,
  `name` varchar(255) CHARACTER SET utf8mb4 COLLATE utf8mb4_unicode_ci DEFAULT NULL,
  `director_name` varchar(255) CHARACTER SET utf8mb4 COLLATE utf8mb4_unicode_ci DEFAULT NULL,
  `address` varchar(255) CHARACTER SET utf8mb4 COLLATE utf8mb4_unicode_ci DEFAULT NULL,
  `tel` varchar(255) CHARACTER SET utf8mb4 COLLATE utf8mb4_unicode_ci DEFAULT NULL,
  `email` varchar(255) CHARACTER SET utf8mb4 COLLATE utf8mb4_unicode_ci DEFAULT NULL,
  `establish_date` date DEFAULT NULL,
  `business_content` varchar(255) CHARACTER SET utf8mb4 COLLATE utf8mb4_unicode_ci DEFAULT NULL,
  `capital` varchar(255) CHARACTER SET utf8mb4 COLLATE utf8mb4_unicode_ci DEFAULT NULL,
  `capital_yen` int DEFAULT NULL,
  `earning_money` varchar(255) CHARACTER SET utf8mb4 COLLATE utf8mb4_unicode_ci DEFAULT NULL,
  `earning_money_yen` int DEFAULT NULL,
  `staff_number` varchar(255) DEFAULT NULL,
  `leader_name` varchar(255) CHARACTER SET utf8mb4 COLLATE utf8mb4_unicode_ci DEFAULT NULL,
  `jp_name` varchar(255) CHARACTER SET utf8mb4 COLLATE utf8mb4_unicode_ci DEFAULT NULL,
  `jp_address` varchar(255) CHARACTER SET utf8mb4 COLLATE utf8mb4_unicode_ci DEFAULT NULL,
  `jp_postcode` varchar(255) CHARACTER SET utf8mb4 COLLATE utf8mb4_unicode_ci DEFAULT NULL,
  `jp_tel` varchar(255) CHARACTER SET utf8mb4 COLLATE utf8mb4_unicode_ci DEFAULT NULL,
  `jp_director_name` varchar(255) CHARACTER SET utf8mb4 COLLATE utf8mb4_unicode_ci DEFAULT NULL,
  `jp_staff` varchar(255) CHARACTER SET utf8mb4 COLLATE utf8mb4_unicode_ci DEFAULT NULL,
  `sign_date` date DEFAULT NULL,
  `sign_sending_agency_name` varchar(255) CHARACTER SET utf8mb4 COLLATE utf8mb4_unicode_ci DEFAULT NULL,
  `sign_director_name` varchar(255) CHARACTER SET utf8mb4 COLLATE utf8mb4_unicode_ci DEFAULT NULL,
  `created_at` timestamp NULL DEFAULT NULL,
  `created_by_id` bigint DEFAULT NULL,
  `updated_at` int DEFAULT NULL,
  `updated_by_id` bigint DEFAULT NULL,
  `company_id` bigint DEFAULT NULL,
  `updated_count` int NOT NULL DEFAULT '0',
  PRIMARY KEY (`id`)
) ENGINE=InnoDB AUTO_INCREMENT=3 DEFAULT CHARSET=utf8mb4 COLLATE=utf8mb4_0900_ai_ci;

--
-- Dumping data for table `et_doc_sending_agency_overview`
--

INSERT INTO `et_doc_sending_agency_overview` VALUES (1,'number','name','director_name','address','tel','email','2024-07-03','business_content','business_content',1232,'1232',1232,'231321','leader_name','jp_name',NULL,'jp_postcode','23132111','jp_director_name','jp_staff','2024-07-03','sign_sending_agency_name','sign_director_name',NULL,NULL,NULL,NULL,NULL,0),(2,NULL,NULL,NULL,NULL,NULL,NULL,NULL,NULL,NULL,NULL,NULL,NULL,'',NULL,NULL,NULL,NULL,NULL,NULL,NULL,NULL,NULL,NULL,NULL,NULL,NULL,NULL,NULL,0);

--
-- Table structure for table `et_doc_sendingagency_recommendation`
--

CREATE TABLE `et_doc_sendingagency_recommendation` (
  `id` int NOT NULL AUTO_INCREMENT,
  `sendingagency_name` varchar(255) CHARACTER SET utf8mb4 COLLATE utf8mb4_unicode_ci DEFAULT NULL,
  `sign_date` date DEFAULT NULL,
  `company_name` varchar(255) CHARACTER SET utf8mb4 COLLATE utf8mb4_unicode_ci DEFAULT NULL,
  `director_name` varchar(255) CHARACTER SET utf8mb4 COLLATE utf8mb4_unicode_ci DEFAULT NULL,
  `created_at` timestamp NULL DEFAULT NULL,
  `created_by_id` bigint DEFAULT NULL,
  `updated_at` int DEFAULT NULL,
  `updated_by_id` bigint DEFAULT NULL,
  `company_id` bigint DEFAULT NULL,
  `updated_count` int NOT NULL DEFAULT '0',
  PRIMARY KEY (`id`)
) ENGINE=InnoDB AUTO_INCREMENT=5 DEFAULT CHARSET=utf8mb4 COLLATE=utf8mb4_0900_ai_ci;

--
-- Dumping data for table `et_doc_sendingagency_recommendation`
--

INSERT INTO `et_doc_sendingagency_recommendation` VALUES (1,'sendingagency_name','2024-07-10','company_name','director_name',NULL,NULL,NULL,NULL,1,0),(2,'sendingagency_name','2024-07-16','company_name','director_name',NULL,NULL,NULL,NULL,1,0),(3,'sendingagency_name','2024-08-13','company_name','test',NULL,NULL,NULL,NULL,1,0),(4,'sendingagency_name','2024-09-02','test1','test2',NULL,NULL,NULL,NULL,1,0);

--
-- Table structure for table `et_doc_similar_job_description`
--

CREATE TABLE `et_doc_similar_job_description` (
  `id` int NOT NULL AUTO_INCREMENT,
  `check_1` int DEFAULT NULL,
  `check_2` int DEFAULT NULL,
  `check_3` tinyint(1) DEFAULT NULL,
  `check_4` tinyint(1) DEFAULT NULL,
  `check_5` tinyint(1) DEFAULT NULL,
  `created_at` timestamp NULL DEFAULT NULL,
  `created_by_id` bigint DEFAULT NULL,
  `updated_at` int DEFAULT NULL,
  `updated_by_id` bigint DEFAULT NULL,
  `company_id` bigint DEFAULT NULL,
  `updated_count` int NOT NULL DEFAULT '0',
  PRIMARY KEY (`id`)
) ENGINE=InnoDB AUTO_INCREMENT=3 DEFAULT CHARSET=utf8mb4 COLLATE=utf8mb4_0900_ai_ci;

--
-- Dumping data for table `et_doc_similar_job_description`
--

INSERT INTO `et_doc_similar_job_description` VALUES (1,1,0,1,0,1,NULL,NULL,NULL,NULL,NULL,0),(2,0,0,0,0,0,NULL,NULL,NULL,NULL,NULL,0);

--
-- Table structure for table `et_doc_specific_skills_employ_contract`
--

CREATE TABLE `et_doc_specific_skills_employ_contract` (
  `id` bigint NOT NULL AUTO_INCREMENT,
  `specific_skills_affiliation_agency` varchar(255) COLLATE utf8mb4_general_ci DEFAULT NULL,
  `specified_skilled_foreigners` varchar(255) COLLATE utf8mb4_general_ci DEFAULT NULL,
  `date` date DEFAULT NULL,
  `first` varchar(255) COLLATE utf8mb4_general_ci DEFAULT NULL,
  `second` varchar(255) COLLATE utf8mb4_general_ci DEFAULT NULL,
  `created_at` datetime NOT NULL DEFAULT CURRENT_TIMESTAMP,
  `created_by_id` bigint DEFAULT NULL,
  `updated_by_id` bigint DEFAULT NULL,
  `updated_at` datetime NOT NULL DEFAULT CURRENT_TIMESTAMP,
  `company_id` bigint DEFAULT NULL,
  `updated_count` bigint DEFAULT NULL,
  PRIMARY KEY (`id`)
) ENGINE=InnoDB AUTO_INCREMENT=4 DEFAULT CHARSET=utf8mb4 COLLATE=utf8mb4_general_ci;

--
-- Dumping data for table `et_doc_specific_skills_employ_contract`
--

INSERT INTO `et_doc_specific_skills_employ_contract` VALUES (1,'dsfsf','sdfsdf','2024-11-11','123','123','2024-10-29 11:53:57',NULL,NULL,'2024-10-29 11:53:57',1,0),(2,'オオノ会社','タナカ','2024-12-14','ｇふぁｌｈふぁｌｈｆ','ｇｌだｇぁｈｆ','2024-12-14 11:17:42',NULL,NULL,'2024-12-14 11:17:42',1,0),(3,'オオノ会社','タナカ','2025-02-12','ｇふぁｌｈふぁｌｈｆ','ｇｌだｇぁｈｆ','2024-12-31 16:49:37',NULL,151,'2025-02-22 13:37:14',1,1);

--
-- Table structure for table `et_doc_staff_cv`
--

CREATE TABLE `et_doc_staff_cv` (
  `id` bigint unsigned NOT NULL AUTO_INCREMENT,
  `staff_incharge_id` int DEFAULT NULL,
  `staff_instructor_gino_id` int DEFAULT NULL,
  `staff_instuctor_life_id` int DEFAULT NULL,
  `staff_furigana` varchar(255) COLLATE utf8mb4_unicode_ci DEFAULT NULL,
  `staff_name` varchar(255) COLLATE utf8mb4_unicode_ci DEFAULT NULL,
  `staff_birthdate` date DEFAULT NULL,
  `staff_national` varchar(255) COLLATE utf8mb4_unicode_ci DEFAULT NULL,
  `staff_degree` varchar(255) COLLATE utf8mb4_unicode_ci DEFAULT NULL,
  `staff_technical_training` varchar(255) COLLATE utf8mb4_unicode_ci DEFAULT NULL,
  `instructor_furigana` varchar(255) COLLATE utf8mb4_unicode_ci DEFAULT NULL,
  `instructor_name` varchar(255) COLLATE utf8mb4_unicode_ci DEFAULT NULL,
  `instructor_birthdate` date DEFAULT NULL,
  `instructor_national` varchar(255) COLLATE utf8mb4_unicode_ci DEFAULT NULL,
  `instructor_degree` varchar(255) COLLATE utf8mb4_unicode_ci DEFAULT NULL,
  `instructor_technical_training` varchar(255) COLLATE utf8mb4_unicode_ci DEFAULT NULL,
  `life_instructor_furigana` varchar(255) COLLATE utf8mb4_unicode_ci DEFAULT NULL,
  `life_instructor_name` varchar(255) COLLATE utf8mb4_unicode_ci DEFAULT NULL,
  `life_instructor_birthdate` date DEFAULT NULL,
  `life_instructor_national` varchar(255) COLLATE utf8mb4_unicode_ci DEFAULT NULL,
  `life_instructor_degree` varchar(255) COLLATE utf8mb4_unicode_ci DEFAULT NULL,
  `life_instructor_technical_training` varchar(255) COLLATE utf8mb4_unicode_ci DEFAULT NULL,
  `applicant_name` varchar(255) COLLATE utf8mb4_unicode_ci DEFAULT NULL,
  `address` varchar(255) COLLATE utf8mb4_unicode_ci DEFAULT NULL,
  `content_technical` varchar(255) COLLATE utf8mb4_unicode_ci DEFAULT NULL,
  `date` date DEFAULT NULL,
  `sign_staff_name` varchar(255) COLLATE utf8mb4_unicode_ci DEFAULT NULL,
  `sign_instructor_name` varchar(255) COLLATE utf8mb4_unicode_ci DEFAULT NULL,
  `sign_life_instructor_name` varchar(255) COLLATE utf8mb4_unicode_ci DEFAULT NULL,
  `created_at` timestamp NULL DEFAULT NULL,
  `created_by_id` bigint DEFAULT NULL,
  `updated_by_id` bigint DEFAULT NULL,
  `updated_at` timestamp NULL DEFAULT NULL,
  `company_id` bigint NOT NULL,
  `updated_count` int NOT NULL DEFAULT '0',
  PRIMARY KEY (`id`)
) ENGINE=InnoDB AUTO_INCREMENT=4 DEFAULT CHARSET=utf8mb4 COLLATE=utf8mb4_unicode_ci;

--
-- Dumping data for table `et_doc_staff_cv`
--

INSERT INTO `et_doc_staff_cv` VALUES (1,NULL,NULL,NULL,'staff_furigana','staff_name','2024-07-01','staff_national','staff_degree','staff_technical_training','instructor_furigana 2','instructor_name 2','2024-07-04','instructor_national 2','instructor_degree 2','instructor_technical_training 2','life_instructor_furigana 3','life_instructor_name 3','2024-07-05','life_instructor_national 3','life_instructor_degree 3','life_instructor_technical_training 3','applicant_name 3','address 3','content_technical 3','2024-07-06','sign_staff_name 3','sign_instructor_name 3','sign_life_instructor_name 3',NULL,NULL,1,NULL,1,3),(2,NULL,NULL,NULL,'staff_furigana','staff_name','2024-08-02','staff_national','staff_degree','staff_technical_training','instructor_furigana','instructor_name','2024-08-02','instructor_national','instructor_degree','instructor_technical_training','life_instructor_furigana','life_instructor_name','2024-08-08','life_instructor_national','life_instructor_degree','life_instructor_technical_training 3','applicant_name 3','address 3','content_technical 3','2024-08-12','sign_staff_name 3','sign_instructor_name 3','sign_life_instructor_name 3',NULL,NULL,1,NULL,1,6),(3,NULL,NULL,NULL,'staff_furigana','a','2024-09-10','as','ss','sa','123','12','2024-09-11','国籍','資格・免許','技能実習に係る講習の受講歴','ふりがな',NULL,'2024-08-12','国籍（国又は地域）','資格・免許','技能実習に係る講習の受講歴','applicant_name','address','content_technical','2024-09-10','技能実習責任者の氏名','技能実習指導員の氏名','技能実習指導員の氏名',NULL,NULL,1,NULL,1,3);

--
-- Table structure for table `et_doc_staff_cv_filelist`
--

CREATE TABLE `et_doc_staff_cv_filelist` (
  `id` int NOT NULL AUTO_INCREMENT,
  `staff_cv_id` bigint NOT NULL,
  `file` varchar(255) CHARACTER SET utf8mb4 COLLATE utf8mb4_unicode_ci DEFAULT NULL,
  `note` varchar(255) CHARACTER SET utf8mb4 COLLATE utf8mb4_unicode_ci DEFAULT NULL,
  `type` int NOT NULL COMMENT '1 staff, 2 instructor, 3 life_instructor',
  PRIMARY KEY (`id`)
) ENGINE=InnoDB AUTO_INCREMENT=14 DEFAULT CHARSET=utf8mb4 COLLATE=utf8mb4_0900_ai_ci;

--
-- Dumping data for table `et_doc_staff_cv_filelist`
--

INSERT INTO `et_doc_staff_cv_filelist` VALUES (1,1,'storage/app/public/et_document/doc_staff_cv/reform.png',NULL,1),(2,1,'storage/app/public/et_document/doc_staff_cv/kumiai_jobtype_scope.pdf',NULL,2),(3,1,'storage/app/public/et_document/doc_staff_cv/kokokuhi.png',NULL,3),(4,1,'storage/app/public/et_document/doc_staff_cv/reform.png',NULL,1),(5,1,'storage/app/public/et_document/doc_staff_cv/kumiai_jobtype_scope.pdf',NULL,2),(6,1,'storage/app/public/et_document/doc_staff_cv/kokokuhi.png',NULL,3),(7,1,'storage/app/public/et_document/doc_staff_cv/reform.png',NULL,1),(8,1,'storage/app/public/et_document/doc_staff_cv/kumiai_jobtype_scope.pdf',NULL,2),(9,1,'storage/app/public/et_document/doc_staff_cv/kokokuhi.png',NULL,3),(10,1,'storage/app/public/et_document/doc_staff_cv/doc_staff_cv (1).pdf',NULL,1),(11,2,'storage/app/public/et_document/doc_staff_cv/pic_point_01.png',NULL,1),(12,2,'storage/app/public/et_document/doc_staff_cv/pic_point_03.png',NULL,3),(13,2,'storage/app/public/et_document/doc_staff_cv/checklist.png',NULL,1);

--
-- Table structure for table `et_doc_staff_job_history`
--

CREATE TABLE `et_doc_staff_job_history` (
  `id` int NOT NULL AUTO_INCREMENT,
  `staff_cv_id` bigint NOT NULL,
  `year` varchar(4) DEFAULT NULL,
  `month` varchar(2) DEFAULT NULL,
  `date` int DEFAULT NULL,
  `content` varchar(255) CHARACTER SET utf8mb4 COLLATE utf8mb4_unicode_ci DEFAULT NULL,
  `type` int NOT NULL COMMENT '1 staff, 2 instructor, 3 life_instructor',
  PRIMARY KEY (`id`)
) ENGINE=InnoDB AUTO_INCREMENT=19 DEFAULT CHARSET=utf8mb4 COLLATE=utf8mb4_0900_ai_ci;

--
-- Dumping data for table `et_doc_staff_job_history`
--

INSERT INTO `et_doc_staff_job_history` VALUES (1,3,'2000','01',1,'test',1),(5,3,'2000','03',1,'life',3),(7,3,'2023','01',2,'test 123',2),(8,3,'2024','01',1,'life2',3),(9,3,'2024','01',2,'life3',3),(16,3,'2001','02',4,'test1',1),(17,3,'2000','03',5,'test2',1),(18,3,'2000','03',3,'test 1234',2);

--
-- Table structure for table `et_doc_supervisor_cv`
--

CREATE TABLE `et_doc_supervisor_cv` (
  `id` int NOT NULL AUTO_INCREMENT,
  `name` varchar(255) CHARACTER SET utf8mb4 COLLATE utf8mb4_unicode_ci DEFAULT NULL,
  `name_furigana` varchar(255) CHARACTER SET utf8mb4 COLLATE utf8mb4_0900_ai_ci DEFAULT NULL,
  `sex` int DEFAULT NULL COMMENT '1:male, 2:female',
  `birthdate` date DEFAULT NULL,
  `nationality` varchar(255) CHARACTER SET utf8mb4 COLLATE utf8mb4_unicode_ci DEFAULT NULL,
  `postcode` varchar(255) CHARACTER SET utf8mb4 COLLATE utf8mb4_unicode_ci DEFAULT NULL,
  `address` varchar(255) CHARACTER SET utf8mb4 COLLATE utf8mb4_unicode_ci DEFAULT NULL,
  `tel` varchar(255) CHARACTER SET utf8mb4 COLLATE utf8mb4_unicode_ci DEFAULT NULL,
  `company_name` varchar(255) CHARACTER SET utf8mb4 COLLATE utf8mb4_unicode_ci DEFAULT NULL,
  `company_address` varchar(255) CHARACTER SET utf8mb4 COLLATE utf8mb4_unicode_ci DEFAULT NULL,
  `company_postcode` varchar(255) CHARACTER SET utf8mb4 COLLATE utf8mb4_unicode_ci DEFAULT NULL,
  `company_tel` varchar(255) CHARACTER SET utf8mb4 COLLATE utf8mb4_unicode_ci DEFAULT NULL,
  `job_title` varchar(255) CHARACTER SET utf8mb4 COLLATE utf8mb4_unicode_ci DEFAULT NULL,
  `certificate` varchar(255) CHARACTER SET utf8mb4 COLLATE utf8mb4_unicode_ci DEFAULT NULL,
  `job_cv` varchar(255) CHARACTER SET utf8mb4 COLLATE utf8mb4_unicode_ci DEFAULT NULL,
  `job_sermina_cv` varchar(255) CHARACTER SET utf8mb4 COLLATE utf8mb4_unicode_ci DEFAULT NULL,
  `sign_date` date DEFAULT NULL,
  `sign_name` varchar(255) CHARACTER SET utf8mb4 COLLATE utf8mb4_unicode_ci DEFAULT NULL,
  `sign_creator_title` varchar(255) CHARACTER SET utf8mb4 COLLATE utf8mb4_unicode_ci DEFAULT NULL,
  `sign_creator_name` varchar(255) CHARACTER SET utf8mb4 COLLATE utf8mb4_unicode_ci DEFAULT NULL,
  `created_at` timestamp NULL DEFAULT NULL,
  `created_by_id` bigint DEFAULT NULL,
  `updated_at` int DEFAULT NULL,
  `updated_by_id` bigint DEFAULT NULL,
  `company_id` bigint DEFAULT NULL,
  `updated_count` int NOT NULL DEFAULT '0',
  PRIMARY KEY (`id`)
) ENGINE=InnoDB AUTO_INCREMENT=5 DEFAULT CHARSET=utf8mb4 COLLATE=utf8mb4_0900_ai_ci;

--
-- Dumping data for table `et_doc_supervisor_cv`
--

INSERT INTO `et_doc_supervisor_cv` VALUES (1,'name','name',2,'2024-07-04','test','0999','test address','0123456789','company_name','company_address','postcode','tel','job','certificate','job_cv','cv','2024-07-09','sign_name','sign_name 2','sign_name 3',NULL,NULL,NULL,1,1,1),(2,'name','name_furigana',2,'2024-07-09','nationality','postcode','address','tel','company_name','company_address','company_postcode','company_tel','job_title','certificate','job_cv','job_sermina_cv','2024-07-10','sign_name','sign_creator_title','sign_creator_name',NULL,NULL,NULL,NULL,1,0),(3,'name','name_furigana',1,'2020-01-01','nationality',NULL,NULL,NULL,'company_name','company_address',NULL,NULL,NULL,NULL,NULL,NULL,'2024-08-12','sign_name','sign_creator_title','sign_creator_name',NULL,NULL,NULL,1,1,3),(4,'test','1asdf',1,'2024-09-10','国籍（国又は地域）','12445','住所','電話','勤務先','勤務先住所','郵便番号','電話','役職名','資格・免許','技能実習に係る監理・指導等の経歴','技能実習に係る講習の受講歴','2024-09-11','申請者の名称','作成責任者 役職','作成責任者 氏名',NULL,NULL,NULL,1,1,3);

--
-- Table structure for table `et_doc_supervisor_pledge`
--

CREATE TABLE `et_doc_supervisor_pledge` (
  `id` int NOT NULL AUTO_INCREMENT,
  `name` varchar(255) CHARACTER SET utf8mb4 COLLATE utf8mb4_unicode_ci DEFAULT NULL,
  `address` varchar(255) CHARACTER SET utf8mb4 COLLATE utf8mb4_unicode_ci DEFAULT NULL,
  `sign_date` date DEFAULT NULL,
  `sign_name` varchar(255) CHARACTER SET utf8mb4 COLLATE utf8mb4_unicode_ci DEFAULT NULL,
  `note` varchar(255) CHARACTER SET utf8mb4 COLLATE utf8mb4_unicode_ci DEFAULT NULL,
  `created_at` timestamp NULL DEFAULT NULL,
  `created_by_id` bigint DEFAULT NULL,
  `updated_at` int DEFAULT NULL,
  `updated_by_id` bigint DEFAULT NULL,
  `company_id` bigint DEFAULT NULL,
  `updated_count` int NOT NULL DEFAULT '0',
  PRIMARY KEY (`id`)
) ENGINE=InnoDB AUTO_INCREMENT=3 DEFAULT CHARSET=utf8mb4 COLLATE=utf8mb4_0900_ai_ci;

--
-- Dumping data for table `et_doc_supervisor_pledge`
--

INSERT INTO `et_doc_supervisor_pledge` VALUES (1,'name','address','2024-07-12','sign_name',NULL,NULL,NULL,NULL,NULL,NULL,0),(2,'test','teset123','2024-09-11','hi',NULL,NULL,NULL,NULL,NULL,NULL,0);

--
-- Table structure for table `et_doc_support_plan_reference`
--

CREATE TABLE `et_doc_support_plan_reference` (
  `id` bigint NOT NULL AUTO_INCREMENT,
  `created_at` datetime DEFAULT NULL,
  `created_by_id` bigint DEFAULT NULL,
  `updated_by_id` bigint DEFAULT NULL,
  `updated_at` datetime DEFAULT NULL,
  `company_id` bigint NOT NULL,
  `updated_count` int DEFAULT NULL,
  PRIMARY KEY (`id`)
) ENGINE=InnoDB AUTO_INCREMENT=2 DEFAULT CHARSET=utf8mb4 COLLATE=utf8mb4_general_ci;

--
-- Dumping data for table `et_doc_support_plan_reference`
--

INSERT INTO `et_doc_support_plan_reference` VALUES (1,NULL,NULL,151,NULL,1,5);

--
-- Table structure for table `et_doc_teaching_techniques`
--

CREATE TABLE `et_doc_teaching_techniques` (
  `id` int NOT NULL AUTO_INCREMENT,
  `staff_cv_id` int NOT NULL,
  `job_content` varchar(255) CHARACTER SET utf8mb4 COLLATE utf8mb4_unicode_ci DEFAULT NULL,
  `year_experience` int DEFAULT NULL,
  `fulltime` tinyint(1) DEFAULT NULL,
  PRIMARY KEY (`id`)
) ENGINE=InnoDB AUTO_INCREMENT=4 DEFAULT CHARSET=utf8mb4 COLLATE=utf8mb4_0900_ai_ci;

--
-- Dumping data for table `et_doc_teaching_techniques`
--

INSERT INTO `et_doc_teaching_techniques` VALUES (1,1,'job_content 2',3,0),(2,2,'job_content',3,1),(3,3,'job_content',2,0);

--
-- Table structure for table `et_doc_terms_of_employment`
--

CREATE TABLE `et_doc_terms_of_employment` (
  `id` bigint NOT NULL AUTO_INCREMENT,
  `temple` varchar(250) COLLATE utf8mb4_general_ci DEFAULT NULL,
  `name_specific_skills_orgzation` varchar(250) COLLATE utf8mb4_general_ci DEFAULT NULL,
  `location` varchar(250) COLLATE utf8mb4_general_ci DEFAULT NULL,
  `telephone_number` varchar(100) COLLATE utf8mb4_general_ci DEFAULT NULL,
  `representative` varchar(250) COLLATE utf8mb4_general_ci DEFAULT NULL,
  `date_from_date_1` date DEFAULT NULL,
  `date_to_date_1` date DEFAULT NULL,
  `intended_date_entry` date DEFAULT NULL,
  `update_auto` tinyint(1) DEFAULT NULL,
  `may_update` tinyint(1) DEFAULT NULL,
  `my_contract` tinyint(1) DEFAULT NULL,
  `work_volume` tinyint(1) DEFAULT NULL,
  `worker_performance` tinyint(1) DEFAULT NULL,
  `worker_perform` tinyint(1) DEFAULT NULL,
  `company_management` tinyint(1) DEFAULT NULL,
  `progress_work` tinyint(1) DEFAULT NULL,
  `others` tinyint(1) DEFAULT NULL,
  `text_others` varchar(250) COLLATE utf8mb4_general_ci DEFAULT NULL,
  `temple_date` date DEFAULT NULL,
  `direct_hire` tinyint(1) DEFAULT NULL,
  `following_system_start_of_work1` time DEFAULT NULL,
  `business_name1` varchar(250) COLLATE utf8mb4_general_ci DEFAULT NULL,
  `location1` varchar(255) COLLATE utf8mb4_general_ci DEFAULT NULL,
  `contact_address1` varchar(255) COLLATE utf8mb4_general_ci DEFAULT NULL,
  `dis_emp` tinyint(1) DEFAULT NULL,
  `no_change1` tinyint(1) DEFAULT NULL,
  `business_name2` varchar(255) COLLATE utf8mb4_general_ci DEFAULT NULL,
  `location2` varchar(255) COLLATE utf8mb4_general_ci DEFAULT NULL,
  `contact_address2` varchar(255) COLLATE utf8mb4_general_ci DEFAULT NULL,
  `field1` varchar(255) COLLATE utf8mb4_general_ci DEFAULT NULL,
  `business_differen1` varchar(255) COLLATE utf8mb4_general_ci DEFAULT NULL,
  `no_change2` tinyint(1) DEFAULT NULL,
  `field2` varchar(255) COLLATE utf8mb4_general_ci DEFAULT NULL,
  `business_differen2` varchar(255) COLLATE utf8mb4_general_ci DEFAULT NULL,
  `start_of_work_time` time DEFAULT NULL,
  `end_of_work_time` time DEFAULT NULL,
  `scheduled_working_hours_time` time DEFAULT NULL,
  `variable_working` tinyint(1) DEFAULT NULL,
  `variable_working_text` varchar(255) COLLATE utf8mb4_general_ci DEFAULT NULL,
  `working_hours` tinyint(1) DEFAULT NULL,
  `following_system_end_of_work1` time DEFAULT NULL,
  `effective_date1` varchar(250) COLLATE utf8mb4_general_ci DEFAULT NULL,
  `scheduled_working_hours_day1` time DEFAULT NULL,
  `following_system_start_of_work1_1` time DEFAULT NULL,
  `following_system_end_of_work2` time NOT NULL,
  `effective_date2` varchar(250) COLLATE utf8mb4_general_ci DEFAULT NULL,
  `scheduled_working_hours_day2` time DEFAULT NULL,
  `following_system_start_of_work3` time DEFAULT NULL,
  `following_system_end_of_work3` time DEFAULT NULL,
  `effective_date3` varchar(250) COLLATE utf8mb4_general_ci DEFAULT NULL,
  `scheduled_working_hours_day3` time DEFAULT NULL,
  `break_time_minutes` varchar(50) COLLATE utf8mb4_general_ci DEFAULT NULL,
  `scheduled_working_hours_week` text COLLATE utf8mb4_general_ci,
  `scheduled_working_hours_month` text COLLATE utf8mb4_general_ci,
  `scheduled_working_hours_year` text COLLATE utf8mb4_general_ci,
  `scheduled_working_days_week` text COLLATE utf8mb4_general_ci,
  `overtime_work_available_have_none` tinyint DEFAULT NULL,
  `every_weekday` varchar(250) COLLATE utf8mb4_general_ci DEFAULT NULL,
  `others_regular_day` varchar(250) COLLATE utf8mb4_general_ci DEFAULT NULL,
  `total_number_holidays_per_year` varchar(50) COLLATE utf8mb4_general_ci DEFAULT NULL,
  `regular_day_day` varchar(100) COLLATE utf8mb4_general_ci DEFAULT NULL,
  `non_regular_week_month` varchar(50) COLLATE utf8mb4_general_ci DEFAULT NULL,
  `non_regular_others_days` varchar(50) COLLATE utf8mb4_general_ci DEFAULT NULL,
  `annual_paid_leave_day` varchar(200) COLLATE utf8mb4_general_ci DEFAULT NULL,
  `months_have_passed` varchar(255) COLLATE utf8mb4_general_ci DEFAULT NULL,
  `annual_paid_leave_have_none` tinyint DEFAULT NULL,
  `paid_leave` varchar(250) COLLATE utf8mb4_general_ci DEFAULT NULL,
  `unpaid` varchar(250) COLLATE utf8mb4_general_ci DEFAULT NULL,
  `monthly_salary1` varchar(250) COLLATE utf8mb4_general_ci DEFAULT NULL,
  `circle1` varchar(250) COLLATE utf8mb4_general_ci DEFAULT NULL,
  `monthly_salary2` varchar(100) COLLATE utf8mb4_general_ci DEFAULT NULL,
  `circle2` varchar(100) COLLATE utf8mb4_general_ci DEFAULT NULL,
  `time_to_give` varchar(100) COLLATE utf8mb4_general_ci DEFAULT NULL,
  `circle3` varchar(100) COLLATE utf8mb4_general_ci DEFAULT NULL,
  `allowance1` varchar(100) COLLATE utf8mb4_general_ci DEFAULT NULL,
  `allowance2` varchar(100) COLLATE utf8mb4_general_ci DEFAULT NULL,
  `allowance3` varchar(100) COLLATE utf8mb4_general_ci DEFAULT NULL,
  `legal_excess_hours` varchar(50) COLLATE utf8mb4_general_ci DEFAULT NULL,
  `legal_excess_month` varchar(50) COLLATE utf8mb4_general_ci DEFAULT NULL,
  `over_the_specified_limit` varchar(50) COLLATE utf8mb4_general_ci DEFAULT NULL,
  `legal_holidays` varchar(250) COLLATE utf8mb4_general_ci DEFAULT NULL,
  `holidays` varchar(100) COLLATE utf8mb4_general_ci DEFAULT NULL,
  `late_night` varchar(100) COLLATE utf8mb4_general_ci DEFAULT NULL,
  `monthly1` varchar(100) COLLATE utf8mb4_general_ci DEFAULT NULL,
  `monthly_day1` varchar(100) COLLATE utf8mb4_general_ci DEFAULT NULL,
  `monthly2` varchar(100) COLLATE utf8mb4_general_ci DEFAULT NULL,
  `monthly_day2` varchar(100) COLLATE utf8mb4_general_ci DEFAULT NULL,
  `monthly3` varchar(100) COLLATE utf8mb4_general_ci DEFAULT NULL,
  `monthly_day3` varchar(100) COLLATE utf8mb4_general_ci DEFAULT NULL,
  `monthly4` varchar(100) COLLATE utf8mb4_general_ci DEFAULT NULL,
  `monthly_day4` varchar(100) COLLATE utf8mb4_general_ci DEFAULT NULL,
  `direct_deposit` varchar(100) COLLATE utf8mb4_general_ci DEFAULT NULL,
  `currency_payment` varchar(100) COLLATE utf8mb4_general_ci DEFAULT NULL,
  `deductions_none_have` tinyint DEFAULT NULL,
  `salary_increase_have1` tinyint(1) DEFAULT NULL,
  `amount_etc1` varchar(100) COLLATE utf8mb4_general_ci DEFAULT NULL,
  `salary_increase_none1` varchar(100) COLLATE utf8mb4_general_ci DEFAULT NULL,
  `salary_increase_have2` tinyint(1) DEFAULT NULL,
  `amount_etc2` varchar(100) COLLATE utf8mb4_general_ci DEFAULT NULL,
  `salary_increase_none2` varchar(100) COLLATE utf8mb4_general_ci DEFAULT NULL,
  `severance_pay_have1` tinyint(1) DEFAULT NULL,
  `amount_etc3` varchar(100) COLLATE utf8mb4_general_ci DEFAULT NULL,
  `salary_increase_none3` varchar(100) COLLATE utf8mb4_general_ci DEFAULT NULL,
  `leave_allowance` tinyint(1) DEFAULT NULL,
  `rate` tinyint(1) DEFAULT NULL,
  `employee_pension_insurance` tinyint(1) DEFAULT NULL,
  `health_insurance` tinyint(1) DEFAULT NULL,
  `employment_insurance` tinyint(1) DEFAULT NULL,
  `compensation_insurance` tinyint(1) DEFAULT NULL,
  `national_pension` tinyint(1) DEFAULT NULL,
  `national_health_insurance` tinyint(1) DEFAULT NULL,
  `others9` tinyint(1) DEFAULT NULL,
  `text_others9` varchar(255) COLLATE utf8mb4_general_ci DEFAULT NULL,
  `upon_employment_year` int DEFAULT NULL,
  `upon_employment_month` int DEFAULT NULL,
  `health_check_year` int DEFAULT NULL,
  `health_check_month` int DEFAULT NULL,
  `after_that` varchar(100) COLLATE utf8mb4_general_ci DEFAULT NULL,
  `department_name` varchar(100) COLLATE utf8mb4_general_ci DEFAULT NULL,
  `name_position` varchar(100) COLLATE utf8mb4_general_ci DEFAULT NULL,
  `contact_address` varchar(200) COLLATE utf8mb4_general_ci DEFAULT NULL,
  `recipient` varchar(255) COLLATE utf8mb4_general_ci DEFAULT NULL,
  `monthly_salary` tinyint(1) DEFAULT NULL,
  `circle_basic_wage1` int DEFAULT NULL,
  `daily_allowance` tinyint(1) DEFAULT NULL,
  `circle_basic_wage2` int DEFAULT NULL,
  `time_give` tinyint(1) DEFAULT NULL,
  `circle_basic_wage3` int DEFAULT NULL,
  `hourly_rate_wage` int DEFAULT NULL,
  `monthly_amount_wage` int DEFAULT NULL,
  `allowance1_2` varchar(100) COLLATE utf8mb4_general_ci DEFAULT NULL,
  `all_circle_1` varchar(100) COLLATE utf8mb4_general_ci DEFAULT NULL,
  `calculation_method1` varchar(100) COLLATE utf8mb4_general_ci DEFAULT NULL,
  `allowance2_2` varchar(100) COLLATE utf8mb4_general_ci DEFAULT NULL,
  `all_circle_2` varchar(100) COLLATE utf8mb4_general_ci DEFAULT NULL,
  `calculation_method2` varchar(100) COLLATE utf8mb4_general_ci DEFAULT NULL,
  `allowance3_2` varchar(100) COLLATE utf8mb4_general_ci DEFAULT NULL,
  `all_circle_3` varchar(100) COLLATE utf8mb4_general_ci DEFAULT NULL,
  `calculation_method3` varchar(100) COLLATE utf8mb4_general_ci DEFAULT NULL,
  `allowance4` varchar(100) COLLATE utf8mb4_general_ci DEFAULT NULL,
  `all_circle_4` varchar(100) COLLATE utf8mb4_general_ci DEFAULT NULL,
  `calculation_method4` varchar(100) COLLATE utf8mb4_general_ci DEFAULT NULL,
  `allowance5` varchar(100) COLLATE utf8mb4_general_ci DEFAULT NULL,
  `all_circle_5` varchar(100) COLLATE utf8mb4_general_ci DEFAULT NULL,
  `overtime_allowance` varchar(100) COLLATE utf8mb4_general_ci DEFAULT NULL,
  `for_overtime` varchar(100) COLLATE utf8mb4_general_ci DEFAULT NULL,
  `about` varchar(200) COLLATE utf8mb4_general_ci DEFAULT NULL,
  `tax` varchar(100) COLLATE utf8mb4_general_ci DEFAULT NULL,
  `gold` varchar(150) COLLATE utf8mb4_general_ci DEFAULT NULL,
  `about_circle_a` varchar(150) COLLATE utf8mb4_general_ci DEFAULT NULL,
  `social_insurance_premiums` varchar(150) COLLATE utf8mb4_general_ci DEFAULT NULL,
  `about_circle_b` varchar(150) COLLATE utf8mb4_general_ci DEFAULT NULL,
  `employment_insurance_premiums` varchar(150) COLLATE utf8mb4_general_ci DEFAULT NULL,
  `about_circle_c` varchar(150) COLLATE utf8mb4_general_ci DEFAULT NULL,
  `food_expenses` varchar(150) COLLATE utf8mb4_general_ci DEFAULT NULL,
  `about_circle_d` varchar(150) COLLATE utf8mb4_general_ci DEFAULT NULL,
  `residence_fee` varchar(150) COLLATE utf8mb4_general_ci DEFAULT NULL,
  `about_circle_e` varchar(150) COLLATE utf8mb4_general_ci DEFAULT NULL,
  `about_circle_f_1` varchar(150) COLLATE utf8mb4_general_ci DEFAULT NULL,
  `others_f_1` varchar(150) COLLATE utf8mb4_general_ci DEFAULT NULL,
  `about_circle_f_2` text COLLATE utf8mb4_general_ci,
  `others_f_2` text COLLATE utf8mb4_general_ci,
  `about_circle_f_3` text COLLATE utf8mb4_general_ci,
  `others_f_3` text COLLATE utf8mb4_general_ci,
  `about_circle_f_4` text COLLATE utf8mb4_general_ci,
  `others_f_4` varchar(100) COLLATE utf8mb4_general_ci DEFAULT NULL,
  `about_circle_f_5` varchar(100) COLLATE utf8mb4_general_ci DEFAULT NULL,
  `others_f_5` varchar(100) COLLATE utf8mb4_general_ci DEFAULT NULL,
  `about_circle_f_6` varchar(100) COLLATE utf8mb4_general_ci DEFAULT NULL,
  `amount_deducted` varchar(100) COLLATE utf8mb4_general_ci DEFAULT NULL,
  `about_circle_total` varchar(100) COLLATE utf8mb4_general_ci DEFAULT NULL,
  `date_title_1` date DEFAULT NULL,
  `temple_2` varchar(100) COLLATE utf8mb4_general_ci DEFAULT NULL,
  `namespecific_skill_organization_5` varchar(100) COLLATE utf8mb4_general_ci DEFAULT NULL,
  `location_5` varchar(100) COLLATE utf8mb4_general_ci DEFAULT NULL,
  `telephone_number_5` varchar(50) COLLATE utf8mb4_general_ci DEFAULT NULL,
  `title_and_name` varchar(100) COLLATE utf8mb4_general_ci DEFAULT NULL,
  `direct_hire_5` tinyint(1) DEFAULT NULL,
  `business_name_5` varchar(100) COLLATE utf8mb4_general_ci DEFAULT NULL,
  `location_5_1` varchar(100) COLLATE utf8mb4_general_ci DEFAULT NULL,
  `contact_address_5` text COLLATE utf8mb4_general_ci,
  `dispatch_5` tinyint(1) DEFAULT NULL,
  `no_change_5` tinyint(1) DEFAULT NULL,
  `business_name_5_1` text COLLATE utf8mb4_general_ci,
  `location_5_1_2` text COLLATE utf8mb4_general_ci,
  `contact_address_5_1` text COLLATE utf8mb4_general_ci,
  `field_5_1` text COLLATE utf8mb4_general_ci,
  `business_differen_5_1` text COLLATE utf8mb4_general_ci,
  `no_change_possible_5` text COLLATE utf8mb4_general_ci,
  `field_5_2` text COLLATE utf8mb4_general_ci,
  `business_differen_5_2` text COLLATE utf8mb4_general_ci,
  `start_of_work_start1` time DEFAULT NULL,
  `start_of_work_end1` time DEFAULT NULL,
  `scheduled_working_hours_per_day_time` time DEFAULT NULL,
  `variable_working_hours_system` tinyint(1) DEFAULT NULL,
  `variable_working_hours_system_units` text COLLATE utf8mb4_general_ci,
  `as_shift_system` tinyint(1) DEFAULT NULL,
  `start_of_work_as_shift_system1` time DEFAULT NULL,
  `start_of_work_as_shift_system2` time DEFAULT NULL,
  `effective_date_as_shift_system1` time DEFAULT NULL,
  `contact_address_5_1_2` text COLLATE utf8mb4_general_ci,
  `start_of_work_as_shift_system4_1` time DEFAULT NULL,
  `start_of_work_as_shift_system5` time DEFAULT NULL,
  `effective_date_as_shift_system3` time(1) DEFAULT NULL,
  `scheduled_working_as_shift_system3` time DEFAULT NULL,
  `break_time_minutes_1` int DEFAULT NULL,
  `start_of_work_start1_2` time DEFAULT NULL,
  `start_of_work_end1_2` time DEFAULT NULL,
  `scheduled_working_hours_per_day_time_1` time DEFAULT NULL,
  `variable_working_hours_system_1` tinyint(1) DEFAULT NULL,
  `variable_working_hours_system_units_1` text COLLATE utf8mb4_general_ci,
  `as_shift_system_1` tinyint(1) DEFAULT NULL,
  `start_of_work_as_shift_system1_2` text COLLATE utf8mb4_general_ci,
  `start_of_work_as_shift_system2_2` text COLLATE utf8mb4_general_ci,
  `effective_date_as_shift_system1_2` text COLLATE utf8mb4_general_ci,
  `scheduled_working_as_shift_system1` text COLLATE utf8mb4_general_ci,
  `start_of_work_as_shift_system3` text COLLATE utf8mb4_general_ci,
  `start_of_work_as_shift_system4` text COLLATE utf8mb4_general_ci,
  `effective_date_as_shift_system2` text COLLATE utf8mb4_general_ci,
  `scheduled_working_as_shift_system2` text COLLATE utf8mb4_general_ci,
  `scheduled_working_minutes_week` text COLLATE utf8mb4_general_ci,
  `scheduled_working_hours_time_1` text COLLATE utf8mb4_general_ci,
  `scheduled_working_days_1` text COLLATE utf8mb4_general_ci,
  `scheduled_working_days_2` text COLLATE utf8mb4_general_ci,
  `scheduled_working_days_3` text COLLATE utf8mb4_general_ci,
  `work_available_have_none` tinyint DEFAULT NULL,
  `holiday_every_week` text COLLATE utf8mb4_general_ci,
  `holiday_others` text COLLATE utf8mb4_general_ci,
  `total_number_holidays_per_year_1` text COLLATE utf8mb4_general_ci,
  `per_month` int DEFAULT NULL,
  `per_month_others` text COLLATE utf8mb4_general_ci,
  `annual_paid_leave_six_months` text COLLATE utf8mb4_general_ci,
  `six_months_have_none` tinyint DEFAULT NULL,
  `months_have_passed_1` text COLLATE utf8mb4_general_ci,
  `other_holidays_paid_leave` text COLLATE utf8mb4_general_ci,
  `other_holidays_unpaid` text COLLATE utf8mb4_general_ci,
  `basic_wage_monthly_salary` text COLLATE utf8mb4_general_ci,
  `basic_wage_salary` text COLLATE utf8mb4_general_ci,
  `basic_wage_daily_allowance` text COLLATE utf8mb4_general_ci,
  `basic_wage_daily_allowance_salary` text COLLATE utf8mb4_general_ci,
  `basic_wage_time_to_give` text COLLATE utf8mb4_general_ci,
  `various_allowances_1` text COLLATE utf8mb4_general_ci,
  `various_allowances_2` text COLLATE utf8mb4_general_ci,
  `various_allowances_3` text COLLATE utf8mb4_general_ci,
  `legal_excess_60_hours_less` int DEFAULT NULL,
  `legally_exceeded_60_hours_per_month` int DEFAULT NULL,
  `over_the_specified_limit_1` text COLLATE utf8mb4_general_ci,
  `legal_holidays_1` int DEFAULT NULL,
  `non_statutory_holidays` int DEFAULT NULL,
  `late_night_1` int DEFAULT NULL,
  `monthly_wage_deadline_1` tinyint(1) DEFAULT NULL,
  `monthly_wage_day_1` text COLLATE utf8mb4_general_ci,
  `monthly_wage_deadline_2` tinyint(1) DEFAULT NULL,
  `monthly_wage_day_2` text COLLATE utf8mb4_general_ci,
  `monthly_wage_deadline_3` tinyint(1) DEFAULT NULL,
  `monthly_wage_day_3` text COLLATE utf8mb4_general_ci,
  `monthly_wage_deadline_4` tinyint(1) DEFAULT NULL,
  `monthly_wage_day_4` text COLLATE utf8mb4_general_ci,
  `payment_method_direct_deposit` tinyint(1) DEFAULT NULL,
  `payment_method_currency_payment` tinyint(1) DEFAULT NULL,
  `deductions_the_time_have_none` tinyint DEFAULT NULL,
  `salary_increase_have_none` tinyint DEFAULT NULL,
  `amount_etc_1` text COLLATE utf8mb4_general_ci,
  `amount_etc_2` text COLLATE utf8mb4_general_ci,
  `bonus_have_none` tinyint DEFAULT NULL,
  `severance_pay_have_none` tinyint DEFAULT NULL,
  `amount_etc_3` text COLLATE utf8mb4_general_ci,
  `leave_allowance_have` tinyint(1) DEFAULT NULL,
  `leave_allowance_have_text` text COLLATE utf8mb4_general_ci,
  `retir` text COLLATE utf8mb4_general_ci,
  `employee_pension_insurance_1` tinyint(1) DEFAULT NULL,
  `health_insurance_1` tinyint(1) DEFAULT NULL,
  `employment_insurance_1` tinyint(1) DEFAULT NULL,
  `workers_accident_compensation_insurance` tinyint(1) DEFAULT NULL,
  `national_pension_1` tinyint(1) DEFAULT NULL,
  `national_health_insurance_1` tinyint(1) DEFAULT NULL,
  `others_10` tinyint(1) DEFAULT NULL,
  `others_text` text COLLATE utf8mb4_general_ci,
  `at_the_time_of_employment` varchar(10) CHARACTER SET utf8mb4 COLLATE utf8mb4_general_ci DEFAULT NULL,
  `health_check_time` varchar(10) CHARACTER SET utf8mb4 COLLATE utf8mb4_general_ci DEFAULT NULL,
  `conducted_every_after` text COLLATE utf8mb4_general_ci,
  `department_name_9_4` text COLLATE utf8mb4_general_ci,
  `name_position_9_4` text COLLATE utf8mb4_general_ci,
  `contact_address_9_4` text COLLATE utf8mb4_general_ci,
  `work_regulations_9` text COLLATE utf8mb4_general_ci,
  `customer_id` bigint DEFAULT NULL,
  `created_by_id` bigint DEFAULT NULL,
  `created_at` timestamp NOT NULL DEFAULT CURRENT_TIMESTAMP,
  `updated_by_id` bigint DEFAULT NULL,
  `updated_at` timestamp NOT NULL DEFAULT CURRENT_TIMESTAMP,
  `company_id` bigint DEFAULT NULL,
  `basic_wage_time_to_give_salary` text COLLATE utf8mb4_general_ci,
  `updated_count` bigint DEFAULT NULL,
  `date_title_2` date DEFAULT NULL,
  PRIMARY KEY (`id`)
) ENGINE=InnoDB AUTO_INCREMENT=5 DEFAULT CHARSET=utf8mb4 COLLATE=utf8mb4_general_ci;

--
-- Dumping data for table `et_doc_terms_of_employment`
--

INSERT INTO `et_doc_terms_of_employment` VALUES (3,'1','tokyo','3','082942000','代表取締役 入管 太郎','2024-12-14','2027-12-14','2024-12-14',1,0,0,1,0,0,1,0,0,'0','2024-12-14',1,'13:09:59','オオノ','東京','東京都新宿区',0,0,'大阪工場','神奈川','神奈川ABC','たなは','きゅうしゅう',0,'沖縄','たかた','13:09:59','13:09:59','13:09:59',0,'0',0,'13:09:59','0','13:09:59','13:09:59','13:09:59','0','13:09:59','13:09:59','13:09:59','0','13:09:59','0','160735','160','1920','20',0,'2','4','4','2','1','3','1','1',0,'1','2','1','2','3','3','1','3','3','1','4','2','1','0','3','2','1','4','1','5','3','3','1','4','3','2','4',1,1,'3','0',1,'4','0',0,'4','1',1,4,1,0,0,0,0,0,0,'0',3,4,3,4,'5','4','4','5','4',0,43,0,45,NULL,23,18000,5000,'3','3','4','2','3','3','3','5','5','4','3','5','5','4','4','4','33','3','1','1','3','1','3','0','0','5','6','5','4','4','4','5','6','0','0','0','0','0','0','0','0','2024-12-14','0','0','0','0','0',0,'0','0','0',0,0,'0','0',NULL,'0','0','0','0','0',NULL,NULL,NULL,NULL,NULL,NULL,NULL,NULL,NULL,'0','16:52:10','16:52:10','16:52:10.0','16:52:10',0,'13:09:59','13:09:59','13:09:59',0,'0',0,'130959','130959','130959','130959','130959','130959','130959','130959','0','0','0','0','0',0,'0','0','0',0,'0','0',0,'0','0','0','0','0','0','0','0','0','0','0',0,0,'0',0,0,0,0,'0',0,'0',0,'0',0,'0',0,0,0,0,'0','0',0,0,'0',0,'0','0',0,0,0,0,0,0,0,'0','2024-02','2034-02','0','0','0','0','0',NULL,NULL,'2024-12-14 04:53:25',1,'2024-12-14 07:52:10',1,'0',4,NULL),(4,'NGUYEN VAN SON','株式会社 入管','東京都','082-942-000','代表取締役 入管 太郎','2025-04-01','2026-03-30','2025-01-19',1,0,0,1,0,0,1,0,0,'30','2024-12-19',1,'08:00:00','大阪工場 所 在 地 大阪府〇〇市','大阪府','大阪府マツドシ',0,1,'東京工場','東京都','東京新宿','素形材・産業機械','建設',0,'電気電子情報関連製造業','とび','09:00:00','18:00:00','08:00:01',0,'0',0,'17:00:00','２３','08:00:00','08:00:00','17:00:00','20','08:00:00','08:00:00','17:00:00','12','08:00:00','1','1','40','1600','40',1,'2','1','1','2','1','1','3','1',0,'10','休暇','200,000','8000','700,000','20000','2000','1','2000','30000','10000','1','1','1','1','1','1','1','1','1','1','1','1','1','1','1','1',1,1,'1','0',1,'1','0',0,'1','1',1,1,1,0,0,0,0,0,0,'0',1,1,1,1,'1','1','1','1','1',1,1,0,1,NULL,1,1,1,'1','1','1','1','1','1','1','1','1','1','1','0','1','1','1','1','2','1','1','1','1','1','1','1','1','1','1','1','1','1','1','1','1','1','1','1','1','1','1','1','1','2025-02-20','1','1','1','1','1',1,'1','1','1',0,0,'1','1',NULL,'1','1','0','1','1',NULL,NULL,NULL,NULL,NULL,NULL,NULL,NULL,NULL,'1','12:56:14','12:56:14','12:56:14.0','12:56:14',1,'11:16:59','11:16:59','11:16:59',1,'1',0,'1','1','1','1','1','1','1','1','1','2024-12-19T13:57','1','1','1',1,'1','1','1',1,'1','1',1,'1','1','1','1','1','1','1','1','1','1','1',1,1,'1',1,1,1,0,'1',0,'1',0,'1',0,'1',1,0,1,1,'1','1',1,1,'1',1,'1','1',1,0,0,0,0,0,0,'0','202520-01','2024-12','1','1','1','1','1',NULL,NULL,'2024-12-19 02:16:59',151,'2025-02-22 03:56:14',1,'1',13,'2024-12-19');

--
-- Table structure for table `et_doc_trainee_consultation`
--

CREATE TABLE `et_doc_trainee_consultation` (
  `id` int NOT NULL AUTO_INCREMENT,
  `created_at` timestamp NULL DEFAULT NULL,
  `created_by_id` bigint DEFAULT NULL,
  `updated_at` int DEFAULT NULL,
  `updated_by_id` bigint DEFAULT NULL,
  `company_id` bigint DEFAULT NULL,
  `updated_count` int NOT NULL DEFAULT '0',
  PRIMARY KEY (`id`)
) ENGINE=InnoDB AUTO_INCREMENT=2 DEFAULT CHARSET=utf8mb4 COLLATE=utf8mb4_0900_ai_ci;

--
-- Dumping data for table `et_doc_trainee_consultation`
--

INSERT INTO `et_doc_trainee_consultation` VALUES (1,NULL,NULL,NULL,1,1,4);

--
-- Table structure for table `et_doc_trainee_consultation_detail`
--

CREATE TABLE `et_doc_trainee_consultation_detail` (
  `id` int NOT NULL AUTO_INCREMENT,
  `trainee_consultation_id` int DEFAULT NULL,
  `date` date DEFAULT NULL,
  `trainee_name` varchar(255) CHARACTER SET utf8mb4 COLLATE utf8mb4_unicode_ci DEFAULT NULL,
  `staff_name` varchar(255) CHARACTER SET utf8mb4 COLLATE utf8mb4_unicode_ci DEFAULT NULL,
  `content` varchar(255) CHARACTER SET utf8mb4 COLLATE utf8mb4_unicode_ci DEFAULT NULL,
  `method_content` varchar(255) CHARACTER SET utf8mb4 COLLATE utf8mb4_unicode_ci DEFAULT NULL,
  `method_date` date DEFAULT NULL,
  `method_staff_name` varchar(255) CHARACTER SET utf8mb4 COLLATE utf8mb4_unicode_ci DEFAULT NULL,
  `leader_name` varchar(255) CHARACTER SET utf8mb4 COLLATE utf8mb4_unicode_ci DEFAULT NULL,
  PRIMARY KEY (`id`)
) ENGINE=InnoDB AUTO_INCREMENT=7 DEFAULT CHARSET=utf8mb4 COLLATE=utf8mb4_0900_ai_ci;

--
-- Dumping data for table `et_doc_trainee_consultation_detail`
--

INSERT INTO `et_doc_trainee_consultation_detail` VALUES (1,1,'2024-07-10','Nguyen A','STAFF NAME','CONTENT','METHOD CONTENT','2024-07-17','METHOD STAFF NAME','LEADER NAME'),(2,1,'2024-07-20','Nguyen B','STAFF NAME2','CONTENT2','METHOD CONTENT2','2024-07-19','METHOD TAFF NAME2','LEADER NAME2'),(3,1,NULL,'c',NULL,'',NULL,NULL,NULL,NULL),(4,1,NULL,'d',NULL,'',NULL,NULL,NULL,NULL),(5,1,NULL,'e',NULL,'',NULL,NULL,NULL,NULL),(6,1,NULL,'f',NULL,'',NULL,NULL,NULL,NULL);

--
-- Table structure for table `et_doc_trainee_declaration`
--

CREATE TABLE `et_doc_trainee_declaration` (
  `id` bigint unsigned NOT NULL AUTO_INCREMENT,
  `national` varchar(255) COLLATE utf8mb4_unicode_ci DEFAULT NULL,
  `jobtype` varchar(255) CHARACTER SET utf8mb4 COLLATE utf8mb4_unicode_ci DEFAULT NULL,
  `date` date DEFAULT NULL,
  `note` text CHARACTER SET utf8mb4 COLLATE utf8mb4_unicode_ci,
  `sign_name` varchar(255) COLLATE utf8mb4_unicode_ci DEFAULT NULL,
  `created_at` timestamp NULL DEFAULT NULL,
  `created_by_id` bigint DEFAULT NULL,
  `updated_by_id` bigint DEFAULT NULL,
  `updated_at` timestamp NULL DEFAULT NULL,
  `company_id` bigint NOT NULL,
  `updated_count` int NOT NULL DEFAULT '0',
  PRIMARY KEY (`id`)
) ENGINE=InnoDB AUTO_INCREMENT=3 DEFAULT CHARSET=utf8mb4 COLLATE=utf8mb4_unicode_ci;

--
-- Dumping data for table `et_doc_trainee_declaration`
--

INSERT INTO `et_doc_trainee_declaration` VALUES (1,'national','jobtype','2024-06-21','note note','NGUYEN DUC TAP',NULL,NULL,1,NULL,1,12),(2,NULL,NULL,NULL,NULL,NULL,NULL,NULL,1,NULL,1,3);

--
-- Table structure for table `et_doc_trainee_list`
--

CREATE TABLE `et_doc_trainee_list` (
  `id` int NOT NULL AUTO_INCREMENT,
  `sign_name` varchar(255) CHARACTER SET utf8mb4 COLLATE utf8mb4_unicode_ci DEFAULT NULL,
  `sign_date` date DEFAULT NULL,
  `sign_name_leader` varchar(255) CHARACTER SET utf8mb4 COLLATE utf8mb4_unicode_ci DEFAULT NULL,
  `created_at` timestamp NULL DEFAULT NULL,
  `created_by_id` bigint DEFAULT NULL,
  `updated_at` int DEFAULT NULL,
  `updated_by_id` bigint DEFAULT NULL,
  `company_id` bigint DEFAULT NULL,
  `updated_count` int NOT NULL DEFAULT '0',
  PRIMARY KEY (`id`)
) ENGINE=InnoDB AUTO_INCREMENT=124 DEFAULT CHARSET=utf8mb4 COLLATE=utf8mb4_0900_ai_ci;

--
-- Dumping data for table `et_doc_trainee_list`
--

INSERT INTO `et_doc_trainee_list` VALUES (123,'sign_name','2024-08-24','12345678',NULL,NULL,NULL,1,1,3);

--
-- Table structure for table `et_doc_trainee_list_name`
--

CREATE TABLE `et_doc_trainee_list_name` (
  `id` bigint NOT NULL AUTO_INCREMENT,
  `doc_trainee_list_id` bigint NOT NULL,
  `name` varchar(255) COLLATE utf8mb4_unicode_ci DEFAULT NULL,
  `type` varchar(255) CHARACTER SET utf8mb4 COLLATE utf8mb4_unicode_ci DEFAULT NULL,
  `date_from` date DEFAULT NULL,
  `date_to` date DEFAULT NULL,
  `note` varchar(255) CHARACTER SET utf8mb4 COLLATE utf8mb4_unicode_ci DEFAULT NULL,
  PRIMARY KEY (`id`)
) ENGINE=InnoDB AUTO_INCREMENT=3 DEFAULT CHARSET=utf8mb4 COLLATE=utf8mb4_unicode_ci;

--
-- Dumping data for table `et_doc_trainee_list_name`
--

INSERT INTO `et_doc_trainee_list_name` VALUES (2,123,'test','1','2024-08-20','2024-08-14','8');

--
-- Table structure for table `et_doc_trainee_pledge`
--

CREATE TABLE `et_doc_trainee_pledge` (
  `id` bigint unsigned NOT NULL AUTO_INCREMENT,
  `customer_name` varchar(255) CHARACTER SET utf8mb4 COLLATE utf8mb4_unicode_ci DEFAULT NULL,
  `staff_name` varchar(255) CHARACTER SET utf8mb4 COLLATE utf8mb4_unicode_ci DEFAULT NULL,
  `date` date DEFAULT NULL,
  `number_1` int DEFAULT NULL,
  `number_2` int DEFAULT NULL,
  `number_3` int DEFAULT NULL,
  `number_4` int DEFAULT NULL,
  `number_5` int DEFAULT NULL,
  `number_6` int DEFAULT NULL,
  `number_7` int DEFAULT NULL,
  `number_8` int DEFAULT NULL,
  `number_9` int DEFAULT NULL,
  `number_10` int DEFAULT NULL,
  `number_11` int DEFAULT NULL,
  `number_12` int DEFAULT NULL,
  `number_13` int DEFAULT NULL,
  `number_14` int DEFAULT NULL,
  `number_15` int DEFAULT NULL,
  `number_16` int DEFAULT NULL,
  `note` text CHARACTER SET utf8mb4 COLLATE utf8mb4_unicode_ci,
  `created_at` timestamp NULL DEFAULT NULL,
  `created_by_id` bigint DEFAULT NULL,
  `updated_by_id` bigint DEFAULT NULL,
  `updated_at` timestamp NULL DEFAULT NULL,
  `company_id` bigint NOT NULL,
  `updated_count` int NOT NULL DEFAULT '0',
  PRIMARY KEY (`id`)
) ENGINE=InnoDB AUTO_INCREMENT=6 DEFAULT CHARSET=utf8mb4 COLLATE=utf8mb4_unicode_ci;

--
-- Dumping data for table `et_doc_trainee_pledge`
--

INSERT INTO `et_doc_trainee_pledge` VALUES (1,'2','1','2024-05-31',1,1,1,1,1,NULL,NULL,NULL,NULL,NULL,NULL,NULL,NULL,NULL,NULL,NULL,NULL,NULL,NULL,NULL,NULL,1,0),(2,'2','1','2024-07-10',1,1,1,NULL,NULL,NULL,NULL,NULL,NULL,1,1,NULL,NULL,1,NULL,NULL,NULL,NULL,NULL,NULL,NULL,1,0),(3,'test','test 2','2024-07-19',0,0,0,0,0,0,0,0,0,0,0,0,0,0,0,0,NULL,NULL,NULL,NULL,NULL,1,0),(4,'test','staff_name','2024-07-31',1,1,1,1,1,1,1,1,1,1,1,1,1,1,1,1,NULL,NULL,NULL,NULL,NULL,1,0),(5,'株式会社AlphaCep','大越 花蓮','2024-08-08',0,0,0,0,0,0,0,0,0,0,0,0,0,0,0,0,NULL,NULL,NULL,NULL,NULL,1,0);

--
-- Table structure for table `et_doc_trainee_pledge_listname`
--

CREATE TABLE `et_doc_trainee_pledge_listname` (
  `id` bigint unsigned NOT NULL AUTO_INCREMENT,
  `doc_trainee_pledge_id` int DEFAULT NULL,
  `name` varchar(255) COLLATE utf8mb4_unicode_ci DEFAULT NULL,
  `nationality` varchar(255) CHARACTER SET utf8mb4 COLLATE utf8mb4_unicode_ci DEFAULT NULL,
  `created_at` timestamp NULL DEFAULT NULL,
  `updated_at` timestamp NULL DEFAULT NULL,
  PRIMARY KEY (`id`)
) ENGINE=InnoDB AUTO_INCREMENT=13 DEFAULT CHARSET=utf8mb4 COLLATE=utf8mb4_unicode_ci;

--
-- Dumping data for table `et_doc_trainee_pledge_listname`
--

INSERT INTO `et_doc_trainee_pledge_listname` VALUES (2,5,'nguyen van a','アルジェリア',NULL,NULL),(3,5,'nguyen van b','アルジェリア',NULL,NULL),(4,5,'nguyen van c','アルジェリア',NULL,NULL),(5,5,'nguyen van d','オーストラリア',NULL,NULL),(6,5,'nguyen van e','カンボジア',NULL,NULL),(7,5,'大越 花蓮','ブラジル',NULL,NULL),(8,4,'test1','アルゼンチン',NULL,NULL),(9,4,'test2','中国',NULL,NULL),(10,4,'test3','オーストラリア',NULL,NULL),(11,4,'test4','コロンビア',NULL,NULL),(12,4,'test5','中国',NULL,NULL);

--
-- Table structure for table `et_doc_training_certification`
--

CREATE TABLE `et_doc_training_certification` (
  `id` bigint unsigned NOT NULL AUTO_INCREMENT,
  `date` date DEFAULT NULL,
  `customer_name` varchar(255) CHARACTER SET utf8mb4 COLLATE utf8mb4_unicode_ci DEFAULT NULL,
  `company_name` varchar(255) CHARACTER SET utf8mb4 COLLATE utf8mb4_unicode_ci DEFAULT NULL,
  `create_date` date DEFAULT NULL,
  `receipt_number` varchar(255) CHARACTER SET utf8mb4 COLLATE utf8mb4_unicode_ci DEFAULT NULL,
  `customer_director_name` varchar(255) CHARACTER SET utf8mb4 COLLATE utf8mb4_unicode_ci DEFAULT NULL,
  `customer_name_furigana` varchar(255) CHARACTER SET utf8mb4 COLLATE utf8mb4_unicode_ci DEFAULT NULL,
  `customer_postcode` varchar(255) CHARACTER SET utf8mb4 COLLATE utf8mb4_unicode_ci DEFAULT NULL,
  `customer_address` varchar(255) CHARACTER SET utf8mb4 COLLATE utf8mb4_unicode_ci DEFAULT NULL,
  `customer_tel` varchar(255) CHARACTER SET utf8mb4 COLLATE utf8mb4_unicode_ci DEFAULT NULL,
  `customer_director_name_furigana` varchar(255) COLLATE utf8mb4_unicode_ci DEFAULT NULL,
  `customer_company_number` varchar(255) CHARACTER SET utf8mb4 COLLATE utf8mb4_unicode_ci DEFAULT NULL,
  `jobtype_category` varchar(255) COLLATE utf8mb4_unicode_ci DEFAULT NULL,
  `jobtype_name` varchar(255) CHARACTER SET utf8mb4 COLLATE utf8mb4_unicode_ci DEFAULT NULL,
  `work_place_name_furigana` varchar(255) CHARACTER SET utf8mb4 COLLATE utf8mb4_unicode_ci DEFAULT NULL,
  `work_place_name` varchar(255) CHARACTER SET utf8mb4 COLLATE utf8mb4_unicode_ci DEFAULT NULL,
  `work_place_name_address_postcode` varchar(255) CHARACTER SET utf8mb4 COLLATE utf8mb4_unicode_ci DEFAULT NULL,
  `work_place_name_address` varchar(255) CHARACTER SET utf8mb4 COLLATE utf8mb4_unicode_ci DEFAULT NULL,
  `work_place_name_leader_name_furigana` varchar(255) CHARACTER SET utf8mb4 COLLATE utf8mb4_unicode_ci DEFAULT NULL,
  `work_place_name_leader_name` varchar(255) CHARACTER SET utf8mb4 COLLATE utf8mb4_unicode_ci DEFAULT NULL,
  `work_place_name_jobtitle` varchar(255) CHARACTER SET utf8mb4 COLLATE utf8mb4_unicode_ci DEFAULT NULL,
  `training_leader_name_furigana` varchar(255) CHARACTER SET utf8mb4 COLLATE utf8mb4_unicode_ci DEFAULT NULL,
  `training_leader_name` varchar(255) CHARACTER SET utf8mb4 COLLATE utf8mb4_unicode_ci DEFAULT NULL,
  `training_leader_jobtitle` varchar(255) CHARACTER SET utf8mb4 COLLATE utf8mb4_unicode_ci DEFAULT NULL,
  `life_leader_name_furigana` varchar(255) CHARACTER SET utf8mb4 COLLATE utf8mb4_unicode_ci DEFAULT NULL,
  `life_leader_name` varchar(255) CHARACTER SET utf8mb4 COLLATE utf8mb4_unicode_ci DEFAULT NULL,
  `life_leader_jobtitle` varchar(255) CHARACTER SET utf8mb4 COLLATE utf8mb4_unicode_ci DEFAULT NULL,
  `trainee_name_romaji` varchar(255) CHARACTER SET utf8mb4 COLLATE utf8mb4_unicode_ci DEFAULT NULL,
  `trainee_name_kanji` varchar(255) CHARACTER SET utf8mb4 COLLATE utf8mb4_unicode_ci DEFAULT NULL,
  `trainee_nationality` varchar(255) CHARACTER SET utf8mb4 COLLATE utf8mb4_unicode_ci DEFAULT NULL,
  `trainee_birthdate` date DEFAULT NULL,
  `trainee_yearold` int DEFAULT NULL,
  `trainee_sex` int DEFAULT NULL COMMENT '1 男 , 2 女',
  `returncountry_period` varchar(255) CHARACTER SET utf8mb4 COLLATE utf8mb4_unicode_ci DEFAULT NULL,
  `returncountry_period_datefrom` date DEFAULT NULL,
  `returncountry_period_dateto` date DEFAULT NULL,
  `trainee_type` int DEFAULT NULL COMMENT '1 Ａ(第一号企業単独型技能実習); 2 Ｄ(第一号団体監理型技能実習);\r\n3 Ｂ(第二号企業単独型技能実習); 4 Ｅ(第二号団体監理型技能実習);\r\n5 Ｃ(第三号企業単独型技能実習); 6 Ｆ(第三号団体監理型技能実習)',
  `trainee_jobtype_number` varchar(255) COLLATE utf8mb4_unicode_ci DEFAULT NULL,
  `trainee_jobtype_name` varchar(255) COLLATE utf8mb4_unicode_ci DEFAULT NULL,
  `trainee_jobtype_workname` varchar(255) COLLATE utf8mb4_unicode_ci DEFAULT NULL,
  `trainee_jobtype_number_2` varchar(255) COLLATE utf8mb4_unicode_ci DEFAULT NULL,
  `trainee_jobtype_name_2` varchar(255) COLLATE utf8mb4_unicode_ci DEFAULT NULL,
  `trainee_jobtype_workname_2` varchar(255) COLLATE utf8mb4_unicode_ci DEFAULT NULL,
  `trainee_jobtype_other` varchar(255) COLLATE utf8mb4_unicode_ci DEFAULT NULL,
  `training_before_japan` int DEFAULT NULL COMMENT '1:有   2: 無',
  `has_test` int DEFAULT NULL,
  `has_test_name` varchar(255) CHARACTER SET utf8mb4 COLLATE utf8mb4_unicode_ci DEFAULT NULL,
  `has_test_level` varchar(255) CHARACTER SET utf8mb4 COLLATE utf8mb4_unicode_ci DEFAULT NULL,
  `has_evaluate` int DEFAULT NULL,
  `has_evaluate_name` varchar(255) CHARACTER SET utf8mb4 COLLATE utf8mb4_unicode_ci DEFAULT NULL,
  `has_evaluate_level` varchar(255) CHARACTER SET utf8mb4 COLLATE utf8mb4_unicode_ci DEFAULT NULL,
  `has_test_other` int DEFAULT NULL,
  `has_test_content` varchar(255) CHARACTER SET utf8mb4 COLLATE utf8mb4_unicode_ci DEFAULT NULL,
  `has_test_goal` int DEFAULT NULL,
  `has_test_goal_name` varchar(255) CHARACTER SET utf8mb4 COLLATE utf8mb4_unicode_ci DEFAULT NULL,
  `has_test_goal_level` varchar(255) CHARACTER SET utf8mb4 COLLATE utf8mb4_unicode_ci DEFAULT NULL,
  `has_evaluate_goal` int DEFAULT NULL,
  `has_evaluate_goal_name` varchar(255) CHARACTER SET utf8mb4 COLLATE utf8mb4_unicode_ci DEFAULT NULL,
  `has_evaluate_goal_level` varchar(255) CHARACTER SET utf8mb4 COLLATE utf8mb4_unicode_ci DEFAULT NULL,
  `has_test_goal_other` int DEFAULT NULL,
  `has_test_goal_content` varchar(255) CHARACTER SET utf8mb4 COLLATE utf8mb4_unicode_ci DEFAULT NULL,
  `before_step_receipt_number` varchar(255) CHARACTER SET utf8mb4 COLLATE utf8mb4_unicode_ci DEFAULT NULL,
  `extend_period` varchar(255) CHARACTER SET utf8mb4 COLLATE utf8mb4_unicode_ci DEFAULT NULL,
  `extend_period_datefrom` date DEFAULT NULL,
  `extend_period_tofrom` date DEFAULT NULL,
  `extend_period_count_time` int DEFAULT NULL,
  `extend_period_learning_time` time DEFAULT NULL,
  `extend_period_training_time` time DEFAULT NULL,
  `company_license_number` varchar(255) CHARACTER SET utf8mb4 COLLATE utf8mb4_unicode_ci DEFAULT NULL,
  `company_type` int DEFAULT NULL COMMENT '1: 一般監理事業, 2: 特定監理事業',
  `company_name_furigana` varchar(255) CHARACTER SET utf8mb4 COLLATE utf8mb4_unicode_ci DEFAULT NULL,
  `company_postcode` varchar(255) CHARACTER SET utf8mb4 COLLATE utf8mb4_unicode_ci DEFAULT NULL,
  `company_address` varchar(255) CHARACTER SET utf8mb4 COLLATE utf8mb4_unicode_ci DEFAULT NULL,
  `company_tel` varchar(255) CHARACTER SET utf8mb4 COLLATE utf8mb4_unicode_ci DEFAULT NULL,
  `company_director_name` varchar(255) CHARACTER SET utf8mb4 COLLATE utf8mb4_unicode_ci DEFAULT NULL,
  `company_director_name_furigana` varchar(255) CHARACTER SET utf8mb4 COLLATE utf8mb4_unicode_ci DEFAULT NULL,
  `company_leader_name` varchar(255) CHARACTER SET utf8mb4 COLLATE utf8mb4_unicode_ci DEFAULT NULL,
  `company_leader_name_furigana` varchar(255) CHARACTER SET utf8mb4 COLLATE utf8mb4_unicode_ci DEFAULT NULL,
  `company_workplace_name` varchar(255) CHARACTER SET utf8mb4 COLLATE utf8mb4_unicode_ci DEFAULT NULL,
  `company_workplace_name_furigana` varchar(255) CHARACTER SET utf8mb4 COLLATE utf8mb4_unicode_ci DEFAULT NULL,
  `company_workplace_postcode` varchar(255) CHARACTER SET utf8mb4 COLLATE utf8mb4_unicode_ci DEFAULT NULL,
  `company_workplace_address` varchar(255) CHARACTER SET utf8mb4 COLLATE utf8mb4_unicode_ci DEFAULT NULL,
  `plan_created_by_name` varchar(255) CHARACTER SET utf8mb4 COLLATE utf8mb4_unicode_ci DEFAULT NULL,
  `plan_created_by_name_furigana` varchar(255) CHARACTER SET utf8mb4 COLLATE utf8mb4_unicode_ci DEFAULT NULL,
  `sending_agency_name` text CHARACTER SET utf8mb4 COLLATE utf8mb4_unicode_ci,
  `sending_agency_number` text CHARACTER SET utf8mb4 COLLATE utf8mb4_unicode_ci,
  `sending_agency_ref_number` text CHARACTER SET utf8mb4 COLLATE utf8mb4_unicode_ci,
  `salary_type` int DEFAULT NULL COMMENT '1月給, 2 日給, 3 時給',
  `salary_money` int DEFAULT NULL,
  `salary_learning_money` int DEFAULT NULL,
  `note` text CHARACTER SET utf8mb4 COLLATE utf8mb4_unicode_ci,
  `created_at` timestamp NULL DEFAULT NULL,
  `created_by_id` bigint DEFAULT NULL,
  `updated_by_id` bigint DEFAULT NULL,
  `updated_at` timestamp NULL DEFAULT NULL,
  `company_id` bigint NOT NULL,
  `updated_count` int NOT NULL DEFAULT '0',
  `salary_other` int DEFAULT NULL,
  `work_contract_period_type` tinyint(1) DEFAULT NULL COMMENT '1 有,  0 無',
  `work_contract_period_datefrom` date DEFAULT NULL,
  `work_contract_period_dateto` date DEFAULT NULL,
  `work_time_begin` time DEFAULT NULL,
  `work_time_end` time DEFAULT NULL,
  `work_breakoff_begin` time DEFAULT NULL,
  `work_breakoff_end` time DEFAULT NULL,
  `work_year_counttime` int DEFAULT NULL,
  `work_week_counttime` int DEFAULT NULL,
  `holiday_note` text CHARACTER SET utf8mb4 COLLATE utf8mb4_unicode_ci,
  `vacation_note` text CHARACTER SET utf8mb4 COLLATE utf8mb4_unicode_ci,
  `dormitory_note` text CHARACTER SET utf8mb4 COLLATE utf8mb4_unicode_ci,
  `meal_money` int DEFAULT NULL,
  `dormitory_money` int DEFAULT NULL,
  `other_money` int DEFAULT NULL,
  `note_contract` text COLLATE utf8mb4_unicode_ci,
  `note_type` int DEFAULT NULL COMMENT '1 有,  0 無',
  PRIMARY KEY (`id`)
) ENGINE=InnoDB AUTO_INCREMENT=4 DEFAULT CHARSET=utf8mb4 COLLATE=utf8mb4_unicode_ci;

--
-- Dumping data for table `et_doc_training_certification`
--

INSERT INTO `et_doc_training_certification` VALUES (1,'2024-06-16','test',NULL,'2024-06-18','123456','tst','test','test','test','test','tes','tes','test','trst','test',NULL,NULL,NULL,NULL,NULL,NULL,'1342',NULL,NULL,NULL,NULL,NULL,NULL,NULL,NULL,NULL,NULL,NULL,NULL,NULL,NULL,NULL,NULL,NULL,NULL,NULL,NULL,NULL,NULL,NULL,NULL,NULL,NULL,NULL,NULL,NULL,NULL,NULL,NULL,NULL,NULL,NULL,NULL,NULL,NULL,NULL,NULL,NULL,NULL,NULL,NULL,NULL,NULL,NULL,NULL,NULL,NULL,NULL,NULL,NULL,NULL,NULL,NULL,NULL,NULL,NULL,NULL,NULL,NULL,NULL,NULL,NULL,NULL,NULL,NULL,NULL,NULL,NULL,NULL,NULL,1,0,NULL,NULL,NULL,NULL,NULL,NULL,NULL,NULL,NULL,NULL,NULL,NULL,NULL,NULL,NULL,NULL,NULL,NULL),(2,NULL,NULL,NULL,NULL,NULL,NULL,NULL,NULL,NULL,NULL,NULL,NULL,NULL,NULL,NULL,NULL,NULL,NULL,NULL,NULL,NULL,NULL,NULL,NULL,NULL,NULL,NULL,NULL,NULL,NULL,NULL,NULL,NULL,NULL,NULL,NULL,NULL,NULL,NULL,NULL,NULL,NULL,NULL,NULL,NULL,NULL,NULL,NULL,NULL,NULL,NULL,NULL,NULL,NULL,NULL,NULL,NULL,NULL,NULL,NULL,NULL,NULL,NULL,NULL,NULL,NULL,NULL,NULL,NULL,NULL,NULL,NULL,NULL,NULL,NULL,NULL,NULL,NULL,NULL,NULL,NULL,NULL,NULL,NULL,NULL,NULL,NULL,NULL,NULL,NULL,NULL,NULL,NULL,NULL,NULL,1,0,NULL,NULL,NULL,NULL,NULL,NULL,NULL,NULL,NULL,NULL,NULL,NULL,NULL,NULL,NULL,NULL,NULL,NULL),(3,'2024-12-04','666',NULL,'2024-12-07','555','111','777','888','999','100','222','333','100','111','22',NULL,NULL,NULL,NULL,NULL,NULL,NULL,NULL,NULL,NULL,NULL,NULL,NULL,NULL,NULL,NULL,NULL,NULL,NULL,NULL,NULL,NULL,NULL,NULL,NULL,NULL,NULL,NULL,NULL,NULL,NULL,NULL,NULL,NULL,NULL,NULL,NULL,NULL,NULL,NULL,NULL,NULL,NULL,NULL,NULL,NULL,NULL,NULL,NULL,NULL,NULL,NULL,NULL,NULL,NULL,NULL,NULL,NULL,NULL,NULL,NULL,NULL,NULL,NULL,NULL,NULL,NULL,NULL,NULL,NULL,NULL,NULL,NULL,NULL,NULL,NULL,NULL,NULL,NULL,NULL,1,0,NULL,NULL,NULL,NULL,NULL,NULL,NULL,NULL,NULL,NULL,NULL,NULL,NULL,NULL,NULL,NULL,NULL,NULL);

--
-- Table structure for table `et_doc_training_certification_cancel_report`
--

CREATE TABLE `et_doc_training_certification_cancel_report` (
  `id` int NOT NULL AUTO_INCREMENT,
  `date` date DEFAULT NULL,
  `name` varchar(255) CHARACTER SET utf8mb4 COLLATE utf8mb4_0900_ai_ci DEFAULT NULL,
  `number` varchar(255) CHARACTER SET utf8mb4 COLLATE utf8mb4_unicode_ci DEFAULT NULL,
  `customer_name` varchar(255) CHARACTER SET utf8mb4 COLLATE utf8mb4_unicode_ci DEFAULT NULL,
  `customer_name_furigana` varchar(255) CHARACTER SET utf8mb4 COLLATE utf8mb4_unicode_ci DEFAULT NULL,
  `customer_postcode` varchar(255) CHARACTER SET utf8mb4 COLLATE utf8mb4_unicode_ci DEFAULT NULL,
  `customer_address` varchar(255) CHARACTER SET utf8mb4 COLLATE utf8mb4_unicode_ci DEFAULT NULL,
  `customer_tel` varchar(255) CHARACTER SET utf8mb4 COLLATE utf8mb4_unicode_ci DEFAULT NULL,
  `office_branch_name` varchar(255) CHARACTER SET utf8mb4 COLLATE utf8mb4_unicode_ci DEFAULT NULL,
  `office_branch_name_furigana` varchar(255) CHARACTER SET utf8mb4 COLLATE utf8mb4_unicode_ci DEFAULT NULL,
  `office_branch_postcode` varchar(255) CHARACTER SET utf8mb4 COLLATE utf8mb4_unicode_ci DEFAULT NULL,
  `office_branch_address` varchar(255) CHARACTER SET utf8mb4 COLLATE utf8mb4_unicode_ci DEFAULT NULL,
  `office_branch_tel` varchar(255) CHARACTER SET utf8mb4 COLLATE utf8mb4_unicode_ci DEFAULT NULL,
  `check_1` tinyint(1) DEFAULT NULL,
  `check_2` tinyint(1) DEFAULT NULL,
  `check_3` tinyint(1) DEFAULT NULL,
  `check_4` tinyint(1) DEFAULT NULL,
  `check_5` tinyint(1) DEFAULT NULL,
  `check_6` tinyint(1) DEFAULT NULL,
  `check_7` tinyint(1) DEFAULT NULL,
  `real_content` text CHARACTER SET utf8mb4 COLLATE utf8mb4_unicode_ci,
  `improve_content` text CHARACTER SET utf8mb4 COLLATE utf8mb4_unicode_ci,
  `created_at` timestamp NULL DEFAULT NULL,
  `created_by_id` bigint DEFAULT NULL,
  `updated_at` int DEFAULT NULL,
  `updated_by_id` bigint DEFAULT NULL,
  `company_id` bigint DEFAULT NULL,
  `updated_count` int NOT NULL DEFAULT '0',
  PRIMARY KEY (`id`)
) ENGINE=InnoDB AUTO_INCREMENT=3 DEFAULT CHARSET=utf8mb4 COLLATE=utf8mb4_0900_ai_ci;

--
-- Dumping data for table `et_doc_training_certification_cancel_report`
--

INSERT INTO `et_doc_training_certification_cancel_report` VALUES (1,'2024-07-09','name','34324342','customer_name','customer_name_furigana','232 ― 1321','customer_address','321 ― 3213 ― 2132','office_branch_name','office_branch_name_furigana','232 ― 4532','office_branch_address','432 ― 4324 ― 1114',1,1,0,1,0,1,1,'real_content','improve_content',NULL,NULL,NULL,NULL,NULL,0),(2,NULL,NULL,NULL,NULL,NULL,NULL,NULL,NULL,NULL,NULL,NULL,NULL,NULL,0,0,0,0,0,0,0,NULL,NULL,NULL,NULL,NULL,NULL,NULL,0);

--
-- Table structure for table `et_doc_training_implementation_scheduler`
--

CREATE TABLE `et_doc_training_implementation_scheduler` (
  `id` int NOT NULL AUTO_INCREMENT,
  `created_at` timestamp NULL DEFAULT NULL,
  `created_by_id` bigint DEFAULT NULL,
  `updated_at` int DEFAULT NULL,
  `updated_by_id` bigint DEFAULT NULL,
  `company_id` bigint DEFAULT NULL,
  `updated_count` int NOT NULL DEFAULT '0',
  PRIMARY KEY (`id`)
) ENGINE=InnoDB AUTO_INCREMENT=4 DEFAULT CHARSET=utf8mb4 COLLATE=utf8mb4_0900_ai_ci;

--
-- Dumping data for table `et_doc_training_implementation_scheduler`
--

INSERT INTO `et_doc_training_implementation_scheduler` VALUES (1,NULL,NULL,NULL,1,1,8),(2,NULL,NULL,NULL,1,1,2),(3,NULL,NULL,NULL,1,1,2);

--
-- Table structure for table `et_doc_training_instructor_resume`
--

CREATE TABLE `et_doc_training_instructor_resume` (
  `id` int NOT NULL AUTO_INCREMENT,
  `name_furigana` varchar(255) CHARACTER SET utf8mb4 COLLATE utf8mb4_unicode_ci DEFAULT NULL,
  `name` varchar(255) CHARACTER SET utf8mb4 COLLATE utf8mb4_unicode_ci DEFAULT NULL,
  `sex` tinyint(1) DEFAULT NULL COMMENT '1: male, 2:female',
  `birthdate` date DEFAULT NULL,
  `postcode` varchar(255) CHARACTER SET utf8mb4 COLLATE utf8mb4_unicode_ci DEFAULT NULL,
  `address` varchar(255) CHARACTER SET utf8mb4 COLLATE utf8mb4_unicode_ci DEFAULT NULL,
  `tel` varchar(255) CHARACTER SET utf8mb4 COLLATE utf8mb4_unicode_ci DEFAULT NULL,
  `work_name` varchar(255) CHARACTER SET utf8mb4 COLLATE utf8mb4_unicode_ci DEFAULT NULL,
  `work_postcode` varchar(255) CHARACTER SET utf8mb4 COLLATE utf8mb4_unicode_ci DEFAULT NULL,
  `work_address` varchar(255) CHARACTER SET utf8mb4 COLLATE utf8mb4_unicode_ci DEFAULT NULL,
  `work_tel` varchar(255) CHARACTER SET utf8mb4 COLLATE utf8mb4_unicode_ci DEFAULT NULL,
  `business_title` varchar(255) CHARACTER SET utf8mb4 COLLATE utf8mb4_unicode_ci DEFAULT NULL,
  `certificate` varchar(255) CHARACTER SET utf8mb4 COLLATE utf8mb4_unicode_ci DEFAULT NULL,
  `job_resume` varchar(255) CHARACTER SET utf8mb4 COLLATE utf8mb4_unicode_ci DEFAULT NULL,
  `job_resume_old` varchar(255) CHARACTER SET utf8mb4 COLLATE utf8mb4_unicode_ci DEFAULT NULL,
  `sign_date` date DEFAULT NULL,
  `sign_company_name` varchar(255) CHARACTER SET utf8mb4 COLLATE utf8mb4_unicode_ci DEFAULT NULL,
  `sign_director_name` varchar(255) CHARACTER SET utf8mb4 COLLATE utf8mb4_unicode_ci DEFAULT NULL,
  `created_at` timestamp NULL DEFAULT NULL,
  `created_by_id` bigint DEFAULT NULL,
  `updated_at` int DEFAULT NULL,
  `updated_by_id` bigint DEFAULT NULL,
  `company_id` bigint DEFAULT NULL,
  `updated_count` int NOT NULL DEFAULT '0',
  PRIMARY KEY (`id`)
) ENGINE=InnoDB AUTO_INCREMENT=3 DEFAULT CHARSET=utf8mb4 COLLATE=utf8mb4_0900_ai_ci;

--
-- Dumping data for table `et_doc_training_instructor_resume`
--

INSERT INTO `et_doc_training_instructor_resume` VALUES (1,NULL,NULL,2,NULL,NULL,NULL,NULL,NULL,NULL,NULL,NULL,NULL,NULL,NULL,NULL,NULL,NULL,NULL,NULL,NULL,NULL,1,1,2),(2,NULL,NULL,1,NULL,NULL,NULL,NULL,NULL,NULL,NULL,NULL,NULL,NULL,NULL,NULL,NULL,NULL,NULL,NULL,NULL,NULL,1,1,5);

--
-- Table structure for table `et_doc_training_report_daily`
--

CREATE TABLE `et_doc_training_report_daily` (
  `id` int NOT NULL AUTO_INCREMENT,
  `month` varchar(8) CHARACTER SET utf8mb4 COLLATE utf8mb4_0900_ai_ci DEFAULT NULL,
  `sign_date` date DEFAULT NULL,
  `company_name` varchar(255) CHARACTER SET utf8mb4 COLLATE utf8mb4_unicode_ci DEFAULT NULL,
  `customer_name` varchar(255) CHARACTER SET utf8mb4 COLLATE utf8mb4_unicode_ci DEFAULT NULL,
  `note` varchar(255) CHARACTER SET utf8mb4 COLLATE utf8mb4_unicode_ci DEFAULT NULL,
  `created_at` timestamp NULL DEFAULT NULL,
  `created_by_id` bigint DEFAULT NULL,
  `updated_at` int DEFAULT NULL,
  `updated_by_id` bigint DEFAULT NULL,
  `company_id` bigint DEFAULT NULL,
  `updated_count` int NOT NULL DEFAULT '0',
  PRIMARY KEY (`id`)
) ENGINE=InnoDB AUTO_INCREMENT=3 DEFAULT CHARSET=utf8mb4 COLLATE=utf8mb4_0900_ai_ci;

--
-- Dumping data for table `et_doc_training_report_daily`
--

INSERT INTO `et_doc_training_report_daily` VALUES (1,'2024-07','2024-07-16','company_name','customer_name','note',NULL,NULL,NULL,NULL,1,0),(2,'2024-09','2024-09-01','company_name','customer_name','note trainee_declaration trainee_declaration trainee_declaration trainee_declaration trainee_declaration',NULL,NULL,NULL,NULL,1,0);

--
-- Table structure for table `et_doc_training_report_daily_detail`
--

CREATE TABLE `et_doc_training_report_daily_detail` (
  `id` int NOT NULL AUTO_INCREMENT,
  `training_report_daily_id` int DEFAULT NULL,
  `date` date DEFAULT NULL,
  `job_content` varchar(255) CHARACTER SET utf8mb4 COLLATE utf8mb4_unicode_ci DEFAULT NULL,
  `job_content_no` varchar(255) CHARACTER SET utf8mb4 COLLATE utf8mb4_unicode_ci DEFAULT NULL,
  `job_asign_content` varchar(255) CHARACTER SET utf8mb4 COLLATE utf8mb4_unicode_ci DEFAULT NULL,
  `leader_name` varchar(255) CHARACTER SET utf8mb4 COLLATE utf8mb4_unicode_ci DEFAULT NULL,
  PRIMARY KEY (`id`)
) ENGINE=InnoDB AUTO_INCREMENT=3 DEFAULT CHARSET=utf8mb4 COLLATE=utf8mb4_0900_ai_ci;

--
-- Dumping data for table `et_doc_training_report_daily_detail`
--

INSERT INTO `et_doc_training_report_daily_detail` VALUES (1,1,'2024-07-16','JOB_CONTENT','JOB_CONTENT_NO','JOB_ASIGN_CONTENT','LEADER_NAME'),(2,2,'2024-09-01','JOB_CONTENT','JOB_CONTENT_NO','JOB_ASIGN_CONTENT','LEADER_NAME');

--
-- Table structure for table `et_doc_training_report_daily_name`
--

CREATE TABLE `et_doc_training_report_daily_name` (
  `id` int NOT NULL AUTO_INCREMENT,
  `training_report_daily_id` int DEFAULT NULL,
  `no` int DEFAULT NULL,
  `name` varchar(255) CHARACTER SET utf8mb4 COLLATE utf8mb4_unicode_ci DEFAULT NULL,
  `type` varchar(255) CHARACTER SET utf8mb4 COLLATE utf8mb4_unicode_ci DEFAULT NULL,
  `date_from` date DEFAULT NULL,
  `date_to` date DEFAULT NULL,
  `note` varchar(255) CHARACTER SET utf8mb4 COLLATE utf8mb4_unicode_ci DEFAULT NULL,
  PRIMARY KEY (`id`)
) ENGINE=InnoDB AUTO_INCREMENT=4 DEFAULT CHARSET=utf8mb4 COLLATE=utf8mb4_0900_ai_ci;

--
-- Dumping data for table `et_doc_training_report_daily_name`
--

INSERT INTO `et_doc_training_report_daily_name` VALUES (1,1,1,'NAME','TYPE','2024-07-25','2024-07-10','test'),(2,2,1,'NAME','TYPE','2024-09-02','2024-09-11','test'),(3,2,NULL,'test','123','2024-09-12','2024-09-12','123');

--
-- Table structure for table `et_doc_trainning_reason`
--

CREATE TABLE `et_doc_trainning_reason` (
  `id` bigint NOT NULL AUTO_INCREMENT,
  `job_type_id` int DEFAULT NULL,
  `test_not_device_note` varchar(255) CHARACTER SET utf8mb4 COLLATE utf8mb4_unicode_ci DEFAULT NULL,
  `reason` text CHARACTER SET utf8mb4 COLLATE utf8mb4_unicode_ci,
  `job_type_id2` int DEFAULT NULL,
  `note` text CHARACTER SET utf8mb4 COLLATE utf8mb4_unicode_ci,
  `created_at` timestamp NULL DEFAULT NULL,
  `created_by_id` bigint DEFAULT NULL,
  `updated_at` timestamp NULL DEFAULT NULL,
  `updated_by_id` bigint DEFAULT NULL,
  `company_id` int DEFAULT NULL,
  `updated_count` int NOT NULL DEFAULT '0',
  `created_by` varchar(254) DEFAULT NULL,
  PRIMARY KEY (`id`)
) ENGINE=InnoDB AUTO_INCREMENT=3 DEFAULT CHARSET=utf8mb4 COLLATE=utf8mb4_0900_ai_ci;

--
-- Dumping data for table `et_doc_trainning_reason`
--

INSERT INTO `et_doc_trainning_reason` VALUES (1,4,'test_not_device','reason REST\r\nTEST \r\nTEST TEST \r\nTEST TEST TEST TEST \r\nTSET TEST TEST TEST TEST\r\nTSET TEST TEST TEST TESTTSET TEST TEST TEST TESTTSET TEST TEST TEST TEST \r\nTSET TEST TEST TEST TEST',6,'TEST',NULL,NULL,NULL,NULL,NULL,0,NULL),(2,4,'test444','test12345',3,'hi',NULL,NULL,NULL,NULL,NULL,0,'test');

--
-- Table structure for table `et_doc_transfer_declaration`
--

CREATE TABLE `et_doc_transfer_declaration` (
  `id` int NOT NULL AUTO_INCREMENT,
  `transfer_reason_type` int DEFAULT NULL COMMENT '1:技能実習期間の末日が休日であること   2: その他',
  `transfer_reason_note` varchar(255) CHARACTER SET utf8mb4 COLLATE utf8mb4_unicode_ci DEFAULT NULL,
  `deadline_date` date DEFAULT NULL,
  `transfer_date` date DEFAULT NULL,
  `person_type` int DEFAULT NULL COMMENT ' 1: 監理団体,  2:実習実施者',
  `person_name` varchar(255) CHARACTER SET utf8mb4 COLLATE utf8mb4_unicode_ci DEFAULT NULL,
  `sign_date` date DEFAULT NULL,
  `sign_name` varchar(255) CHARACTER SET utf8mb4 COLLATE utf8mb4_unicode_ci DEFAULT NULL,
  `note` varchar(255) CHARACTER SET utf8mb4 COLLATE utf8mb4_unicode_ci DEFAULT NULL,
  `created_at` timestamp NULL DEFAULT NULL,
  `created_by_id` bigint DEFAULT NULL,
  `updated_at` int DEFAULT NULL,
  `updated_by_id` bigint DEFAULT NULL,
  `company_id` bigint DEFAULT NULL,
  `updated_count` int NOT NULL DEFAULT '0',
  PRIMARY KEY (`id`)
) ENGINE=InnoDB AUTO_INCREMENT=4 DEFAULT CHARSET=utf8mb4 COLLATE=utf8mb4_0900_ai_ci;

--
-- Dumping data for table `et_doc_transfer_declaration`
--

INSERT INTO `et_doc_transfer_declaration` VALUES (1,1,'Noteｖｚｖｚｘｃｖｚｃｖ','2024-05-30','2024-06-01',1,'ｄｄｓｆさｄｆ','2024-05-31','ええええええ',NULL,NULL,NULL,NULL,1,1,2),(2,2,'note  test 12345677890','2024-06-21','2024-06-21',2,'test','2024-06-10','DDANG DINH TIEP',NULL,NULL,NULL,NULL,1,1,5),(3,2,'note nnote','2024-09-01','2024-09-05',1,'test','2024-09-06','sign_name',NULL,NULL,NULL,NULL,1,1,2);

--
-- Table structure for table `et_document`
--

CREATE TABLE `et_document` (
  `id` bigint unsigned NOT NULL AUTO_INCREMENT,
  `company_id` bigint NOT NULL,
  `document_template_id` int DEFAULT NULL,
  `project_id` int DEFAULT NULL,
  `customer_id` bigint DEFAULT NULL,
  `trainee_id` bigint DEFAULT NULL,
  `status` tinyint DEFAULT NULL,
  `type` tinyint DEFAULT NULL,
  `name` varchar(256) CHARACTER SET utf8mb4 COLLATE utf8mb4_unicode_ci DEFAULT NULL,
  `form_name` varchar(255) CHARACTER SET utf8mb4 COLLATE utf8mb4_unicode_ci DEFAULT NULL,
  `note` text CHARACTER SET utf8mb4 COLLATE utf8mb4_unicode_ci,
  `created_by_id` bigint DEFAULT NULL,
  `created_on` date DEFAULT NULL,
  `updated_at` timestamp NULL DEFAULT NULL ON UPDATE CURRENT_TIMESTAMP,
  `updated_by_id` bigint DEFAULT NULL,
  `updated_on` date DEFAULT NULL,
  `updated_count` int DEFAULT NULL,
  `created_at` timestamp NOT NULL DEFAULT CURRENT_TIMESTAMP,
  `table_record_id` bigint unsigned DEFAULT NULL,
  `table_name` varchar(255) COLLATE utf8mb4_unicode_ci DEFAULT NULL,
  PRIMARY KEY (`id`) USING BTREE
) ENGINE=InnoDB AUTO_INCREMENT=345 DEFAULT CHARSET=utf8mb4 COLLATE=utf8mb4_unicode_ci ROW_FORMAT=DYNAMIC;

--
-- Dumping data for table `et_document`
--

INSERT INTO `et_document` VALUES (105,2,39,NULL,NULL,1,2,2,'test_実習生の履歴書_20240726','doc-certificate','参考様式第１－３号',1,'2024-07-26','2025-03-01 00:07:42',1,'2024-12-03',8,'2024-07-25 22:43:50',NULL,NULL),(106,2,40,NULL,NULL,NULL,0,1,'test_申請者の概要書_20240727','doc-certificate','第１-１号',1,'2024-07-27','2025-03-01 00:07:42',1,'2024-07-27',1,'2024-07-26 12:25:26',NULL,NULL),(107,2,41,NULL,NULL,NULL,NULL,2,'test_申請者の誓約書','doc-certificate','第１-２号',1,'2024-07-27','2025-03-01 00:07:42',1,'2024-11-28',1,'2024-07-26 12:36:30',NULL,NULL),(108,2,40,NULL,603,NULL,NULL,NULL,'test_申請者概要書_0729','doc-certificate','第１-１号',1,'2024-07-29','2025-03-01 00:07:42',NULL,NULL,NULL,'2024-07-28 15:47:50',NULL,NULL),(109,2,40,NULL,603,NULL,NULL,NULL,'test2_5555555','doc-certificate','第１-１号',1,'2024-07-29','2025-03-01 00:07:42',NULL,NULL,NULL,'2024-07-28 15:50:59',NULL,NULL),(110,2,13,NULL,603,NULL,0,1,'test','doc-certificate','技能実習計画の認定申請／計画の変更関係',1,'2024-07-29','2025-03-01 00:07:42',1,'2024-07-30',3,'2024-07-28 15:51:54',NULL,NULL),(111,2,40,NULL,603,NULL,NULL,NULL,'test_0730_gaiyo','doc-certificate','第１-１号',1,'2024-07-30','2025-03-01 00:07:42',NULL,NULL,NULL,'2024-07-29 13:01:13',NULL,NULL),(113,2,39,NULL,NULL,NULL,NULL,NULL,NULL,'doc-certificate','参考様式第１－３号',1,'2024-07-30','2025-03-01 00:07:42',NULL,NULL,NULL,'2024-07-29 15:34:51',NULL,NULL),(114,2,41,NULL,NULL,NULL,NULL,NULL,NULL,'doc-certificate','第１-２号',1,'2024-07-30','2025-03-01 00:07:42',NULL,NULL,NULL,'2024-07-29 15:58:22',NULL,NULL),(124,2,24,NULL,NULL,NULL,NULL,NULL,NULL,'doc-certificate','各種届出・報告関係（実習実施者届／実施状況報告／困難時届／監査報告／事業報告／認定・許可取消し事由報告）',1,'2024-07-30','2025-03-01 00:07:42',NULL,NULL,NULL,'2024-07-29 17:06:43',NULL,NULL),(132,2,35,NULL,NULL,NULL,NULL,NULL,NULL,'doc-certificate','監理責任者の履歴書',1,'2024-07-30','2025-03-01 00:07:42',NULL,NULL,NULL,'2024-07-29 17:09:44',NULL,NULL),(138,2,39,NULL,NULL,NULL,NULL,NULL,'test','doc-certificate','参考様式第１－３号',1,'2024-07-30','2025-03-01 00:07:42',NULL,NULL,NULL,'2024-07-29 22:24:07',NULL,NULL),(140,2,40,NULL,603,NULL,NULL,NULL,'test','doc-certificate','第１-１号',1,'2024-08-02','2025-03-01 00:07:42',NULL,NULL,NULL,'2024-08-01 19:08:36',NULL,NULL),(142,2,42,NULL,NULL,NULL,NULL,1,'test_技能実習責任者・技能実習指導員・生活指導員の履歴書並びに就任承諾書及び誓約書','doc-certificate',NULL,1,'2024-08-04','2025-03-01 00:07:42',NULL,NULL,NULL,'2024-08-03 13:38:03',NULL,NULL),(143,2,43,NULL,NULL,NULL,NULL,1,'test_雇用契約書及び雇用条件書','doc-certificate',NULL,1,'2024-08-04','2025-03-01 00:07:42',NULL,NULL,NULL,'2024-08-04 02:16:29',NULL,NULL),(144,2,43,NULL,NULL,NULL,NULL,1,'test_雇用契約書及び雇用条件書','doc-certificate',NULL,1,'2024-08-04','2025-03-01 00:07:42',NULL,NULL,NULL,'2024-08-04 02:17:15',NULL,NULL),(145,2,39,NULL,1,NULL,NULL,NULL,'test_20240808','doc-certificate','testaaaa\r\nb\r\nd\r\nc',1,'2024-08-08','2025-03-01 00:07:42',NULL,NULL,NULL,'2024-08-07 13:27:29',NULL,NULL),(146,2,41,NULL,603,NULL,1,1,'test_申請者の誓約書','doc-certificate','333\r\nfdsadsf\r\ndầdsf',1,'2024-08-08','2025-03-01 00:07:42',1,'2024-08-08',1,'2024-08-07 18:08:45',NULL,NULL),(147,2,42,NULL,603,NULL,NULL,1,'test_aaa','doc-certificate','aaf\r\nàdafdas',1,'2024-08-08','2025-03-01 00:07:42',NULL,NULL,NULL,'2024-08-08 02:41:13',NULL,NULL),(148,2,40,NULL,1185,NULL,NULL,0,'申請者の概要書','doc-certificate',NULL,1,'2024-08-15','2025-03-01 00:07:42',NULL,NULL,NULL,'2024-08-14 08:38:03',NULL,NULL),(149,2,13,NULL,NULL,NULL,2,NULL,NULL,'doc-certificate',NULL,1,'2024-08-16','2025-03-01 00:07:42',1,'2024-11-27',1,'2024-08-16 01:32:14',NULL,NULL),(150,2,44,NULL,NULL,NULL,NULL,1,NULL,'doc-certificate',NULL,1,'2024-08-16','2025-03-01 00:07:42',NULL,NULL,NULL,'2024-08-16 01:39:27',NULL,NULL),(151,2,45,NULL,NULL,NULL,NULL,1,NULL,'doc-certificate',NULL,1,'2024-08-16','2025-03-01 00:07:42',NULL,NULL,NULL,'2024-08-16 01:46:33',NULL,NULL),(152,2,46,NULL,NULL,NULL,NULL,1,NULL,'doc-certificate',NULL,1,'2024-08-16','2025-03-01 00:07:42',NULL,NULL,NULL,'2024-08-16 01:59:51',NULL,NULL),(153,2,47,NULL,NULL,NULL,NULL,1,NULL,'doc-certificate',NULL,1,'2024-09-01','2025-03-01 00:07:42',NULL,NULL,NULL,'2024-08-31 17:50:12',NULL,NULL),(154,2,48,NULL,NULL,NULL,NULL,1,NULL,'doc-certificate',NULL,1,'2024-09-01','2025-03-01 00:07:42',NULL,NULL,NULL,'2024-08-31 18:31:07',NULL,NULL),(155,2,24,NULL,NULL,NULL,NULL,NULL,NULL,'doc-certificate',NULL,1,'2024-09-01','2025-03-01 00:07:42',NULL,NULL,NULL,'2024-08-31 20:03:48',NULL,NULL),(156,2,50,NULL,NULL,NULL,NULL,1,NULL,'doc-certificate',NULL,1,'2024-09-01','2025-03-01 00:07:42',NULL,NULL,NULL,'2024-08-31 22:54:16',NULL,NULL),(157,2,51,NULL,NULL,NULL,NULL,1,NULL,'doc-certificate',NULL,1,'2024-09-01','2025-03-01 00:07:42',NULL,NULL,NULL,'2024-08-31 23:02:30',NULL,NULL),(158,2,52,NULL,NULL,NULL,NULL,1,NULL,'doc-certificate',NULL,1,'2024-09-01','2025-03-01 00:07:42',NULL,NULL,NULL,'2024-08-31 23:33:44',NULL,NULL),(159,2,34,NULL,NULL,NULL,NULL,NULL,NULL,'doc-certificate',NULL,1,'2024-09-01','2025-03-01 00:07:42',NULL,NULL,NULL,'2024-08-31 23:50:03',NULL,NULL),(160,2,34,NULL,NULL,NULL,NULL,NULL,NULL,'doc-certificate',NULL,1,'2024-09-01','2025-03-01 00:07:42',NULL,NULL,NULL,'2024-08-31 23:52:13',NULL,NULL),(161,2,53,NULL,NULL,NULL,NULL,1,NULL,'doc-certificate',NULL,1,'2024-09-01','2025-03-01 00:07:42',NULL,NULL,NULL,'2024-09-01 01:50:48',NULL,NULL),(162,2,56,NULL,NULL,NULL,NULL,1,NULL,'doc-certificate',NULL,1,'2024-10-28','2025-03-01 00:07:42',NULL,NULL,NULL,'2024-10-27 15:36:48',NULL,NULL),(163,2,57,NULL,NULL,NULL,NULL,1,NULL,'doc-certificate',NULL,1,'2024-10-28','2025-03-01 00:07:42',NULL,NULL,NULL,'2024-10-27 16:06:44',NULL,NULL),(164,2,57,NULL,NULL,NULL,NULL,1,NULL,'doc-certificate',NULL,1,'2024-10-28','2025-03-01 00:07:42',NULL,NULL,NULL,'2024-10-27 16:09:40',NULL,NULL),(165,2,56,NULL,NULL,NULL,NULL,1,NULL,'doc-certificate',NULL,1,'2024-10-28','2025-03-01 00:07:42',NULL,NULL,NULL,'2024-10-27 16:14:49',NULL,NULL),(166,2,48,NULL,NULL,NULL,NULL,1,NULL,'doc-certificate',NULL,1,'2024-10-28','2025-03-01 00:07:42',NULL,NULL,NULL,'2024-10-27 16:34:08',NULL,NULL),(167,2,54,NULL,NULL,NULL,NULL,1,NULL,'doc-certificate',NULL,1,'2024-10-28','2025-03-01 00:07:42',NULL,NULL,NULL,'2024-10-27 16:34:46',NULL,NULL),(168,2,58,NULL,NULL,NULL,NULL,1,NULL,'doc-certificate',NULL,1,'2024-10-28','2025-03-01 00:07:42',NULL,NULL,NULL,'2024-10-27 17:46:37',NULL,NULL),(169,2,59,NULL,NULL,NULL,NULL,1,NULL,'doc-certificate',NULL,1,'2024-10-31','2025-03-01 00:07:42',NULL,NULL,NULL,'2024-10-30 20:59:43',NULL,NULL),(170,2,58,NULL,NULL,NULL,NULL,1,'test_20241118','doc-certificate',NULL,1,'2024-11-18','2025-03-01 00:07:42',NULL,NULL,NULL,'2024-11-17 11:51:40',NULL,NULL),(171,2,60,NULL,NULL,NULL,NULL,1,'特定技能雇用契約の変更に係る届出書','doc-certificate',NULL,1,'2024-11-19','2025-03-01 00:07:42',NULL,NULL,NULL,'2024-11-19 00:09:22',NULL,NULL),(172,2,60,NULL,NULL,NULL,NULL,1,'技能実習生に関する評価調書','doc-certificate',NULL,1,'2024-11-20','2025-03-01 00:07:42',NULL,NULL,NULL,'2024-11-19 17:42:46',NULL,NULL),(173,2,62,NULL,NULL,NULL,NULL,1,'技能実習生に関する評価調書','doc-certificate',NULL,1,'2024-11-20','2025-03-01 00:07:42',NULL,NULL,NULL,'2024-11-19 17:48:31',NULL,NULL),(174,2,66,NULL,NULL,NULL,NULL,1,'特定技能外国人の報酬に関する説明書','doc-certificate',NULL,1,'2024-11-20','2025-03-01 00:07:42',NULL,NULL,NULL,'2024-11-19 20:38:45',NULL,NULL),(175,2,68,NULL,NULL,NULL,NULL,1,'特定技能外国人の報酬に関する説明書','doc-certificate',NULL,1,'2024-11-20','2025-03-01 00:07:42',NULL,NULL,NULL,'2024-11-19 21:05:37',NULL,NULL),(176,2,68,NULL,NULL,NULL,NULL,1,'特定技能外国人の報酬に関する説明書','doc-certificate',NULL,1,'2024-11-20','2025-03-01 00:07:42',NULL,NULL,NULL,'2024-11-19 22:46:19',NULL,NULL),(177,2,69,NULL,NULL,NULL,NULL,1,'技能実習生に関する評価調書','doc-certificate',NULL,1,'2024-11-20','2025-03-01 00:07:42',NULL,NULL,NULL,'2024-11-19 23:41:07',NULL,NULL),(178,2,70,NULL,NULL,NULL,NULL,1,'特定技能雇用契約の終了又は締結に係る届出書','doc-certificate',NULL,1,'2024-11-21','2025-03-01 00:07:42',NULL,NULL,NULL,'2024-11-20 16:23:04',NULL,NULL),(179,2,71,NULL,NULL,NULL,NULL,1,'支援委託契約の変更に係る届出書','doc-certificate',NULL,1,'2024-11-21','2025-03-01 00:07:42',NULL,NULL,NULL,'2024-11-20 17:34:46',NULL,NULL),(181,2,73,NULL,NULL,NULL,NULL,1,'http://dev.erpcpanel.com/et-document','doc-certificate',NULL,1,'2024-11-21','2025-03-01 00:07:42',NULL,NULL,NULL,'2024-11-20 21:29:15',NULL,NULL),(182,2,74,NULL,NULL,NULL,NULL,1,'支援実施状況に係る届出書','doc-certificate',NULL,1,'2024-11-21','2025-03-01 00:07:42',NULL,NULL,NULL,'2024-11-20 21:51:38',NULL,NULL),(183,2,75,NULL,NULL,NULL,NULL,1,'１号特定技能外国人支援対象者名簿','doc-certificate',NULL,1,'2024-11-21','2025-03-01 00:07:42',NULL,NULL,NULL,'2024-11-20 22:11:18',NULL,NULL),(184,2,76,NULL,NULL,NULL,NULL,1,'１号特定技能外国人支援対象者名簿','doc-certificate',NULL,1,'2024-11-21','2025-03-01 00:07:42',NULL,NULL,NULL,'2024-11-20 22:37:13',NULL,NULL),(185,2,77,NULL,NULL,NULL,NULL,1,'１号特定技能外国人支援対象者名簿','doc-certificate',NULL,1,'2024-11-21','2025-03-01 00:07:42',NULL,NULL,NULL,'2024-11-20 23:42:27',NULL,NULL),(186,2,78,NULL,NULL,NULL,NULL,1,'支援実施状況に係る届出書','doc-certificate',NULL,1,'2024-11-22','2025-03-01 00:07:42',NULL,NULL,NULL,'2024-11-21 16:39:38',NULL,NULL),(187,2,79,NULL,NULL,NULL,NULL,1,'支援実施状況に係る届出書','doc-certificate',NULL,1,'2024-11-22','2025-03-01 00:07:42',NULL,NULL,NULL,'2024-11-21 16:43:51',NULL,NULL),(188,2,80,NULL,NULL,NULL,NULL,1,'活動状況に係る届出書','doc-certificate',NULL,1,'2024-11-22','2025-03-01 00:07:42',NULL,NULL,NULL,'2024-11-21 17:08:07',NULL,NULL),(189,2,81,NULL,NULL,NULL,NULL,1,'支援業務の再開に係る届出書','doc-certificate',NULL,1,'2024-11-22','2025-03-01 00:07:42',NULL,NULL,NULL,'2024-11-21 17:28:07',NULL,NULL),(191,2,83,NULL,NULL,NULL,NULL,1,'受入れ困難となるに至った経緯に係る説明書','doc-certificate',NULL,1,'2024-11-22','2025-03-01 00:07:42',NULL,NULL,NULL,'2024-11-21 20:58:34',NULL,NULL),(192,2,84,NULL,NULL,NULL,NULL,1,'支援委託契約の変更に係る届出書','doc-certificate',NULL,1,'2024-11-22','2025-03-01 00:07:42',NULL,NULL,NULL,'2024-11-21 22:03:43',NULL,NULL),(193,2,85,NULL,NULL,NULL,NULL,1,'活動状況に係る届出書','doc-certificate',NULL,1,'2024-11-22','2025-03-01 00:07:42',NULL,NULL,NULL,'2024-11-21 22:16:14',NULL,NULL),(194,2,86,NULL,NULL,NULL,NULL,1,'活動状況に係る届出書','doc-certificate',NULL,1,'2024-11-22','2025-03-01 00:07:42',NULL,NULL,NULL,'2024-11-21 22:19:30',NULL,NULL),(196,2,88,NULL,NULL,NULL,NULL,1,'受入れ困難となるに至った経緯に係る説明書','doc-certificate',NULL,1,'2024-11-22','2025-03-01 00:07:42',NULL,NULL,NULL,'2024-11-21 22:27:45',NULL,NULL),(197,2,89,NULL,NULL,NULL,NULL,1,'支援実施状況に係る届出書','doc-certificate',NULL,1,'2024-11-22','2025-03-01 00:07:42',NULL,NULL,NULL,'2024-11-21 22:36:41',NULL,NULL),(198,2,90,NULL,NULL,NULL,NULL,1,'特定技能雇用契約の終了又は締結に係る届出書','doc-certificate',NULL,1,'2024-11-22','2025-03-01 00:07:42',NULL,NULL,NULL,'2024-11-21 22:55:48',NULL,NULL),(199,2,91,NULL,NULL,NULL,NULL,1,'特定技能雇用契約に係る届出書（別紙）','doc-certificate',NULL,1,'2024-11-22','2025-03-01 00:07:42',NULL,NULL,NULL,'2024-11-21 23:12:33',NULL,NULL),(200,2,92,NULL,NULL,NULL,NULL,1,'特定技能雇用契約に係る届出書（別紙）','doc-certificate',NULL,1,'2024-11-22','2025-03-01 00:07:42',NULL,NULL,NULL,'2024-11-21 23:24:21',NULL,NULL),(201,2,90,NULL,NULL,NULL,NULL,1,'特定技能雇用契約の終了又は締結に係る届出書','doc-certificate',NULL,1,'2024-11-26','2025-03-01 00:07:42',NULL,NULL,NULL,'2024-11-25 20:27:40',NULL,NULL),(202,2,93,NULL,NULL,NULL,NULL,1,'特定技能雇用契約の終了又は締結に係る届出書','doc-certificate',NULL,1,'2024-11-26','2025-03-01 00:07:42',NULL,NULL,NULL,'2024-11-25 20:29:24',NULL,NULL),(203,2,93,NULL,NULL,NULL,NULL,1,'特定技能雇用契約の終了又は締結に係る届出書','doc-certificate',NULL,1,'2024-11-26','2025-03-01 00:07:42',NULL,NULL,NULL,'2024-11-25 20:34:18',NULL,NULL),(204,2,84,NULL,NULL,NULL,NULL,1,'支援委託契約の変更に係る届出書','doc-certificate',NULL,1,'2024-11-26','2025-03-01 00:07:42',NULL,NULL,NULL,'2024-11-25 21:11:02',NULL,NULL),(205,2,94,NULL,NULL,NULL,NULL,1,NULL,'doc-certificate',NULL,1,'2024-11-26','2025-03-01 00:07:42',NULL,NULL,NULL,'2024-11-25 21:47:23',NULL,NULL),(206,2,94,NULL,NULL,NULL,NULL,1,NULL,'doc-certificate',NULL,1,'2024-11-26','2025-03-01 00:07:42',NULL,NULL,NULL,'2024-11-26 00:38:19',NULL,NULL),(207,2,93,NULL,NULL,NULL,NULL,1,'支援委託契約の終了又は締結に係る届出書','doc-certificate',NULL,1,'2024-11-27','2025-03-01 00:07:42',NULL,NULL,NULL,'2024-11-26 16:13:50',NULL,NULL),(208,2,95,NULL,NULL,NULL,NULL,1,'支援実施状況に係る届出書','doc-certificate',NULL,1,'2024-11-27','2025-03-01 00:07:42',NULL,NULL,NULL,'2024-11-26 20:12:42',NULL,NULL),(209,2,96,NULL,NULL,NULL,NULL,1,'支援実施状況に係る届出書','doc-certificate',NULL,1,'2024-11-27','2025-03-01 00:07:42',NULL,NULL,NULL,'2024-11-26 20:33:57',NULL,NULL),(210,2,97,NULL,NULL,NULL,NULL,1,'活動状況に係る届出書','doc-certificate',NULL,1,'2024-11-27','2025-03-01 00:07:42',NULL,NULL,NULL,'2024-11-26 21:38:23',NULL,NULL),(211,2,98,NULL,NULL,NULL,NULL,1,'活動状況に係る届出書','doc-certificate',NULL,1,'2024-11-27','2025-03-01 00:07:42',NULL,NULL,NULL,'2024-11-26 21:49:21',NULL,NULL),(212,2,99,NULL,NULL,NULL,NULL,1,'受入れ・活動状況に係る届出書','doc-certificate',NULL,1,'2024-11-27','2025-03-01 00:07:42',NULL,NULL,NULL,'2024-11-26 22:18:50',NULL,NULL),(214,2,101,NULL,NULL,NULL,NULL,1,'１号特定技能外国人支援対象者名簿','doc-certificate',NULL,1,'2024-11-27','2025-03-01 00:07:42',NULL,NULL,NULL,'2024-11-26 22:35:00',NULL,NULL),(215,2,13,8,603,1,NULL,NULL,'test_102133','doc-certificate',NULL,1,'2024-11-27','2025-03-01 00:07:42',NULL,NULL,NULL,'2024-11-26 23:28:41',NULL,NULL),(216,2,22,8,605,2,NULL,NULL,'fdasfasfasdf','doc-certificate',NULL,1,'2024-11-27','2025-03-01 00:07:42',NULL,NULL,NULL,'2024-11-27 05:21:00',NULL,NULL),(217,2,13,8,603,NULL,3,NULL,'testdfadfadfdf','doc-certificate',NULL,1,'2024-11-28','2025-03-01 00:07:42',1,'2024-11-29',6,'2024-11-27 23:26:46',NULL,NULL),(218,2,20,8,603,1,7,NULL,'testdfadfadfdf','doc-certificate',NULL,1,'2024-11-28','2025-03-01 00:07:42',1,'2024-11-28',2,'2024-11-28 00:55:41',NULL,NULL),(219,2,13,9,603,2,1,NULL,'testdfadfadfdf','doc-certificate',NULL,1,'2024-11-28','2025-03-01 00:07:42',1,'2024-11-28',1,'2024-11-28 01:01:11',NULL,NULL),(220,2,13,9,603,2,NULL,NULL,'adfafsafasdfasdf','doc-certificate',NULL,1,'2024-11-28','2025-03-01 00:07:42',NULL,NULL,NULL,'2024-11-28 01:03:24',NULL,NULL),(221,2,13,NULL,603,2,NULL,NULL,NULL,'doc-certificate',NULL,1,'2024-11-28','2025-03-01 00:07:42',NULL,NULL,NULL,'2024-11-28 01:06:15',NULL,NULL),(222,2,20,9,603,1,NULL,NULL,'test_20241203','doc-certificate',NULL,1,'2024-12-03','2025-03-01 00:07:42',NULL,NULL,NULL,'2024-12-02 13:56:20',NULL,NULL),(223,2,13,74,603,3,7,1,'アマゾン、生成AIモデル「Nova」を発表　新たなAI半導体も','doc-certificate','米アマゾンは3日、生成AI（人工知能）の新たな基盤モデル「Nova（ノバ）」を発表した。AIを利用する際の計算コストを引き下げ、対話型AI「ChatGPT（チャットGPT）」を運営する米オープンAIなどに対抗する。',1,'2024-12-04','2025-03-01 00:07:42',1,'2024-12-04',7,'2024-12-03 16:23:54',NULL,NULL),(224,2,102,73,1206,2,1,2,'ABCさんの特定活動申請','doc-certificate',NULL,150,'2024-12-05','2025-03-01 00:07:42',NULL,NULL,NULL,'2024-12-04 19:12:37',NULL,NULL),(225,2,102,NULL,1206,1,1,1,'NGUYEN VAN Aさんの特定活動在留資格変更申請','doc-certificate','○　申請人の在留期間の満了日までに「特定技能１号」への在留資格変更許可申請を行うことが困難である合理的な理由があること\r\n\r\n○　申請に係る受入れ機関において特定技能外国人として在留資格「特定技能１号」に該当する業務に従事するために\r\n　　同在留資格への在留資格変更許可申請を予定していること\r\n\r\n○　申請人が申請に係る受入れ機関との契約に基づいて在留資格「特定技能１号」で従事する予定の業務と同様の業務に従事すること\r\n\r\n○　申請人が特定技能外国人として就労する場合に支払われる予定の報酬と同額であり、\r\n　　かつ、日本人が従事する場合と同等額以上の報酬を受けること\r\n\r\n○　申請人が特定技能外国人として業務に従事するために必要な技能試験及び日本語試験に合格していること\r\n　　※技能実習２号良好修了者等として試験免除となる場合も含む。\r\n\r\n○　申請に係る受入れ機関又は支援委託予定先が申請人の在留中の日常生活等に係る支援を適切に行うことが見込まれること\r\n\r\n○　申請に係る受入れ機関が、申請人を適正に受け入れることが見込まれること',150,'2024-12-05','2025-03-01 00:07:42',150,'2024-12-05',1,'2024-12-04 19:22:06',NULL,NULL),(226,2,57,NULL,NULL,NULL,1,1,'支援業務の再開に係る届出書','doc-certificate',NULL,1,'2024-12-06','2025-03-01 00:07:42',NULL,NULL,NULL,'2024-12-05 20:10:04',NULL,NULL),(227,2,103,NULL,NULL,NULL,1,1,'技能実習生に関する評価調書','doc-certificate',NULL,1,'2024-12-06','2025-03-01 00:07:42',NULL,NULL,NULL,'2024-12-05 21:09:53',NULL,NULL),(228,2,106,NULL,NULL,NULL,1,1,'特定技能外国人の報酬に関する説明書','doc-certificate',NULL,1,'2024-12-10','2025-03-01 00:07:42',NULL,NULL,NULL,'2024-12-09 19:14:34',NULL,NULL),(229,2,107,NULL,NULL,NULL,1,1,'特定技能雇用契約書','doc-certificate',NULL,1,'2024-12-11','2025-03-01 00:07:42',NULL,NULL,NULL,'2024-12-10 19:58:03',NULL,NULL),(230,2,108,NULL,NULL,NULL,1,1,'雇用条件書（別紙「賃金の支払」を含む。）','doc-certificate',NULL,1,'2024-12-11','2025-03-01 00:07:42',NULL,NULL,NULL,'2024-12-10 20:14:13',NULL,NULL),(231,2,109,NULL,NULL,NULL,1,1,'徴収費用の説明書','doc-certificate',NULL,1,'2024-12-11','2025-03-01 00:07:42',NULL,NULL,NULL,'2024-12-10 20:27:15',NULL,NULL),(232,2,110,NULL,NULL,NULL,1,1,'技能移転に係る申告書','doc-certificate',NULL,1,'2024-12-11','2025-03-01 00:07:42',NULL,NULL,NULL,'2024-12-10 20:52:14',NULL,NULL),(233,2,111,NULL,NULL,NULL,1,1,'特定技能所属機関概要書','doc-certificate',NULL,1,'2024-12-11','2025-03-01 00:07:42',NULL,NULL,NULL,'2024-12-10 21:06:46',NULL,NULL),(234,2,112,NULL,NULL,NULL,1,1,'特定技能所属機関概要書','doc-certificate',NULL,1,'2024-12-11','2025-03-01 00:07:42',NULL,NULL,NULL,'2024-12-10 21:10:13',NULL,NULL),(235,2,113,NULL,NULL,NULL,1,1,'受け入れた中長期在留者リスト','doc-certificate',NULL,1,'2024-12-11','2025-03-01 00:07:42',NULL,NULL,NULL,'2024-12-10 21:58:05',NULL,NULL),(236,2,114,NULL,NULL,NULL,1,1,'支援業務の休止又は廃止に係る届出書','doc-certificate',NULL,1,'2024-12-11','2025-03-01 00:07:42',NULL,NULL,NULL,'2024-12-10 22:41:59',NULL,NULL),(237,2,115,NULL,NULL,NULL,1,1,'生活相談業務を行った中長期在留者リスト','doc-certificate',NULL,1,'2024-12-11','2025-03-01 00:07:42',NULL,NULL,NULL,'2024-12-10 23:42:26',NULL,NULL),(238,2,106,64,605,NULL,1,1,'xuan_test_特定技能外国人の報酬に関する説明書','doc-certificate',NULL,1,'2024-12-13','2025-03-01 00:07:42',NULL,NULL,NULL,'2024-12-12 17:11:30',NULL,NULL),(239,2,106,NULL,605,NULL,1,1,'test','doc-certificate',NULL,1,'2024-12-13','2025-03-01 00:07:42',NULL,NULL,NULL,'2024-12-12 17:29:26',NULL,NULL),(240,2,204,NULL,605,NULL,1,1,'evaluation_traine','doc-certificate',NULL,1,'2024-12-13','2025-03-01 00:07:42',NULL,NULL,NULL,'2024-12-12 17:29:26',NULL,NULL),(241,2,205,NULL,605,NULL,1,1,'explanation_remuneration_specified_skilled_foreign_workers','doc-certificate',NULL,1,'2024-12-13','2025-03-01 00:07:42',NULL,NULL,NULL,'2024-12-12 17:29:26',NULL,NULL),(242,2,206,NULL,605,NULL,1,1,'et_doc_specific_skills_employ_contract','doc-certificate',NULL,1,'2024-12-13','2025-03-01 00:07:42',NULL,NULL,NULL,'2024-12-12 17:29:26',NULL,NULL),(243,2,207,NULL,605,NULL,1,1,'et_doc_terms_of_employment','doc-certificate',NULL,1,'2024-12-13','2025-03-01 00:07:42',NULL,NULL,NULL,'2024-12-12 17:29:26',NULL,NULL),(244,2,208,NULL,605,NULL,1,1,'explanation_of_collection_costs','doc-certificate',NULL,1,'2024-12-13','2025-03-01 00:07:42',NULL,NULL,NULL,'2024-12-12 17:29:26',NULL,NULL),(245,2,209,NULL,605,NULL,1,1,'skills_transfer_declaration','doc-certificate',NULL,1,'2024-12-13','2025-03-01 00:07:42',NULL,NULL,NULL,'2024-12-12 17:29:26',NULL,NULL),(246,2,210,NULL,605,NULL,1,1,'specific__skills_affiliation_agency_profile','doc-certificate',NULL,1,'2024-12-13','2025-03-01 00:07:42',NULL,NULL,NULL,'2024-12-12 17:29:26',NULL,NULL),(247,2,211,NULL,605,NULL,1,1,'list_of_accepted_to_residents','doc-certificate',NULL,1,'2024-12-13','2025-03-01 00:07:42',NULL,NULL,NULL,'2024-12-12 17:29:26',NULL,NULL),(248,2,212,NULL,605,NULL,1,1,'list_received_life_consultation_services','doc-certificate',NULL,1,'2024-12-13','2025-03-01 00:07:42',NULL,NULL,NULL,'2024-12-12 17:29:26',NULL,NULL),(249,2,213,NULL,605,NULL,1,1,'dispatch_plan','doc-certificate',NULL,1,'2024-12-13','2025-03-01 00:07:42',NULL,NULL,NULL,'2024-12-12 17:29:26',NULL,NULL),(250,2,214,NULL,605,NULL,1,1,'employment_conditions_statement','doc-certificate',NULL,1,'2024-12-13','2025-03-01 00:07:42',1,'2024-12-13',12,'2024-12-12 17:29:26',NULL,NULL),(251,2,116,NULL,605,NULL,1,1,'evaluation_traine','doc-certificate','evaluation_traine',1,'2024-12-13','2025-03-01 00:07:42',NULL,NULL,NULL,'2024-12-13 04:07:20',NULL,NULL),(252,2,116,73,603,NULL,1,1,'test modal','doc-certificate','&aacute;d',1,'2024-12-13','2025-03-01 00:07:42',NULL,NULL,NULL,'2024-12-13 04:36:15',NULL,NULL),(253,2,115,NULL,NULL,NULL,1,1,'生活相談業務を行った中長期在留者リスト','doc-certificate',NULL,1,'2024-12-13','2025-03-01 00:07:42',NULL,NULL,NULL,'2024-12-13 05:51:37',NULL,NULL),(254,2,117,NULL,NULL,NULL,1,1,'派遣計画書','doc-certificate',NULL,1,'2024-12-13','2025-03-01 00:07:42',NULL,NULL,NULL,'2024-12-13 05:56:32',NULL,NULL),(255,2,118,NULL,603,NULL,1,1,'explanation_remuneration_specified_skilled_foreign_workers','doc-certificate','explanation_remuneration_specified_skilled_foreign_workers',1,'2024-12-13','2025-03-01 00:07:42',NULL,NULL,NULL,'2024-12-13 06:23:53',NULL,NULL),(256,2,119,NULL,NULL,NULL,1,1,'特定技能外国人の報酬に関する説明書','doc-certificate',NULL,1,'2024-12-13','2025-03-01 00:07:42',NULL,NULL,NULL,'2024-12-13 06:45:19',NULL,NULL),(257,2,116,NULL,603,NULL,1,1,'1','doc-certificate','evaluation_traine',1,'2024-12-13','2025-03-01 00:07:42',NULL,NULL,NULL,'2024-12-13 08:12:38',NULL,NULL),(258,2,119,58,603,NULL,1,1,'特定技能外国人の報酬に関する説明書_testabc','doc-certificate',NULL,1,'2024-12-13','2025-03-01 00:07:42',NULL,NULL,NULL,'2024-12-13 13:49:01',NULL,NULL),(259,2,119,64,605,NULL,1,1,'特定技能外国人の報酬に関する説明書_testabc','doc-certificate',NULL,1,'2024-12-13','2025-03-01 00:07:42',NULL,NULL,NULL,'2024-12-13 13:50:38',NULL,NULL),(260,2,120,58,603,NULL,1,1,'外部監査報告書_test','doc-certificate',NULL,1,'2024-12-14','2025-03-01 00:07:42',NULL,NULL,NULL,'2024-12-13 21:32:34',NULL,NULL),(261,2,121,NULL,603,NULL,1,1,NULL,'doc-certificate','<div>&nbsp;</div>\r\n<span style=\"font-size:15px\"><span style=\"color:black\">et_doc_specific_skills_employ_contract</span></span>',1,'2024-12-14','2025-03-01 00:07:42',NULL,NULL,NULL,'2024-12-14 02:03:13',NULL,NULL),(262,2,121,NULL,603,NULL,1,1,'1','doc-certificate',NULL,1,'2024-12-14','2025-03-01 00:07:42',NULL,NULL,NULL,'2024-12-14 02:06:42',NULL,NULL),(263,2,116,NULL,603,NULL,1,1,'test modal','doc-certificate',NULL,1,'2024-12-14','2025-03-01 00:07:42',NULL,NULL,NULL,'2024-12-14 02:23:57',NULL,NULL),(264,2,122,58,603,NULL,1,1,'et_doc_terms_of_employment','doc-certificate','et_doc_terms_of_employment',1,'2024-12-14','2025-03-01 00:07:42',NULL,NULL,NULL,'2024-12-14 03:14:44',NULL,NULL),(265,2,123,NULL,603,NULL,1,1,'explanation_of_collection_costs','doc-certificate','<div>&nbsp;</div>\r\n<span style=\"font-size:15px\"><span style=\"color:black\">explanation_of_collection_costs</span></span>',1,'2024-12-14','2025-03-01 00:07:42',NULL,NULL,NULL,'2024-12-14 06:38:17',NULL,NULL),(266,2,124,NULL,603,NULL,1,1,'1','doc-certificate','<div>&nbsp;</div>\r\n<span style=\"font-size:15px\"><span style=\"color:black\">skills_transfer_declaration</span></span>',1,'2024-12-14','2025-03-01 00:07:42',NULL,NULL,NULL,'2024-12-14 07:05:22',NULL,NULL),(267,2,125,NULL,603,NULL,1,1,'1','doc-certificate','specific_skills_affiliation_agency_profile',1,'2024-12-14','2025-03-01 00:07:42',NULL,NULL,NULL,'2024-12-14 08:31:02',NULL,NULL),(268,2,125,NULL,603,NULL,1,1,NULL,'doc-certificate',NULL,1,'2024-12-14','2025-03-01 00:07:42',NULL,NULL,NULL,'2024-12-14 08:31:59',NULL,NULL),(269,2,126,NULL,NULL,NULL,1,1,'徴収費用の説明書','doc-certificate',NULL,151,'2024-12-18','2025-03-01 00:07:42',NULL,NULL,NULL,'2024-12-18 01:40:32',NULL,'App\\Models\\EtPreProject'),(270,2,127,NULL,NULL,NULL,1,1,'技能移転に係る申告書','doc-certificate',NULL,151,'2024-12-18','2025-03-01 00:07:42',NULL,NULL,NULL,'2024-12-18 05:45:29',NULL,'App\\Models\\EtPreProject'),(271,2,128,NULL,NULL,NULL,1,1,'受け入れた中長期在留者リスト','doc-certificate',NULL,151,'2024-12-18','2025-03-01 00:07:42',NULL,NULL,NULL,'2024-12-18 06:17:26',NULL,'App\\Models\\EtPreProject'),(272,2,129,NULL,NULL,NULL,1,1,'生活相談業務を行った中長期在留者リスト','doc-certificate',NULL,151,'2024-12-18','2025-03-01 00:07:42',NULL,NULL,NULL,'2024-12-18 07:28:03',NULL,'App\\Models\\EtPreProject'),(273,2,130,NULL,NULL,NULL,1,1,'雇用条件書（別紙「賃金の支払」を含む。）','doc-certificate',NULL,151,'2024-12-18','2025-03-01 00:07:42',NULL,NULL,NULL,'2024-12-18 09:04:11',NULL,'App\\Models\\EtPreProject'),(274,2,131,NULL,NULL,NULL,1,1,'特定技能外国人の報酬に関する説明書','doc-certificate',NULL,151,'2024-12-18','2025-03-01 00:07:42',NULL,NULL,NULL,'2024-12-18 09:18:30',NULL,'App\\Models\\EtPreProject'),(275,2,132,NULL,NULL,NULL,1,1,'派遣計画書','doc-certificate',NULL,151,'2024-12-19','2025-03-01 00:07:42',NULL,NULL,NULL,'2024-12-19 05:25:50',NULL,'App\\Models\\EtPreProject'),(276,2,133,NULL,NULL,NULL,1,1,'就業条件明示書','doc-certificate',NULL,151,'2024-12-19','2025-03-01 00:07:42',NULL,NULL,NULL,'2024-12-19 05:30:03',NULL,'App\\Models\\EtPreProject'),(277,2,135,NULL,NULL,NULL,1,1,'雇用の経緯に係る説明書','doc-certificate',NULL,151,'2024-12-19','2025-03-01 00:07:42',NULL,NULL,NULL,'2024-12-19 06:06:01',NULL,'App\\Models\\EtPreProject'),(278,2,34,NULL,603,NULL,1,6,'特定技能外国人の報酬に関する説明書lllllllllllllllllllllll','doc-certificate',NULL,1,'2024-12-19','2025-03-01 00:07:42',NULL,NULL,NULL,'2024-12-19 09:30:02',84,'App\\Models\\EtPreProject'),(279,2,105,NULL,603,NULL,1,6,'３２３２３','doc-certificate',NULL,1,'2024-12-19','2025-03-01 00:07:42',NULL,NULL,NULL,'2024-12-19 09:32:24',84,'App\\Models\\EtPreProject'),(280,2,137,NULL,NULL,NULL,1,1,'１号特定技能外国人支援計画書','doc-certificate',NULL,151,'2024-12-20','2025-03-01 00:07:42',NULL,NULL,NULL,'2024-12-20 01:17:45',NULL,'App\\Models\\EtPreProject'),(281,2,138,NULL,NULL,NULL,1,1,'支援責任者の履歴書','doc-certificate',NULL,151,'2024-12-23','2025-03-01 00:07:42',NULL,NULL,NULL,'2024-12-23 05:35:42',NULL,'App\\Models\\EtPreProject'),(282,2,139,NULL,NULL,NULL,1,1,'支援担当者の履歴書','doc-certificate',NULL,151,'2024-12-23','2025-03-01 00:07:42',NULL,NULL,NULL,'2024-12-23 05:40:10',NULL,'App\\Models\\EtPreProject'),(283,2,140,NULL,NULL,NULL,1,1,'特定技能所属機関の役員に関する誓約書','doc-certificate',NULL,151,'2024-12-23','2025-03-01 00:07:42',NULL,NULL,NULL,'2024-12-23 06:02:04',NULL,'App\\Models\\EtPreProject'),(284,2,141,NULL,NULL,NULL,1,1,'支援担当者の履歴書','doc-certificate',NULL,151,'2024-12-23','2025-03-01 00:07:42',NULL,NULL,NULL,'2024-12-23 08:49:38',NULL,'App\\Models\\EtPreProject'),(285,2,143,NULL,NULL,NULL,1,1,'登録支援機関との支援委託契約に関する説明書','doc-certificate',NULL,151,'2024-12-24','2025-03-01 00:07:42',NULL,NULL,NULL,'2024-12-24 05:10:32',NULL,'App\\Models\\EtPreProject'),(286,2,143,NULL,NULL,NULL,1,1,'登録支援機関との支援委託契約に関する説明書','doc-certificate',NULL,151,'2024-12-24','2025-03-01 00:07:42',NULL,NULL,NULL,'2024-12-24 05:15:49',NULL,'App\\Models\\EtPreProject'),(287,2,143,NULL,NULL,NULL,1,1,'登録支援機関との支援委託契約に関する説明書','doc-certificate',NULL,151,'2024-12-24','2025-03-01 00:07:42',NULL,NULL,NULL,'2024-12-24 06:57:07',NULL,'App\\Models\\EtPreProject'),(288,2,144,NULL,NULL,NULL,1,1,'登録支援機関との支援委託契約に関する説明書','doc-certificate',NULL,151,'2024-12-24','2025-03-01 00:07:42',NULL,NULL,NULL,'2024-12-24 07:20:28',NULL,'App\\Models\\EtPreProject'),(289,2,144,NULL,NULL,NULL,1,1,NULL,'doc-certificate',NULL,1,'2024-12-24','2025-03-01 00:07:42',NULL,NULL,NULL,'2024-12-24 07:52:14',NULL,'App\\Models\\EtPreProject'),(290,2,142,NULL,NULL,NULL,1,1,NULL,'doc-certificate',NULL,1,'2024-12-24','2025-03-01 00:07:42',NULL,NULL,NULL,'2024-12-24 07:54:32',NULL,'App\\Models\\EtPreProject'),(291,2,142,NULL,NULL,NULL,1,1,'登録支援機関との支援委託契約に関する説明書','doc-certificate',NULL,151,'2024-12-24','2025-03-01 00:07:42',NULL,NULL,NULL,'2024-12-24 08:14:41',NULL,'App\\Models\\EtPreProject'),(294,2,146,NULL,NULL,NULL,1,1,'出入国又は労働に関する法令に関し 不正又は著しく不当な行為（不正行為）に係る届出書','doc-certificate',NULL,151,'2024-12-30','2025-03-01 00:07:42',NULL,NULL,NULL,'2024-12-30 06:12:10',NULL,'App\\Models\\EtPreProject'),(296,2,146,NULL,NULL,NULL,1,1,'出入国又は労働に関する法令に関し 不正又は著しく不当な行為（不正行為）に係る届出書','doc-certificate',NULL,151,'2024-12-30','2025-03-01 00:07:42',NULL,NULL,NULL,'2024-12-30 08:22:29',NULL,'App\\Models\\EtPreProject'),(297,2,116,NULL,603,NULL,1,1,'adasd','doc-certificate','asdasda',1,'2024-12-31','2025-03-01 00:07:42',NULL,NULL,NULL,'2024-12-30 17:34:44',NULL,'App\\Models\\EtPreProject'),(298,2,44,NULL,NULL,NULL,1,1,'技能実習生に関する評価調書','doc-certificate',NULL,151,'2024-12-31','2025-03-01 00:07:42',NULL,NULL,NULL,'2024-12-31 01:40:48',NULL,'App\\Models\\EtPreProject'),(299,2,107,NULL,605,NULL,1,1,'test modal','doc-certificate','asdasdasd',1,'2024-12-31','2025-03-01 00:07:42',NULL,NULL,NULL,'2024-12-31 01:46:30',NULL,'App\\Models\\EtPreProject'),(300,2,121,NULL,605,NULL,1,2,'asdasd','doc-certificate','asdasdas',1,'2024-12-31','2025-03-01 00:07:42',NULL,NULL,NULL,'2024-12-31 01:49:06',NULL,'App\\Models\\EtPreProject'),(301,2,148,NULL,NULL,NULL,1,1,'支援委託契約に係る届出書（別紙）','doc-certificate',NULL,151,'2024-12-31','2025-03-01 00:07:42',NULL,NULL,NULL,'2024-12-31 02:23:25',NULL,'App\\Models\\EtPreProject'),(302,2,71,NULL,NULL,NULL,1,1,'支援委託契約の変更に係る届出書','doc-certificate',NULL,151,'2024-12-31','2025-03-01 00:07:42',NULL,NULL,NULL,'2024-12-31 02:36:02',NULL,'App\\Models\\EtPreProject'),(303,2,149,NULL,NULL,NULL,1,1,'支援委託契約の終了又は締結に係る届出書','doc-certificate',NULL,151,'2024-12-31','2025-03-01 00:07:42',NULL,NULL,NULL,'2024-12-31 02:51:16',NULL,'App\\Models\\EtPreProject'),(304,2,99,NULL,NULL,NULL,1,1,'受入れ・活動状況に係る届出書','doc-certificate',NULL,151,'2024-12-31','2025-03-01 00:07:42',NULL,NULL,NULL,'2024-12-31 04:19:27',NULL,'App\\Models\\EtPreProject'),(305,2,72,NULL,NULL,NULL,1,1,'支援実施状況に係る届出書','doc-certificate',NULL,151,'2024-12-31','2025-03-01 00:07:42',NULL,NULL,NULL,'2024-12-31 04:28:07',NULL,'App\\Models\\EtPreProject'),(306,2,151,NULL,NULL,NULL,1,1,'支援実施状況に係る届出書','doc-certificate',NULL,151,'2024-12-31','2025-03-01 00:07:42',NULL,NULL,NULL,'2024-12-31 04:40:36',NULL,'App\\Models\\EtPreProject'),(307,2,152,NULL,NULL,NULL,1,1,'活動状況に係る届出書','doc-certificate',NULL,151,'2024-12-31','2025-03-01 00:07:42',NULL,NULL,NULL,'2024-12-31 04:55:44',NULL,'App\\Models\\EtPreProject'),(308,2,153,NULL,NULL,NULL,1,1,'支援業務の休止又は廃止に係る届出書','doc-certificate',NULL,151,'2024-12-31','2025-03-01 00:07:42',NULL,NULL,NULL,'2024-12-31 05:04:20',NULL,'App\\Models\\EtPreProject'),(309,2,57,NULL,NULL,NULL,1,1,'支援業務の再開に係る届出書','doc-certificate',NULL,151,'2024-12-31','2025-03-01 00:07:42',NULL,NULL,NULL,'2024-12-31 05:25:37',NULL,'App\\Models\\EtPreProject'),(310,2,154,NULL,NULL,NULL,1,1,'登録事項変更に関する届出書','doc-certificate',NULL,151,'2024-12-31','2025-03-01 00:07:42',NULL,NULL,NULL,'2024-12-31 07:05:17',NULL,'App\\Models\\EtPreProject'),(311,2,155,NULL,NULL,NULL,1,1,'生活オリエンテーションの確認書','doc-certificate',NULL,151,'2024-12-31','2025-03-01 00:07:42',NULL,NULL,NULL,'2024-12-31 07:15:34',NULL,'App\\Models\\EtPreProject'),(312,2,156,NULL,NULL,NULL,1,1,'事前ガイダンスの確認書','doc-certificate',NULL,151,'2024-12-31','2025-03-01 00:07:42',NULL,NULL,NULL,'2024-12-31 07:26:46',NULL,'App\\Models\\EtPreProject'),(313,2,107,NULL,NULL,NULL,1,1,'特定技能雇用契約書','doc-certificate',NULL,151,'2024-12-31','2025-03-01 00:07:42',NULL,NULL,NULL,'2024-12-31 07:45:25',NULL,'App\\Models\\EtPreProject'),(314,2,157,NULL,NULL,NULL,1,1,'支援実施状況に係る届出書3_7','doc-certificate',NULL,151,'2025-01-01','2025-03-01 00:07:42',NULL,NULL,NULL,'2025-01-01 00:48:18',NULL,'App\\Models\\EtPreProject'),(315,2,158,NULL,NULL,NULL,1,1,'支援実施状況に係る届出書4_3','doc-certificate',NULL,151,'2025-01-01','2025-03-01 00:07:42',NULL,NULL,NULL,'2025-01-01 00:53:05',NULL,'App\\Models\\EtPreProject'),(316,2,159,NULL,NULL,NULL,1,1,'特定技能雇用契約の終了又は締結に係る届出書（別紙）','doc-certificate',NULL,151,'2025-01-01','2025-03-01 00:07:42',NULL,NULL,NULL,'2025-01-01 01:05:33',NULL,'App\\Models\\EtPreProject'),(317,2,160,NULL,NULL,NULL,1,1,'支援委託契約書','doc-certificate',NULL,151,'2025-01-01','2025-03-01 00:07:42',NULL,NULL,NULL,'2025-01-01 01:41:56',NULL,'App\\Models\\EtPreProject'),(318,2,161,NULL,NULL,NULL,1,1,'受入れ困難となるに至った経緯に係る説明書','doc-certificate',NULL,151,'2025-01-01','2025-03-01 00:07:42',NULL,NULL,NULL,'2025-01-01 02:03:36',NULL,'App\\Models\\EtPreProject'),(319,2,166,NULL,NULL,NULL,1,NULL,NULL,'doc-certificate',NULL,151,'2025-01-23','2025-03-01 00:07:42',NULL,NULL,NULL,'2025-01-23 01:36:19',NULL,'App\\Models\\EtPreProject'),(320,2,167,NULL,NULL,NULL,1,NULL,NULL,'doc-certificate',NULL,151,'2025-01-23','2025-03-01 00:07:42',NULL,NULL,NULL,'2025-01-23 07:44:56',NULL,'App\\Models\\EtPreProject'),(321,2,167,NULL,NULL,NULL,1,NULL,'定期面談報告書（監督者用）','doc-certificate',NULL,151,'2025-01-23','2025-03-01 00:07:42',NULL,NULL,NULL,'2025-01-23 07:45:29',NULL,'App\\Models\\EtPreProject'),(322,2,168,NULL,NULL,NULL,1,NULL,'特定技能外国人の受入れ状況・報酬の支払状況','doc-certificate',NULL,151,'2025-01-27','2025-03-01 00:07:42',NULL,NULL,NULL,'2025-01-27 01:36:17',NULL,'App\\Models\\EtPreProject'),(323,2,168,NULL,NULL,NULL,1,NULL,'特定技能外国人の受入れ状況・報酬の支払状況','doc-certificate',NULL,151,'2025-01-27','2025-03-01 00:07:42',NULL,NULL,NULL,'2025-01-27 01:41:30',NULL,'App\\Models\\EtPreProject'),(324,2,169,NULL,NULL,NULL,1,NULL,NULL,'doc-certificate',NULL,151,'2025-01-28','2025-03-01 00:07:42',NULL,NULL,NULL,'2025-01-28 04:11:01',NULL,'App\\Models\\EtPreProject'),(325,2,169,NULL,NULL,NULL,1,NULL,'特定技能外国人の受入れ状況・報酬の支払状況_1','doc-certificate',NULL,151,'2025-01-28','2025-03-01 00:07:42',NULL,NULL,NULL,'2025-01-28 04:11:33',NULL,'App\\Models\\EtPreProject'),(327,2,170,NULL,NULL,NULL,1,NULL,'１号特定技能外国人支援対象者名簿','doc-certificate',NULL,151,'2025-01-30','2025-03-01 00:07:42',NULL,NULL,NULL,'2025-01-30 01:14:35',NULL,'App\\Models\\EtPreProject'),(328,2,171,NULL,NULL,NULL,1,NULL,'特定技能雇用契約の変更に係る届出書','doc-certificate',NULL,151,'2025-02-01','2025-03-01 00:07:42',NULL,NULL,NULL,'2025-02-01 05:30:15',NULL,'App\\Models\\EtPreProject'),(329,2,168,NULL,NULL,NULL,1,NULL,'特定技能外国人の受入れ状況・報酬の支払状況','doc-certificate',NULL,151,'2025-02-05','2025-03-01 00:07:42',NULL,NULL,NULL,'2025-02-04 15:25:39',NULL,'App\\Models\\EtPreProject'),(330,2,172,NULL,NULL,NULL,1,NULL,'１号特定技能外国人 支援対象者名簿','doc-certificate',NULL,151,'2025-02-05','2025-03-01 00:07:42',NULL,NULL,NULL,'2025-02-04 16:05:37',NULL,'App\\Models\\EtPreProject'),(331,2,148,NULL,NULL,NULL,1,NULL,'支援委託契約に係る届出書（別紙）','doc-certificate',NULL,151,'2025-02-05','2025-03-01 00:07:42',NULL,NULL,NULL,'2025-02-04 16:17:25',NULL,'App\\Models\\EtPreProject'),(332,2,41,NULL,NULL,NULL,1,NULL,'申請者の契約書','doc-certificate',NULL,151,'2025-02-08','2025-03-01 00:07:42',NULL,NULL,NULL,'2025-02-08 02:24:18',73,'App\\Models\\EtPreProject'),(333,2,173,NULL,NULL,NULL,1,NULL,'支援担当者の履歴書_1','doc-certificate',NULL,151,'2025-02-10','2025-03-01 00:07:42',NULL,NULL,NULL,'2025-02-10 02:33:37',NULL,'App\\Models\\EtPreProject'),(334,2,45,NULL,NULL,NULL,1,NULL,'在留資格認定証明書交付申請','doc-certificate',NULL,151,'2025-02-24','2025-03-01 00:07:42',NULL,NULL,NULL,'2025-02-24 02:27:44',NULL,'App\\Models\\EtPreProject'),(335,2,45,NULL,NULL,NULL,1,NULL,'test_在留資格認定証明書交付申請書','doc-certificate',NULL,1,'2025-02-24','2025-03-01 00:07:42',NULL,NULL,NULL,'2025-02-24 02:55:41',NULL,'App\\Models\\EtPreProject'),(336,2,59,NULL,NULL,NULL,1,NULL,'test_在留資格認定証明書交付申請書  _22','doc-certificate',NULL,1,'2025-02-24','2025-03-01 00:07:42',NULL,NULL,NULL,'2025-02-24 02:56:28',NULL,'App\\Models\\EtPreProject'),(337,2,175,NULL,NULL,NULL,1,NULL,'支援実施状況に係る届出書 【特定技能所属機関用】','doc-certificate',NULL,151,'2025-02-24','2025-03-01 00:07:42',NULL,NULL,NULL,'2025-02-24 06:27:38',NULL,'App\\Models\\EtPreProject'),(338,2,177,NULL,NULL,NULL,1,NULL,'支援委託契約に係る届出書（別紙）3_3','doc-certificate',NULL,151,'2025-02-24','2025-03-01 00:07:42',NULL,NULL,NULL,'2025-02-24 06:44:52',NULL,'App\\Models\\EtPreProject'),(339,2,111,NULL,NULL,NULL,1,NULL,'特定技能所属機関概要書','doc-certificate',NULL,151,'2025-02-24','2025-03-01 00:07:42',NULL,NULL,NULL,'2025-02-24 07:45:25',NULL,'App\\Models\\EtPreProject'),(340,2,13,NULL,NULL,NULL,1,NULL,'特定技能所属機関概要書','doc-certificate',NULL,151,'2025-02-24','2025-03-01 00:07:42',NULL,NULL,NULL,'2025-02-24 07:48:09',NULL,'App\\Models\\EtPreProject'),(341,2,178,NULL,1220,NULL,1,NULL,'定期報告2024年03月01日～2024年05月31日','doc-certificate',NULL,1,'2025-02-27','2025-03-01 00:07:42',NULL,NULL,NULL,'2025-02-27 04:15:47',NULL,'App\\Models\\EtPreProject'),(343,2,181,NULL,NULL,NULL,1,NULL,'支援委託契約に係る届出書（別紙）','doc-certificate',NULL,151,'2025-03-03','2025-03-03 06:12:49',NULL,NULL,NULL,'2025-03-03 06:12:49',NULL,'App\\Models\\EtPreProject'),(344,2,182,NULL,1220,NULL,1,1,'受入れ・活動状況に係る届出書_test','doc-certificate',NULL,150,'2025-03-03','2025-03-03 09:30:35',150,'2025-03-03',1,'2025-03-03 09:29:52',NULL,'App\\Models\\EtPreProject');

--
-- Table structure for table `et_document_attribute`
--

CREATE TABLE `et_document_attribute` (
  `document_attribute_id` bigint unsigned NOT NULL AUTO_INCREMENT,
  `document_template_id` bigint DEFAULT NULL,
  `seq_no` int DEFAULT NULL,
  `attribute_name` varchar(254) COLLATE utf8mb4_unicode_ci DEFAULT NULL,
  `attribute_value` varchar(254) COLLATE utf8mb4_unicode_ci DEFAULT NULL,
  `created_by_id` bigint DEFAULT NULL,
  `created_at` timestamp NULL DEFAULT NULL,
  `updated_by_id` bigint DEFAULT NULL,
  `updated_at` timestamp NULL DEFAULT NULL,
  `updated_count` int DEFAULT NULL,
  `company_id` bigint NOT NULL,
  `document_set_name` varchar(191) COLLATE utf8mb4_unicode_ci DEFAULT NULL,
  `type_gino_1` tinyint(1) DEFAULT NULL,
  `type_gino_2` tinyint(1) DEFAULT NULL,
  `note` text COLLATE utf8mb4_unicode_ci,
  `gino_check_type` tinyint(1) DEFAULT NULL,
  `gino_check_note` text COLLATE utf8mb4_unicode_ci,
  PRIMARY KEY (`document_attribute_id`)
) ENGINE=InnoDB DEFAULT CHARSET=utf8mb4 COLLATE=utf8mb4_unicode_ci;

--
-- Dumping data for table `et_document_attribute`
--


--
-- Table structure for table `et_document_file`
--

CREATE TABLE `et_document_file` (
  `id` bigint unsigned NOT NULL AUTO_INCREMENT,
  `document_id` bigint DEFAULT NULL,
  `file_id` bigint DEFAULT NULL,
  `project_id` bigint DEFAULT NULL,
  `customer_id` bigint DEFAULT NULL,
  `note` text COLLATE utf8mb4_unicode_ci,
  `created_by_id` bigint DEFAULT NULL,
  `created_at` timestamp NULL DEFAULT NULL,
  `updated_by_id` bigint DEFAULT NULL,
  `updated_at` timestamp NULL DEFAULT NULL,
  `updated_count` int DEFAULT NULL,
  `company_id` bigint NOT NULL,
  PRIMARY KEY (`id`)
) ENGINE=InnoDB AUTO_INCREMENT=2230 DEFAULT CHARSET=utf8mb4 COLLATE=utf8mb4_unicode_ci;

--
-- Dumping data for table `et_document_file`
--

INSERT INTO `et_document_file` VALUES (1,6,3,NULL,NULL,NULL,1,'2024-04-25 10:33:46',NULL,'2024-04-25 10:33:46',NULL,1),(2,NULL,4,NULL,NULL,NULL,1,'2024-04-26 03:11:13',NULL,'2024-04-26 03:11:13',NULL,1),(3,NULL,5,NULL,NULL,NULL,1,'2024-04-26 03:11:58',NULL,'2024-04-26 03:11:58',NULL,1),(4,NULL,6,NULL,NULL,NULL,1,'2024-04-26 03:12:29',NULL,'2024-04-26 03:12:29',NULL,1),(5,NULL,7,NULL,NULL,NULL,1,'2024-04-26 03:13:37',NULL,'2024-04-26 03:13:37',NULL,1),(6,11,8,71,NULL,NULL,1,'2024-04-26 22:35:20',NULL,'2024-04-26 22:35:20',NULL,1),(7,11,9,71,NULL,NULL,1,'2024-04-26 22:36:39',NULL,'2024-04-26 22:36:39',NULL,1),(8,11,10,71,NULL,NULL,1,'2024-04-26 22:36:39',NULL,'2024-04-26 22:36:39',NULL,1),(9,11,11,71,NULL,NULL,1,'2024-04-26 22:36:39',NULL,'2024-04-26 22:36:39',NULL,1),(10,12,12,57,NULL,NULL,1,'2024-04-28 23:20:26',NULL,'2024-04-28 23:20:26',NULL,1),(11,13,13,71,NULL,NULL,1,'2024-04-28 23:45:02',NULL,'2024-04-28 23:45:02',NULL,1),(12,14,14,71,NULL,NULL,1,'2024-04-29 00:20:02',NULL,'2024-04-29 00:20:02',NULL,1),(13,14,15,71,NULL,NULL,1,'2024-04-29 00:20:02',NULL,'2024-04-29 00:20:02',NULL,1),(14,14,16,71,NULL,NULL,1,'2024-04-29 00:20:02',NULL,'2024-04-29 00:20:02',NULL,1),(15,14,17,71,NULL,NULL,1,'2024-04-29 00:20:02',NULL,'2024-04-29 00:20:02',NULL,1),(16,14,18,71,NULL,NULL,1,'2024-04-29 00:20:02',NULL,'2024-04-29 00:20:02',NULL,1),(17,14,19,71,NULL,NULL,1,'2024-04-29 00:20:02',NULL,'2024-04-29 00:20:02',NULL,1),(18,14,20,71,NULL,NULL,1,'2024-04-29 00:20:02',NULL,'2024-04-29 00:20:02',NULL,1),(19,14,21,71,NULL,NULL,1,'2024-04-29 00:20:02',NULL,'2024-04-29 00:20:02',NULL,1),(20,14,22,71,NULL,NULL,1,'2024-04-29 00:20:02',NULL,'2024-04-29 00:20:02',NULL,1),(21,14,23,71,NULL,NULL,1,'2024-04-29 00:20:02',NULL,'2024-04-29 00:20:02',NULL,1),(22,14,24,71,NULL,NULL,1,'2024-04-29 00:20:02',NULL,'2024-04-29 00:20:02',NULL,1),(23,14,25,71,NULL,NULL,1,'2024-04-29 00:20:02',NULL,'2024-04-29 00:20:02',NULL,1),(24,14,26,71,NULL,NULL,1,'2024-04-29 00:20:02',NULL,'2024-04-29 00:20:02',NULL,1),(25,14,27,71,NULL,NULL,1,'2024-04-29 00:20:02',NULL,'2024-04-29 00:20:02',NULL,1),(26,14,28,71,NULL,NULL,1,'2024-04-29 00:20:02',NULL,'2024-04-29 00:20:02',NULL,1),(27,14,29,71,NULL,NULL,1,'2024-04-29 00:20:02',NULL,'2024-04-29 00:20:02',NULL,1),(28,14,30,71,NULL,NULL,1,'2024-04-29 00:20:02',NULL,'2024-04-29 00:20:02',NULL,1),(29,14,31,71,NULL,NULL,1,'2024-04-29 00:20:02',NULL,'2024-04-29 00:20:02',NULL,1),(30,14,32,71,NULL,NULL,1,'2024-04-29 00:20:02',NULL,'2024-04-29 00:20:02',NULL,1),(31,14,33,71,NULL,NULL,1,'2024-04-29 00:20:02',NULL,'2024-04-29 00:20:02',NULL,1),(32,14,34,71,NULL,NULL,1,'2024-04-29 00:20:02',NULL,'2024-04-29 00:20:02',NULL,1),(33,14,35,71,NULL,NULL,1,'2024-04-29 00:20:02',NULL,'2024-04-29 00:20:02',NULL,1),(34,14,36,71,NULL,NULL,1,'2024-04-29 00:20:02',NULL,'2024-04-29 00:20:02',NULL,1),(35,14,37,71,NULL,NULL,1,'2024-04-29 00:20:02',NULL,'2024-04-29 00:20:02',NULL,1),(36,14,38,71,NULL,NULL,1,'2024-04-29 00:20:02',NULL,'2024-04-29 00:20:02',NULL,1),(37,14,39,71,NULL,NULL,1,'2024-04-29 00:20:02',NULL,'2024-04-29 00:20:02',NULL,1),(38,14,40,71,NULL,NULL,1,'2024-04-29 00:20:02',NULL,'2024-04-29 00:20:02',NULL,1),(39,14,41,71,NULL,NULL,1,'2024-04-29 00:20:02',NULL,'2024-04-29 00:20:02',NULL,1),(40,14,42,71,NULL,NULL,1,'2024-04-29 00:20:02',NULL,'2024-04-29 00:20:02',NULL,1),(41,14,43,71,NULL,NULL,1,'2024-04-29 00:20:02',NULL,'2024-04-29 00:20:02',NULL,1),(42,14,44,71,NULL,NULL,1,'2024-04-29 00:20:02',NULL,'2024-04-29 00:20:02',NULL,1),(43,14,45,71,NULL,NULL,1,'2024-04-29 00:20:02',NULL,'2024-04-29 00:20:02',NULL,1),(44,14,46,71,NULL,NULL,1,'2024-04-29 00:20:02',NULL,'2024-04-29 00:20:02',NULL,1),(45,14,47,71,NULL,NULL,1,'2024-04-29 00:20:02',NULL,'2024-04-29 00:20:02',NULL,1),(46,14,48,71,NULL,NULL,1,'2024-04-29 00:20:02',NULL,'2024-04-29 00:20:02',NULL,1),(47,14,49,71,NULL,NULL,1,'2024-04-29 00:20:02',NULL,'2024-04-29 00:20:02',NULL,1),(48,14,50,71,NULL,NULL,1,'2024-04-29 00:20:02',NULL,'2024-04-29 00:20:02',NULL,1),(49,14,51,71,NULL,NULL,1,'2024-04-29 00:20:02',NULL,'2024-04-29 00:20:02',NULL,1),(50,15,52,54,NULL,NULL,1,'2024-04-29 00:53:54',NULL,'2024-04-29 00:53:54',NULL,1),(51,15,53,54,NULL,NULL,1,'2024-04-29 00:53:54',NULL,'2024-04-29 00:53:54',NULL,1),(52,15,54,54,NULL,NULL,1,'2024-04-29 00:53:54',NULL,'2024-04-29 00:53:54',NULL,1),(53,15,55,54,NULL,NULL,1,'2024-04-29 00:53:54',NULL,'2024-04-29 00:53:54',NULL,1),(54,15,56,54,NULL,NULL,1,'2024-04-29 00:53:54',NULL,'2024-04-29 00:53:54',NULL,1),(55,15,57,54,NULL,NULL,1,'2024-04-29 00:53:54',NULL,'2024-04-29 00:53:54',NULL,1),(56,15,58,54,NULL,NULL,1,'2024-04-29 00:53:54',NULL,'2024-04-29 00:53:54',NULL,1),(57,15,59,54,NULL,NULL,1,'2024-04-29 00:53:54',NULL,'2024-04-29 00:53:54',NULL,1),(58,15,60,54,NULL,NULL,1,'2024-04-29 00:53:54',NULL,'2024-04-29 00:53:54',NULL,1),(59,15,61,54,NULL,NULL,1,'2024-04-29 00:53:54',NULL,'2024-04-29 00:53:54',NULL,1),(60,15,62,54,NULL,NULL,1,'2024-04-29 00:53:54',NULL,'2024-04-29 00:53:54',NULL,1),(61,15,63,54,NULL,NULL,1,'2024-04-29 00:53:54',NULL,'2024-04-29 00:53:54',NULL,1),(62,15,64,54,NULL,NULL,1,'2024-04-29 00:53:55',NULL,'2024-04-29 00:53:55',NULL,1),(63,15,65,54,NULL,NULL,1,'2024-04-29 00:53:55',NULL,'2024-04-29 00:53:55',NULL,1),(64,15,66,54,NULL,NULL,1,'2024-04-29 00:53:55',NULL,'2024-04-29 00:53:55',NULL,1),(65,15,67,54,NULL,NULL,1,'2024-04-29 00:53:55',NULL,'2024-04-29 00:53:55',NULL,1),(66,15,68,54,NULL,NULL,1,'2024-04-29 00:53:55',NULL,'2024-04-29 00:53:55',NULL,1),(67,15,69,54,NULL,NULL,1,'2024-04-29 00:53:55',NULL,'2024-04-29 00:53:55',NULL,1),(68,15,70,54,NULL,NULL,1,'2024-04-29 00:53:55',NULL,'2024-04-29 00:53:55',NULL,1),(69,15,71,54,NULL,NULL,1,'2024-04-29 00:53:55',NULL,'2024-04-29 00:53:55',NULL,1),(70,15,72,54,NULL,NULL,1,'2024-04-29 00:53:55',NULL,'2024-04-29 00:53:55',NULL,1),(71,15,73,54,NULL,NULL,1,'2024-04-29 00:53:55',NULL,'2024-04-29 00:53:55',NULL,1),(72,15,74,54,NULL,NULL,1,'2024-04-29 00:53:55',NULL,'2024-04-29 00:53:55',NULL,1),(73,15,75,54,NULL,NULL,1,'2024-04-29 00:53:55',NULL,'2024-04-29 00:53:55',NULL,1),(74,15,76,54,NULL,NULL,1,'2024-04-29 00:53:55',NULL,'2024-04-29 00:53:55',NULL,1),(75,15,77,54,NULL,NULL,1,'2024-04-29 00:53:55',NULL,'2024-04-29 00:53:55',NULL,1),(76,15,78,54,NULL,NULL,1,'2024-04-29 00:53:55',NULL,'2024-04-29 00:53:55',NULL,1),(77,15,79,54,NULL,NULL,1,'2024-04-29 00:53:55',NULL,'2024-04-29 00:53:55',NULL,1),(78,15,80,54,NULL,NULL,1,'2024-04-29 00:53:55',NULL,'2024-04-29 00:53:55',NULL,1),(79,15,81,54,NULL,NULL,1,'2024-04-29 00:53:55',NULL,'2024-04-29 00:53:55',NULL,1),(80,15,82,54,NULL,NULL,1,'2024-04-29 00:53:55',NULL,'2024-04-29 00:53:55',NULL,1),(81,15,83,54,NULL,NULL,1,'2024-04-29 00:53:55',NULL,'2024-04-29 00:53:55',NULL,1),(82,15,84,54,NULL,NULL,1,'2024-04-29 00:53:55',NULL,'2024-04-29 00:53:55',NULL,1),(83,15,85,54,NULL,NULL,1,'2024-04-29 00:53:55',NULL,'2024-04-29 00:53:55',NULL,1),(84,15,86,54,NULL,NULL,1,'2024-04-29 00:53:55',NULL,'2024-04-29 00:53:55',NULL,1),(85,15,87,54,NULL,NULL,1,'2024-04-29 00:53:55',NULL,'2024-04-29 00:53:55',NULL,1),(86,15,88,54,NULL,NULL,1,'2024-04-29 00:53:55',NULL,'2024-04-29 00:53:55',NULL,1),(87,15,89,54,NULL,NULL,1,'2024-04-29 00:53:55',NULL,'2024-04-29 00:53:55',NULL,1),(88,16,90,71,NULL,NULL,1,'2024-04-29 01:46:48',NULL,'2024-04-29 01:46:48',NULL,1),(89,16,91,71,NULL,NULL,1,'2024-04-29 01:46:48',NULL,'2024-04-29 01:46:48',NULL,1),(90,16,92,71,NULL,NULL,1,'2024-04-29 01:46:48',NULL,'2024-04-29 01:46:48',NULL,1),(91,16,93,71,NULL,NULL,1,'2024-04-29 01:46:48',NULL,'2024-04-29 01:46:48',NULL,1),(92,16,94,71,NULL,NULL,1,'2024-04-29 01:46:48',NULL,'2024-04-29 01:46:48',NULL,1),(93,16,95,71,NULL,NULL,1,'2024-04-29 01:46:48',NULL,'2024-04-29 01:46:48',NULL,1),(94,16,96,71,NULL,NULL,1,'2024-04-29 01:46:48',NULL,'2024-04-29 01:46:48',NULL,1),(95,16,98,71,NULL,NULL,1,'2024-04-29 01:46:48',NULL,'2024-04-29 01:46:48',NULL,1),(96,17,97,71,NULL,NULL,1,'2024-04-29 01:46:48',NULL,'2024-04-29 01:46:48',NULL,1),(97,16,99,71,NULL,NULL,1,'2024-04-29 01:46:48',NULL,'2024-04-29 01:46:48',NULL,1),(98,17,100,71,NULL,NULL,1,'2024-04-29 01:46:48',NULL,'2024-04-29 01:46:48',NULL,1),(99,16,101,71,NULL,NULL,1,'2024-04-29 01:46:48',NULL,'2024-04-29 01:46:48',NULL,1),(100,17,102,71,NULL,NULL,1,'2024-04-29 01:46:48',NULL,'2024-04-29 01:46:48',NULL,1),(101,16,103,71,NULL,NULL,1,'2024-04-29 01:46:48',NULL,'2024-04-29 01:46:48',NULL,1),(102,17,104,71,NULL,NULL,1,'2024-04-29 01:46:48',NULL,'2024-04-29 01:46:48',NULL,1),(103,16,105,71,NULL,NULL,1,'2024-04-29 01:46:48',NULL,'2024-04-29 01:46:48',NULL,1),(104,17,106,71,NULL,NULL,1,'2024-04-29 01:46:48',NULL,'2024-04-29 01:46:48',NULL,1),(105,16,107,71,NULL,NULL,1,'2024-04-29 01:46:48',NULL,'2024-04-29 01:46:48',NULL,1),(106,17,108,71,NULL,NULL,1,'2024-04-29 01:46:48',NULL,'2024-04-29 01:46:48',NULL,1),(107,16,109,71,NULL,NULL,1,'2024-04-29 01:46:48',NULL,'2024-04-29 01:46:48',NULL,1),(108,17,110,71,NULL,NULL,1,'2024-04-29 01:46:48',NULL,'2024-04-29 01:46:48',NULL,1),(109,16,111,71,NULL,NULL,1,'2024-04-29 01:46:48',NULL,'2024-04-29 01:46:48',NULL,1),(110,17,112,71,NULL,NULL,1,'2024-04-29 01:46:48',NULL,'2024-04-29 01:46:48',NULL,1),(111,16,113,71,NULL,NULL,1,'2024-04-29 01:46:48',NULL,'2024-04-29 01:46:48',NULL,1),(112,17,114,71,NULL,NULL,1,'2024-04-29 01:46:48',NULL,'2024-04-29 01:46:48',NULL,1),(113,16,115,71,NULL,NULL,1,'2024-04-29 01:46:48',NULL,'2024-04-29 01:46:48',NULL,1),(114,17,116,71,NULL,NULL,1,'2024-04-29 01:46:48',NULL,'2024-04-29 01:46:48',NULL,1),(115,17,117,71,NULL,NULL,1,'2024-04-29 01:46:48',NULL,'2024-04-29 01:46:48',NULL,1),(116,16,118,71,NULL,NULL,1,'2024-04-29 01:46:48',NULL,'2024-04-29 01:46:48',NULL,1),(117,17,119,71,NULL,NULL,1,'2024-04-29 01:46:48',NULL,'2024-04-29 01:46:48',NULL,1),(118,16,120,71,NULL,NULL,1,'2024-04-29 01:46:48',NULL,'2024-04-29 01:46:48',NULL,1),(119,17,121,71,NULL,NULL,1,'2024-04-29 01:46:48',NULL,'2024-04-29 01:46:48',NULL,1),(120,16,122,71,NULL,NULL,1,'2024-04-29 01:46:48',NULL,'2024-04-29 01:46:48',NULL,1),(121,17,123,71,NULL,NULL,1,'2024-04-29 01:46:48',NULL,'2024-04-29 01:46:48',NULL,1),(122,16,124,71,NULL,NULL,1,'2024-04-29 01:46:48',NULL,'2024-04-29 01:46:48',NULL,1),(123,17,125,71,NULL,NULL,1,'2024-04-29 01:46:48',NULL,'2024-04-29 01:46:48',NULL,1),(124,16,126,71,NULL,NULL,1,'2024-04-29 01:46:48',NULL,'2024-04-29 01:46:48',NULL,1),(125,17,127,71,NULL,NULL,1,'2024-04-29 01:46:48',NULL,'2024-04-29 01:46:48',NULL,1),(126,16,128,71,NULL,NULL,1,'2024-04-29 01:46:48',NULL,'2024-04-29 01:46:48',NULL,1),(127,17,129,71,NULL,NULL,1,'2024-04-29 01:46:48',NULL,'2024-04-29 01:46:48',NULL,1),(128,16,130,71,NULL,NULL,1,'2024-04-29 01:46:48',NULL,'2024-04-29 01:46:48',NULL,1),(129,17,131,71,NULL,NULL,1,'2024-04-29 01:46:48',NULL,'2024-04-29 01:46:48',NULL,1),(130,16,132,71,NULL,NULL,1,'2024-04-29 01:46:48',NULL,'2024-04-29 01:46:48',NULL,1),(131,17,133,71,NULL,NULL,1,'2024-04-29 01:46:48',NULL,'2024-04-29 01:46:48',NULL,1),(132,16,134,71,NULL,NULL,1,'2024-04-29 01:46:48',NULL,'2024-04-29 01:46:48',NULL,1),(133,17,135,71,NULL,NULL,1,'2024-04-29 01:46:48',NULL,'2024-04-29 01:46:48',NULL,1),(134,16,136,71,NULL,NULL,1,'2024-04-29 01:46:48',NULL,'2024-04-29 01:46:48',NULL,1),(135,17,137,71,NULL,NULL,1,'2024-04-29 01:46:48',NULL,'2024-04-29 01:46:48',NULL,1),(136,16,138,71,NULL,NULL,1,'2024-04-29 01:46:48',NULL,'2024-04-29 01:46:48',NULL,1),(137,17,139,71,NULL,NULL,1,'2024-04-29 01:46:48',NULL,'2024-04-29 01:46:48',NULL,1),(138,16,140,71,NULL,NULL,1,'2024-04-29 01:46:48',NULL,'2024-04-29 01:46:48',NULL,1),(139,17,141,71,NULL,NULL,1,'2024-04-29 01:46:48',NULL,'2024-04-29 01:46:48',NULL,1),(140,17,142,71,NULL,NULL,1,'2024-04-29 01:46:48',NULL,'2024-04-29 01:46:48',NULL,1),(141,16,143,71,NULL,NULL,1,'2024-04-29 01:46:48',NULL,'2024-04-29 01:46:48',NULL,1),(142,17,144,71,NULL,NULL,1,'2024-04-29 01:46:48',NULL,'2024-04-29 01:46:48',NULL,1),(143,16,145,71,NULL,NULL,1,'2024-04-29 01:46:48',NULL,'2024-04-29 01:46:48',NULL,1),(144,16,146,71,NULL,NULL,1,'2024-04-29 01:46:48',NULL,'2024-04-29 01:46:48',NULL,1),(145,17,147,71,NULL,NULL,1,'2024-04-29 01:46:48',NULL,'2024-04-29 01:46:48',NULL,1),(146,16,148,71,NULL,NULL,1,'2024-04-29 01:46:48',NULL,'2024-04-29 01:46:48',NULL,1),(147,17,149,71,NULL,NULL,1,'2024-04-29 01:46:48',NULL,'2024-04-29 01:46:48',NULL,1),(148,16,150,71,NULL,NULL,1,'2024-04-29 01:46:48',NULL,'2024-04-29 01:46:48',NULL,1),(149,17,151,71,NULL,NULL,1,'2024-04-29 01:46:48',NULL,'2024-04-29 01:46:48',NULL,1),(150,16,152,71,NULL,NULL,1,'2024-04-29 01:46:48',NULL,'2024-04-29 01:46:48',NULL,1),(151,17,153,71,NULL,NULL,1,'2024-04-29 01:46:48',NULL,'2024-04-29 01:46:48',NULL,1),(152,16,154,71,NULL,NULL,1,'2024-04-29 01:46:48',NULL,'2024-04-29 01:46:48',NULL,1),(153,17,155,71,NULL,NULL,1,'2024-04-29 01:46:48',NULL,'2024-04-29 01:46:48',NULL,1),(154,16,156,71,NULL,NULL,1,'2024-04-29 01:46:48',NULL,'2024-04-29 01:46:48',NULL,1),(155,17,157,71,NULL,NULL,1,'2024-04-29 01:46:48',NULL,'2024-04-29 01:46:48',NULL,1),(156,16,158,71,NULL,NULL,1,'2024-04-29 01:46:48',NULL,'2024-04-29 01:46:48',NULL,1),(157,17,159,71,NULL,NULL,1,'2024-04-29 01:46:48',NULL,'2024-04-29 01:46:48',NULL,1),(158,17,160,71,NULL,NULL,1,'2024-04-29 01:46:48',NULL,'2024-04-29 01:46:48',NULL,1),(159,17,161,71,NULL,NULL,1,'2024-04-29 01:46:48',NULL,'2024-04-29 01:46:48',NULL,1),(160,17,162,71,NULL,NULL,1,'2024-04-29 01:46:48',NULL,'2024-04-29 01:46:48',NULL,1),(161,17,163,71,NULL,NULL,1,'2024-04-29 01:46:48',NULL,'2024-04-29 01:46:48',NULL,1),(162,17,164,71,NULL,NULL,1,'2024-04-29 01:46:48',NULL,'2024-04-29 01:46:48',NULL,1),(163,17,165,71,NULL,NULL,1,'2024-04-29 01:46:48',NULL,'2024-04-29 01:46:48',NULL,1),(164,18,166,59,NULL,NULL,1,'2024-04-29 02:00:53',NULL,'2024-04-29 02:00:53',NULL,1),(165,18,167,59,NULL,NULL,1,'2024-04-29 02:00:53',NULL,'2024-04-29 02:00:53',NULL,1),(166,18,168,59,NULL,NULL,1,'2024-04-29 02:00:53',NULL,'2024-04-29 02:00:53',NULL,1),(167,18,169,59,NULL,NULL,1,'2024-04-29 02:00:53',NULL,'2024-04-29 02:00:53',NULL,1),(168,18,170,59,NULL,NULL,1,'2024-04-29 02:00:53',NULL,'2024-04-29 02:00:53',NULL,1),(169,18,171,59,NULL,NULL,1,'2024-04-29 02:00:53',NULL,'2024-04-29 02:00:53',NULL,1),(170,18,172,59,NULL,NULL,1,'2024-04-29 02:00:53',NULL,'2024-04-29 02:00:53',NULL,1),(171,18,173,59,NULL,NULL,1,'2024-04-29 02:00:53',NULL,'2024-04-29 02:00:53',NULL,1),(172,18,174,59,NULL,NULL,1,'2024-04-29 02:00:53',NULL,'2024-04-29 02:00:53',NULL,1),(173,18,175,59,NULL,NULL,1,'2024-04-29 02:00:53',NULL,'2024-04-29 02:00:53',NULL,1),(174,18,176,59,NULL,NULL,1,'2024-04-29 02:00:53',NULL,'2024-04-29 02:00:53',NULL,1),(175,18,177,59,NULL,NULL,1,'2024-04-29 02:00:53',NULL,'2024-04-29 02:00:53',NULL,1),(176,18,178,59,NULL,NULL,1,'2024-04-29 02:00:53',NULL,'2024-04-29 02:00:53',NULL,1),(177,18,179,59,NULL,NULL,1,'2024-04-29 02:00:53',NULL,'2024-04-29 02:00:53',NULL,1),(178,18,180,59,NULL,NULL,1,'2024-04-29 02:00:53',NULL,'2024-04-29 02:00:53',NULL,1),(179,18,181,59,NULL,NULL,1,'2024-04-29 02:00:53',NULL,'2024-04-29 02:00:53',NULL,1),(180,18,182,59,NULL,NULL,1,'2024-04-29 02:00:53',NULL,'2024-04-29 02:00:53',NULL,1),(181,18,183,59,NULL,NULL,1,'2024-04-29 02:00:53',NULL,'2024-04-29 02:00:53',NULL,1),(182,18,184,59,NULL,NULL,1,'2024-04-29 02:00:53',NULL,'2024-04-29 02:00:53',NULL,1),(183,18,185,59,NULL,NULL,1,'2024-04-29 02:00:53',NULL,'2024-04-29 02:00:53',NULL,1),(184,18,186,59,NULL,NULL,1,'2024-04-29 02:00:53',NULL,'2024-04-29 02:00:53',NULL,1),(185,18,187,59,NULL,NULL,1,'2024-04-29 02:00:53',NULL,'2024-04-29 02:00:53',NULL,1),(186,18,188,59,NULL,NULL,1,'2024-04-29 02:00:53',NULL,'2024-04-29 02:00:53',NULL,1),(187,18,189,59,NULL,NULL,1,'2024-04-29 02:00:53',NULL,'2024-04-29 02:00:53',NULL,1),(188,18,190,59,NULL,NULL,1,'2024-04-29 02:00:53',NULL,'2024-04-29 02:00:53',NULL,1),(189,18,191,59,NULL,NULL,1,'2024-04-29 02:00:53',NULL,'2024-04-29 02:00:53',NULL,1),(190,18,192,59,NULL,NULL,1,'2024-04-29 02:00:53',NULL,'2024-04-29 02:00:53',NULL,1),(191,18,193,59,NULL,NULL,1,'2024-04-29 02:00:53',NULL,'2024-04-29 02:00:53',NULL,1),(192,18,194,59,NULL,NULL,1,'2024-04-29 02:00:53',NULL,'2024-04-29 02:00:53',NULL,1),(193,18,195,59,NULL,NULL,1,'2024-04-29 02:00:53',NULL,'2024-04-29 02:00:53',NULL,1),(194,18,196,59,NULL,NULL,1,'2024-04-29 02:00:53',NULL,'2024-04-29 02:00:53',NULL,1),(195,18,197,59,NULL,NULL,1,'2024-04-29 02:00:53',NULL,'2024-04-29 02:00:53',NULL,1),(196,18,198,59,NULL,NULL,1,'2024-04-29 02:00:53',NULL,'2024-04-29 02:00:53',NULL,1),(197,18,199,59,NULL,NULL,1,'2024-04-29 02:00:53',NULL,'2024-04-29 02:00:53',NULL,1),(198,18,200,59,NULL,NULL,1,'2024-04-29 02:00:53',NULL,'2024-04-29 02:00:53',NULL,1),(199,18,201,59,NULL,NULL,1,'2024-04-29 02:00:53',NULL,'2024-04-29 02:00:53',NULL,1),(200,18,202,59,NULL,NULL,1,'2024-04-29 02:00:53',NULL,'2024-04-29 02:00:53',NULL,1),(201,18,203,59,NULL,NULL,1,'2024-04-29 02:00:53',NULL,'2024-04-29 02:00:53',NULL,1),(202,20,204,56,NULL,NULL,1,'2024-04-29 02:38:35',NULL,'2024-04-29 02:38:35',NULL,1),(203,20,205,56,NULL,NULL,1,'2024-04-29 02:38:35',NULL,'2024-04-29 02:38:35',NULL,1),(204,20,206,56,NULL,NULL,1,'2024-04-29 02:38:35',NULL,'2024-04-29 02:38:35',NULL,1),(205,20,207,56,NULL,NULL,1,'2024-04-29 02:38:35',NULL,'2024-04-29 02:38:35',NULL,1),(206,20,208,56,NULL,NULL,1,'2024-04-29 02:38:35',NULL,'2024-04-29 02:38:35',NULL,1),(207,20,209,56,NULL,NULL,1,'2024-04-29 02:38:35',NULL,'2024-04-29 02:38:35',NULL,1),(208,20,210,56,NULL,NULL,1,'2024-04-29 02:38:35',NULL,'2024-04-29 02:38:35',NULL,1),(209,20,211,56,NULL,NULL,1,'2024-04-29 02:38:35',NULL,'2024-04-29 02:38:35',NULL,1),(210,20,212,56,NULL,NULL,1,'2024-04-29 02:38:35',NULL,'2024-04-29 02:38:35',NULL,1),(211,20,213,56,NULL,NULL,1,'2024-04-29 02:38:35',NULL,'2024-04-29 02:38:35',NULL,1),(212,20,214,56,NULL,NULL,1,'2024-04-29 02:38:35',NULL,'2024-04-29 02:38:35',NULL,1),(213,20,215,56,NULL,NULL,1,'2024-04-29 02:38:35',NULL,'2024-04-29 02:38:35',NULL,1),(214,20,216,56,NULL,NULL,1,'2024-04-29 02:38:35',NULL,'2024-04-29 02:38:35',NULL,1),(215,20,217,56,NULL,NULL,1,'2024-04-29 02:38:35',NULL,'2024-04-29 02:38:35',NULL,1),(216,20,218,56,NULL,NULL,1,'2024-04-29 02:38:35',NULL,'2024-04-29 02:38:35',NULL,1),(217,20,219,56,NULL,NULL,1,'2024-04-29 02:38:35',NULL,'2024-04-29 02:38:35',NULL,1),(218,20,220,56,NULL,NULL,1,'2024-04-29 02:38:35',NULL,'2024-04-29 02:38:35',NULL,1),(219,20,221,56,NULL,NULL,1,'2024-04-29 02:38:35',NULL,'2024-04-29 02:38:35',NULL,1),(220,20,222,56,NULL,NULL,1,'2024-04-29 02:38:35',NULL,'2024-04-29 02:38:35',NULL,1),(221,20,223,56,NULL,NULL,1,'2024-04-29 02:38:35',NULL,'2024-04-29 02:38:35',NULL,1),(222,20,224,56,NULL,NULL,1,'2024-04-29 02:38:35',NULL,'2024-04-29 02:38:35',NULL,1),(223,20,225,56,NULL,NULL,1,'2024-04-29 02:38:35',NULL,'2024-04-29 02:38:35',NULL,1),(224,20,226,56,NULL,NULL,1,'2024-04-29 02:38:35',NULL,'2024-04-29 02:38:35',NULL,1),(225,20,227,56,NULL,NULL,1,'2024-04-29 02:38:35',NULL,'2024-04-29 02:38:35',NULL,1),(226,20,228,56,NULL,NULL,1,'2024-04-29 02:38:35',NULL,'2024-04-29 02:38:35',NULL,1),(227,20,229,56,NULL,NULL,1,'2024-04-29 02:38:35',NULL,'2024-04-29 02:38:35',NULL,1),(228,20,230,56,NULL,NULL,1,'2024-04-29 02:38:35',NULL,'2024-04-29 02:38:35',NULL,1),(229,20,231,56,NULL,NULL,1,'2024-04-29 02:38:35',NULL,'2024-04-29 02:38:35',NULL,1),(230,20,232,56,NULL,NULL,1,'2024-04-29 02:38:35',NULL,'2024-04-29 02:38:35',NULL,1),(231,20,233,56,NULL,NULL,1,'2024-04-29 02:38:35',NULL,'2024-04-29 02:38:35',NULL,1),(232,20,234,56,NULL,NULL,1,'2024-04-29 02:38:35',NULL,'2024-04-29 02:38:35',NULL,1),(233,20,235,56,NULL,NULL,1,'2024-04-29 02:38:35',NULL,'2024-04-29 02:38:35',NULL,1),(234,20,236,56,NULL,NULL,1,'2024-04-29 02:38:35',NULL,'2024-04-29 02:38:35',NULL,1),(235,20,237,56,NULL,NULL,1,'2024-04-29 02:38:35',NULL,'2024-04-29 02:38:35',NULL,1),(236,20,238,56,NULL,NULL,1,'2024-04-29 02:38:35',NULL,'2024-04-29 02:38:35',NULL,1),(237,20,239,56,NULL,NULL,1,'2024-04-29 02:38:35',NULL,'2024-04-29 02:38:35',NULL,1),(238,20,240,56,NULL,NULL,1,'2024-04-29 02:38:35',NULL,'2024-04-29 02:38:35',NULL,1),(239,20,241,56,NULL,NULL,1,'2024-04-29 02:38:35',NULL,'2024-04-29 02:38:35',NULL,1),(240,20,242,56,NULL,NULL,1,'2024-04-29 02:38:35',NULL,'2024-04-29 02:38:35',NULL,1),(241,21,243,56,NULL,NULL,1,'2024-04-29 03:20:15',NULL,'2024-04-29 03:20:15',NULL,1),(242,21,244,56,NULL,NULL,1,'2024-04-29 03:20:15',NULL,'2024-04-29 03:20:15',NULL,1),(243,21,245,56,NULL,NULL,1,'2024-04-29 03:20:15',NULL,'2024-04-29 03:20:15',NULL,1),(244,21,246,56,NULL,NULL,1,'2024-04-29 03:20:15',NULL,'2024-04-29 03:20:15',NULL,1),(245,21,247,56,NULL,NULL,1,'2024-04-29 03:20:15',NULL,'2024-04-29 03:20:15',NULL,1),(246,21,248,56,NULL,NULL,1,'2024-04-29 03:20:15',NULL,'2024-04-29 03:20:15',NULL,1),(247,21,249,56,NULL,NULL,1,'2024-04-29 03:20:15',NULL,'2024-04-29 03:20:15',NULL,1),(248,21,250,56,NULL,NULL,1,'2024-04-29 03:20:15',NULL,'2024-04-29 03:20:15',NULL,1),(249,21,251,56,NULL,NULL,1,'2024-04-29 03:20:15',NULL,'2024-04-29 03:20:15',NULL,1),(250,21,252,56,NULL,NULL,1,'2024-04-29 03:20:15',NULL,'2024-04-29 03:20:15',NULL,1),(251,21,253,56,NULL,NULL,1,'2024-04-29 03:20:15',NULL,'2024-04-29 03:20:15',NULL,1),(252,21,254,56,NULL,NULL,1,'2024-04-29 03:20:15',NULL,'2024-04-29 03:20:15',NULL,1),(253,21,255,56,NULL,NULL,1,'2024-04-29 03:20:15',NULL,'2024-04-29 03:20:15',NULL,1),(254,21,256,56,NULL,NULL,1,'2024-04-29 03:20:15',NULL,'2024-04-29 03:20:15',NULL,1),(255,21,257,56,NULL,NULL,1,'2024-04-29 03:20:15',NULL,'2024-04-29 03:20:15',NULL,1),(256,21,258,56,NULL,NULL,1,'2024-04-29 03:20:15',NULL,'2024-04-29 03:20:15',NULL,1),(257,21,259,56,NULL,NULL,1,'2024-04-29 03:20:15',NULL,'2024-04-29 03:20:15',NULL,1),(258,21,260,56,NULL,NULL,1,'2024-04-29 03:20:15',NULL,'2024-04-29 03:20:15',NULL,1),(259,21,261,56,NULL,NULL,1,'2024-04-29 03:20:15',NULL,'2024-04-29 03:20:15',NULL,1),(260,21,262,56,NULL,NULL,1,'2024-04-29 03:20:15',NULL,'2024-04-29 03:20:15',NULL,1),(261,21,263,56,NULL,NULL,1,'2024-04-29 03:20:15',NULL,'2024-04-29 03:20:15',NULL,1),(262,21,264,56,NULL,NULL,1,'2024-04-29 03:20:15',NULL,'2024-04-29 03:20:15',NULL,1),(263,21,265,56,NULL,NULL,1,'2024-04-29 03:20:15',NULL,'2024-04-29 03:20:15',NULL,1),(264,21,266,56,NULL,NULL,1,'2024-04-29 03:20:15',NULL,'2024-04-29 03:20:15',NULL,1),(265,21,267,56,NULL,NULL,1,'2024-04-29 03:20:15',NULL,'2024-04-29 03:20:15',NULL,1),(266,21,268,56,NULL,NULL,1,'2024-04-29 03:20:15',NULL,'2024-04-29 03:20:15',NULL,1),(267,21,269,56,NULL,NULL,1,'2024-04-29 03:20:15',NULL,'2024-04-29 03:20:15',NULL,1),(268,21,270,56,NULL,NULL,1,'2024-04-29 03:20:15',NULL,'2024-04-29 03:20:15',NULL,1),(269,21,271,56,NULL,NULL,1,'2024-04-29 03:20:15',NULL,'2024-04-29 03:20:15',NULL,1),(270,21,272,56,NULL,NULL,1,'2024-04-29 03:20:15',NULL,'2024-04-29 03:20:15',NULL,1),(271,21,273,56,NULL,NULL,1,'2024-04-29 03:20:15',NULL,'2024-04-29 03:20:15',NULL,1),(272,21,274,56,NULL,NULL,1,'2024-04-29 03:20:15',NULL,'2024-04-29 03:20:15',NULL,1),(273,21,275,56,NULL,NULL,1,'2024-04-29 03:20:15',NULL,'2024-04-29 03:20:15',NULL,1),(274,21,276,56,NULL,NULL,1,'2024-04-29 03:20:15',NULL,'2024-04-29 03:20:15',NULL,1),(275,21,277,56,NULL,NULL,1,'2024-04-29 03:20:15',NULL,'2024-04-29 03:20:15',NULL,1),(276,21,278,56,NULL,NULL,1,'2024-04-29 03:20:15',NULL,'2024-04-29 03:20:15',NULL,1),(277,21,279,56,NULL,NULL,1,'2024-04-29 03:20:15',NULL,'2024-04-29 03:20:15',NULL,1),(278,21,280,56,NULL,NULL,1,'2024-04-29 03:20:15',NULL,'2024-04-29 03:20:15',NULL,1),(279,21,281,56,NULL,NULL,1,'2024-04-29 03:20:15',NULL,'2024-04-29 03:20:15',NULL,1),(603,46,610,71,NULL,NULL,1,'2024-06-24 22:40:51',NULL,'2024-06-24 22:40:51',NULL,1),(604,46,611,71,NULL,NULL,1,'2024-06-24 22:40:51',NULL,'2024-06-24 22:40:51',NULL,1),(605,46,612,71,NULL,NULL,1,'2024-06-24 22:40:51',NULL,'2024-06-24 22:40:51',NULL,1),(606,46,613,71,NULL,NULL,1,'2024-06-24 22:40:51',NULL,'2024-06-24 22:40:51',NULL,1),(607,46,614,71,NULL,NULL,1,'2024-06-24 22:40:51',NULL,'2024-06-24 22:40:51',NULL,1),(608,46,615,71,NULL,NULL,1,'2024-06-24 22:40:51',NULL,'2024-06-24 22:40:51',NULL,1),(609,46,616,71,NULL,NULL,1,'2024-06-24 22:40:51',NULL,'2024-06-24 22:40:51',NULL,1),(610,46,617,71,NULL,NULL,1,'2024-06-24 22:40:51',NULL,'2024-06-24 22:40:51',NULL,1),(611,46,618,71,NULL,NULL,1,'2024-06-24 22:40:51',NULL,'2024-06-24 22:40:51',NULL,1),(612,46,619,71,NULL,NULL,1,'2024-06-24 22:40:51',NULL,'2024-06-24 22:40:51',NULL,1),(613,46,620,71,NULL,NULL,1,'2024-06-24 22:40:51',NULL,'2024-06-24 22:40:51',NULL,1),(614,46,621,71,NULL,NULL,1,'2024-06-24 22:40:51',NULL,'2024-06-24 22:40:51',NULL,1),(615,46,622,71,NULL,NULL,1,'2024-06-24 22:40:51',NULL,'2024-06-24 22:40:51',NULL,1),(616,46,623,71,NULL,NULL,1,'2024-06-24 22:40:51',NULL,'2024-06-24 22:40:51',NULL,1),(617,46,624,71,NULL,NULL,1,'2024-06-24 22:40:51',NULL,'2024-06-24 22:40:51',NULL,1),(618,46,625,71,NULL,NULL,1,'2024-06-24 22:40:51',NULL,'2024-06-24 22:40:51',NULL,1),(619,46,626,71,NULL,NULL,1,'2024-06-24 22:40:51',NULL,'2024-06-24 22:40:51',NULL,1),(620,46,627,71,NULL,NULL,1,'2024-06-24 22:40:51',NULL,'2024-06-24 22:40:51',NULL,1),(621,46,628,71,NULL,NULL,1,'2024-06-24 22:40:51',NULL,'2024-06-24 22:40:51',NULL,1),(622,46,629,71,NULL,NULL,1,'2024-06-24 22:40:51',NULL,'2024-06-24 22:40:51',NULL,1),(623,46,630,71,NULL,NULL,1,'2024-06-24 22:40:51',NULL,'2024-06-24 22:40:51',NULL,1),(624,46,631,71,NULL,NULL,1,'2024-06-24 22:40:51',NULL,'2024-06-24 22:40:51',NULL,1),(625,46,632,71,NULL,NULL,1,'2024-06-24 22:40:51',NULL,'2024-06-24 22:40:51',NULL,1),(626,46,633,71,NULL,NULL,1,'2024-06-24 22:40:51',NULL,'2024-06-24 22:40:51',NULL,1),(627,46,634,71,NULL,NULL,1,'2024-06-24 22:40:51',NULL,'2024-06-24 22:40:51',NULL,1),(628,46,635,71,NULL,NULL,1,'2024-06-24 22:40:52',NULL,'2024-06-24 22:40:52',NULL,1),(629,46,636,71,NULL,NULL,1,'2024-06-24 22:40:52',NULL,'2024-06-24 22:40:52',NULL,1),(630,46,637,71,NULL,NULL,1,'2024-06-24 22:40:52',NULL,'2024-06-24 22:40:52',NULL,1),(631,46,638,71,NULL,NULL,1,'2024-06-24 22:40:52',NULL,'2024-06-24 22:40:52',NULL,1),(632,46,639,71,NULL,NULL,1,'2024-06-24 22:40:52',NULL,'2024-06-24 22:40:52',NULL,1),(633,46,640,71,NULL,NULL,1,'2024-06-24 22:40:52',NULL,'2024-06-24 22:40:52',NULL,1),(634,46,641,71,NULL,NULL,1,'2024-06-24 22:40:52',NULL,'2024-06-24 22:40:52',NULL,1),(635,46,642,71,NULL,NULL,1,'2024-06-24 22:40:52',NULL,'2024-06-24 22:40:52',NULL,1),(636,46,643,71,NULL,NULL,1,'2024-06-24 22:40:52',NULL,'2024-06-24 22:40:52',NULL,1),(637,46,644,71,NULL,NULL,1,'2024-06-24 22:40:52',NULL,'2024-06-24 22:40:52',NULL,1),(638,46,645,71,NULL,NULL,1,'2024-06-24 22:40:52',NULL,'2024-06-24 22:40:52',NULL,1),(639,46,646,71,NULL,NULL,1,'2024-06-24 22:40:52',NULL,'2024-06-24 22:40:52',NULL,1),(640,46,647,71,NULL,NULL,1,'2024-06-24 22:40:52',NULL,'2024-06-24 22:40:52',NULL,1),(641,46,648,71,NULL,NULL,1,'2024-06-24 22:40:52',NULL,'2024-06-24 22:40:52',NULL,1),(642,46,649,71,NULL,NULL,1,'2024-06-24 22:40:52',NULL,'2024-06-24 22:40:52',NULL,1),(643,46,650,71,NULL,NULL,1,'2024-06-24 22:40:52',NULL,'2024-06-24 22:40:52',NULL,1),(644,46,651,71,NULL,NULL,1,'2024-06-24 22:40:52',NULL,'2024-06-24 22:40:52',NULL,1),(645,46,652,71,NULL,NULL,1,'2024-06-24 22:40:52',NULL,'2024-06-24 22:40:52',NULL,1),(646,46,653,71,NULL,NULL,1,'2024-06-24 22:40:52',NULL,'2024-06-24 22:40:52',NULL,1),(647,46,654,71,NULL,NULL,1,'2024-06-24 22:40:52',NULL,'2024-06-24 22:40:52',NULL,1),(648,46,655,71,NULL,NULL,1,'2024-06-24 22:40:52',NULL,'2024-06-24 22:40:52',NULL,1),(649,47,656,71,NULL,NULL,1,'2024-06-24 22:48:30',NULL,'2024-06-24 22:48:30',NULL,1),(650,47,657,71,NULL,NULL,1,'2024-06-24 22:48:30',NULL,'2024-06-24 22:48:30',NULL,1),(651,47,658,71,NULL,NULL,1,'2024-06-24 22:48:30',NULL,'2024-06-24 22:48:30',NULL,1),(652,47,659,71,NULL,NULL,1,'2024-06-24 22:48:30',NULL,'2024-06-24 22:48:30',NULL,1),(653,47,660,71,NULL,NULL,1,'2024-06-24 22:48:30',NULL,'2024-06-24 22:48:30',NULL,1),(654,47,661,71,NULL,NULL,1,'2024-06-24 22:48:30',NULL,'2024-06-24 22:48:30',NULL,1),(655,47,662,71,NULL,NULL,1,'2024-06-24 22:48:30',NULL,'2024-06-24 22:48:30',NULL,1),(656,47,663,71,NULL,NULL,1,'2024-06-24 22:48:30',NULL,'2024-06-24 22:48:30',NULL,1),(657,47,664,71,NULL,NULL,1,'2024-06-24 22:48:30',NULL,'2024-06-24 22:48:30',NULL,1),(658,47,665,71,NULL,NULL,1,'2024-06-24 22:48:30',NULL,'2024-06-24 22:48:30',NULL,1),(659,47,666,71,NULL,NULL,1,'2024-06-24 22:48:30',NULL,'2024-06-24 22:48:30',NULL,1),(660,47,667,71,NULL,NULL,1,'2024-06-24 22:48:30',NULL,'2024-06-24 22:48:30',NULL,1),(661,47,668,71,NULL,NULL,1,'2024-06-24 22:48:30',NULL,'2024-06-24 22:48:30',NULL,1),(662,47,669,71,NULL,NULL,1,'2024-06-24 22:48:30',NULL,'2024-06-24 22:48:30',NULL,1),(663,47,670,71,NULL,NULL,1,'2024-06-24 22:48:30',NULL,'2024-06-24 22:48:30',NULL,1),(664,47,671,71,NULL,NULL,1,'2024-06-24 22:48:30',NULL,'2024-06-24 22:48:30',NULL,1),(665,47,672,71,NULL,NULL,1,'2024-06-24 22:48:30',NULL,'2024-06-24 22:48:30',NULL,1),(666,47,673,71,NULL,NULL,1,'2024-06-24 22:48:30',NULL,'2024-06-24 22:48:30',NULL,1),(667,47,674,71,NULL,NULL,1,'2024-06-24 22:48:30',NULL,'2024-06-24 22:48:30',NULL,1),(668,47,675,71,NULL,NULL,1,'2024-06-24 22:48:30',NULL,'2024-06-24 22:48:30',NULL,1),(669,47,676,71,NULL,NULL,1,'2024-06-24 22:48:30',NULL,'2024-06-24 22:48:30',NULL,1),(670,47,677,71,NULL,NULL,1,'2024-06-24 22:48:30',NULL,'2024-06-24 22:48:30',NULL,1),(671,47,678,71,NULL,NULL,1,'2024-06-24 22:48:30',NULL,'2024-06-24 22:48:30',NULL,1),(672,47,679,71,NULL,NULL,1,'2024-06-24 22:48:30',NULL,'2024-06-24 22:48:30',NULL,1),(673,47,680,71,NULL,NULL,1,'2024-06-24 22:48:30',NULL,'2024-06-24 22:48:30',NULL,1),(674,47,681,71,NULL,NULL,1,'2024-06-24 22:48:30',NULL,'2024-06-24 22:48:30',NULL,1),(675,47,682,71,NULL,NULL,1,'2024-06-24 22:48:30',NULL,'2024-06-24 22:48:30',NULL,1),(676,47,683,71,NULL,NULL,1,'2024-06-24 22:48:30',NULL,'2024-06-24 22:48:30',NULL,1),(677,47,684,71,NULL,NULL,1,'2024-06-24 22:48:30',NULL,'2024-06-24 22:48:30',NULL,1),(678,47,685,71,NULL,NULL,1,'2024-06-24 22:48:30',NULL,'2024-06-24 22:48:30',NULL,1),(679,47,686,71,NULL,NULL,1,'2024-06-24 22:48:30',NULL,'2024-06-24 22:48:30',NULL,1),(680,47,687,71,NULL,NULL,1,'2024-06-24 22:48:30',NULL,'2024-06-24 22:48:30',NULL,1),(681,47,688,71,NULL,NULL,1,'2024-06-24 22:48:30',NULL,'2024-06-24 22:48:30',NULL,1),(682,47,689,71,NULL,NULL,1,'2024-06-24 22:48:30',NULL,'2024-06-24 22:48:30',NULL,1),(683,47,690,71,NULL,NULL,1,'2024-06-24 22:48:30',NULL,'2024-06-24 22:48:30',NULL,1),(684,47,691,71,NULL,NULL,1,'2024-06-24 22:48:30',NULL,'2024-06-24 22:48:30',NULL,1),(685,47,692,71,NULL,NULL,1,'2024-06-24 22:48:30',NULL,'2024-06-24 22:48:30',NULL,1),(686,47,693,71,NULL,NULL,1,'2024-06-24 22:48:30',NULL,'2024-06-24 22:48:30',NULL,1),(687,47,694,71,NULL,NULL,1,'2024-06-24 22:48:30',NULL,'2024-06-24 22:48:30',NULL,1),(688,47,695,71,NULL,NULL,1,'2024-06-24 22:48:30',NULL,'2024-06-24 22:48:30',NULL,1),(689,47,696,71,NULL,NULL,1,'2024-06-24 22:48:30',NULL,'2024-06-24 22:48:30',NULL,1),(690,47,697,71,NULL,NULL,1,'2024-06-24 22:48:30',NULL,'2024-06-24 22:48:30',NULL,1),(691,47,698,71,NULL,NULL,1,'2024-06-24 22:48:30',NULL,'2024-06-24 22:48:30',NULL,1),(692,47,699,71,NULL,NULL,1,'2024-06-24 22:48:30',NULL,'2024-06-24 22:48:30',NULL,1),(693,47,700,71,NULL,NULL,1,'2024-06-24 22:48:30',NULL,'2024-06-24 22:48:30',NULL,1),(694,47,701,71,NULL,NULL,1,'2024-06-24 22:48:30',NULL,'2024-06-24 22:48:30',NULL,1),(695,47,702,71,NULL,NULL,1,'2024-06-24 22:48:30',NULL,'2024-06-24 22:48:30',NULL,1),(696,49,703,71,NULL,NULL,1,'2024-06-25 01:23:14',NULL,'2024-06-25 01:23:14',NULL,1),(697,50,704,71,NULL,NULL,1,'2024-06-25 01:39:11',NULL,'2024-06-25 01:39:11',NULL,1),(698,50,705,71,NULL,NULL,1,'2024-06-25 01:39:11',NULL,'2024-06-25 01:39:11',NULL,1),(699,50,706,71,NULL,NULL,1,'2024-06-25 01:39:11',NULL,'2024-06-25 01:39:11',NULL,1),(700,50,707,71,NULL,NULL,1,'2024-06-25 01:39:12',NULL,'2024-06-25 01:39:12',NULL,1),(701,50,708,71,NULL,NULL,1,'2024-06-25 01:39:12',NULL,'2024-06-25 01:39:12',NULL,1),(702,50,709,71,NULL,NULL,1,'2024-06-25 01:39:12',NULL,'2024-06-25 01:39:12',NULL,1),(703,50,710,71,NULL,NULL,1,'2024-06-25 01:39:12',NULL,'2024-06-25 01:39:12',NULL,1),(704,50,711,71,NULL,NULL,1,'2024-06-25 01:39:12',NULL,'2024-06-25 01:39:12',NULL,1),(705,50,712,71,NULL,NULL,1,'2024-06-25 01:39:12',NULL,'2024-06-25 01:39:12',NULL,1),(706,50,713,71,NULL,NULL,1,'2024-06-25 01:39:12',NULL,'2024-06-25 01:39:12',NULL,1),(707,50,714,71,NULL,NULL,1,'2024-06-25 01:39:12',NULL,'2024-06-25 01:39:12',NULL,1),(708,50,715,71,NULL,NULL,1,'2024-06-25 01:39:12',NULL,'2024-06-25 01:39:12',NULL,1),(709,50,716,71,NULL,NULL,1,'2024-06-25 01:39:12',NULL,'2024-06-25 01:39:12',NULL,1),(710,50,717,71,NULL,NULL,1,'2024-06-25 01:39:12',NULL,'2024-06-25 01:39:12',NULL,1),(711,50,718,71,NULL,NULL,1,'2024-06-25 01:39:12',NULL,'2024-06-25 01:39:12',NULL,1),(712,50,719,71,NULL,NULL,1,'2024-06-25 01:39:12',NULL,'2024-06-25 01:39:12',NULL,1),(713,50,720,71,NULL,NULL,1,'2024-06-25 01:39:12',NULL,'2024-06-25 01:39:12',NULL,1),(714,50,721,71,NULL,NULL,1,'2024-06-25 01:39:12',NULL,'2024-06-25 01:39:12',NULL,1),(715,50,722,71,NULL,NULL,1,'2024-06-25 01:39:12',NULL,'2024-06-25 01:39:12',NULL,1),(716,50,723,71,NULL,NULL,1,'2024-06-25 01:39:12',NULL,'2024-06-25 01:39:12',NULL,1),(717,50,724,71,NULL,NULL,1,'2024-06-25 01:39:12',NULL,'2024-06-25 01:39:12',NULL,1),(718,50,725,71,NULL,NULL,1,'2024-06-25 01:39:12',NULL,'2024-06-25 01:39:12',NULL,1),(719,50,726,71,NULL,NULL,1,'2024-06-25 01:39:12',NULL,'2024-06-25 01:39:12',NULL,1),(720,50,727,71,NULL,NULL,1,'2024-06-25 01:39:12',NULL,'2024-06-25 01:39:12',NULL,1),(721,50,728,71,NULL,NULL,1,'2024-06-25 01:39:12',NULL,'2024-06-25 01:39:12',NULL,1),(722,50,729,71,NULL,NULL,1,'2024-06-25 01:39:12',NULL,'2024-06-25 01:39:12',NULL,1),(723,50,730,71,NULL,NULL,1,'2024-06-25 01:39:12',NULL,'2024-06-25 01:39:12',NULL,1),(724,50,731,71,NULL,NULL,1,'2024-06-25 01:39:12',NULL,'2024-06-25 01:39:12',NULL,1),(725,50,732,71,NULL,NULL,1,'2024-06-25 01:39:12',NULL,'2024-06-25 01:39:12',NULL,1),(726,50,733,71,NULL,NULL,1,'2024-06-25 01:39:12',NULL,'2024-06-25 01:39:12',NULL,1),(727,50,734,71,NULL,NULL,1,'2024-06-25 01:39:12',NULL,'2024-06-25 01:39:12',NULL,1),(728,50,735,71,NULL,NULL,1,'2024-06-25 01:39:12',NULL,'2024-06-25 01:39:12',NULL,1),(729,50,736,71,NULL,NULL,1,'2024-06-25 01:39:12',NULL,'2024-06-25 01:39:12',NULL,1),(730,50,737,71,NULL,NULL,1,'2024-06-25 01:39:12',NULL,'2024-06-25 01:39:12',NULL,1),(731,50,738,71,NULL,NULL,1,'2024-06-25 01:39:12',NULL,'2024-06-25 01:39:12',NULL,1),(732,50,739,71,NULL,NULL,1,'2024-06-25 01:39:12',NULL,'2024-06-25 01:39:12',NULL,1),(733,50,740,71,NULL,NULL,1,'2024-06-25 01:39:12',NULL,'2024-06-25 01:39:12',NULL,1),(734,50,741,71,NULL,NULL,1,'2024-06-25 01:39:12',NULL,'2024-06-25 01:39:12',NULL,1),(735,50,742,71,NULL,NULL,1,'2024-06-25 01:39:12',NULL,'2024-06-25 01:39:12',NULL,1),(736,50,743,71,NULL,NULL,1,'2024-06-25 01:39:12',NULL,'2024-06-25 01:39:12',NULL,1),(737,50,744,71,NULL,NULL,1,'2024-06-25 01:39:12',NULL,'2024-06-25 01:39:12',NULL,1),(738,50,745,71,NULL,NULL,1,'2024-06-25 01:39:12',NULL,'2024-06-25 01:39:12',NULL,1),(739,50,746,71,NULL,NULL,1,'2024-06-25 01:39:12',NULL,'2024-06-25 01:39:12',NULL,1),(740,50,747,71,NULL,NULL,1,'2024-06-25 01:39:12',NULL,'2024-06-25 01:39:12',NULL,1),(741,50,748,71,NULL,NULL,1,'2024-06-25 01:39:12',NULL,'2024-06-25 01:39:12',NULL,1),(742,50,749,71,NULL,NULL,1,'2024-06-25 01:39:12',NULL,'2024-06-25 01:39:12',NULL,1),(743,51,750,71,NULL,NULL,1,'2024-06-25 22:24:08',NULL,'2024-06-25 22:24:08',NULL,1),(744,51,751,71,NULL,NULL,1,'2024-06-25 22:24:08',NULL,'2024-06-25 22:24:08',NULL,1),(745,51,752,71,NULL,NULL,1,'2024-06-25 22:24:08',NULL,'2024-06-25 22:24:08',NULL,1),(1196,91,1203,71,NULL,NULL,1,'2024-07-06 12:57:22',NULL,'2024-07-06 12:57:22',NULL,1),(1197,91,1204,71,NULL,NULL,1,'2024-07-06 12:57:22',NULL,'2024-07-06 12:57:22',NULL,1),(1198,91,1205,71,NULL,NULL,1,'2024-07-06 12:57:22',NULL,'2024-07-06 12:57:22',NULL,1),(1199,91,1206,71,NULL,NULL,1,'2024-07-06 12:57:22',NULL,'2024-07-06 12:57:22',NULL,1),(1200,91,1207,71,NULL,NULL,1,'2024-07-06 12:57:22',NULL,'2024-07-06 12:57:22',NULL,1),(1201,91,1208,71,NULL,NULL,1,'2024-07-06 12:57:22',NULL,'2024-07-06 12:57:22',NULL,1),(1202,91,1209,71,NULL,NULL,1,'2024-07-06 12:57:22',NULL,'2024-07-06 12:57:22',NULL,1),(1203,91,1210,71,NULL,NULL,1,'2024-07-06 12:57:22',NULL,'2024-07-06 12:57:22',NULL,1),(1204,91,1211,71,NULL,NULL,1,'2024-07-06 12:57:22',NULL,'2024-07-06 12:57:22',NULL,1),(1205,91,1212,71,NULL,NULL,1,'2024-07-06 12:57:22',NULL,'2024-07-06 12:57:22',NULL,1),(1206,91,1213,71,NULL,NULL,1,'2024-07-06 12:57:22',NULL,'2024-07-06 12:57:22',NULL,1),(1207,91,1214,71,NULL,NULL,1,'2024-07-06 12:57:22',NULL,'2024-07-06 12:57:22',NULL,1),(1208,91,1215,71,NULL,NULL,1,'2024-07-06 12:57:22',NULL,'2024-07-06 12:57:22',NULL,1),(1209,91,1216,71,NULL,NULL,1,'2024-07-06 12:57:22',NULL,'2024-07-06 12:57:22',NULL,1),(1210,91,1217,71,NULL,NULL,1,'2024-07-06 12:57:22',NULL,'2024-07-06 12:57:22',NULL,1),(1211,91,1218,71,NULL,NULL,1,'2024-07-06 12:57:22',NULL,'2024-07-06 12:57:22',NULL,1),(1212,91,1219,71,NULL,NULL,1,'2024-07-06 12:57:22',NULL,'2024-07-06 12:57:22',NULL,1),(1213,91,1220,71,NULL,NULL,1,'2024-07-06 12:57:22',NULL,'2024-07-06 12:57:22',NULL,1),(1214,91,1221,71,NULL,NULL,1,'2024-07-06 12:57:22',NULL,'2024-07-06 12:57:22',NULL,1),(1215,91,1222,71,NULL,NULL,1,'2024-07-06 12:57:22',NULL,'2024-07-06 12:57:22',NULL,1),(1216,91,1223,71,NULL,NULL,1,'2024-07-06 12:57:22',NULL,'2024-07-06 12:57:22',NULL,1),(1217,91,1224,71,NULL,NULL,1,'2024-07-06 12:57:22',NULL,'2024-07-06 12:57:22',NULL,1),(1218,91,1225,71,NULL,NULL,1,'2024-07-06 12:57:22',NULL,'2024-07-06 12:57:22',NULL,1),(1219,91,1226,71,NULL,NULL,1,'2024-07-06 12:57:22',NULL,'2024-07-06 12:57:22',NULL,1),(1220,91,1227,71,NULL,NULL,1,'2024-07-06 12:57:22',NULL,'2024-07-06 12:57:22',NULL,1),(1221,91,1228,71,NULL,NULL,1,'2024-07-06 12:57:22',NULL,'2024-07-06 12:57:22',NULL,1),(1222,91,1229,71,NULL,NULL,1,'2024-07-06 12:57:22',NULL,'2024-07-06 12:57:22',NULL,1),(1256,95,1263,71,NULL,NULL,1,'2024-07-06 20:31:31',NULL,'2024-07-06 20:31:31',NULL,1),(1257,95,1264,71,NULL,NULL,1,'2024-07-06 20:31:31',NULL,'2024-07-06 20:31:31',NULL,1),(1258,95,1265,71,NULL,NULL,1,'2024-07-06 20:31:31',NULL,'2024-07-06 20:31:31',NULL,1),(1259,95,1266,71,NULL,NULL,1,'2024-07-06 20:31:31',NULL,'2024-07-06 20:31:31',NULL,1),(1260,95,1267,71,NULL,NULL,1,'2024-07-06 20:31:31',NULL,'2024-07-06 20:31:31',NULL,1),(1261,95,1268,71,NULL,NULL,1,'2024-07-06 20:31:31',NULL,'2024-07-06 20:31:31',NULL,1),(1262,95,1269,71,NULL,NULL,1,'2024-07-06 20:31:31',NULL,'2024-07-06 20:31:31',NULL,1),(1263,95,1270,71,NULL,NULL,1,'2024-07-06 20:31:31',NULL,'2024-07-06 20:31:31',NULL,1),(1264,95,1271,71,NULL,NULL,1,'2024-07-06 20:31:31',NULL,'2024-07-06 20:31:31',NULL,1),(1265,95,1272,71,NULL,NULL,1,'2024-07-06 20:31:31',NULL,'2024-07-06 20:31:31',NULL,1),(1266,95,1273,71,NULL,NULL,1,'2024-07-06 20:31:31',NULL,'2024-07-06 20:31:31',NULL,1),(1267,95,1274,71,NULL,NULL,1,'2024-07-06 20:31:31',NULL,'2024-07-06 20:31:31',NULL,1),(1268,95,1275,71,NULL,NULL,1,'2024-07-06 20:31:31',NULL,'2024-07-06 20:31:31',NULL,1),(1270,95,1277,71,NULL,NULL,1,'2024-07-08 17:26:15',NULL,'2024-07-08 17:26:15',NULL,1),(1278,98,1287,71,NULL,NULL,1,'2024-07-11 20:38:30',NULL,'2024-07-11 20:38:30',NULL,1),(1279,99,1288,71,NULL,NULL,1,'2024-07-13 06:38:17',NULL,'2024-07-13 06:38:17',NULL,1),(1280,99,1289,71,NULL,NULL,1,'2024-07-15 16:26:13',NULL,'2024-07-15 16:26:13',NULL,1),(1281,99,1290,71,NULL,NULL,1,'2024-07-15 18:03:01',NULL,'2024-07-15 18:03:01',NULL,1),(1282,99,1291,71,NULL,NULL,1,'2024-07-15 18:14:11',NULL,'2024-07-15 18:14:11',NULL,1),(1283,100,1292,NULL,NULL,NULL,1,'2024-07-18 19:45:09',NULL,'2024-07-18 19:45:09',NULL,1),(1284,100,1293,NULL,NULL,NULL,1,'2024-07-18 19:45:09',NULL,'2024-07-18 19:45:09',NULL,1),(1285,100,1294,NULL,NULL,NULL,1,'2024-07-18 19:45:09',NULL,'2024-07-18 19:45:09',NULL,1),(1286,100,1295,NULL,NULL,NULL,1,'2024-07-18 19:45:09',NULL,'2024-07-18 19:45:09',NULL,1),(1287,101,1296,NULL,NULL,NULL,1,'2024-07-19 21:05:21',NULL,'2024-07-19 21:05:21',NULL,1),(1288,101,1297,NULL,NULL,NULL,1,'2024-07-19 21:05:21',NULL,'2024-07-19 21:05:21',NULL,1),(1289,101,1298,NULL,NULL,NULL,1,'2024-07-19 21:05:21',NULL,'2024-07-19 21:05:21',NULL,1),(1290,101,1299,NULL,NULL,NULL,1,'2024-07-19 21:05:21',NULL,'2024-07-19 21:05:21',NULL,1),(1291,102,1300,NULL,NULL,NULL,1,'2024-07-19 21:15:33',NULL,'2024-07-19 21:15:33',NULL,1),(1292,102,1301,NULL,NULL,NULL,1,'2024-07-19 21:15:33',NULL,'2024-07-19 21:15:33',NULL,1),(1293,102,1302,NULL,NULL,NULL,1,'2024-07-19 21:15:33',NULL,'2024-07-19 21:15:33',NULL,1),(1294,102,1303,NULL,NULL,NULL,1,'2024-07-19 21:15:33',NULL,'2024-07-19 21:15:33',NULL,1),(1295,103,1305,NULL,NULL,NULL,1,'2024-07-22 12:50:05',NULL,'2024-07-22 12:50:05',NULL,1),(1296,103,1306,NULL,NULL,NULL,1,'2024-07-22 12:50:05',NULL,'2024-07-22 12:50:05',NULL,1),(1297,103,1307,NULL,NULL,NULL,1,'2024-07-22 12:50:05',NULL,'2024-07-22 12:50:05',NULL,1),(1298,103,1308,NULL,NULL,NULL,1,'2024-07-22 12:50:05',NULL,'2024-07-22 12:50:05',NULL,1),(1299,103,1309,NULL,NULL,NULL,1,'2024-07-22 12:50:06',NULL,'2024-07-22 12:50:06',NULL,1),(1300,103,1310,NULL,NULL,NULL,1,'2024-07-22 12:50:06',NULL,'2024-07-22 12:50:06',NULL,1),(1301,103,1311,NULL,NULL,NULL,1,'2024-07-22 12:50:06',NULL,'2024-07-22 12:50:06',NULL,1),(1302,103,1312,NULL,NULL,NULL,1,'2024-07-22 12:50:06',NULL,'2024-07-22 12:50:06',NULL,1),(1303,103,1313,NULL,NULL,NULL,1,'2024-07-22 12:50:06',NULL,'2024-07-22 12:50:06',NULL,1),(1304,103,1314,NULL,NULL,NULL,1,'2024-07-22 12:50:06',NULL,'2024-07-22 12:50:06',NULL,1),(1305,103,1315,NULL,NULL,NULL,1,'2024-07-22 12:50:06',NULL,'2024-07-22 12:50:06',NULL,1),(1306,103,1316,NULL,NULL,NULL,1,'2024-07-22 12:50:06',NULL,'2024-07-22 12:50:06',NULL,1),(1307,103,1317,NULL,NULL,NULL,1,'2024-07-22 12:50:06',NULL,'2024-07-22 12:50:06',NULL,1),(1308,103,1318,NULL,NULL,NULL,1,'2024-07-22 12:50:06',NULL,'2024-07-22 12:50:06',NULL,1),(1309,103,1319,NULL,NULL,NULL,1,'2024-07-22 12:50:06',NULL,'2024-07-22 12:50:06',NULL,1),(1310,103,1320,NULL,NULL,NULL,1,'2024-07-22 12:50:06',NULL,'2024-07-22 12:50:06',NULL,1),(1311,103,1321,NULL,NULL,NULL,1,'2024-07-22 12:50:06',NULL,'2024-07-22 12:50:06',NULL,1),(1312,103,1322,NULL,NULL,NULL,1,'2024-07-22 12:50:06',NULL,'2024-07-22 12:50:06',NULL,1),(1313,103,1323,NULL,NULL,NULL,1,'2024-07-22 12:50:06',NULL,'2024-07-22 12:50:06',NULL,1),(1314,103,1324,NULL,NULL,NULL,1,'2024-07-22 12:50:06',NULL,'2024-07-22 12:50:06',NULL,1),(1315,103,1325,NULL,NULL,NULL,1,'2024-07-22 12:50:06',NULL,'2024-07-22 12:50:06',NULL,1),(1316,103,1326,NULL,NULL,NULL,1,'2024-07-22 12:50:06',NULL,'2024-07-22 12:50:06',NULL,1),(1317,103,1327,NULL,NULL,NULL,1,'2024-07-22 12:50:06',NULL,'2024-07-22 12:50:06',NULL,1),(1318,103,1328,NULL,NULL,NULL,1,'2024-07-22 12:50:06',NULL,'2024-07-22 12:50:06',NULL,1),(1319,103,1329,NULL,NULL,NULL,1,'2024-07-22 12:50:06',NULL,'2024-07-22 12:50:06',NULL,1),(1320,103,1330,NULL,NULL,NULL,1,'2024-07-22 12:50:06',NULL,'2024-07-22 12:50:06',NULL,1),(1321,103,1331,NULL,NULL,NULL,1,'2024-07-22 12:50:06',NULL,'2024-07-22 12:50:06',NULL,1),(1322,103,1332,NULL,NULL,NULL,1,'2024-07-22 12:50:06',NULL,'2024-07-22 12:50:06',NULL,1),(1323,103,1333,NULL,NULL,NULL,1,'2024-07-22 12:50:06',NULL,'2024-07-22 12:50:06',NULL,1),(1324,103,1334,NULL,NULL,NULL,1,'2024-07-22 12:50:06',NULL,'2024-07-22 12:50:06',NULL,1),(1325,103,1335,NULL,NULL,NULL,1,'2024-07-22 12:50:06',NULL,'2024-07-22 12:50:06',NULL,1),(1326,103,1336,NULL,NULL,NULL,1,'2024-07-22 12:50:06',NULL,'2024-07-22 12:50:06',NULL,1),(1327,103,1337,NULL,NULL,NULL,1,'2024-07-22 12:50:06',NULL,'2024-07-22 12:50:06',NULL,1),(1328,103,1338,NULL,NULL,NULL,1,'2024-07-22 12:50:06',NULL,'2024-07-22 12:50:06',NULL,1),(1329,103,1339,NULL,NULL,NULL,1,'2024-07-22 12:50:06',NULL,'2024-07-22 12:50:06',NULL,1),(1330,103,1340,NULL,NULL,NULL,1,'2024-07-22 12:50:06',NULL,'2024-07-22 12:50:06',NULL,1),(1331,103,1341,NULL,NULL,NULL,1,'2024-07-22 12:50:06',NULL,'2024-07-22 12:50:06',NULL,1),(1332,103,1342,NULL,NULL,NULL,1,'2024-07-22 12:50:06',NULL,'2024-07-22 12:50:06',NULL,1),(1333,103,1343,NULL,NULL,NULL,1,'2024-07-22 12:50:06',NULL,'2024-07-22 12:50:06',NULL,1),(1334,103,1344,NULL,NULL,NULL,1,'2024-07-22 12:50:06',NULL,'2024-07-22 12:50:06',NULL,1),(1335,103,1345,NULL,NULL,NULL,1,'2024-07-22 12:50:06',NULL,'2024-07-22 12:50:06',NULL,1),(1336,103,1346,NULL,NULL,NULL,1,'2024-07-22 12:50:06',NULL,'2024-07-22 12:50:06',NULL,1),(1337,103,1347,NULL,NULL,NULL,1,'2024-07-22 12:50:06',NULL,'2024-07-22 12:50:06',NULL,1),(1338,103,1348,NULL,NULL,NULL,1,'2024-07-22 12:50:06',NULL,'2024-07-22 12:50:06',NULL,1),(1339,103,1349,NULL,NULL,NULL,1,'2024-07-22 12:50:06',NULL,'2024-07-22 12:50:06',NULL,1),(1340,103,1350,NULL,NULL,NULL,1,'2024-07-22 12:50:06',NULL,'2024-07-22 12:50:06',NULL,1),(1341,103,1351,NULL,NULL,NULL,1,'2024-07-22 12:50:06',NULL,'2024-07-22 12:50:06',NULL,1),(1342,103,1352,NULL,NULL,NULL,1,'2024-07-22 12:50:06',NULL,'2024-07-22 12:50:06',NULL,1),(1343,103,1353,NULL,NULL,NULL,1,'2024-07-22 12:50:06',NULL,'2024-07-22 12:50:06',NULL,1),(1344,103,1354,NULL,NULL,NULL,1,'2024-07-22 12:50:06',NULL,'2024-07-22 12:50:06',NULL,1),(1345,103,1355,NULL,NULL,NULL,1,'2024-07-22 12:50:06',NULL,'2024-07-22 12:50:06',NULL,1),(1350,105,1361,NULL,NULL,NULL,1,'2024-07-26 07:43:50',NULL,'2024-07-26 07:43:50',NULL,1),(1351,106,1362,NULL,NULL,NULL,1,'2024-07-26 21:25:26',NULL,'2024-07-26 21:25:26',NULL,1),(1352,107,1363,NULL,NULL,NULL,1,'2024-07-26 21:36:30',NULL,'2024-07-26 21:36:30',NULL,1),(1353,108,1364,NULL,NULL,NULL,1,'2024-07-29 00:47:50',NULL,'2024-07-29 00:47:50',NULL,1),(1354,109,1365,NULL,NULL,NULL,1,'2024-07-29 00:50:59',NULL,'2024-07-29 00:50:59',NULL,1),(1355,110,1366,NULL,NULL,NULL,1,'2024-07-29 00:51:54',NULL,'2024-07-29 00:51:54',NULL,1),(1356,110,1367,NULL,NULL,NULL,1,'2024-07-29 00:51:54',NULL,'2024-07-29 00:51:54',NULL,1),(1357,110,1368,NULL,NULL,NULL,1,'2024-07-29 00:51:54',NULL,'2024-07-29 00:51:54',NULL,1),(1358,110,1369,NULL,NULL,NULL,1,'2024-07-29 00:51:54',NULL,'2024-07-29 00:51:54',NULL,1),(1359,110,1370,NULL,NULL,NULL,1,'2024-07-29 00:51:54',NULL,'2024-07-29 00:51:54',NULL,1),(1360,110,1371,NULL,NULL,NULL,1,'2024-07-29 00:51:54',NULL,'2024-07-29 00:51:54',NULL,1),(1361,110,1372,NULL,NULL,NULL,1,'2024-07-29 00:51:54',NULL,'2024-07-29 00:51:54',NULL,1),(1362,110,1373,NULL,NULL,NULL,1,'2024-07-29 00:51:54',NULL,'2024-07-29 00:51:54',NULL,1),(1363,110,1374,NULL,NULL,NULL,1,'2024-07-29 00:51:54',NULL,'2024-07-29 00:51:54',NULL,1),(1364,110,1375,NULL,NULL,NULL,1,'2024-07-29 00:51:54',NULL,'2024-07-29 00:51:54',NULL,1),(1365,110,1376,NULL,NULL,NULL,1,'2024-07-29 00:51:54',NULL,'2024-07-29 00:51:54',NULL,1),(1366,110,1377,NULL,NULL,NULL,1,'2024-07-29 00:51:54',NULL,'2024-07-29 00:51:54',NULL,1),(1367,110,1378,NULL,NULL,NULL,1,'2024-07-29 00:51:54',NULL,'2024-07-29 00:51:54',NULL,1),(1368,110,1379,NULL,NULL,NULL,1,'2024-07-29 00:51:54',NULL,'2024-07-29 00:51:54',NULL,1),(1369,110,1380,NULL,NULL,NULL,1,'2024-07-29 00:51:54',NULL,'2024-07-29 00:51:54',NULL,1),(1370,110,1381,NULL,NULL,NULL,1,'2024-07-29 00:51:54',NULL,'2024-07-29 00:51:54',NULL,1),(1371,110,1382,NULL,NULL,NULL,1,'2024-07-29 00:51:54',NULL,'2024-07-29 00:51:54',NULL,1),(1372,110,1383,NULL,NULL,NULL,1,'2024-07-29 00:51:54',NULL,'2024-07-29 00:51:54',NULL,1),(1373,110,1384,NULL,NULL,NULL,1,'2024-07-29 00:51:54',NULL,'2024-07-29 00:51:54',NULL,1),(1374,110,1385,NULL,NULL,NULL,1,'2024-07-29 00:51:54',NULL,'2024-07-29 00:51:54',NULL,1),(1375,110,1386,NULL,NULL,NULL,1,'2024-07-29 00:51:54',NULL,'2024-07-29 00:51:54',NULL,1),(1376,110,1387,NULL,NULL,NULL,1,'2024-07-29 00:51:54',NULL,'2024-07-29 00:51:54',NULL,1),(1377,110,1388,NULL,NULL,NULL,1,'2024-07-29 00:51:54',NULL,'2024-07-29 00:51:54',NULL,1),(1378,110,1389,NULL,NULL,NULL,1,'2024-07-29 00:51:54',NULL,'2024-07-29 00:51:54',NULL,1),(1379,110,1390,NULL,NULL,NULL,1,'2024-07-29 00:51:54',NULL,'2024-07-29 00:51:54',NULL,1),(1380,110,1391,NULL,NULL,NULL,1,'2024-07-29 00:51:54',NULL,'2024-07-29 00:51:54',NULL,1),(1381,110,1392,NULL,NULL,NULL,1,'2024-07-29 00:51:54',NULL,'2024-07-29 00:51:54',NULL,1),(1382,110,1393,NULL,NULL,NULL,1,'2024-07-29 00:51:54',NULL,'2024-07-29 00:51:54',NULL,1),(1383,110,1394,NULL,NULL,NULL,1,'2024-07-29 00:51:54',NULL,'2024-07-29 00:51:54',NULL,1),(1384,110,1395,NULL,NULL,NULL,1,'2024-07-29 00:51:54',NULL,'2024-07-29 00:51:54',NULL,1),(1385,110,1396,NULL,NULL,NULL,1,'2024-07-29 00:51:54',NULL,'2024-07-29 00:51:54',NULL,1),(1386,110,1397,NULL,NULL,NULL,1,'2024-07-29 00:51:54',NULL,'2024-07-29 00:51:54',NULL,1),(1387,110,1398,NULL,NULL,NULL,1,'2024-07-29 00:51:54',NULL,'2024-07-29 00:51:54',NULL,1),(1388,110,1399,NULL,NULL,NULL,1,'2024-07-29 00:51:54',NULL,'2024-07-29 00:51:54',NULL,1),(1389,110,1400,NULL,NULL,NULL,1,'2024-07-29 00:51:54',NULL,'2024-07-29 00:51:54',NULL,1),(1390,110,1401,NULL,NULL,NULL,1,'2024-07-29 00:51:54',NULL,'2024-07-29 00:51:54',NULL,1),(1391,110,1402,NULL,NULL,NULL,1,'2024-07-29 00:51:54',NULL,'2024-07-29 00:51:54',NULL,1),(1392,110,1403,NULL,NULL,NULL,1,'2024-07-29 00:51:54',NULL,'2024-07-29 00:51:54',NULL,1),(1393,110,1404,NULL,NULL,NULL,1,'2024-07-29 00:51:54',NULL,'2024-07-29 00:51:54',NULL,1),(1394,110,1405,NULL,NULL,NULL,1,'2024-07-29 00:51:54',NULL,'2024-07-29 00:51:54',NULL,1),(1395,110,1406,NULL,NULL,NULL,1,'2024-07-29 00:51:54',NULL,'2024-07-29 00:51:54',NULL,1),(1396,110,1407,NULL,NULL,NULL,1,'2024-07-29 00:51:54',NULL,'2024-07-29 00:51:54',NULL,1),(1397,110,1408,NULL,NULL,NULL,1,'2024-07-29 00:51:54',NULL,'2024-07-29 00:51:54',NULL,1),(1398,110,1409,NULL,NULL,NULL,1,'2024-07-29 00:51:54',NULL,'2024-07-29 00:51:54',NULL,1),(1399,110,1410,NULL,NULL,NULL,1,'2024-07-29 00:51:54',NULL,'2024-07-29 00:51:54',NULL,1),(1400,110,1411,NULL,NULL,NULL,1,'2024-07-29 00:51:54',NULL,'2024-07-29 00:51:54',NULL,1),(1401,110,1412,NULL,NULL,NULL,1,'2024-07-29 00:51:54',NULL,'2024-07-29 00:51:54',NULL,1),(1402,110,1413,NULL,NULL,NULL,1,'2024-07-29 00:51:54',NULL,'2024-07-29 00:51:54',NULL,1),(1403,110,1414,NULL,NULL,NULL,1,'2024-07-29 00:51:54',NULL,'2024-07-29 00:51:54',NULL,1),(1404,110,1415,NULL,NULL,NULL,1,'2024-07-29 00:51:54',NULL,'2024-07-29 00:51:54',NULL,1),(1405,110,1416,NULL,NULL,NULL,1,'2024-07-29 00:51:54',NULL,'2024-07-29 00:51:54',NULL,1),(1406,111,1417,NULL,NULL,NULL,1,'2024-07-29 22:01:13',NULL,'2024-07-29 22:01:13',NULL,1),(1408,113,1419,NULL,NULL,NULL,1,'2024-07-30 00:34:51',NULL,'2024-07-30 00:34:51',NULL,1),(1409,114,1420,NULL,NULL,NULL,1,'2024-07-30 00:58:22',NULL,'2024-07-30 00:58:22',NULL,1),(1516,132,1527,NULL,NULL,NULL,1,'2024-07-30 02:09:44',NULL,'2024-07-30 02:09:44',NULL,1),(1517,132,1528,NULL,NULL,NULL,1,'2024-07-30 02:09:44',NULL,'2024-07-30 02:09:44',NULL,1),(1518,132,1529,NULL,NULL,NULL,1,'2024-07-30 02:09:44',NULL,'2024-07-30 02:09:44',NULL,1),(1519,132,1530,NULL,NULL,NULL,1,'2024-07-30 02:09:44',NULL,'2024-07-30 02:09:44',NULL,1),(1520,132,1531,NULL,NULL,NULL,1,'2024-07-30 02:09:44',NULL,'2024-07-30 02:09:44',NULL,1),(1521,132,1532,NULL,NULL,NULL,1,'2024-07-30 02:09:44',NULL,'2024-07-30 02:09:44',NULL,1),(1522,132,1533,NULL,NULL,NULL,1,'2024-07-30 02:09:44',NULL,'2024-07-30 02:09:44',NULL,1),(1523,132,1534,NULL,NULL,NULL,1,'2024-07-30 02:09:44',NULL,'2024-07-30 02:09:44',NULL,1),(1524,132,1535,NULL,NULL,NULL,1,'2024-07-30 02:09:44',NULL,'2024-07-30 02:09:44',NULL,1),(1525,132,1536,NULL,NULL,NULL,1,'2024-07-30 02:09:44',NULL,'2024-07-30 02:09:44',NULL,1),(1526,132,1537,NULL,NULL,NULL,1,'2024-07-30 02:09:44',NULL,'2024-07-30 02:09:44',NULL,1),(1527,132,1538,NULL,NULL,NULL,1,'2024-07-30 02:09:44',NULL,'2024-07-30 02:09:44',NULL,1),(1528,132,1539,NULL,NULL,NULL,1,'2024-07-30 02:09:44',NULL,'2024-07-30 02:09:44',NULL,1),(1529,132,1540,NULL,NULL,NULL,1,'2024-07-30 02:09:44',NULL,'2024-07-30 02:09:44',NULL,1),(1577,138,1588,NULL,NULL,NULL,1,'2024-07-30 07:24:07',NULL,'2024-07-30 07:24:07',NULL,1),(1629,140,1640,NULL,NULL,NULL,1,'2024-08-02 04:08:36',NULL,'2024-08-02 04:08:36',NULL,1),(1630,142,1642,NULL,NULL,NULL,1,'2024-08-03 22:38:03',NULL,'2024-08-03 22:38:03',NULL,1),(1631,144,1643,NULL,NULL,NULL,1,'2024-08-04 11:17:15',NULL,'2024-08-04 11:17:15',NULL,1),(1632,145,1644,NULL,NULL,NULL,1,'2024-08-07 22:27:29',NULL,'2024-08-07 22:27:29',NULL,1),(1633,146,1645,NULL,NULL,NULL,1,'2024-08-08 03:08:45',NULL,'2024-08-08 03:08:45',NULL,1),(1634,147,1646,NULL,NULL,NULL,1,'2024-08-08 11:41:13',NULL,'2024-08-08 11:41:13',NULL,1),(1635,148,1647,NULL,NULL,NULL,1,'2024-08-14 17:38:03',NULL,'2024-08-14 17:38:03',NULL,1),(1636,149,1648,NULL,NULL,NULL,1,'2024-08-16 10:32:14',NULL,'2024-08-16 10:32:14',NULL,1),(1637,149,1649,NULL,NULL,NULL,1,'2024-08-16 10:32:14',NULL,'2024-08-16 10:32:14',NULL,1),(1638,149,1650,NULL,NULL,NULL,1,'2024-08-16 10:32:14',NULL,'2024-08-16 10:32:14',NULL,1),(1639,149,1651,NULL,NULL,NULL,1,'2024-08-16 10:32:14',NULL,'2024-08-16 10:32:14',NULL,1),(1640,149,1652,NULL,NULL,NULL,1,'2024-08-16 10:32:14',NULL,'2024-08-16 10:32:14',NULL,1),(1641,149,1653,NULL,NULL,NULL,1,'2024-08-16 10:32:14',NULL,'2024-08-16 10:32:14',NULL,1),(1642,149,1654,NULL,NULL,NULL,1,'2024-08-16 10:32:14',NULL,'2024-08-16 10:32:14',NULL,1),(1643,149,1655,NULL,NULL,NULL,1,'2024-08-16 10:32:14',NULL,'2024-08-16 10:32:14',NULL,1),(1644,149,1656,NULL,NULL,NULL,1,'2024-08-16 10:32:14',NULL,'2024-08-16 10:32:14',NULL,1),(1645,149,1657,NULL,NULL,NULL,1,'2024-08-16 10:32:14',NULL,'2024-08-16 10:32:14',NULL,1),(1646,149,1658,NULL,NULL,NULL,1,'2024-08-16 10:32:14',NULL,'2024-08-16 10:32:14',NULL,1),(1647,149,1659,NULL,NULL,NULL,1,'2024-08-16 10:32:14',NULL,'2024-08-16 10:32:14',NULL,1),(1648,149,1660,NULL,NULL,NULL,1,'2024-08-16 10:32:14',NULL,'2024-08-16 10:32:14',NULL,1),(1649,149,1661,NULL,NULL,NULL,1,'2024-08-16 10:32:14',NULL,'2024-08-16 10:32:14',NULL,1),(1650,149,1662,NULL,NULL,NULL,1,'2024-08-16 10:32:14',NULL,'2024-08-16 10:32:14',NULL,1),(1651,149,1663,NULL,NULL,NULL,1,'2024-08-16 10:32:14',NULL,'2024-08-16 10:32:14',NULL,1),(1652,149,1664,NULL,NULL,NULL,1,'2024-08-16 10:32:14',NULL,'2024-08-16 10:32:14',NULL,1),(1653,149,1665,NULL,NULL,NULL,1,'2024-08-16 10:32:14',NULL,'2024-08-16 10:32:14',NULL,1),(1654,149,1666,NULL,NULL,NULL,1,'2024-08-16 10:32:14',NULL,'2024-08-16 10:32:14',NULL,1),(1655,149,1667,NULL,NULL,NULL,1,'2024-08-16 10:32:14',NULL,'2024-08-16 10:32:14',NULL,1),(1656,149,1668,NULL,NULL,NULL,1,'2024-08-16 10:32:14',NULL,'2024-08-16 10:32:14',NULL,1),(1657,149,1669,NULL,NULL,NULL,1,'2024-08-16 10:32:14',NULL,'2024-08-16 10:32:14',NULL,1),(1658,149,1670,NULL,NULL,NULL,1,'2024-08-16 10:32:14',NULL,'2024-08-16 10:32:14',NULL,1),(1659,149,1671,NULL,NULL,NULL,1,'2024-08-16 10:32:14',NULL,'2024-08-16 10:32:14',NULL,1),(1660,149,1672,NULL,NULL,NULL,1,'2024-08-16 10:32:14',NULL,'2024-08-16 10:32:14',NULL,1),(1661,149,1673,NULL,NULL,NULL,1,'2024-08-16 10:32:14',NULL,'2024-08-16 10:32:14',NULL,1),(1662,149,1674,NULL,NULL,NULL,1,'2024-08-16 10:32:14',NULL,'2024-08-16 10:32:14',NULL,1),(1663,149,1675,NULL,NULL,NULL,1,'2024-08-16 10:32:14',NULL,'2024-08-16 10:32:14',NULL,1),(1664,149,1676,NULL,NULL,NULL,1,'2024-08-16 10:32:14',NULL,'2024-08-16 10:32:14',NULL,1),(1665,149,1677,NULL,NULL,NULL,1,'2024-08-16 10:32:14',NULL,'2024-08-16 10:32:14',NULL,1),(1666,149,1678,NULL,NULL,NULL,1,'2024-08-16 10:32:14',NULL,'2024-08-16 10:32:14',NULL,1),(1667,149,1679,NULL,NULL,NULL,1,'2024-08-16 10:32:14',NULL,'2024-08-16 10:32:14',NULL,1),(1668,149,1680,NULL,NULL,NULL,1,'2024-08-16 10:32:14',NULL,'2024-08-16 10:32:14',NULL,1),(1669,149,1681,NULL,NULL,NULL,1,'2024-08-16 10:32:14',NULL,'2024-08-16 10:32:14',NULL,1),(1670,149,1682,NULL,NULL,NULL,1,'2024-08-16 10:32:14',NULL,'2024-08-16 10:32:14',NULL,1),(1671,149,1683,NULL,NULL,NULL,1,'2024-08-16 10:32:14',NULL,'2024-08-16 10:32:14',NULL,1),(1672,149,1684,NULL,NULL,NULL,1,'2024-08-16 10:32:14',NULL,'2024-08-16 10:32:14',NULL,1),(1673,149,1685,NULL,NULL,NULL,1,'2024-08-16 10:32:14',NULL,'2024-08-16 10:32:14',NULL,1),(1674,149,1686,NULL,NULL,NULL,1,'2024-08-16 10:32:14',NULL,'2024-08-16 10:32:14',NULL,1),(1675,149,1687,NULL,NULL,NULL,1,'2024-08-16 10:32:14',NULL,'2024-08-16 10:32:14',NULL,1),(1676,149,1688,NULL,NULL,NULL,1,'2024-08-16 10:32:14',NULL,'2024-08-16 10:32:14',NULL,1),(1677,149,1689,NULL,NULL,NULL,1,'2024-08-16 10:32:14',NULL,'2024-08-16 10:32:14',NULL,1),(1678,149,1690,NULL,NULL,NULL,1,'2024-08-16 10:32:14',NULL,'2024-08-16 10:32:14',NULL,1),(1679,149,1691,NULL,NULL,NULL,1,'2024-08-16 10:32:14',NULL,'2024-08-16 10:32:14',NULL,1),(1680,149,1692,NULL,NULL,NULL,1,'2024-08-16 10:32:14',NULL,'2024-08-16 10:32:14',NULL,1),(1681,149,1693,NULL,NULL,NULL,1,'2024-08-16 10:32:14',NULL,'2024-08-16 10:32:14',NULL,1),(1682,149,1694,NULL,NULL,NULL,1,'2024-08-16 10:32:14',NULL,'2024-08-16 10:32:14',NULL,1),(1683,149,1695,NULL,NULL,NULL,1,'2024-08-16 10:32:14',NULL,'2024-08-16 10:32:14',NULL,1),(1684,149,1696,NULL,NULL,NULL,1,'2024-08-16 10:32:14',NULL,'2024-08-16 10:32:14',NULL,1),(1685,149,1697,NULL,NULL,NULL,1,'2024-08-16 10:32:14',NULL,'2024-08-16 10:32:14',NULL,1),(1686,149,1698,NULL,NULL,NULL,1,'2024-08-16 10:32:14',NULL,'2024-08-16 10:32:14',NULL,1),(1687,150,1699,NULL,NULL,NULL,1,'2024-08-16 10:39:27',NULL,'2024-08-16 10:39:27',NULL,1),(1688,151,1700,NULL,NULL,NULL,1,'2024-08-16 10:46:33',NULL,'2024-08-16 10:46:33',NULL,1),(1689,152,1701,NULL,NULL,NULL,1,'2024-08-16 10:59:51',NULL,'2024-08-16 10:59:51',NULL,1),(1690,153,1713,NULL,NULL,NULL,1,'2024-09-01 02:50:12',NULL,'2024-09-01 02:50:12',NULL,1),(1691,154,1714,NULL,NULL,NULL,1,'2024-09-01 03:31:07',NULL,'2024-09-01 03:31:07',NULL,1),(1692,156,1715,NULL,NULL,NULL,1,'2024-09-01 07:54:16',NULL,'2024-09-01 07:54:16',NULL,1),(1693,157,1716,NULL,NULL,NULL,1,'2024-09-01 08:02:30',NULL,'2024-09-01 08:02:30',NULL,1),(1694,158,1719,NULL,NULL,NULL,1,'2024-09-01 08:33:44',NULL,'2024-09-01 08:33:44',NULL,1),(1695,160,1720,NULL,NULL,NULL,1,'2024-09-01 08:52:13',NULL,'2024-09-01 08:52:13',NULL,1),(1696,161,1721,NULL,NULL,NULL,1,'2024-09-01 10:50:48',NULL,'2024-09-01 10:50:48',NULL,1),(1698,162,1781,NULL,NULL,NULL,1,'2024-10-28 00:36:48',NULL,'2024-10-28 00:36:48',NULL,1),(1699,164,1782,NULL,NULL,NULL,1,'2024-10-28 01:09:40',NULL,'2024-10-28 01:09:40',NULL,1),(1700,165,1783,NULL,NULL,NULL,1,'2024-10-28 01:14:49',NULL,'2024-10-28 01:14:49',NULL,1),(1701,166,1784,NULL,NULL,NULL,1,'2024-10-28 01:34:08',NULL,'2024-10-28 01:34:08',NULL,1),(1702,167,1785,NULL,NULL,NULL,1,'2024-10-28 01:34:46',NULL,'2024-10-28 01:34:46',NULL,1),(1703,168,1786,NULL,NULL,NULL,1,'2024-10-28 02:46:37',NULL,'2024-10-28 02:46:37',NULL,1),(1704,169,1790,NULL,NULL,NULL,1,'2024-10-31 05:59:43',NULL,'2024-10-31 05:59:43',NULL,1),(1705,170,1807,NULL,NULL,NULL,1,'2024-11-17 20:51:40',NULL,'2024-11-17 20:51:40',NULL,1),(1706,171,1808,NULL,NULL,NULL,1,'2024-11-19 09:09:22',NULL,'2024-11-19 09:09:22',NULL,1),(1707,172,1809,NULL,NULL,NULL,1,'2024-11-20 02:42:46',NULL,'2024-11-20 02:42:46',NULL,1),(1708,173,1810,NULL,NULL,NULL,1,'2024-11-20 02:48:31',NULL,'2024-11-20 02:48:31',NULL,1),(1709,176,1811,NULL,NULL,NULL,1,'2024-11-20 07:46:19',NULL,'2024-11-20 07:46:19',NULL,1),(1710,176,1812,NULL,NULL,NULL,1,'2024-11-20 07:46:19',NULL,'2024-11-20 07:46:19',NULL,1),(1711,177,1813,NULL,NULL,NULL,1,'2024-11-20 08:41:07',NULL,'2024-11-20 08:41:07',NULL,1),(1712,177,1814,NULL,NULL,NULL,1,'2024-11-20 08:41:07',NULL,'2024-11-20 08:41:07',NULL,1),(1713,178,1815,NULL,NULL,NULL,1,'2024-11-21 01:23:04',NULL,'2024-11-21 01:23:04',NULL,1),(1714,179,1816,NULL,NULL,NULL,1,'2024-11-21 02:34:47',NULL,'2024-11-21 02:34:47',NULL,1),(1716,181,1818,NULL,NULL,NULL,1,'2024-11-21 06:29:15',NULL,'2024-11-21 06:29:15',NULL,1),(1717,182,1819,NULL,NULL,NULL,1,'2024-11-21 06:51:38',NULL,'2024-11-21 06:51:38',NULL,1),(1718,183,1820,NULL,NULL,NULL,1,'2024-11-21 07:11:18',NULL,'2024-11-21 07:11:18',NULL,1),(1719,184,1821,NULL,NULL,NULL,1,'2024-11-21 07:37:13',NULL,'2024-11-21 07:37:13',NULL,1),(1720,185,1822,NULL,NULL,NULL,1,'2024-11-21 08:42:27',NULL,'2024-11-21 08:42:27',NULL,1),(1721,186,1823,NULL,NULL,NULL,1,'2024-11-22 01:39:38',NULL,'2024-11-22 01:39:38',NULL,1),(1722,187,1824,NULL,NULL,NULL,1,'2024-11-22 01:43:51',NULL,'2024-11-22 01:43:51',NULL,1),(1723,188,1825,NULL,NULL,NULL,1,'2024-11-22 02:08:07',NULL,'2024-11-22 02:08:07',NULL,1),(1724,189,1826,NULL,NULL,NULL,1,'2024-11-22 02:28:07',NULL,'2024-11-22 02:28:07',NULL,1),(1726,191,1828,NULL,NULL,NULL,1,'2024-11-22 05:58:34',NULL,'2024-11-22 05:58:34',NULL,1),(1727,192,1829,NULL,NULL,NULL,1,'2024-11-22 07:03:44',NULL,'2024-11-22 07:03:44',NULL,1),(1728,193,1830,NULL,NULL,NULL,1,'2024-11-22 07:16:14',NULL,'2024-11-22 07:16:14',NULL,1),(1729,194,1831,NULL,NULL,NULL,1,'2024-11-22 07:19:30',NULL,'2024-11-22 07:19:30',NULL,1),(1731,196,1833,NULL,NULL,NULL,1,'2024-11-22 07:27:45',NULL,'2024-11-22 07:27:45',NULL,1),(1732,197,1834,NULL,NULL,NULL,1,'2024-11-22 07:36:41',NULL,'2024-11-22 07:36:41',NULL,1),(1733,198,1835,NULL,NULL,NULL,1,'2024-11-22 07:55:48',NULL,'2024-11-22 07:55:48',NULL,1),(1734,199,1836,NULL,NULL,NULL,1,'2024-11-22 08:12:33',NULL,'2024-11-22 08:12:33',NULL,1),(1735,200,1837,NULL,NULL,NULL,1,'2024-11-22 08:24:21',NULL,'2024-11-22 08:24:21',NULL,1),(1736,201,1839,NULL,NULL,NULL,1,'2024-11-26 05:27:40',NULL,'2024-11-26 05:27:40',NULL,1),(1737,202,1840,NULL,NULL,NULL,1,'2024-11-26 05:29:24',NULL,'2024-11-26 05:29:24',NULL,1),(1738,203,1841,NULL,NULL,NULL,1,'2024-11-26 05:34:18',NULL,'2024-11-26 05:34:18',NULL,1),(1739,204,1842,NULL,NULL,NULL,1,'2024-11-26 06:11:02',NULL,'2024-11-26 06:11:02',NULL,1),(1740,205,1843,NULL,NULL,NULL,1,'2024-11-26 06:47:23',NULL,'2024-11-26 06:47:23',NULL,1),(1741,206,1844,NULL,NULL,NULL,1,'2024-11-26 09:38:19',NULL,'2024-11-26 09:38:19',NULL,1),(1742,207,1845,NULL,NULL,NULL,1,'2024-11-27 01:13:51',NULL,'2024-11-27 01:13:51',NULL,1),(1743,208,1846,NULL,NULL,NULL,1,'2024-11-27 05:12:42',NULL,'2024-11-27 05:12:42',NULL,1),(1744,209,1847,NULL,NULL,NULL,1,'2024-11-27 05:33:57',NULL,'2024-11-27 05:33:57',NULL,1),(1745,210,1848,NULL,NULL,NULL,1,'2024-11-27 06:38:23',NULL,'2024-11-27 06:38:23',NULL,1),(1746,211,1849,NULL,NULL,NULL,1,'2024-11-27 06:49:21',NULL,'2024-11-27 06:49:21',NULL,1),(1747,212,1850,NULL,NULL,NULL,1,'2024-11-27 07:18:50',NULL,'2024-11-27 07:18:50',NULL,1),(1749,214,1852,NULL,NULL,NULL,1,'2024-11-27 07:35:00',NULL,'2024-11-27 07:35:00',NULL,1),(1750,215,1853,NULL,NULL,NULL,1,'2024-11-27 08:28:41',NULL,'2024-11-27 08:28:41',NULL,1),(1751,215,1854,NULL,NULL,NULL,1,'2024-11-27 08:28:41',NULL,'2024-11-27 08:28:41',NULL,1),(1752,215,1855,NULL,NULL,NULL,1,'2024-11-27 08:28:41',NULL,'2024-11-27 08:28:41',NULL,1),(1753,215,1856,NULL,NULL,NULL,1,'2024-11-27 08:28:41',NULL,'2024-11-27 08:28:41',NULL,1),(1754,215,1857,NULL,NULL,NULL,1,'2024-11-27 08:28:41',NULL,'2024-11-27 08:28:41',NULL,1),(1755,215,1858,NULL,NULL,NULL,1,'2024-11-27 08:28:41',NULL,'2024-11-27 08:28:41',NULL,1),(1756,215,1859,NULL,NULL,NULL,1,'2024-11-27 08:28:41',NULL,'2024-11-27 08:28:41',NULL,1),(1757,215,1860,NULL,NULL,NULL,1,'2024-11-27 08:28:41',NULL,'2024-11-27 08:28:41',NULL,1),(1758,215,1861,NULL,NULL,NULL,1,'2024-11-27 08:28:41',NULL,'2024-11-27 08:28:41',NULL,1),(1759,215,1862,NULL,NULL,NULL,1,'2024-11-27 08:28:41',NULL,'2024-11-27 08:28:41',NULL,1),(1760,215,1863,NULL,NULL,NULL,1,'2024-11-27 08:28:41',NULL,'2024-11-27 08:28:41',NULL,1),(1761,215,1864,NULL,NULL,NULL,1,'2024-11-27 08:28:41',NULL,'2024-11-27 08:28:41',NULL,1),(1762,215,1865,NULL,NULL,NULL,1,'2024-11-27 08:28:41',NULL,'2024-11-27 08:28:41',NULL,1),(1763,215,1866,NULL,NULL,NULL,1,'2024-11-27 08:28:41',NULL,'2024-11-27 08:28:41',NULL,1),(1764,215,1867,NULL,NULL,NULL,1,'2024-11-27 08:28:41',NULL,'2024-11-27 08:28:41',NULL,1),(1765,215,1868,NULL,NULL,NULL,1,'2024-11-27 08:28:41',NULL,'2024-11-27 08:28:41',NULL,1),(1766,215,1869,NULL,NULL,NULL,1,'2024-11-27 08:28:41',NULL,'2024-11-27 08:28:41',NULL,1),(1767,215,1870,NULL,NULL,NULL,1,'2024-11-27 08:28:41',NULL,'2024-11-27 08:28:41',NULL,1),(1768,215,1871,NULL,NULL,NULL,1,'2024-11-27 08:28:41',NULL,'2024-11-27 08:28:41',NULL,1),(1769,215,1872,NULL,NULL,NULL,1,'2024-11-27 08:28:41',NULL,'2024-11-27 08:28:41',NULL,1),(1770,215,1873,NULL,NULL,NULL,1,'2024-11-27 08:28:41',NULL,'2024-11-27 08:28:41',NULL,1),(1771,215,1874,NULL,NULL,NULL,1,'2024-11-27 08:28:41',NULL,'2024-11-27 08:28:41',NULL,1),(1772,215,1875,NULL,NULL,NULL,1,'2024-11-27 08:28:41',NULL,'2024-11-27 08:28:41',NULL,1),(1773,215,1876,NULL,NULL,NULL,1,'2024-11-27 08:28:41',NULL,'2024-11-27 08:28:41',NULL,1),(1774,215,1877,NULL,NULL,NULL,1,'2024-11-27 08:28:41',NULL,'2024-11-27 08:28:41',NULL,1),(1775,215,1878,NULL,NULL,NULL,1,'2024-11-27 08:28:41',NULL,'2024-11-27 08:28:41',NULL,1),(1776,215,1879,NULL,NULL,NULL,1,'2024-11-27 08:28:41',NULL,'2024-11-27 08:28:41',NULL,1),(1777,215,1880,NULL,NULL,NULL,1,'2024-11-27 08:28:41',NULL,'2024-11-27 08:28:41',NULL,1),(1778,215,1881,NULL,NULL,NULL,1,'2024-11-27 08:28:41',NULL,'2024-11-27 08:28:41',NULL,1),(1779,215,1882,NULL,NULL,NULL,1,'2024-11-27 08:28:41',NULL,'2024-11-27 08:28:41',NULL,1),(1780,215,1883,NULL,NULL,NULL,1,'2024-11-27 08:28:41',NULL,'2024-11-27 08:28:41',NULL,1),(1781,215,1884,NULL,NULL,NULL,1,'2024-11-27 08:28:41',NULL,'2024-11-27 08:28:41',NULL,1),(1782,215,1885,NULL,NULL,NULL,1,'2024-11-27 08:28:41',NULL,'2024-11-27 08:28:41',NULL,1),(1783,215,1886,NULL,NULL,NULL,1,'2024-11-27 08:28:41',NULL,'2024-11-27 08:28:41',NULL,1),(1784,215,1887,NULL,NULL,NULL,1,'2024-11-27 08:28:41',NULL,'2024-11-27 08:28:41',NULL,1),(1785,215,1888,NULL,NULL,NULL,1,'2024-11-27 08:28:41',NULL,'2024-11-27 08:28:41',NULL,1),(1786,215,1889,NULL,NULL,NULL,1,'2024-11-27 08:28:41',NULL,'2024-11-27 08:28:41',NULL,1),(1787,215,1890,NULL,NULL,NULL,1,'2024-11-27 08:28:41',NULL,'2024-11-27 08:28:41',NULL,1),(1788,215,1891,NULL,NULL,NULL,1,'2024-11-27 08:28:41',NULL,'2024-11-27 08:28:41',NULL,1),(1789,215,1892,NULL,NULL,NULL,1,'2024-11-27 08:28:41',NULL,'2024-11-27 08:28:41',NULL,1),(1790,215,1893,NULL,NULL,NULL,1,'2024-11-27 08:28:41',NULL,'2024-11-27 08:28:41',NULL,1),(1791,215,1894,NULL,NULL,NULL,1,'2024-11-27 08:28:41',NULL,'2024-11-27 08:28:41',NULL,1),(1792,215,1895,NULL,NULL,NULL,1,'2024-11-27 08:28:41',NULL,'2024-11-27 08:28:41',NULL,1),(1793,215,1896,NULL,NULL,NULL,1,'2024-11-27 08:28:41',NULL,'2024-11-27 08:28:41',NULL,1),(1794,215,1897,NULL,NULL,NULL,1,'2024-11-27 08:28:41',NULL,'2024-11-27 08:28:41',NULL,1),(1795,215,1898,NULL,NULL,NULL,1,'2024-11-27 08:28:41',NULL,'2024-11-27 08:28:41',NULL,1),(1796,215,1899,NULL,NULL,NULL,1,'2024-11-27 08:28:41',NULL,'2024-11-27 08:28:41',NULL,1),(1797,215,1900,NULL,NULL,NULL,1,'2024-11-27 08:28:41',NULL,'2024-11-27 08:28:41',NULL,1),(1798,215,1901,NULL,NULL,NULL,1,'2024-11-27 08:28:41',NULL,'2024-11-27 08:28:41',NULL,1),(1799,215,1902,NULL,NULL,NULL,1,'2024-11-27 08:28:41',NULL,'2024-11-27 08:28:41',NULL,1),(1800,215,1903,NULL,NULL,NULL,1,'2024-11-27 08:28:41',NULL,'2024-11-27 08:28:41',NULL,1),(1801,215,1904,NULL,NULL,NULL,1,'2024-11-27 08:28:41',NULL,'2024-11-27 08:28:41',NULL,1),(1802,215,1905,NULL,NULL,NULL,1,'2024-11-27 08:28:41',NULL,'2024-11-27 08:28:41',NULL,1),(1803,217,1906,NULL,NULL,NULL,1,'2024-11-28 08:26:46',NULL,'2024-11-28 08:26:46',NULL,1),(1804,217,1907,NULL,NULL,NULL,1,'2024-11-28 08:26:46',NULL,'2024-11-28 08:26:46',NULL,1),(1805,217,1908,NULL,NULL,NULL,1,'2024-11-28 08:26:46',NULL,'2024-11-28 08:26:46',NULL,1),(1806,217,1909,NULL,NULL,NULL,1,'2024-11-28 08:26:46',NULL,'2024-11-28 08:26:46',NULL,1),(1807,217,1910,NULL,NULL,NULL,1,'2024-11-28 08:26:46',NULL,'2024-11-28 08:26:46',NULL,1),(1808,217,1911,NULL,NULL,NULL,1,'2024-11-28 08:26:46',NULL,'2024-11-28 08:26:46',NULL,1),(1809,217,1912,NULL,NULL,NULL,1,'2024-11-28 08:26:46',NULL,'2024-11-28 08:26:46',NULL,1),(1810,217,1913,NULL,NULL,NULL,1,'2024-11-28 08:26:46',NULL,'2024-11-28 08:26:46',NULL,1),(1811,217,1914,NULL,NULL,NULL,1,'2024-11-28 08:26:46',NULL,'2024-11-28 08:26:46',NULL,1),(1812,217,1915,NULL,NULL,NULL,1,'2024-11-28 08:26:46',NULL,'2024-11-28 08:26:46',NULL,1),(1813,217,1916,NULL,NULL,NULL,1,'2024-11-28 08:26:46',NULL,'2024-11-28 08:26:46',NULL,1),(1814,217,1917,NULL,NULL,NULL,1,'2024-11-28 08:26:46',NULL,'2024-11-28 08:26:46',NULL,1),(1815,217,1918,NULL,NULL,NULL,1,'2024-11-28 08:26:46',NULL,'2024-11-28 08:26:46',NULL,1),(1816,217,1919,NULL,NULL,NULL,1,'2024-11-28 08:26:46',NULL,'2024-11-28 08:26:46',NULL,1),(1817,217,1920,NULL,NULL,NULL,1,'2024-11-28 08:26:46',NULL,'2024-11-28 08:26:46',NULL,1),(1818,217,1921,NULL,NULL,NULL,1,'2024-11-28 08:26:46',NULL,'2024-11-28 08:26:46',NULL,1),(1819,217,1922,NULL,NULL,NULL,1,'2024-11-28 08:26:47',NULL,'2024-11-28 08:26:47',NULL,1),(1820,217,1923,NULL,NULL,NULL,1,'2024-11-28 08:26:47',NULL,'2024-11-28 08:26:47',NULL,1),(1821,217,1924,NULL,NULL,NULL,1,'2024-11-28 08:26:47',NULL,'2024-11-28 08:26:47',NULL,1),(1822,217,1925,NULL,NULL,NULL,1,'2024-11-28 08:26:47',NULL,'2024-11-28 08:26:47',NULL,1),(1823,217,1926,NULL,NULL,NULL,1,'2024-11-28 08:26:47',NULL,'2024-11-28 08:26:47',NULL,1),(1824,217,1927,NULL,NULL,NULL,1,'2024-11-28 08:26:47',NULL,'2024-11-28 08:26:47',NULL,1),(1825,217,1928,NULL,NULL,NULL,1,'2024-11-28 08:26:47',NULL,'2024-11-28 08:26:47',NULL,1),(1826,217,1929,NULL,NULL,NULL,1,'2024-11-28 08:26:47',NULL,'2024-11-28 08:26:47',NULL,1),(1827,217,1930,NULL,NULL,NULL,1,'2024-11-28 08:26:47',NULL,'2024-11-28 08:26:47',NULL,1),(1828,217,1931,NULL,NULL,NULL,1,'2024-11-28 08:26:47',NULL,'2024-11-28 08:26:47',NULL,1),(1829,217,1932,NULL,NULL,NULL,1,'2024-11-28 08:26:47',NULL,'2024-11-28 08:26:47',NULL,1),(1830,217,1933,NULL,NULL,NULL,1,'2024-11-28 08:26:47',NULL,'2024-11-28 08:26:47',NULL,1),(1831,217,1934,NULL,NULL,NULL,1,'2024-11-28 08:26:47',NULL,'2024-11-28 08:26:47',NULL,1),(1832,217,1935,NULL,NULL,NULL,1,'2024-11-28 08:26:47',NULL,'2024-11-28 08:26:47',NULL,1),(1833,217,1936,NULL,NULL,NULL,1,'2024-11-28 08:26:47',NULL,'2024-11-28 08:26:47',NULL,1),(1834,217,1937,NULL,NULL,NULL,1,'2024-11-28 08:26:47',NULL,'2024-11-28 08:26:47',NULL,1),(1835,217,1938,NULL,NULL,NULL,1,'2024-11-28 08:26:47',NULL,'2024-11-28 08:26:47',NULL,1),(1836,217,1939,NULL,NULL,NULL,1,'2024-11-28 08:26:47',NULL,'2024-11-28 08:26:47',NULL,1),(1837,217,1940,NULL,NULL,NULL,1,'2024-11-28 08:26:47',NULL,'2024-11-28 08:26:47',NULL,1),(1838,217,1941,NULL,NULL,NULL,1,'2024-11-28 08:26:47',NULL,'2024-11-28 08:26:47',NULL,1),(1839,217,1942,NULL,NULL,NULL,1,'2024-11-28 08:26:47',NULL,'2024-11-28 08:26:47',NULL,1),(1840,217,1943,NULL,NULL,NULL,1,'2024-11-28 08:26:47',NULL,'2024-11-28 08:26:47',NULL,1),(1841,217,1944,NULL,NULL,NULL,1,'2024-11-28 08:26:47',NULL,'2024-11-28 08:26:47',NULL,1),(1842,217,1945,NULL,NULL,NULL,1,'2024-11-28 08:26:47',NULL,'2024-11-28 08:26:47',NULL,1),(1843,217,1946,NULL,NULL,NULL,1,'2024-11-28 08:26:47',NULL,'2024-11-28 08:26:47',NULL,1),(1844,217,1947,NULL,NULL,NULL,1,'2024-11-28 08:26:47',NULL,'2024-11-28 08:26:47',NULL,1),(1845,217,1948,NULL,NULL,NULL,1,'2024-11-28 08:26:47',NULL,'2024-11-28 08:26:47',NULL,1),(1846,217,1949,NULL,NULL,NULL,1,'2024-11-28 08:26:47',NULL,'2024-11-28 08:26:47',NULL,1),(1847,217,1950,NULL,NULL,NULL,1,'2024-11-28 08:26:47',NULL,'2024-11-28 08:26:47',NULL,1),(1848,217,1951,NULL,NULL,NULL,1,'2024-11-28 08:26:47',NULL,'2024-11-28 08:26:47',NULL,1),(1849,217,1952,NULL,NULL,NULL,1,'2024-11-28 08:26:47',NULL,'2024-11-28 08:26:47',NULL,1),(1850,217,1953,NULL,NULL,NULL,1,'2024-11-28 08:26:47',NULL,'2024-11-28 08:26:47',NULL,1),(1851,217,1954,NULL,NULL,NULL,1,'2024-11-28 08:26:47',NULL,'2024-11-28 08:26:47',NULL,1),(1852,217,1955,NULL,NULL,NULL,1,'2024-11-28 08:26:47',NULL,'2024-11-28 08:26:47',NULL,1),(1853,217,1956,NULL,NULL,NULL,1,'2024-11-28 08:26:47',NULL,'2024-11-28 08:26:47',NULL,1),(1854,217,1957,NULL,NULL,NULL,1,'2024-11-28 08:26:47',NULL,'2024-11-28 08:26:47',NULL,1),(1855,217,1958,NULL,NULL,NULL,1,'2024-11-28 08:26:47',NULL,'2024-11-28 08:26:47',NULL,1),(1856,219,1959,NULL,NULL,NULL,1,'2024-11-28 10:01:11',NULL,'2024-11-28 10:01:11',NULL,1),(1857,219,1960,NULL,NULL,NULL,1,'2024-11-28 10:01:11',NULL,'2024-11-28 10:01:11',NULL,1),(1858,219,1961,NULL,NULL,NULL,1,'2024-11-28 10:01:11',NULL,'2024-11-28 10:01:11',NULL,1),(1859,219,1962,NULL,NULL,NULL,1,'2024-11-28 10:01:11',NULL,'2024-11-28 10:01:11',NULL,1),(1860,219,1963,NULL,NULL,NULL,1,'2024-11-28 10:01:11',NULL,'2024-11-28 10:01:11',NULL,1),(1861,219,1964,NULL,NULL,NULL,1,'2024-11-28 10:01:11',NULL,'2024-11-28 10:01:11',NULL,1),(1862,219,1965,NULL,NULL,NULL,1,'2024-11-28 10:01:11',NULL,'2024-11-28 10:01:11',NULL,1),(1863,219,1966,NULL,NULL,NULL,1,'2024-11-28 10:01:11',NULL,'2024-11-28 10:01:11',NULL,1),(1864,219,1967,NULL,NULL,NULL,1,'2024-11-28 10:01:11',NULL,'2024-11-28 10:01:11',NULL,1),(1865,219,1968,NULL,NULL,NULL,1,'2024-11-28 10:01:11',NULL,'2024-11-28 10:01:11',NULL,1),(1866,219,1969,NULL,NULL,NULL,1,'2024-11-28 10:01:11',NULL,'2024-11-28 10:01:11',NULL,1),(1867,219,1970,NULL,NULL,NULL,1,'2024-11-28 10:01:11',NULL,'2024-11-28 10:01:11',NULL,1),(1868,219,1971,NULL,NULL,NULL,1,'2024-11-28 10:01:11',NULL,'2024-11-28 10:01:11',NULL,1),(1869,219,1972,NULL,NULL,NULL,1,'2024-11-28 10:01:11',NULL,'2024-11-28 10:01:11',NULL,1),(1870,219,1973,NULL,NULL,NULL,1,'2024-11-28 10:01:11',NULL,'2024-11-28 10:01:11',NULL,1),(1871,219,1974,NULL,NULL,NULL,1,'2024-11-28 10:01:11',NULL,'2024-11-28 10:01:11',NULL,1),(1872,219,1975,NULL,NULL,NULL,1,'2024-11-28 10:01:11',NULL,'2024-11-28 10:01:11',NULL,1),(1873,219,1976,NULL,NULL,NULL,1,'2024-11-28 10:01:11',NULL,'2024-11-28 10:01:11',NULL,1),(1874,219,1977,NULL,NULL,NULL,1,'2024-11-28 10:01:11',NULL,'2024-11-28 10:01:11',NULL,1),(1875,219,1978,NULL,NULL,NULL,1,'2024-11-28 10:01:11',NULL,'2024-11-28 10:01:11',NULL,1),(1876,219,1979,NULL,NULL,NULL,1,'2024-11-28 10:01:11',NULL,'2024-11-28 10:01:11',NULL,1),(1877,219,1980,NULL,NULL,NULL,1,'2024-11-28 10:01:11',NULL,'2024-11-28 10:01:11',NULL,1),(1878,219,1981,NULL,NULL,NULL,1,'2024-11-28 10:01:11',NULL,'2024-11-28 10:01:11',NULL,1),(1879,219,1982,NULL,NULL,NULL,1,'2024-11-28 10:01:11',NULL,'2024-11-28 10:01:11',NULL,1),(1880,219,1983,NULL,NULL,NULL,1,'2024-11-28 10:01:11',NULL,'2024-11-28 10:01:11',NULL,1),(1881,219,1984,NULL,NULL,NULL,1,'2024-11-28 10:01:11',NULL,'2024-11-28 10:01:11',NULL,1),(1882,219,1985,NULL,NULL,NULL,1,'2024-11-28 10:01:11',NULL,'2024-11-28 10:01:11',NULL,1),(1883,219,1986,NULL,NULL,NULL,1,'2024-11-28 10:01:11',NULL,'2024-11-28 10:01:11',NULL,1),(1884,219,1987,NULL,NULL,NULL,1,'2024-11-28 10:01:11',NULL,'2024-11-28 10:01:11',NULL,1),(1885,219,1988,NULL,NULL,NULL,1,'2024-11-28 10:01:11',NULL,'2024-11-28 10:01:11',NULL,1),(1886,219,1989,NULL,NULL,NULL,1,'2024-11-28 10:01:11',NULL,'2024-11-28 10:01:11',NULL,1),(1887,219,1990,NULL,NULL,NULL,1,'2024-11-28 10:01:11',NULL,'2024-11-28 10:01:11',NULL,1),(1888,219,1991,NULL,NULL,NULL,1,'2024-11-28 10:01:11',NULL,'2024-11-28 10:01:11',NULL,1),(1889,219,1992,NULL,NULL,NULL,1,'2024-11-28 10:01:12',NULL,'2024-11-28 10:01:12',NULL,1),(1890,219,1993,NULL,NULL,NULL,1,'2024-11-28 10:01:12',NULL,'2024-11-28 10:01:12',NULL,1),(1891,219,1994,NULL,NULL,NULL,1,'2024-11-28 10:01:12',NULL,'2024-11-28 10:01:12',NULL,1),(1892,219,1995,NULL,NULL,NULL,1,'2024-11-28 10:01:12',NULL,'2024-11-28 10:01:12',NULL,1),(1893,219,1996,NULL,NULL,NULL,1,'2024-11-28 10:01:12',NULL,'2024-11-28 10:01:12',NULL,1),(1894,219,1997,NULL,NULL,NULL,1,'2024-11-28 10:01:12',NULL,'2024-11-28 10:01:12',NULL,1),(1895,219,1998,NULL,NULL,NULL,1,'2024-11-28 10:01:12',NULL,'2024-11-28 10:01:12',NULL,1),(1896,219,1999,NULL,NULL,NULL,1,'2024-11-28 10:01:12',NULL,'2024-11-28 10:01:12',NULL,1),(1897,219,2000,NULL,NULL,NULL,1,'2024-11-28 10:01:12',NULL,'2024-11-28 10:01:12',NULL,1),(1898,219,2001,NULL,NULL,NULL,1,'2024-11-28 10:01:12',NULL,'2024-11-28 10:01:12',NULL,1),(1899,219,2002,NULL,NULL,NULL,1,'2024-11-28 10:01:12',NULL,'2024-11-28 10:01:12',NULL,1),(1900,219,2003,NULL,NULL,NULL,1,'2024-11-28 10:01:12',NULL,'2024-11-28 10:01:12',NULL,1),(1901,219,2004,NULL,NULL,NULL,1,'2024-11-28 10:01:12',NULL,'2024-11-28 10:01:12',NULL,1),(1902,219,2005,NULL,NULL,NULL,1,'2024-11-28 10:01:12',NULL,'2024-11-28 10:01:12',NULL,1),(1903,219,2006,NULL,NULL,NULL,1,'2024-11-28 10:01:12',NULL,'2024-11-28 10:01:12',NULL,1),(1904,219,2007,NULL,NULL,NULL,1,'2024-11-28 10:01:12',NULL,'2024-11-28 10:01:12',NULL,1),(1905,219,2008,NULL,NULL,NULL,1,'2024-11-28 10:01:12',NULL,'2024-11-28 10:01:12',NULL,1),(1906,219,2009,NULL,NULL,NULL,1,'2024-11-28 10:01:12',NULL,'2024-11-28 10:01:12',NULL,1),(1907,219,2010,NULL,NULL,NULL,1,'2024-11-28 10:01:12',NULL,'2024-11-28 10:01:12',NULL,1),(1908,219,2011,NULL,NULL,NULL,1,'2024-11-28 10:01:12',NULL,'2024-11-28 10:01:12',NULL,1),(1909,220,2012,NULL,NULL,NULL,1,'2024-11-28 10:03:24',NULL,'2024-11-28 10:03:24',NULL,1),(1910,220,2013,NULL,NULL,NULL,1,'2024-11-28 10:03:24',NULL,'2024-11-28 10:03:24',NULL,1),(1911,220,2014,NULL,NULL,NULL,1,'2024-11-28 10:03:24',NULL,'2024-11-28 10:03:24',NULL,1),(1912,220,2015,NULL,NULL,NULL,1,'2024-11-28 10:03:24',NULL,'2024-11-28 10:03:24',NULL,1),(1913,220,2016,NULL,NULL,NULL,1,'2024-11-28 10:03:24',NULL,'2024-11-28 10:03:24',NULL,1),(1914,220,2017,NULL,NULL,NULL,1,'2024-11-28 10:03:24',NULL,'2024-11-28 10:03:24',NULL,1),(1915,220,2018,NULL,NULL,NULL,1,'2024-11-28 10:03:24',NULL,'2024-11-28 10:03:24',NULL,1),(1916,220,2019,NULL,NULL,NULL,1,'2024-11-28 10:03:24',NULL,'2024-11-28 10:03:24',NULL,1),(1917,220,2020,NULL,NULL,NULL,1,'2024-11-28 10:03:24',NULL,'2024-11-28 10:03:24',NULL,1),(1918,220,2021,NULL,NULL,NULL,1,'2024-11-28 10:03:24',NULL,'2024-11-28 10:03:24',NULL,1),(1919,220,2022,NULL,NULL,NULL,1,'2024-11-28 10:03:24',NULL,'2024-11-28 10:03:24',NULL,1),(1920,220,2023,NULL,NULL,NULL,1,'2024-11-28 10:03:24',NULL,'2024-11-28 10:03:24',NULL,1),(1921,220,2024,NULL,NULL,NULL,1,'2024-11-28 10:03:24',NULL,'2024-11-28 10:03:24',NULL,1),(1922,220,2025,NULL,NULL,NULL,1,'2024-11-28 10:03:24',NULL,'2024-11-28 10:03:24',NULL,1),(1923,220,2026,NULL,NULL,NULL,1,'2024-11-28 10:03:24',NULL,'2024-11-28 10:03:24',NULL,1),(1924,220,2027,NULL,NULL,NULL,1,'2024-11-28 10:03:24',NULL,'2024-11-28 10:03:24',NULL,1),(1925,220,2028,NULL,NULL,NULL,1,'2024-11-28 10:03:24',NULL,'2024-11-28 10:03:24',NULL,1),(1926,220,2029,NULL,NULL,NULL,1,'2024-11-28 10:03:24',NULL,'2024-11-28 10:03:24',NULL,1),(1927,220,2030,NULL,NULL,NULL,1,'2024-11-28 10:03:24',NULL,'2024-11-28 10:03:24',NULL,1),(1928,220,2031,NULL,NULL,NULL,1,'2024-11-28 10:03:24',NULL,'2024-11-28 10:03:24',NULL,1),(1929,220,2032,NULL,NULL,NULL,1,'2024-11-28 10:03:24',NULL,'2024-11-28 10:03:24',NULL,1),(1930,220,2033,NULL,NULL,NULL,1,'2024-11-28 10:03:24',NULL,'2024-11-28 10:03:24',NULL,1),(1931,220,2034,NULL,NULL,NULL,1,'2024-11-28 10:03:24',NULL,'2024-11-28 10:03:24',NULL,1),(1932,220,2035,NULL,NULL,NULL,1,'2024-11-28 10:03:24',NULL,'2024-11-28 10:03:24',NULL,1),(1933,220,2036,NULL,NULL,NULL,1,'2024-11-28 10:03:24',NULL,'2024-11-28 10:03:24',NULL,1),(1934,220,2037,NULL,NULL,NULL,1,'2024-11-28 10:03:24',NULL,'2024-11-28 10:03:24',NULL,1),(1935,220,2038,NULL,NULL,NULL,1,'2024-11-28 10:03:24',NULL,'2024-11-28 10:03:24',NULL,1),(1936,220,2039,NULL,NULL,NULL,1,'2024-11-28 10:03:24',NULL,'2024-11-28 10:03:24',NULL,1),(1937,220,2040,NULL,NULL,NULL,1,'2024-11-28 10:03:24',NULL,'2024-11-28 10:03:24',NULL,1),(1938,220,2041,NULL,NULL,NULL,1,'2024-11-28 10:03:24',NULL,'2024-11-28 10:03:24',NULL,1),(1939,220,2042,NULL,NULL,NULL,1,'2024-11-28 10:03:24',NULL,'2024-11-28 10:03:24',NULL,1),(1940,220,2043,NULL,NULL,NULL,1,'2024-11-28 10:03:24',NULL,'2024-11-28 10:03:24',NULL,1),(1941,220,2044,NULL,NULL,NULL,1,'2024-11-28 10:03:24',NULL,'2024-11-28 10:03:24',NULL,1),(1942,220,2045,NULL,NULL,NULL,1,'2024-11-28 10:03:24',NULL,'2024-11-28 10:03:24',NULL,1),(1943,220,2046,NULL,NULL,NULL,1,'2024-11-28 10:03:24',NULL,'2024-11-28 10:03:24',NULL,1),(1944,220,2047,NULL,NULL,NULL,1,'2024-11-28 10:03:24',NULL,'2024-11-28 10:03:24',NULL,1),(1945,220,2048,NULL,NULL,NULL,1,'2024-11-28 10:03:24',NULL,'2024-11-28 10:03:24',NULL,1),(1946,220,2049,NULL,NULL,NULL,1,'2024-11-28 10:03:24',NULL,'2024-11-28 10:03:24',NULL,1),(1947,220,2050,NULL,NULL,NULL,1,'2024-11-28 10:03:24',NULL,'2024-11-28 10:03:24',NULL,1),(1948,220,2051,NULL,NULL,NULL,1,'2024-11-28 10:03:24',NULL,'2024-11-28 10:03:24',NULL,1),(1949,220,2052,NULL,NULL,NULL,1,'2024-11-28 10:03:24',NULL,'2024-11-28 10:03:24',NULL,1),(1950,220,2053,NULL,NULL,NULL,1,'2024-11-28 10:03:24',NULL,'2024-11-28 10:03:24',NULL,1),(1951,220,2054,NULL,NULL,NULL,1,'2024-11-28 10:03:24',NULL,'2024-11-28 10:03:24',NULL,1),(1952,220,2055,NULL,NULL,NULL,1,'2024-11-28 10:03:24',NULL,'2024-11-28 10:03:24',NULL,1),(1953,220,2056,NULL,NULL,NULL,1,'2024-11-28 10:03:25',NULL,'2024-11-28 10:03:25',NULL,1),(1954,220,2057,NULL,NULL,NULL,1,'2024-11-28 10:03:25',NULL,'2024-11-28 10:03:25',NULL,1),(1955,220,2058,NULL,NULL,NULL,1,'2024-11-28 10:03:25',NULL,'2024-11-28 10:03:25',NULL,1),(1956,220,2059,NULL,NULL,NULL,1,'2024-11-28 10:03:25',NULL,'2024-11-28 10:03:25',NULL,1),(1957,220,2060,NULL,NULL,NULL,1,'2024-11-28 10:03:25',NULL,'2024-11-28 10:03:25',NULL,1),(1958,220,2061,NULL,NULL,NULL,1,'2024-11-28 10:03:25',NULL,'2024-11-28 10:03:25',NULL,1),(1959,220,2062,NULL,NULL,NULL,1,'2024-11-28 10:03:25',NULL,'2024-11-28 10:03:25',NULL,1),(1960,220,2063,NULL,NULL,NULL,1,'2024-11-28 10:03:25',NULL,'2024-11-28 10:03:25',NULL,1),(1961,220,2064,NULL,NULL,NULL,1,'2024-11-28 10:03:25',NULL,'2024-11-28 10:03:25',NULL,1),(1962,221,2065,NULL,NULL,NULL,1,'2024-11-28 10:06:15',NULL,'2024-11-28 10:06:15',NULL,1),(1963,221,2066,NULL,NULL,NULL,1,'2024-11-28 10:06:15',NULL,'2024-11-28 10:06:15',NULL,1),(1964,221,2067,NULL,NULL,NULL,1,'2024-11-28 10:06:15',NULL,'2024-11-28 10:06:15',NULL,1),(1965,221,2068,NULL,NULL,NULL,1,'2024-11-28 10:06:15',NULL,'2024-11-28 10:06:15',NULL,1),(1966,221,2069,NULL,NULL,NULL,1,'2024-11-28 10:06:15',NULL,'2024-11-28 10:06:15',NULL,1),(1967,221,2070,NULL,NULL,NULL,1,'2024-11-28 10:06:15',NULL,'2024-11-28 10:06:15',NULL,1),(1968,221,2071,NULL,NULL,NULL,1,'2024-11-28 10:06:15',NULL,'2024-11-28 10:06:15',NULL,1),(1969,221,2072,NULL,NULL,NULL,1,'2024-11-28 10:06:15',NULL,'2024-11-28 10:06:15',NULL,1),(1970,221,2073,NULL,NULL,NULL,1,'2024-11-28 10:06:15',NULL,'2024-11-28 10:06:15',NULL,1),(1971,221,2074,NULL,NULL,NULL,1,'2024-11-28 10:06:15',NULL,'2024-11-28 10:06:15',NULL,1),(1972,221,2075,NULL,NULL,NULL,1,'2024-11-28 10:06:15',NULL,'2024-11-28 10:06:15',NULL,1),(1973,221,2076,NULL,NULL,NULL,1,'2024-11-28 10:06:15',NULL,'2024-11-28 10:06:15',NULL,1),(1974,221,2077,NULL,NULL,NULL,1,'2024-11-28 10:06:15',NULL,'2024-11-28 10:06:15',NULL,1),(1975,221,2078,NULL,NULL,NULL,1,'2024-11-28 10:06:15',NULL,'2024-11-28 10:06:15',NULL,1),(1976,221,2079,NULL,NULL,NULL,1,'2024-11-28 10:06:15',NULL,'2024-11-28 10:06:15',NULL,1),(1977,221,2080,NULL,NULL,NULL,1,'2024-11-28 10:06:15',NULL,'2024-11-28 10:06:15',NULL,1),(1978,221,2081,NULL,NULL,NULL,1,'2024-11-28 10:06:15',NULL,'2024-11-28 10:06:15',NULL,1),(1979,221,2082,NULL,NULL,NULL,1,'2024-11-28 10:06:15',NULL,'2024-11-28 10:06:15',NULL,1),(1980,221,2083,NULL,NULL,NULL,1,'2024-11-28 10:06:15',NULL,'2024-11-28 10:06:15',NULL,1),(1981,221,2084,NULL,NULL,NULL,1,'2024-11-28 10:06:15',NULL,'2024-11-28 10:06:15',NULL,1),(1982,221,2085,NULL,NULL,NULL,1,'2024-11-28 10:06:15',NULL,'2024-11-28 10:06:15',NULL,1),(1983,221,2086,NULL,NULL,NULL,1,'2024-11-28 10:06:15',NULL,'2024-11-28 10:06:15',NULL,1),(1984,221,2087,NULL,NULL,NULL,1,'2024-11-28 10:06:15',NULL,'2024-11-28 10:06:15',NULL,1),(1985,221,2088,NULL,NULL,NULL,1,'2024-11-28 10:06:15',NULL,'2024-11-28 10:06:15',NULL,1),(1986,221,2089,NULL,NULL,NULL,1,'2024-11-28 10:06:15',NULL,'2024-11-28 10:06:15',NULL,1),(1987,221,2090,NULL,NULL,NULL,1,'2024-11-28 10:06:15',NULL,'2024-11-28 10:06:15',NULL,1),(1988,221,2091,NULL,NULL,NULL,1,'2024-11-28 10:06:15',NULL,'2024-11-28 10:06:15',NULL,1),(1989,221,2092,NULL,NULL,NULL,1,'2024-11-28 10:06:15',NULL,'2024-11-28 10:06:15',NULL,1),(1990,221,2093,NULL,NULL,NULL,1,'2024-11-28 10:06:15',NULL,'2024-11-28 10:06:15',NULL,1),(1991,221,2094,NULL,NULL,NULL,1,'2024-11-28 10:06:15',NULL,'2024-11-28 10:06:15',NULL,1),(1992,221,2095,NULL,NULL,NULL,1,'2024-11-28 10:06:15',NULL,'2024-11-28 10:06:15',NULL,1),(1993,221,2096,NULL,NULL,NULL,1,'2024-11-28 10:06:15',NULL,'2024-11-28 10:06:15',NULL,1),(1994,221,2097,NULL,NULL,NULL,1,'2024-11-28 10:06:15',NULL,'2024-11-28 10:06:15',NULL,1),(1995,221,2098,NULL,NULL,NULL,1,'2024-11-28 10:06:15',NULL,'2024-11-28 10:06:15',NULL,1),(1996,221,2099,NULL,NULL,NULL,1,'2024-11-28 10:06:15',NULL,'2024-11-28 10:06:15',NULL,1),(1997,221,2100,NULL,NULL,NULL,1,'2024-11-28 10:06:15',NULL,'2024-11-28 10:06:15',NULL,1),(1998,221,2101,NULL,NULL,NULL,1,'2024-11-28 10:06:15',NULL,'2024-11-28 10:06:15',NULL,1),(1999,221,2102,NULL,NULL,NULL,1,'2024-11-28 10:06:15',NULL,'2024-11-28 10:06:15',NULL,1),(2000,221,2103,NULL,NULL,NULL,1,'2024-11-28 10:06:15',NULL,'2024-11-28 10:06:15',NULL,1),(2001,221,2104,NULL,NULL,NULL,1,'2024-11-28 10:06:15',NULL,'2024-11-28 10:06:15',NULL,1),(2002,221,2105,NULL,NULL,NULL,1,'2024-11-28 10:06:15',NULL,'2024-11-28 10:06:15',NULL,1),(2003,221,2106,NULL,NULL,NULL,1,'2024-11-28 10:06:15',NULL,'2024-11-28 10:06:15',NULL,1),(2004,221,2107,NULL,NULL,NULL,1,'2024-11-28 10:06:15',NULL,'2024-11-28 10:06:15',NULL,1),(2005,221,2108,NULL,NULL,NULL,1,'2024-11-28 10:06:15',NULL,'2024-11-28 10:06:15',NULL,1),(2006,221,2109,NULL,NULL,NULL,1,'2024-11-28 10:06:15',NULL,'2024-11-28 10:06:15',NULL,1),(2007,221,2110,NULL,NULL,NULL,1,'2024-11-28 10:06:15',NULL,'2024-11-28 10:06:15',NULL,1),(2008,221,2111,NULL,NULL,NULL,1,'2024-11-28 10:06:15',NULL,'2024-11-28 10:06:15',NULL,1),(2009,221,2112,NULL,NULL,NULL,1,'2024-11-28 10:06:15',NULL,'2024-11-28 10:06:15',NULL,1),(2010,221,2113,NULL,NULL,NULL,1,'2024-11-28 10:06:15',NULL,'2024-11-28 10:06:15',NULL,1),(2011,221,2114,NULL,NULL,NULL,1,'2024-11-28 10:06:15',NULL,'2024-11-28 10:06:15',NULL,1),(2012,221,2115,NULL,NULL,NULL,1,'2024-11-28 10:06:15',NULL,'2024-11-28 10:06:15',NULL,1),(2013,221,2116,NULL,NULL,NULL,1,'2024-11-28 10:06:15',NULL,'2024-11-28 10:06:15',NULL,1),(2014,221,2117,NULL,NULL,NULL,1,'2024-11-28 10:06:15',NULL,'2024-11-28 10:06:15',NULL,1),(2018,223,2136,NULL,NULL,NULL,1,'2024-12-04 01:23:54',NULL,'2024-12-04 01:23:54',NULL,1),(2019,223,2137,NULL,NULL,NULL,1,'2024-12-04 01:23:54',NULL,'2024-12-04 01:23:54',NULL,1),(2020,223,2138,NULL,NULL,NULL,1,'2024-12-04 01:23:54',NULL,'2024-12-04 01:23:54',NULL,1),(2021,223,2139,NULL,NULL,NULL,1,'2024-12-04 01:23:54',NULL,'2024-12-04 01:23:54',NULL,1),(2022,223,2140,NULL,NULL,NULL,1,'2024-12-04 01:23:54',NULL,'2024-12-04 01:23:54',NULL,1),(2023,223,2141,NULL,NULL,NULL,1,'2024-12-04 01:23:54',NULL,'2024-12-04 01:23:54',NULL,1),(2024,223,2142,NULL,NULL,NULL,1,'2024-12-04 01:23:54',NULL,'2024-12-04 01:23:54',NULL,1),(2025,223,2143,NULL,NULL,NULL,1,'2024-12-04 01:23:54',NULL,'2024-12-04 01:23:54',NULL,1),(2026,223,2144,NULL,NULL,NULL,1,'2024-12-04 01:23:54',NULL,'2024-12-04 01:23:54',NULL,1),(2027,223,2145,NULL,NULL,NULL,1,'2024-12-04 01:23:54',NULL,'2024-12-04 01:23:54',NULL,1),(2028,223,2146,NULL,NULL,NULL,1,'2024-12-04 01:23:54',NULL,'2024-12-04 01:23:54',NULL,1),(2029,223,2147,NULL,NULL,NULL,1,'2024-12-04 01:23:54',NULL,'2024-12-04 01:23:54',NULL,1),(2030,223,2148,NULL,NULL,NULL,1,'2024-12-04 01:23:54',NULL,'2024-12-04 01:23:54',NULL,1),(2031,223,2149,NULL,NULL,NULL,1,'2024-12-04 01:23:54',NULL,'2024-12-04 01:23:54',NULL,1),(2032,223,2150,NULL,NULL,NULL,1,'2024-12-04 01:23:54',NULL,'2024-12-04 01:23:54',NULL,1),(2033,223,2151,NULL,NULL,NULL,1,'2024-12-04 01:23:54',NULL,'2024-12-04 01:23:54',NULL,1),(2034,223,2152,NULL,NULL,NULL,1,'2024-12-04 01:23:54',NULL,'2024-12-04 01:23:54',NULL,1),(2035,223,2153,NULL,NULL,NULL,1,'2024-12-04 01:23:54',NULL,'2024-12-04 01:23:54',NULL,1),(2036,223,2154,NULL,NULL,NULL,1,'2024-12-04 01:23:54',NULL,'2024-12-04 01:23:54',NULL,1),(2037,223,2155,NULL,NULL,NULL,1,'2024-12-04 01:23:54',NULL,'2024-12-04 01:23:54',NULL,1),(2038,223,2156,NULL,NULL,NULL,1,'2024-12-04 01:23:54',NULL,'2024-12-04 01:23:54',NULL,1),(2039,223,2157,NULL,NULL,NULL,1,'2024-12-04 01:23:54',NULL,'2024-12-04 01:23:54',NULL,1),(2040,223,2158,NULL,NULL,NULL,1,'2024-12-04 01:23:54',NULL,'2024-12-04 01:23:54',NULL,1),(2041,223,2159,NULL,NULL,NULL,1,'2024-12-04 01:23:54',NULL,'2024-12-04 01:23:54',NULL,1),(2042,223,2160,NULL,NULL,NULL,1,'2024-12-04 01:23:54',NULL,'2024-12-04 01:23:54',NULL,1),(2043,223,2161,NULL,NULL,NULL,1,'2024-12-04 01:23:54',NULL,'2024-12-04 01:23:54',NULL,1),(2044,223,2162,NULL,NULL,NULL,1,'2024-12-04 01:23:54',NULL,'2024-12-04 01:23:54',NULL,1),(2045,223,2163,NULL,NULL,NULL,1,'2024-12-04 01:23:54',NULL,'2024-12-04 01:23:54',NULL,1),(2046,223,2164,NULL,NULL,NULL,1,'2024-12-04 01:23:54',NULL,'2024-12-04 01:23:54',NULL,1),(2047,223,2165,NULL,NULL,NULL,1,'2024-12-04 01:23:54',NULL,'2024-12-04 01:23:54',NULL,1),(2048,223,2166,NULL,NULL,NULL,1,'2024-12-04 01:23:54',NULL,'2024-12-04 01:23:54',NULL,1),(2049,223,2167,NULL,NULL,NULL,1,'2024-12-04 01:23:54',NULL,'2024-12-04 01:23:54',NULL,1),(2050,223,2168,NULL,NULL,NULL,1,'2024-12-04 01:23:54',NULL,'2024-12-04 01:23:54',NULL,1),(2051,223,2169,NULL,NULL,NULL,1,'2024-12-04 01:23:54',NULL,'2024-12-04 01:23:54',NULL,1),(2052,223,2170,NULL,NULL,NULL,1,'2024-12-04 01:23:55',NULL,'2024-12-04 01:23:55',NULL,1),(2053,223,2171,NULL,NULL,NULL,1,'2024-12-04 01:23:55',NULL,'2024-12-04 01:23:55',NULL,1),(2054,223,2172,NULL,NULL,NULL,1,'2024-12-04 01:23:55',NULL,'2024-12-04 01:23:55',NULL,1),(2055,223,2173,NULL,NULL,NULL,1,'2024-12-04 01:23:55',NULL,'2024-12-04 01:23:55',NULL,1),(2056,223,2174,NULL,NULL,NULL,1,'2024-12-04 01:23:55',NULL,'2024-12-04 01:23:55',NULL,1),(2057,223,2175,NULL,NULL,NULL,1,'2024-12-04 01:23:55',NULL,'2024-12-04 01:23:55',NULL,1),(2058,223,2176,NULL,NULL,NULL,1,'2024-12-04 01:23:55',NULL,'2024-12-04 01:23:55',NULL,1),(2059,223,2177,NULL,NULL,NULL,1,'2024-12-04 01:23:55',NULL,'2024-12-04 01:23:55',NULL,1),(2060,223,2178,NULL,NULL,NULL,1,'2024-12-04 01:23:55',NULL,'2024-12-04 01:23:55',NULL,1),(2061,223,2179,NULL,NULL,NULL,1,'2024-12-04 01:23:55',NULL,'2024-12-04 01:23:55',NULL,1),(2062,223,2180,NULL,NULL,NULL,1,'2024-12-04 01:23:55',NULL,'2024-12-04 01:23:55',NULL,1),(2063,223,2181,NULL,NULL,NULL,1,'2024-12-04 01:23:55',NULL,'2024-12-04 01:23:55',NULL,1),(2064,223,2182,NULL,NULL,NULL,1,'2024-12-04 01:23:55',NULL,'2024-12-04 01:23:55',NULL,1),(2065,223,2183,NULL,NULL,NULL,1,'2024-12-04 01:23:55',NULL,'2024-12-04 01:23:55',NULL,1),(2066,223,2184,NULL,NULL,NULL,1,'2024-12-04 01:23:55',NULL,'2024-12-04 01:23:55',NULL,1),(2067,223,2185,NULL,NULL,NULL,1,'2024-12-04 01:23:55',NULL,'2024-12-04 01:23:55',NULL,1),(2068,223,2186,NULL,NULL,NULL,NULL,'2024-12-04 02:45:03',NULL,'2024-12-04 02:45:03',NULL,1),(2069,209,2187,NULL,NULL,NULL,NULL,'2024-12-04 04:43:59',NULL,'2024-12-04 04:43:59',NULL,1),(2070,225,2203,NULL,NULL,NULL,150,'2024-12-05 04:22:06',NULL,'2024-12-05 04:22:06',NULL,1),(2071,225,2204,NULL,NULL,NULL,150,'2024-12-05 04:22:06',NULL,'2024-12-05 04:22:06',NULL,1),(2072,225,2205,NULL,NULL,NULL,150,'2024-12-05 04:22:06',NULL,'2024-12-05 04:22:06',NULL,1),(2073,225,2206,NULL,NULL,NULL,150,'2024-12-05 04:22:06',NULL,'2024-12-05 04:22:06',NULL,1),(2074,225,2207,NULL,NULL,NULL,150,'2024-12-05 04:22:06',NULL,'2024-12-05 04:22:06',NULL,1),(2075,225,2208,NULL,NULL,NULL,150,'2024-12-05 04:22:06',NULL,'2024-12-05 04:22:06',NULL,1),(2076,225,2209,NULL,NULL,NULL,150,'2024-12-05 04:22:07',NULL,'2024-12-05 04:22:07',NULL,1),(2077,225,2210,NULL,NULL,NULL,150,'2024-12-05 04:22:07',NULL,'2024-12-05 04:22:07',NULL,1),(2078,226,2213,NULL,NULL,NULL,1,'2024-12-06 05:10:04',NULL,'2024-12-06 05:10:04',NULL,1),(2079,227,2214,NULL,NULL,NULL,1,'2024-12-06 06:09:53',NULL,'2024-12-06 06:09:53',NULL,1),(2080,228,2215,NULL,NULL,NULL,1,'2024-12-10 04:14:34',NULL,'2024-12-10 04:14:34',NULL,1),(2081,229,2216,NULL,NULL,NULL,1,'2024-12-11 04:58:03',NULL,'2024-12-11 04:58:03',NULL,1),(2082,230,2217,NULL,NULL,NULL,1,'2024-12-11 05:14:13',NULL,'2024-12-11 05:14:13',NULL,1),(2083,231,2218,NULL,NULL,NULL,1,'2024-12-11 05:27:15',NULL,'2024-12-11 05:27:15',NULL,1),(2084,232,2219,NULL,NULL,NULL,1,'2024-12-11 05:52:14',NULL,'2024-12-11 05:52:14',NULL,1),(2085,233,2220,NULL,NULL,NULL,1,'2024-12-11 06:06:46',NULL,'2024-12-11 06:06:46',NULL,1),(2086,234,2221,NULL,NULL,NULL,1,'2024-12-11 06:10:13',NULL,'2024-12-11 06:10:13',NULL,1),(2087,235,2222,NULL,NULL,NULL,1,'2024-12-11 06:58:05',NULL,'2024-12-11 06:58:05',NULL,1),(2088,236,2223,NULL,NULL,NULL,1,'2024-12-11 07:41:59',NULL,'2024-12-11 07:41:59',NULL,1),(2089,237,2224,NULL,NULL,NULL,1,'2024-12-11 08:42:26',NULL,'2024-12-11 08:42:26',NULL,1),(2090,238,2229,NULL,NULL,NULL,1,'2024-12-13 02:11:30',NULL,'2024-12-13 02:11:30',NULL,1),(2091,239,2236,NULL,NULL,NULL,1,'2024-12-13 02:29:26',NULL,'2024-12-13 02:29:26',NULL,1),(2092,252,2237,NULL,NULL,NULL,1,'2024-12-13 04:36:15',NULL,'2024-12-13 04:36:15',NULL,1),(2093,254,2238,NULL,NULL,NULL,1,'2024-12-13 05:56:32',NULL,'2024-12-13 05:56:32',NULL,1),(2094,255,2239,NULL,NULL,NULL,1,'2024-12-13 06:23:53',NULL,'2024-12-13 06:23:53',NULL,1),(2095,256,2241,NULL,NULL,NULL,1,'2024-12-13 06:45:19',NULL,'2024-12-13 06:45:19',NULL,1),(2096,257,2243,NULL,NULL,NULL,1,'2024-12-13 08:12:38',NULL,'2024-12-13 08:12:38',NULL,1),(2097,259,2244,NULL,NULL,NULL,1,'2024-12-13 13:50:38',NULL,'2024-12-13 13:50:38',NULL,1),(2098,260,2245,NULL,NULL,NULL,1,'2024-12-13 21:32:34',NULL,'2024-12-13 21:32:34',NULL,1),(2099,261,2246,NULL,NULL,NULL,1,'2024-12-14 02:03:13',NULL,'2024-12-14 02:03:13',NULL,1),(2100,262,2247,NULL,NULL,NULL,1,'2024-12-14 02:06:42',NULL,'2024-12-14 02:06:42',NULL,1),(2101,263,2248,NULL,NULL,NULL,1,'2024-12-14 02:23:57',NULL,'2024-12-14 02:23:57',NULL,1),(2102,264,2249,NULL,NULL,NULL,1,'2024-12-14 03:14:44',NULL,'2024-12-14 03:14:44',NULL,1),(2103,265,2250,NULL,NULL,NULL,1,'2024-12-14 06:38:17',NULL,'2024-12-14 06:38:17',NULL,1),(2104,266,2251,NULL,NULL,NULL,1,'2024-12-14 07:05:22',NULL,'2024-12-14 07:05:22',NULL,1),(2105,267,2252,NULL,NULL,NULL,1,'2024-12-14 08:31:02',NULL,'2024-12-14 08:31:02',NULL,1),(2106,268,2253,NULL,NULL,NULL,1,'2024-12-14 08:31:59',NULL,'2024-12-14 08:31:59',NULL,1),(2107,269,2258,NULL,NULL,NULL,151,'2024-12-18 01:40:32',NULL,'2024-12-18 01:40:32',NULL,1),(2108,270,2259,NULL,NULL,NULL,151,'2024-12-18 05:45:30',NULL,'2024-12-18 05:45:30',NULL,1),(2109,271,2260,NULL,NULL,NULL,151,'2024-12-18 06:17:26',NULL,'2024-12-18 06:17:26',NULL,1),(2110,272,2261,NULL,NULL,NULL,151,'2024-12-18 07:28:03',NULL,'2024-12-18 07:28:03',NULL,1),(2111,273,2262,NULL,NULL,NULL,151,'2024-12-18 09:04:11',NULL,'2024-12-18 09:04:11',NULL,1),(2112,274,2263,NULL,NULL,NULL,151,'2024-12-18 09:18:30',NULL,'2024-12-18 09:18:30',NULL,1),(2113,275,2264,NULL,NULL,NULL,151,'2024-12-19 05:25:50',NULL,'2024-12-19 05:25:50',NULL,1),(2114,276,2265,NULL,NULL,NULL,151,'2024-12-19 05:30:03',NULL,'2024-12-19 05:30:03',NULL,1),(2115,277,2266,NULL,NULL,NULL,151,'2024-12-19 06:06:01',NULL,'2024-12-19 06:06:01',NULL,1),(2116,278,2267,NULL,NULL,NULL,1,'2024-12-19 09:30:02',NULL,'2024-12-19 09:30:02',NULL,1),(2117,280,2268,NULL,NULL,NULL,151,'2024-12-20 01:17:45',NULL,'2024-12-20 01:17:45',NULL,1),(2118,281,2314,NULL,NULL,NULL,151,'2024-12-23 05:35:42',NULL,'2024-12-23 05:35:42',NULL,1),(2119,282,2315,NULL,NULL,NULL,151,'2024-12-23 05:40:10',NULL,'2024-12-23 05:40:10',NULL,1),(2120,283,2316,NULL,NULL,NULL,151,'2024-12-23 06:02:04',NULL,'2024-12-23 06:02:04',NULL,1),(2121,284,2317,NULL,NULL,NULL,151,'2024-12-23 08:49:38',NULL,'2024-12-23 08:49:38',NULL,1),(2122,287,2318,NULL,NULL,NULL,151,'2024-12-24 06:57:07',NULL,'2024-12-24 06:57:07',NULL,1),(2123,290,2319,NULL,NULL,NULL,1,'2024-12-24 07:54:32',NULL,'2024-12-24 07:54:32',NULL,1),(2124,290,2320,NULL,NULL,NULL,1,'2024-12-24 07:54:32',NULL,'2024-12-24 07:54:32',NULL,1),(2125,105,2321,NULL,NULL,NULL,NULL,'2024-12-24 08:12:26',NULL,'2024-12-24 08:12:26',NULL,1),(2126,291,2322,NULL,NULL,NULL,151,'2024-12-24 08:14:41',NULL,'2024-12-24 08:14:41',NULL,1),(2127,291,2323,NULL,NULL,NULL,151,'2024-12-24 08:14:41',NULL,'2024-12-24 08:14:41',NULL,1),(2128,109,2324,NULL,NULL,NULL,NULL,'2024-12-24 17:12:44',NULL,'2024-12-24 17:12:44',NULL,1),(2129,109,2325,NULL,NULL,NULL,NULL,'2024-12-24 17:12:52',NULL,'2024-12-24 17:12:52',NULL,1),(2130,111,2326,NULL,NULL,NULL,NULL,'2024-12-24 17:13:22',NULL,'2024-12-24 17:13:22',NULL,1),(2132,296,2340,NULL,NULL,NULL,151,'2024-12-30 08:22:29',NULL,'2024-12-30 08:22:29',NULL,1),(2133,297,2343,NULL,NULL,NULL,1,'2024-12-30 17:34:44',NULL,'2024-12-30 17:34:44',NULL,1),(2134,298,2344,NULL,NULL,NULL,151,'2024-12-31 01:40:48',NULL,'2024-12-31 01:40:48',NULL,1),(2135,298,2345,NULL,NULL,NULL,151,'2024-12-31 01:40:48',NULL,'2024-12-31 01:40:48',NULL,1),(2136,300,2346,NULL,NULL,NULL,1,'2024-12-31 01:49:06',NULL,'2024-12-31 01:49:06',NULL,1),(2137,301,2347,NULL,NULL,NULL,151,'2024-12-31 02:23:25',NULL,'2024-12-31 02:23:25',NULL,1),(2138,303,2348,NULL,NULL,NULL,151,'2024-12-31 02:51:16',NULL,'2024-12-31 02:51:16',NULL,1),(2139,304,2349,NULL,NULL,NULL,151,'2024-12-31 04:19:27',NULL,'2024-12-31 04:19:27',NULL,1),(2140,306,2350,NULL,NULL,NULL,151,'2024-12-31 04:40:36',NULL,'2024-12-31 04:40:36',NULL,1),(2141,307,2351,NULL,NULL,NULL,151,'2024-12-31 04:55:44',NULL,'2024-12-31 04:55:44',NULL,1),(2142,308,2352,NULL,NULL,NULL,151,'2024-12-31 05:04:20',NULL,'2024-12-31 05:04:20',NULL,1),(2143,309,2353,NULL,NULL,NULL,151,'2024-12-31 05:25:37',NULL,'2024-12-31 05:25:37',NULL,1),(2144,310,2354,NULL,NULL,NULL,151,'2024-12-31 07:05:17',NULL,'2024-12-31 07:05:17',NULL,1),(2145,311,2355,NULL,NULL,NULL,151,'2024-12-31 07:15:34',NULL,'2024-12-31 07:15:34',NULL,1),(2146,312,2356,NULL,NULL,NULL,151,'2024-12-31 07:26:46',NULL,'2024-12-31 07:26:46',NULL,1),(2147,313,2357,NULL,NULL,NULL,151,'2024-12-31 07:45:25',NULL,'2024-12-31 07:45:25',NULL,1),(2148,314,2358,NULL,NULL,NULL,151,'2025-01-01 00:48:18',NULL,'2025-01-01 00:48:18',NULL,1),(2149,315,2359,NULL,NULL,NULL,151,'2025-01-01 00:53:05',NULL,'2025-01-01 00:53:05',NULL,1),(2150,316,2360,NULL,NULL,NULL,151,'2025-01-01 01:05:33',NULL,'2025-01-01 01:05:33',NULL,1),(2151,317,2361,NULL,NULL,NULL,151,'2025-01-01 01:41:56',NULL,'2025-01-01 01:41:56',NULL,1),(2152,318,2362,NULL,NULL,NULL,151,'2025-01-01 02:03:36',NULL,'2025-01-01 02:03:36',NULL,1),(2153,319,2395,NULL,NULL,NULL,151,'2025-01-23 01:36:19',NULL,'2025-01-23 01:36:19',NULL,1),(2154,320,2396,NULL,NULL,NULL,151,'2025-01-23 07:44:56',NULL,'2025-01-23 07:44:56',NULL,1),(2155,321,2397,NULL,NULL,NULL,151,'2025-01-23 07:45:29',NULL,'2025-01-23 07:45:29',NULL,1),(2156,322,2401,NULL,NULL,NULL,151,'2025-01-27 01:36:17',NULL,'2025-01-27 01:36:17',NULL,1),(2157,323,2402,NULL,NULL,NULL,151,'2025-01-27 01:41:30',NULL,'2025-01-27 01:41:30',NULL,1),(2158,323,2403,NULL,NULL,NULL,NULL,'2025-01-27 01:41:56',NULL,'2025-01-27 01:41:56',NULL,1),(2159,324,2404,NULL,NULL,NULL,151,'2025-01-28 04:11:01',NULL,'2025-01-28 04:11:01',NULL,1),(2160,325,2405,NULL,NULL,NULL,151,'2025-01-28 04:11:33',NULL,'2025-01-28 04:11:33',NULL,1),(2162,327,2407,NULL,NULL,NULL,151,'2025-01-30 01:14:35',NULL,'2025-01-30 01:14:35',NULL,1),(2163,328,2410,NULL,NULL,NULL,151,'2025-02-01 05:30:15',NULL,'2025-02-01 05:30:15',NULL,1),(2164,329,2413,NULL,NULL,NULL,151,'2025-02-04 15:25:39',NULL,'2025-02-04 15:25:39',NULL,1),(2165,330,2414,NULL,NULL,NULL,151,'2025-02-04 16:05:37',NULL,'2025-02-04 16:05:37',NULL,1),(2166,331,2415,NULL,NULL,NULL,151,'2025-02-04 16:17:25',NULL,'2025-02-04 16:17:25',NULL,1),(2167,332,2425,NULL,NULL,NULL,151,'2025-02-08 02:24:19',NULL,'2025-02-08 02:24:19',NULL,1),(2168,333,2426,NULL,NULL,NULL,151,'2025-02-10 02:33:37',NULL,'2025-02-10 02:33:37',NULL,1),(2169,334,2428,NULL,NULL,NULL,151,'2025-02-24 02:27:44',NULL,'2025-02-24 02:27:44',NULL,1),(2170,334,2429,NULL,NULL,NULL,NULL,'2025-02-24 02:28:18',NULL,'2025-02-24 02:28:18',NULL,1),(2171,335,2430,NULL,NULL,NULL,1,'2025-02-24 02:55:41',NULL,'2025-02-24 02:55:41',NULL,1),(2172,336,2431,NULL,NULL,NULL,1,'2025-02-24 02:56:28',NULL,'2025-02-24 02:56:28',NULL,1),(2173,337,2432,NULL,NULL,NULL,151,'2025-02-24 06:27:38',NULL,'2025-02-24 06:27:38',NULL,1),(2174,338,2433,NULL,NULL,NULL,151,'2025-02-24 06:44:52',NULL,'2025-02-24 06:44:52',NULL,1),(2175,340,2434,NULL,NULL,NULL,151,'2025-02-24 07:48:09',NULL,'2025-02-24 07:48:09',NULL,1),(2176,340,2435,NULL,NULL,NULL,151,'2025-02-24 07:48:09',NULL,'2025-02-24 07:48:09',NULL,1),(2177,340,2436,NULL,NULL,NULL,151,'2025-02-24 07:48:09',NULL,'2025-02-24 07:48:09',NULL,1),(2178,340,2437,NULL,NULL,NULL,151,'2025-02-24 07:48:09',NULL,'2025-02-24 07:48:09',NULL,1),(2179,340,2438,NULL,NULL,NULL,151,'2025-02-24 07:48:09',NULL,'2025-02-24 07:48:09',NULL,1),(2180,340,2439,NULL,NULL,NULL,151,'2025-02-24 07:48:09',NULL,'2025-02-24 07:48:09',NULL,1),(2181,340,2440,NULL,NULL,NULL,151,'2025-02-24 07:48:09',NULL,'2025-02-24 07:48:09',NULL,1),(2182,340,2441,NULL,NULL,NULL,151,'2025-02-24 07:48:09',NULL,'2025-02-24 07:48:09',NULL,1),(2183,340,2442,NULL,NULL,NULL,151,'2025-02-24 07:48:09',NULL,'2025-02-24 07:48:09',NULL,1),(2184,340,2443,NULL,NULL,NULL,151,'2025-02-24 07:48:09',NULL,'2025-02-24 07:48:09',NULL,1),(2185,340,2444,NULL,NULL,NULL,151,'2025-02-24 07:48:09',NULL,'2025-02-24 07:48:09',NULL,1),(2186,340,2445,NULL,NULL,NULL,151,'2025-02-24 07:48:09',NULL,'2025-02-24 07:48:09',NULL,1),(2187,340,2446,NULL,NULL,NULL,151,'2025-02-24 07:48:09',NULL,'2025-02-24 07:48:09',NULL,1),(2188,340,2447,NULL,NULL,NULL,151,'2025-02-24 07:48:09',NULL,'2025-02-24 07:48:09',NULL,1),(2189,340,2448,NULL,NULL,NULL,151,'2025-02-24 07:48:09',NULL,'2025-02-24 07:48:09',NULL,1),(2190,340,2449,NULL,NULL,NULL,151,'2025-02-24 07:48:09',NULL,'2025-02-24 07:48:09',NULL,1),(2191,340,2450,NULL,NULL,NULL,151,'2025-02-24 07:48:09',NULL,'2025-02-24 07:48:09',NULL,1),(2192,340,2451,NULL,NULL,NULL,151,'2025-02-24 07:48:09',NULL,'2025-02-24 07:48:09',NULL,1),(2193,340,2452,NULL,NULL,NULL,151,'2025-02-24 07:48:09',NULL,'2025-02-24 07:48:09',NULL,1),(2194,340,2453,NULL,NULL,NULL,151,'2025-02-24 07:48:09',NULL,'2025-02-24 07:48:09',NULL,1),(2195,340,2454,NULL,NULL,NULL,151,'2025-02-24 07:48:09',NULL,'2025-02-24 07:48:09',NULL,1),(2196,340,2455,NULL,NULL,NULL,151,'2025-02-24 07:48:09',NULL,'2025-02-24 07:48:09',NULL,1),(2197,340,2456,NULL,NULL,NULL,151,'2025-02-24 07:48:10',NULL,'2025-02-24 07:48:10',NULL,1),(2198,340,2457,NULL,NULL,NULL,151,'2025-02-24 07:48:10',NULL,'2025-02-24 07:48:10',NULL,1),(2199,340,2458,NULL,NULL,NULL,151,'2025-02-24 07:48:10',NULL,'2025-02-24 07:48:10',NULL,1),(2200,340,2459,NULL,NULL,NULL,151,'2025-02-24 07:48:10',NULL,'2025-02-24 07:48:10',NULL,1),(2201,340,2460,NULL,NULL,NULL,151,'2025-02-24 07:48:10',NULL,'2025-02-24 07:48:10',NULL,1),(2202,340,2461,NULL,NULL,NULL,151,'2025-02-24 07:48:10',NULL,'2025-02-24 07:48:10',NULL,1),(2203,340,2462,NULL,NULL,NULL,151,'2025-02-24 07:48:10',NULL,'2025-02-24 07:48:10',NULL,1),(2204,340,2463,NULL,NULL,NULL,151,'2025-02-24 07:48:10',NULL,'2025-02-24 07:48:10',NULL,1),(2205,340,2464,NULL,NULL,NULL,151,'2025-02-24 07:48:10',NULL,'2025-02-24 07:48:10',NULL,1),(2206,340,2465,NULL,NULL,NULL,151,'2025-02-24 07:48:10',NULL,'2025-02-24 07:48:10',NULL,1),(2207,340,2466,NULL,NULL,NULL,151,'2025-02-24 07:48:10',NULL,'2025-02-24 07:48:10',NULL,1),(2208,340,2467,NULL,NULL,NULL,151,'2025-02-24 07:48:10',NULL,'2025-02-24 07:48:10',NULL,1),(2209,340,2468,NULL,NULL,NULL,151,'2025-02-24 07:48:10',NULL,'2025-02-24 07:48:10',NULL,1),(2210,340,2469,NULL,NULL,NULL,151,'2025-02-24 07:48:10',NULL,'2025-02-24 07:48:10',NULL,1),(2211,340,2470,NULL,NULL,NULL,151,'2025-02-24 07:48:10',NULL,'2025-02-24 07:48:10',NULL,1),(2212,340,2471,NULL,NULL,NULL,151,'2025-02-24 07:48:10',NULL,'2025-02-24 07:48:10',NULL,1),(2213,340,2472,NULL,NULL,NULL,151,'2025-02-24 07:48:10',NULL,'2025-02-24 07:48:10',NULL,1),(2214,340,2473,NULL,NULL,NULL,151,'2025-02-24 07:48:10',NULL,'2025-02-24 07:48:10',NULL,1),(2215,340,2474,NULL,NULL,NULL,151,'2025-02-24 07:48:10',NULL,'2025-02-24 07:48:10',NULL,1),(2216,340,2475,NULL,NULL,NULL,151,'2025-02-24 07:48:10',NULL,'2025-02-24 07:48:10',NULL,1),(2217,340,2476,NULL,NULL,NULL,151,'2025-02-24 07:48:10',NULL,'2025-02-24 07:48:10',NULL,1),(2218,340,2477,NULL,NULL,NULL,151,'2025-02-24 07:48:10',NULL,'2025-02-24 07:48:10',NULL,1),(2219,340,2478,NULL,NULL,NULL,151,'2025-02-24 07:48:10',NULL,'2025-02-24 07:48:10',NULL,1),(2220,340,2479,NULL,NULL,NULL,151,'2025-02-24 07:48:10',NULL,'2025-02-24 07:48:10',NULL,1),(2221,340,2480,NULL,NULL,NULL,151,'2025-02-24 07:48:10',NULL,'2025-02-24 07:48:10',NULL,1),(2222,340,2481,NULL,NULL,NULL,151,'2025-02-24 07:48:10',NULL,'2025-02-24 07:48:10',NULL,1),(2223,340,2482,NULL,NULL,NULL,151,'2025-02-24 07:48:10',NULL,'2025-02-24 07:48:10',NULL,1),(2224,340,2483,NULL,NULL,NULL,151,'2025-02-24 07:48:10',NULL,'2025-02-24 07:48:10',NULL,1),(2225,340,2484,NULL,NULL,NULL,151,'2025-02-24 07:48:10',NULL,'2025-02-24 07:48:10',NULL,1),(2226,341,2485,NULL,NULL,NULL,1,'2025-02-27 04:15:47',NULL,'2025-02-27 04:15:47',NULL,1),(2228,343,2490,NULL,NULL,NULL,151,'2025-03-03 06:12:49',NULL,'2025-03-03 06:12:49',NULL,2),(2229,344,2492,NULL,NULL,NULL,150,'2025-03-03 09:29:52',NULL,'2025-03-03 09:29:52',NULL,2);

--
-- Table structure for table `et_document_file_trainee`
--

CREATE TABLE `et_document_file_trainee` (
  `id` bigint unsigned NOT NULL AUTO_INCREMENT,
  `document_file_id` bigint DEFAULT NULL,
  `trainee_id` int DEFAULT NULL,
  `note` text COLLATE utf8mb4_unicode_ci,
  `created_by_id` bigint DEFAULT NULL,
  `created_at` timestamp NULL DEFAULT NULL,
  `updated_by_id` bigint DEFAULT NULL,
  `updated_at` timestamp NULL DEFAULT NULL,
  `updated_count` int DEFAULT NULL,
  `company_id` bigint NOT NULL,
  PRIMARY KEY (`id`)
) ENGINE=InnoDB AUTO_INCREMENT=295 DEFAULT CHARSET=utf8mb4 COLLATE=utf8mb4_unicode_ci;

--
-- Dumping data for table `et_document_file_trainee`
--

INSERT INTO `et_document_file_trainee` VALUES (1,610,1,NULL,NULL,NULL,NULL,NULL,NULL,1),(2,1629,NULL,NULL,1,'2024-08-02 04:08:36',NULL,'2024-08-02 04:08:36',NULL,1),(3,1630,NULL,NULL,1,'2024-08-03 22:38:03',NULL,'2024-08-03 22:38:03',NULL,1),(4,1631,NULL,NULL,1,'2024-08-04 11:17:15',NULL,'2024-08-04 11:17:15',NULL,1),(5,1632,1,NULL,1,'2024-08-07 22:27:29',NULL,'2024-08-07 22:27:29',NULL,1),(6,1750,1,NULL,1,'2024-11-27 08:28:41',NULL,'2024-11-27 08:28:41',NULL,1),(7,1751,1,NULL,1,'2024-11-27 08:28:41',NULL,'2024-11-27 08:28:41',NULL,1),(8,1752,1,NULL,1,'2024-11-27 08:28:41',NULL,'2024-11-27 08:28:41',NULL,1),(9,1753,1,NULL,1,'2024-11-27 08:28:41',NULL,'2024-11-27 08:28:41',NULL,1),(10,1754,1,NULL,1,'2024-11-27 08:28:41',NULL,'2024-11-27 08:28:41',NULL,1),(11,1755,1,NULL,1,'2024-11-27 08:28:41',NULL,'2024-11-27 08:28:41',NULL,1),(12,1756,1,NULL,1,'2024-11-27 08:28:41',NULL,'2024-11-27 08:28:41',NULL,1),(13,1757,1,NULL,1,'2024-11-27 08:28:41',NULL,'2024-11-27 08:28:41',NULL,1),(14,1758,1,NULL,1,'2024-11-27 08:28:41',NULL,'2024-11-27 08:28:41',NULL,1),(15,1759,1,NULL,1,'2024-11-27 08:28:41',NULL,'2024-11-27 08:28:41',NULL,1),(16,1760,1,NULL,1,'2024-11-27 08:28:41',NULL,'2024-11-27 08:28:41',NULL,1),(17,1761,1,NULL,1,'2024-11-27 08:28:41',NULL,'2024-11-27 08:28:41',NULL,1),(18,1762,1,NULL,1,'2024-11-27 08:28:41',NULL,'2024-11-27 08:28:41',NULL,1),(19,1763,1,NULL,1,'2024-11-27 08:28:41',NULL,'2024-11-27 08:28:41',NULL,1),(20,1764,1,NULL,1,'2024-11-27 08:28:41',NULL,'2024-11-27 08:28:41',NULL,1),(21,1765,1,NULL,1,'2024-11-27 08:28:41',NULL,'2024-11-27 08:28:41',NULL,1),(22,1766,1,NULL,1,'2024-11-27 08:28:41',NULL,'2024-11-27 08:28:41',NULL,1),(23,1767,1,NULL,1,'2024-11-27 08:28:41',NULL,'2024-11-27 08:28:41',NULL,1),(24,1768,1,NULL,1,'2024-11-27 08:28:41',NULL,'2024-11-27 08:28:41',NULL,1),(25,1769,1,NULL,1,'2024-11-27 08:28:41',NULL,'2024-11-27 08:28:41',NULL,1),(26,1770,1,NULL,1,'2024-11-27 08:28:41',NULL,'2024-11-27 08:28:41',NULL,1),(27,1771,1,NULL,1,'2024-11-27 08:28:41',NULL,'2024-11-27 08:28:41',NULL,1),(28,1772,1,NULL,1,'2024-11-27 08:28:41',NULL,'2024-11-27 08:28:41',NULL,1),(29,1773,1,NULL,1,'2024-11-27 08:28:41',NULL,'2024-11-27 08:28:41',NULL,1),(30,1774,1,NULL,1,'2024-11-27 08:28:41',NULL,'2024-11-27 08:28:41',NULL,1),(31,1775,1,NULL,1,'2024-11-27 08:28:41',NULL,'2024-11-27 08:28:41',NULL,1),(32,1776,1,NULL,1,'2024-11-27 08:28:41',NULL,'2024-11-27 08:28:41',NULL,1),(33,1777,1,NULL,1,'2024-11-27 08:28:41',NULL,'2024-11-27 08:28:41',NULL,1),(34,1778,1,NULL,1,'2024-11-27 08:28:41',NULL,'2024-11-27 08:28:41',NULL,1),(35,1779,1,NULL,1,'2024-11-27 08:28:41',NULL,'2024-11-27 08:28:41',NULL,1),(36,1780,1,NULL,1,'2024-11-27 08:28:41',NULL,'2024-11-27 08:28:41',NULL,1),(37,1781,1,NULL,1,'2024-11-27 08:28:41',NULL,'2024-11-27 08:28:41',NULL,1),(38,1782,1,NULL,1,'2024-11-27 08:28:41',NULL,'2024-11-27 08:28:41',NULL,1),(39,1783,1,NULL,1,'2024-11-27 08:28:41',NULL,'2024-11-27 08:28:41',NULL,1),(40,1784,1,NULL,1,'2024-11-27 08:28:41',NULL,'2024-11-27 08:28:41',NULL,1),(41,1785,1,NULL,1,'2024-11-27 08:28:41',NULL,'2024-11-27 08:28:41',NULL,1),(42,1786,1,NULL,1,'2024-11-27 08:28:41',NULL,'2024-11-27 08:28:41',NULL,1),(43,1787,1,NULL,1,'2024-11-27 08:28:41',NULL,'2024-11-27 08:28:41',NULL,1),(44,1788,1,NULL,1,'2024-11-27 08:28:41',NULL,'2024-11-27 08:28:41',NULL,1),(45,1789,1,NULL,1,'2024-11-27 08:28:41',NULL,'2024-11-27 08:28:41',NULL,1),(46,1790,1,NULL,1,'2024-11-27 08:28:41',NULL,'2024-11-27 08:28:41',NULL,1),(47,1791,1,NULL,1,'2024-11-27 08:28:41',NULL,'2024-11-27 08:28:41',NULL,1),(48,1792,1,NULL,1,'2024-11-27 08:28:41',NULL,'2024-11-27 08:28:41',NULL,1),(49,1793,1,NULL,1,'2024-11-27 08:28:41',NULL,'2024-11-27 08:28:41',NULL,1),(50,1794,1,NULL,1,'2024-11-27 08:28:41',NULL,'2024-11-27 08:28:41',NULL,1),(51,1795,1,NULL,1,'2024-11-27 08:28:41',NULL,'2024-11-27 08:28:41',NULL,1),(52,1796,1,NULL,1,'2024-11-27 08:28:41',NULL,'2024-11-27 08:28:41',NULL,1),(53,1797,1,NULL,1,'2024-11-27 08:28:41',NULL,'2024-11-27 08:28:41',NULL,1),(54,1798,1,NULL,1,'2024-11-27 08:28:41',NULL,'2024-11-27 08:28:41',NULL,1),(55,1799,1,NULL,1,'2024-11-27 08:28:41',NULL,'2024-11-27 08:28:41',NULL,1),(56,1800,1,NULL,1,'2024-11-27 08:28:41',NULL,'2024-11-27 08:28:41',NULL,1),(57,1801,1,NULL,1,'2024-11-27 08:28:41',NULL,'2024-11-27 08:28:41',NULL,1),(58,1802,1,NULL,1,'2024-11-27 08:28:41',NULL,'2024-11-27 08:28:41',NULL,1),(59,1856,2,NULL,1,'2024-11-28 10:01:11',NULL,'2024-11-28 10:01:11',NULL,1),(60,1857,2,NULL,1,'2024-11-28 10:01:11',NULL,'2024-11-28 10:01:11',NULL,1),(61,1858,2,NULL,1,'2024-11-28 10:01:11',NULL,'2024-11-28 10:01:11',NULL,1),(62,1859,2,NULL,1,'2024-11-28 10:01:11',NULL,'2024-11-28 10:01:11',NULL,1),(63,1860,2,NULL,1,'2024-11-28 10:01:11',NULL,'2024-11-28 10:01:11',NULL,1),(64,1861,2,NULL,1,'2024-11-28 10:01:11',NULL,'2024-11-28 10:01:11',NULL,1),(65,1862,2,NULL,1,'2024-11-28 10:01:11',NULL,'2024-11-28 10:01:11',NULL,1),(66,1863,2,NULL,1,'2024-11-28 10:01:11',NULL,'2024-11-28 10:01:11',NULL,1),(67,1864,2,NULL,1,'2024-11-28 10:01:11',NULL,'2024-11-28 10:01:11',NULL,1),(68,1865,2,NULL,1,'2024-11-28 10:01:11',NULL,'2024-11-28 10:01:11',NULL,1),(69,1866,2,NULL,1,'2024-11-28 10:01:11',NULL,'2024-11-28 10:01:11',NULL,1),(70,1867,2,NULL,1,'2024-11-28 10:01:11',NULL,'2024-11-28 10:01:11',NULL,1),(71,1868,2,NULL,1,'2024-11-28 10:01:11',NULL,'2024-11-28 10:01:11',NULL,1),(72,1869,2,NULL,1,'2024-11-28 10:01:11',NULL,'2024-11-28 10:01:11',NULL,1),(73,1870,2,NULL,1,'2024-11-28 10:01:11',NULL,'2024-11-28 10:01:11',NULL,1),(74,1871,2,NULL,1,'2024-11-28 10:01:11',NULL,'2024-11-28 10:01:11',NULL,1),(75,1872,2,NULL,1,'2024-11-28 10:01:11',NULL,'2024-11-28 10:01:11',NULL,1),(76,1873,2,NULL,1,'2024-11-28 10:01:11',NULL,'2024-11-28 10:01:11',NULL,1),(77,1874,2,NULL,1,'2024-11-28 10:01:11',NULL,'2024-11-28 10:01:11',NULL,1),(78,1875,2,NULL,1,'2024-11-28 10:01:11',NULL,'2024-11-28 10:01:11',NULL,1),(79,1876,2,NULL,1,'2024-11-28 10:01:11',NULL,'2024-11-28 10:01:11',NULL,1),(80,1877,2,NULL,1,'2024-11-28 10:01:11',NULL,'2024-11-28 10:01:11',NULL,1),(81,1878,2,NULL,1,'2024-11-28 10:01:11',NULL,'2024-11-28 10:01:11',NULL,1),(82,1879,2,NULL,1,'2024-11-28 10:01:11',NULL,'2024-11-28 10:01:11',NULL,1),(83,1880,2,NULL,1,'2024-11-28 10:01:11',NULL,'2024-11-28 10:01:11',NULL,1),(84,1881,2,NULL,1,'2024-11-28 10:01:11',NULL,'2024-11-28 10:01:11',NULL,1),(85,1882,2,NULL,1,'2024-11-28 10:01:11',NULL,'2024-11-28 10:01:11',NULL,1),(86,1883,2,NULL,1,'2024-11-28 10:01:11',NULL,'2024-11-28 10:01:11',NULL,1),(87,1884,2,NULL,1,'2024-11-28 10:01:11',NULL,'2024-11-28 10:01:11',NULL,1),(88,1885,2,NULL,1,'2024-11-28 10:01:11',NULL,'2024-11-28 10:01:11',NULL,1),(89,1886,2,NULL,1,'2024-11-28 10:01:11',NULL,'2024-11-28 10:01:11',NULL,1),(90,1887,2,NULL,1,'2024-11-28 10:01:11',NULL,'2024-11-28 10:01:11',NULL,1),(91,1888,2,NULL,1,'2024-11-28 10:01:12',NULL,'2024-11-28 10:01:12',NULL,1),(92,1889,2,NULL,1,'2024-11-28 10:01:12',NULL,'2024-11-28 10:01:12',NULL,1),(93,1890,2,NULL,1,'2024-11-28 10:01:12',NULL,'2024-11-28 10:01:12',NULL,1),(94,1891,2,NULL,1,'2024-11-28 10:01:12',NULL,'2024-11-28 10:01:12',NULL,1),(95,1892,2,NULL,1,'2024-11-28 10:01:12',NULL,'2024-11-28 10:01:12',NULL,1),(96,1893,2,NULL,1,'2024-11-28 10:01:12',NULL,'2024-11-28 10:01:12',NULL,1),(97,1894,2,NULL,1,'2024-11-28 10:01:12',NULL,'2024-11-28 10:01:12',NULL,1),(98,1895,2,NULL,1,'2024-11-28 10:01:12',NULL,'2024-11-28 10:01:12',NULL,1),(99,1896,2,NULL,1,'2024-11-28 10:01:12',NULL,'2024-11-28 10:01:12',NULL,1),(100,1897,2,NULL,1,'2024-11-28 10:01:12',NULL,'2024-11-28 10:01:12',NULL,1),(101,1898,2,NULL,1,'2024-11-28 10:01:12',NULL,'2024-11-28 10:01:12',NULL,1),(102,1899,2,NULL,1,'2024-11-28 10:01:12',NULL,'2024-11-28 10:01:12',NULL,1),(103,1900,2,NULL,1,'2024-11-28 10:01:12',NULL,'2024-11-28 10:01:12',NULL,1),(104,1901,2,NULL,1,'2024-11-28 10:01:12',NULL,'2024-11-28 10:01:12',NULL,1),(105,1902,2,NULL,1,'2024-11-28 10:01:12',NULL,'2024-11-28 10:01:12',NULL,1),(106,1903,2,NULL,1,'2024-11-28 10:01:12',NULL,'2024-11-28 10:01:12',NULL,1),(107,1904,2,NULL,1,'2024-11-28 10:01:12',NULL,'2024-11-28 10:01:12',NULL,1),(108,1905,2,NULL,1,'2024-11-28 10:01:12',NULL,'2024-11-28 10:01:12',NULL,1),(109,1906,2,NULL,1,'2024-11-28 10:01:12',NULL,'2024-11-28 10:01:12',NULL,1),(110,1907,2,NULL,1,'2024-11-28 10:01:12',NULL,'2024-11-28 10:01:12',NULL,1),(111,1908,2,NULL,1,'2024-11-28 10:01:12',NULL,'2024-11-28 10:01:12',NULL,1),(112,1909,2,NULL,1,'2024-11-28 10:03:24',NULL,'2024-11-28 10:03:24',NULL,1),(113,1910,2,NULL,1,'2024-11-28 10:03:24',NULL,'2024-11-28 10:03:24',NULL,1),(114,1911,2,NULL,1,'2024-11-28 10:03:24',NULL,'2024-11-28 10:03:24',NULL,1),(115,1912,2,NULL,1,'2024-11-28 10:03:24',NULL,'2024-11-28 10:03:24',NULL,1),(116,1913,2,NULL,1,'2024-11-28 10:03:24',NULL,'2024-11-28 10:03:24',NULL,1),(117,1914,2,NULL,1,'2024-11-28 10:03:24',NULL,'2024-11-28 10:03:24',NULL,1),(118,1915,2,NULL,1,'2024-11-28 10:03:24',NULL,'2024-11-28 10:03:24',NULL,1),(119,1916,2,NULL,1,'2024-11-28 10:03:24',NULL,'2024-11-28 10:03:24',NULL,1),(120,1917,2,NULL,1,'2024-11-28 10:03:24',NULL,'2024-11-28 10:03:24',NULL,1),(121,1918,2,NULL,1,'2024-11-28 10:03:24',NULL,'2024-11-28 10:03:24',NULL,1),(122,1919,2,NULL,1,'2024-11-28 10:03:24',NULL,'2024-11-28 10:03:24',NULL,1),(123,1920,2,NULL,1,'2024-11-28 10:03:24',NULL,'2024-11-28 10:03:24',NULL,1),(124,1921,2,NULL,1,'2024-11-28 10:03:24',NULL,'2024-11-28 10:03:24',NULL,1),(125,1922,2,NULL,1,'2024-11-28 10:03:24',NULL,'2024-11-28 10:03:24',NULL,1),(126,1923,2,NULL,1,'2024-11-28 10:03:24',NULL,'2024-11-28 10:03:24',NULL,1),(127,1924,2,NULL,1,'2024-11-28 10:03:24',NULL,'2024-11-28 10:03:24',NULL,1),(128,1925,2,NULL,1,'2024-11-28 10:03:24',NULL,'2024-11-28 10:03:24',NULL,1),(129,1926,2,NULL,1,'2024-11-28 10:03:24',NULL,'2024-11-28 10:03:24',NULL,1),(130,1927,2,NULL,1,'2024-11-28 10:03:24',NULL,'2024-11-28 10:03:24',NULL,1),(131,1928,2,NULL,1,'2024-11-28 10:03:24',NULL,'2024-11-28 10:03:24',NULL,1),(132,1929,2,NULL,1,'2024-11-28 10:03:24',NULL,'2024-11-28 10:03:24',NULL,1),(133,1930,2,NULL,1,'2024-11-28 10:03:24',NULL,'2024-11-28 10:03:24',NULL,1),(134,1931,2,NULL,1,'2024-11-28 10:03:24',NULL,'2024-11-28 10:03:24',NULL,1),(135,1932,2,NULL,1,'2024-11-28 10:03:24',NULL,'2024-11-28 10:03:24',NULL,1),(136,1933,2,NULL,1,'2024-11-28 10:03:24',NULL,'2024-11-28 10:03:24',NULL,1),(137,1934,2,NULL,1,'2024-11-28 10:03:24',NULL,'2024-11-28 10:03:24',NULL,1),(138,1935,2,NULL,1,'2024-11-28 10:03:24',NULL,'2024-11-28 10:03:24',NULL,1),(139,1936,2,NULL,1,'2024-11-28 10:03:24',NULL,'2024-11-28 10:03:24',NULL,1),(140,1937,2,NULL,1,'2024-11-28 10:03:24',NULL,'2024-11-28 10:03:24',NULL,1),(141,1938,2,NULL,1,'2024-11-28 10:03:24',NULL,'2024-11-28 10:03:24',NULL,1),(142,1939,2,NULL,1,'2024-11-28 10:03:24',NULL,'2024-11-28 10:03:24',NULL,1),(143,1940,2,NULL,1,'2024-11-28 10:03:24',NULL,'2024-11-28 10:03:24',NULL,1),(144,1941,2,NULL,1,'2024-11-28 10:03:24',NULL,'2024-11-28 10:03:24',NULL,1),(145,1942,2,NULL,1,'2024-11-28 10:03:24',NULL,'2024-11-28 10:03:24',NULL,1),(146,1943,2,NULL,1,'2024-11-28 10:03:24',NULL,'2024-11-28 10:03:24',NULL,1),(147,1944,2,NULL,1,'2024-11-28 10:03:24',NULL,'2024-11-28 10:03:24',NULL,1),(148,1945,2,NULL,1,'2024-11-28 10:03:24',NULL,'2024-11-28 10:03:24',NULL,1),(149,1946,2,NULL,1,'2024-11-28 10:03:24',NULL,'2024-11-28 10:03:24',NULL,1),(150,1947,2,NULL,1,'2024-11-28 10:03:24',NULL,'2024-11-28 10:03:24',NULL,1),(151,1948,2,NULL,1,'2024-11-28 10:03:24',NULL,'2024-11-28 10:03:24',NULL,1),(152,1949,2,NULL,1,'2024-11-28 10:03:24',NULL,'2024-11-28 10:03:24',NULL,1),(153,1950,2,NULL,1,'2024-11-28 10:03:24',NULL,'2024-11-28 10:03:24',NULL,1),(154,1951,2,NULL,1,'2024-11-28 10:03:24',NULL,'2024-11-28 10:03:24',NULL,1),(155,1952,2,NULL,1,'2024-11-28 10:03:25',NULL,'2024-11-28 10:03:25',NULL,1),(156,1953,2,NULL,1,'2024-11-28 10:03:25',NULL,'2024-11-28 10:03:25',NULL,1),(157,1954,2,NULL,1,'2024-11-28 10:03:25',NULL,'2024-11-28 10:03:25',NULL,1),(158,1955,2,NULL,1,'2024-11-28 10:03:25',NULL,'2024-11-28 10:03:25',NULL,1),(159,1956,2,NULL,1,'2024-11-28 10:03:25',NULL,'2024-11-28 10:03:25',NULL,1),(160,1957,2,NULL,1,'2024-11-28 10:03:25',NULL,'2024-11-28 10:03:25',NULL,1),(161,1958,2,NULL,1,'2024-11-28 10:03:25',NULL,'2024-11-28 10:03:25',NULL,1),(162,1959,2,NULL,1,'2024-11-28 10:03:25',NULL,'2024-11-28 10:03:25',NULL,1),(163,1960,2,NULL,1,'2024-11-28 10:03:25',NULL,'2024-11-28 10:03:25',NULL,1),(164,1961,2,NULL,1,'2024-11-28 10:03:25',NULL,'2024-11-28 10:03:25',NULL,1),(165,1962,2,NULL,1,'2024-11-28 10:06:15',NULL,'2024-11-28 10:06:15',NULL,1),(166,1963,2,NULL,1,'2024-11-28 10:06:15',NULL,'2024-11-28 10:06:15',NULL,1),(167,1964,2,NULL,1,'2024-11-28 10:06:15',NULL,'2024-11-28 10:06:15',NULL,1),(168,1965,2,NULL,1,'2024-11-28 10:06:15',NULL,'2024-11-28 10:06:15',NULL,1),(169,1966,2,NULL,1,'2024-11-28 10:06:15',NULL,'2024-11-28 10:06:15',NULL,1),(170,1967,2,NULL,1,'2024-11-28 10:06:15',NULL,'2024-11-28 10:06:15',NULL,1),(171,1968,2,NULL,1,'2024-11-28 10:06:15',NULL,'2024-11-28 10:06:15',NULL,1),(172,1969,2,NULL,1,'2024-11-28 10:06:15',NULL,'2024-11-28 10:06:15',NULL,1),(173,1970,2,NULL,1,'2024-11-28 10:06:15',NULL,'2024-11-28 10:06:15',NULL,1),(174,1971,2,NULL,1,'2024-11-28 10:06:15',NULL,'2024-11-28 10:06:15',NULL,1),(175,1972,2,NULL,1,'2024-11-28 10:06:15',NULL,'2024-11-28 10:06:15',NULL,1),(176,1973,2,NULL,1,'2024-11-28 10:06:15',NULL,'2024-11-28 10:06:15',NULL,1),(177,1974,2,NULL,1,'2024-11-28 10:06:15',NULL,'2024-11-28 10:06:15',NULL,1),(178,1975,2,NULL,1,'2024-11-28 10:06:15',NULL,'2024-11-28 10:06:15',NULL,1),(179,1976,2,NULL,1,'2024-11-28 10:06:15',NULL,'2024-11-28 10:06:15',NULL,1),(180,1977,2,NULL,1,'2024-11-28 10:06:15',NULL,'2024-11-28 10:06:15',NULL,1),(181,1978,2,NULL,1,'2024-11-28 10:06:15',NULL,'2024-11-28 10:06:15',NULL,1),(182,1979,2,NULL,1,'2024-11-28 10:06:15',NULL,'2024-11-28 10:06:15',NULL,1),(183,1980,2,NULL,1,'2024-11-28 10:06:15',NULL,'2024-11-28 10:06:15',NULL,1),(184,1981,2,NULL,1,'2024-11-28 10:06:15',NULL,'2024-11-28 10:06:15',NULL,1),(185,1982,2,NULL,1,'2024-11-28 10:06:15',NULL,'2024-11-28 10:06:15',NULL,1),(186,1983,2,NULL,1,'2024-11-28 10:06:15',NULL,'2024-11-28 10:06:15',NULL,1),(187,1984,2,NULL,1,'2024-11-28 10:06:15',NULL,'2024-11-28 10:06:15',NULL,1),(188,1985,2,NULL,1,'2024-11-28 10:06:15',NULL,'2024-11-28 10:06:15',NULL,1),(189,1986,2,NULL,1,'2024-11-28 10:06:15',NULL,'2024-11-28 10:06:15',NULL,1),(190,1987,2,NULL,1,'2024-11-28 10:06:15',NULL,'2024-11-28 10:06:15',NULL,1),(191,1988,2,NULL,1,'2024-11-28 10:06:15',NULL,'2024-11-28 10:06:15',NULL,1),(192,1989,2,NULL,1,'2024-11-28 10:06:15',NULL,'2024-11-28 10:06:15',NULL,1),(193,1990,2,NULL,1,'2024-11-28 10:06:15',NULL,'2024-11-28 10:06:15',NULL,1),(194,1991,2,NULL,1,'2024-11-28 10:06:15',NULL,'2024-11-28 10:06:15',NULL,1),(195,1992,2,NULL,1,'2024-11-28 10:06:15',NULL,'2024-11-28 10:06:15',NULL,1),(196,1993,2,NULL,1,'2024-11-28 10:06:15',NULL,'2024-11-28 10:06:15',NULL,1),(197,1994,2,NULL,1,'2024-11-28 10:06:15',NULL,'2024-11-28 10:06:15',NULL,1),(198,1995,2,NULL,1,'2024-11-28 10:06:15',NULL,'2024-11-28 10:06:15',NULL,1),(199,1996,2,NULL,1,'2024-11-28 10:06:15',NULL,'2024-11-28 10:06:15',NULL,1),(200,1997,2,NULL,1,'2024-11-28 10:06:15',NULL,'2024-11-28 10:06:15',NULL,1),(201,1998,2,NULL,1,'2024-11-28 10:06:15',NULL,'2024-11-28 10:06:15',NULL,1),(202,1999,2,NULL,1,'2024-11-28 10:06:15',NULL,'2024-11-28 10:06:15',NULL,1),(203,2000,2,NULL,1,'2024-11-28 10:06:15',NULL,'2024-11-28 10:06:15',NULL,1),(204,2001,2,NULL,1,'2024-11-28 10:06:15',NULL,'2024-11-28 10:06:15',NULL,1),(205,2002,2,NULL,1,'2024-11-28 10:06:15',NULL,'2024-11-28 10:06:15',NULL,1),(206,2003,2,NULL,1,'2024-11-28 10:06:15',NULL,'2024-11-28 10:06:15',NULL,1),(207,2004,2,NULL,1,'2024-11-28 10:06:15',NULL,'2024-11-28 10:06:15',NULL,1),(208,2005,2,NULL,1,'2024-11-28 10:06:15',NULL,'2024-11-28 10:06:15',NULL,1),(209,2006,2,NULL,1,'2024-11-28 10:06:15',NULL,'2024-11-28 10:06:15',NULL,1),(210,2007,2,NULL,1,'2024-11-28 10:06:15',NULL,'2024-11-28 10:06:15',NULL,1),(211,2008,2,NULL,1,'2024-11-28 10:06:15',NULL,'2024-11-28 10:06:15',NULL,1),(212,2009,2,NULL,1,'2024-11-28 10:06:15',NULL,'2024-11-28 10:06:15',NULL,1),(213,2010,2,NULL,1,'2024-11-28 10:06:15',NULL,'2024-11-28 10:06:15',NULL,1),(214,2011,2,NULL,1,'2024-11-28 10:06:15',NULL,'2024-11-28 10:06:15',NULL,1),(215,2012,2,NULL,1,'2024-11-28 10:06:15',NULL,'2024-11-28 10:06:15',NULL,1),(216,2013,2,NULL,1,'2024-11-28 10:06:15',NULL,'2024-11-28 10:06:15',NULL,1),(217,2014,2,NULL,1,'2024-11-28 10:06:15',NULL,'2024-11-28 10:06:15',NULL,1),(218,2015,1,NULL,1,'2024-12-04 01:23:54',NULL,'2024-12-04 01:23:54',NULL,1),(219,2016,1,NULL,1,'2024-12-04 01:23:54',NULL,'2024-12-04 01:23:54',NULL,1),(220,2017,1,NULL,1,'2024-12-04 01:23:54',NULL,'2024-12-04 01:23:54',NULL,1),(221,2018,1,NULL,1,'2024-12-04 01:23:54',NULL,'2024-12-04 01:23:54',NULL,1),(222,2019,1,NULL,1,'2024-12-04 01:23:54',NULL,'2024-12-04 01:23:54',NULL,1),(223,2020,1,NULL,1,'2024-12-04 01:23:54',NULL,'2024-12-04 01:23:54',NULL,1),(224,2021,1,NULL,1,'2024-12-04 01:23:54',NULL,'2024-12-04 01:23:54',NULL,1),(225,2022,1,NULL,1,'2024-12-04 01:23:54',NULL,'2024-12-04 01:23:54',NULL,1),(226,2023,1,NULL,1,'2024-12-04 01:23:54',NULL,'2024-12-04 01:23:54',NULL,1),(227,2024,1,NULL,1,'2024-12-04 01:23:54',NULL,'2024-12-04 01:23:54',NULL,1),(228,2025,1,NULL,1,'2024-12-04 01:23:54',NULL,'2024-12-04 01:23:54',NULL,1),(229,2026,1,NULL,1,'2024-12-04 01:23:54',NULL,'2024-12-04 01:23:54',NULL,1),(230,2027,1,NULL,1,'2024-12-04 01:23:54',NULL,'2024-12-04 01:23:54',NULL,1),(231,2028,1,NULL,1,'2024-12-04 01:23:54',NULL,'2024-12-04 01:23:54',NULL,1),(232,2029,1,NULL,1,'2024-12-04 01:23:54',NULL,'2024-12-04 01:23:54',NULL,1),(233,2030,1,NULL,1,'2024-12-04 01:23:54',NULL,'2024-12-04 01:23:54',NULL,1),(234,2031,1,NULL,1,'2024-12-04 01:23:54',NULL,'2024-12-04 01:23:54',NULL,1),(235,2032,1,NULL,1,'2024-12-04 01:23:54',NULL,'2024-12-04 01:23:54',NULL,1),(236,2033,1,NULL,1,'2024-12-04 01:23:54',NULL,'2024-12-04 01:23:54',NULL,1),(237,2034,1,NULL,1,'2024-12-04 01:23:54',NULL,'2024-12-04 01:23:54',NULL,1),(238,2035,1,NULL,1,'2024-12-04 01:23:54',NULL,'2024-12-04 01:23:54',NULL,1),(239,2036,1,NULL,1,'2024-12-04 01:23:54',NULL,'2024-12-04 01:23:54',NULL,1),(240,2037,1,NULL,1,'2024-12-04 01:23:54',NULL,'2024-12-04 01:23:54',NULL,1),(241,2038,1,NULL,1,'2024-12-04 01:23:54',NULL,'2024-12-04 01:23:54',NULL,1),(242,2039,1,NULL,1,'2024-12-04 01:23:54',NULL,'2024-12-04 01:23:54',NULL,1),(243,2040,1,NULL,1,'2024-12-04 01:23:54',NULL,'2024-12-04 01:23:54',NULL,1),(244,2041,1,NULL,1,'2024-12-04 01:23:54',NULL,'2024-12-04 01:23:54',NULL,1),(245,2042,1,NULL,1,'2024-12-04 01:23:54',NULL,'2024-12-04 01:23:54',NULL,1),(246,2043,1,NULL,1,'2024-12-04 01:23:54',NULL,'2024-12-04 01:23:54',NULL,1),(247,2044,1,NULL,1,'2024-12-04 01:23:54',NULL,'2024-12-04 01:23:54',NULL,1),(248,2045,1,NULL,1,'2024-12-04 01:23:54',NULL,'2024-12-04 01:23:54',NULL,1),(249,2046,1,NULL,1,'2024-12-04 01:23:54',NULL,'2024-12-04 01:23:54',NULL,1),(250,2047,1,NULL,1,'2024-12-04 01:23:54',NULL,'2024-12-04 01:23:54',NULL,1),(251,2048,1,NULL,1,'2024-12-04 01:23:54',NULL,'2024-12-04 01:23:54',NULL,1),(252,2049,1,NULL,1,'2024-12-04 01:23:54',NULL,'2024-12-04 01:23:54',NULL,1),(253,2050,1,NULL,1,'2024-12-04 01:23:54',NULL,'2024-12-04 01:23:54',NULL,1),(254,2051,1,NULL,1,'2024-12-04 01:23:55',NULL,'2024-12-04 01:23:55',NULL,1),(255,2052,1,NULL,1,'2024-12-04 01:23:55',NULL,'2024-12-04 01:23:55',NULL,1),(256,2053,1,NULL,1,'2024-12-04 01:23:55',NULL,'2024-12-04 01:23:55',NULL,1),(257,2054,1,NULL,1,'2024-12-04 01:23:55',NULL,'2024-12-04 01:23:55',NULL,1),(258,2055,1,NULL,1,'2024-12-04 01:23:55',NULL,'2024-12-04 01:23:55',NULL,1),(259,2056,1,NULL,1,'2024-12-04 01:23:55',NULL,'2024-12-04 01:23:55',NULL,1),(260,2057,1,NULL,1,'2024-12-04 01:23:55',NULL,'2024-12-04 01:23:55',NULL,1),(261,2058,1,NULL,1,'2024-12-04 01:23:55',NULL,'2024-12-04 01:23:55',NULL,1),(262,2059,1,NULL,1,'2024-12-04 01:23:55',NULL,'2024-12-04 01:23:55',NULL,1),(263,2060,1,NULL,1,'2024-12-04 01:23:55',NULL,'2024-12-04 01:23:55',NULL,1),(264,2061,1,NULL,1,'2024-12-04 01:23:55',NULL,'2024-12-04 01:23:55',NULL,1),(265,2062,1,NULL,1,'2024-12-04 01:23:55',NULL,'2024-12-04 01:23:55',NULL,1),(266,2063,1,NULL,1,'2024-12-04 01:23:55',NULL,'2024-12-04 01:23:55',NULL,1),(267,2064,1,NULL,1,'2024-12-04 01:23:55',NULL,'2024-12-04 01:23:55',NULL,1),(268,2065,1,NULL,1,'2024-12-04 01:23:55',NULL,'2024-12-04 01:23:55',NULL,1),(269,2066,1,NULL,1,'2024-12-04 01:23:55',NULL,'2024-12-04 01:23:55',NULL,1),(270,2067,1,NULL,1,'2024-12-04 01:23:55',NULL,'2024-12-04 01:23:55',NULL,1),(271,2070,1,NULL,150,'2024-12-05 04:22:06',NULL,'2024-12-05 04:22:06',NULL,1),(272,2071,1,NULL,150,'2024-12-05 04:22:06',NULL,'2024-12-05 04:22:06',NULL,1),(273,2072,1,NULL,150,'2024-12-05 04:22:06',NULL,'2024-12-05 04:22:06',NULL,1),(274,2073,1,NULL,150,'2024-12-05 04:22:06',NULL,'2024-12-05 04:22:06',NULL,1),(275,2074,1,NULL,150,'2024-12-05 04:22:06',NULL,'2024-12-05 04:22:06',NULL,1),(276,2075,1,NULL,150,'2024-12-05 04:22:06',NULL,'2024-12-05 04:22:06',NULL,1),(277,2076,1,NULL,150,'2024-12-05 04:22:07',NULL,'2024-12-05 04:22:07',NULL,1),(278,2077,1,NULL,150,'2024-12-05 04:22:07',NULL,'2024-12-05 04:22:07',NULL,1),(279,2090,2,NULL,1,'2024-12-13 02:11:30',NULL,'2024-12-13 02:11:30',NULL,1),(280,2092,1,NULL,1,'2024-12-13 04:36:15',NULL,'2024-12-13 04:36:15',NULL,1),(281,2094,1,NULL,1,'2024-12-13 06:23:53',NULL,'2024-12-13 06:23:53',NULL,1),(282,2096,1,NULL,1,'2024-12-13 08:12:38',NULL,'2024-12-13 08:12:38',NULL,1),(283,2097,1,NULL,1,'2024-12-13 13:50:38',NULL,'2024-12-13 13:50:38',NULL,1),(284,2098,1,NULL,1,'2024-12-13 21:32:34',NULL,'2024-12-13 21:32:34',NULL,1),(285,2100,1,NULL,1,'2024-12-14 02:06:42',NULL,'2024-12-14 02:06:42',NULL,1),(286,2101,1,NULL,1,'2024-12-14 02:23:57',NULL,'2024-12-14 02:23:57',NULL,1),(287,2102,1,NULL,1,'2024-12-14 03:14:44',NULL,'2024-12-14 03:14:44',NULL,1),(288,2103,1,NULL,1,'2024-12-14 06:38:17',NULL,'2024-12-14 06:38:17',NULL,1),(289,2104,1,NULL,1,'2024-12-14 07:05:22',NULL,'2024-12-14 07:05:22',NULL,1),(290,2105,1,NULL,1,'2024-12-14 08:31:02',NULL,'2024-12-14 08:31:02',NULL,1),(291,2106,1,NULL,1,'2024-12-14 08:31:59',NULL,'2024-12-14 08:31:59',NULL,1),(292,2116,1,NULL,1,'2024-12-19 09:30:02',NULL,'2024-12-19 09:30:02',NULL,1),(293,2133,2,NULL,1,'2024-12-30 17:34:44',NULL,'2024-12-30 17:34:44',NULL,1),(294,2136,3,NULL,1,'2024-12-31 01:49:06',NULL,'2024-12-31 01:49:06',NULL,1);

--
-- Table structure for table `et_document_history`
--

CREATE TABLE `et_document_history` (
  `id` bigint unsigned NOT NULL AUTO_INCREMENT,
  `document_id` int DEFAULT NULL,
  `user_id` bigint unsigned NOT NULL,
  `action` varchar(255) CHARACTER SET utf8mb4 COLLATE utf8mb4_unicode_ci NOT NULL,
  `data_before` text CHARACTER SET utf8mb4 COLLATE utf8mb4_unicode_ci,
  `data_after` text CHARACTER SET utf8mb4 COLLATE utf8mb4_unicode_ci,
  `ip_address` varchar(255) CHARACTER SET utf8mb4 COLLATE utf8mb4_unicode_ci DEFAULT NULL,
  `note` text CHARACTER SET utf8mb4 COLLATE utf8mb4_unicode_ci,
  `created_at` timestamp NULL DEFAULT NULL,
  `company_id` int DEFAULT NULL,
  PRIMARY KEY (`id`)
) ENGINE=InnoDB AUTO_INCREMENT=227 DEFAULT CHARSET=utf8mb4 COLLATE=utf8mb4_unicode_ci;

--
-- Dumping data for table `et_document_history`
--

INSERT INTO `et_document_history` VALUES (1,148,1,'1','','','138.64.65.197',NULL,'2024-08-14 17:38:03',1),(2,149,1,'1','','','138.64.65.197',NULL,'2024-08-16 10:32:14',1),(3,150,1,'1','','','138.64.65.197',NULL,'2024-08-16 10:39:27',1),(4,151,1,'1','','','138.64.65.197',NULL,'2024-08-16 10:46:33',1),(5,152,1,'1','','','138.64.65.197',NULL,'2024-08-16 10:59:51',1),(6,153,1,'1','','','138.64.65.197',NULL,'2024-09-01 02:50:12',1),(7,154,1,'1','','','138.64.65.197',NULL,'2024-09-01 03:31:07',1),(8,155,1,'1','','','138.64.65.197',NULL,'2024-09-01 05:03:48',1),(9,156,1,'1','','','138.64.65.197',NULL,'2024-09-01 07:54:16',1),(10,157,1,'1','','','138.64.65.197',NULL,'2024-09-01 08:02:30',1),(11,158,1,'1','','','138.64.65.197',NULL,'2024-09-01 08:33:44',1),(12,159,1,'1','','','138.64.65.197',NULL,'2024-09-01 08:50:03',1),(13,160,1,'1','','','138.64.65.197',NULL,'2024-09-01 08:52:13',1),(14,161,1,'1','','','138.64.65.197',NULL,'2024-09-01 10:50:48',1),(15,162,1,'1','','','114.182.11.5',NULL,'2024-10-28 00:36:48',1),(16,163,1,'1','','','114.182.11.5',NULL,'2024-10-28 01:06:44',1),(17,164,1,'1','','','114.182.11.5',NULL,'2024-10-28 01:09:40',1),(18,165,1,'1','','','114.182.11.5',NULL,'2024-10-28 01:14:49',1),(19,166,1,'1','','','114.182.11.5',NULL,'2024-10-28 01:34:08',1),(20,167,1,'1','','','114.182.11.5',NULL,'2024-10-28 01:34:46',1),(21,168,1,'1','','','114.182.11.5',NULL,'2024-10-28 02:46:37',1),(22,169,1,'1','','','114.182.11.5',NULL,'2024-10-31 05:59:43',1),(23,170,1,'1','','','116.82.94.20',NULL,'2024-11-17 20:51:40',1),(24,171,1,'1','','','114.183.219.198',NULL,'2024-11-19 09:09:22',1),(25,172,1,'1','','','114.183.219.198',NULL,'2024-11-20 02:42:46',1),(26,173,1,'1','','','114.183.219.198',NULL,'2024-11-20 02:48:31',1),(27,174,1,'1','','','114.183.219.198',NULL,'2024-11-20 05:38:45',1),(28,175,1,'1','','','114.183.219.198',NULL,'2024-11-20 06:05:37',1),(29,176,1,'1','','','114.183.219.198',NULL,'2024-11-20 07:46:19',1),(30,177,1,'1','','','114.183.219.198',NULL,'2024-11-20 08:41:07',1),(31,178,1,'1','','','114.183.219.198',NULL,'2024-11-21 01:23:04',1),(32,179,1,'1','','','114.183.219.198',NULL,'2024-11-21 02:34:46',1),(33,180,1,'1','','','114.183.219.198',NULL,'2024-11-21 06:03:43',1),(34,181,1,'1','','','114.183.219.198',NULL,'2024-11-21 06:29:15',1),(35,182,1,'1','','','114.183.219.198',NULL,'2024-11-21 06:51:38',1),(36,183,1,'1','','','114.183.219.198',NULL,'2024-11-21 07:11:18',1),(37,184,1,'1','','','114.183.219.198',NULL,'2024-11-21 07:37:13',1),(38,185,1,'1','','','114.183.219.198',NULL,'2024-11-21 08:42:27',1),(39,186,1,'1','','','114.183.219.198',NULL,'2024-11-22 01:39:38',1),(40,187,1,'1','','','114.183.219.198',NULL,'2024-11-22 01:43:51',1),(41,188,1,'1','','','114.183.219.198',NULL,'2024-11-22 02:08:07',1),(42,189,1,'1','','','114.183.219.198',NULL,'2024-11-22 02:28:07',1),(43,190,1,'1','','','114.183.219.198',NULL,'2024-11-22 04:43:54',1),(44,191,1,'1','','','114.183.219.198',NULL,'2024-11-22 05:58:34',1),(45,192,1,'1','','','114.183.219.198',NULL,'2024-11-22 07:03:44',1),(46,193,1,'1','','','114.183.219.198',NULL,'2024-11-22 07:16:14',1),(47,194,1,'1','','','114.183.219.198',NULL,'2024-11-22 07:19:30',1),(48,195,1,'1','','','114.183.219.198',NULL,'2024-11-22 07:22:22',1),(49,196,1,'1','','','114.183.219.198',NULL,'2024-11-22 07:27:45',1),(50,197,1,'1','','','114.183.219.198',NULL,'2024-11-22 07:36:41',1),(51,198,1,'1','','','114.183.219.198',NULL,'2024-11-22 07:55:48',1),(52,199,1,'1','','','114.183.219.198',NULL,'2024-11-22 08:12:33',1),(53,200,1,'1','','','114.183.219.198',NULL,'2024-11-22 08:24:21',1),(54,201,1,'1','','','114.183.219.198',NULL,'2024-11-26 05:27:40',1),(55,202,1,'1','','','114.183.219.198',NULL,'2024-11-26 05:29:24',1),(56,203,1,'1','','','114.183.219.198',NULL,'2024-11-26 05:34:18',1),(57,204,1,'1','','','114.183.219.198',NULL,'2024-11-26 06:11:02',1),(58,205,1,'1','','','114.183.219.198',NULL,'2024-11-26 06:47:23',1),(59,105,1,'2','{\"id\":105,\"company_id\":1,\"document_template_id\":39,\"project_id\":null,\"customer_id\":null,\"trainee_id\":null,\"status\":null,\"type\":null,\"name\":\"test_\\u5b9f\\u7fd2\\u751f\\u306e\\u5c65\\u6b74\\u66f8_20240726\",\"form_name\":\"doc-certificate\",\"note\":\"\\u53c2\\u8003\\u69d8\\u5f0f\\u7b2c\\uff11\\uff0d\\uff13\\u53f7\",\"created_by_id\":1,\"created_on\":\"2024-07-26\",\"updated_at\":\"2024-07-26T07:43:50.000000Z\",\"updated_by_id\":null,\"updated_on\":null,\"updated_count\":null,\"created_at\":\"2024-07-26T07:43:50.000000Z\"}','{\"id\":105,\"company_id\":1,\"document_template_id\":39,\"project_id\":null,\"customer_id\":null,\"trainee_id\":null,\"status\":\"7\",\"type\":null,\"name\":\"test_\\u5b9f\\u7fd2\\u751f\\u306e\\u5c65\\u6b74\\u66f8_20240726\",\"form_name\":\"doc-certificate\",\"note\":\"\\u53c2\\u8003\\u69d8\\u5f0f\\u7b2c\\uff11\\uff0d\\uff13\\u53f7\",\"created_by_id\":1,\"created_on\":\"2024-07-26\",\"updated_at\":\"2024-07-26 16:43:50\",\"updated_by_id\":1,\"updated_on\":\"2024-11-26T09:35:15.381082Z\",\"updated_count\":1,\"created_at\":\"2024-07-26 16:43:50\"}','114.183.219.198',NULL,'2024-11-26 09:35:15',1),(60,206,1,'1','','','14.191.26.191',NULL,'2024-11-26 09:38:19',1),(61,149,1,'2','{\"id\":149,\"company_id\":1,\"document_template_id\":13,\"project_id\":null,\"customer_id\":null,\"trainee_id\":null,\"status\":null,\"type\":null,\"name\":null,\"form_name\":\"doc-certificate\",\"note\":null,\"created_by_id\":1,\"created_on\":\"2024-08-16\",\"updated_at\":\"2024-08-16T10:32:14.000000Z\",\"updated_by_id\":null,\"updated_on\":null,\"updated_count\":null,\"created_at\":\"2024-08-16T10:32:14.000000Z\"}','{\"id\":149,\"company_id\":1,\"document_template_id\":13,\"project_id\":null,\"customer_id\":null,\"trainee_id\":null,\"status\":\"2\",\"type\":null,\"name\":null,\"form_name\":\"doc-certificate\",\"note\":null,\"created_by_id\":1,\"created_on\":\"2024-08-16\",\"updated_at\":\"2024-08-16 19:32:14\",\"updated_by_id\":null,\"updated_on\":null,\"updated_count\":null,\"created_at\":\"2024-08-16 19:32:14\"}','171.234.59.139',NULL,'2024-11-26 22:41:33',1),(62,207,1,'1','','','114.183.219.198',NULL,'2024-11-27 01:13:50',1),(63,208,1,'1','','','114.183.219.198',NULL,'2024-11-27 05:12:42',1),(64,209,1,'1','','','114.183.219.198',NULL,'2024-11-27 05:33:57',1),(65,210,1,'1','','','114.183.219.198',NULL,'2024-11-27 06:38:23',1),(66,211,1,'1','','','114.183.219.198',NULL,'2024-11-27 06:49:21',1),(67,212,1,'1','','','114.183.219.198',NULL,'2024-11-27 07:18:50',1),(68,213,1,'1','','','114.183.219.198',NULL,'2024-11-27 07:23:59',1),(69,214,1,'1','','','114.183.219.198',NULL,'2024-11-27 07:35:00',1),(70,215,1,'1','','','116.82.94.20',NULL,'2024-11-27 08:28:41',1),(71,105,1,'2','{\"id\":105,\"company_id\":1,\"document_template_id\":39,\"project_id\":null,\"customer_id\":null,\"trainee_id\":null,\"status\":7,\"type\":null,\"name\":\"test_\\u5b9f\\u7fd2\\u751f\\u306e\\u5c65\\u6b74\\u66f8_20240726\",\"form_name\":\"doc-certificate\",\"note\":\"\\u53c2\\u8003\\u69d8\\u5f0f\\u7b2c\\uff11\\uff0d\\uff13\\u53f7\",\"created_by_id\":1,\"created_on\":\"2024-07-26\",\"updated_at\":\"2024-11-26T09:35:15.000000Z\",\"updated_by_id\":1,\"updated_on\":\"2024-11-26\",\"updated_count\":1,\"created_at\":\"2024-07-26T07:43:50.000000Z\"}','{\"id\":105,\"company_id\":1,\"document_template_id\":39,\"project_id\":null,\"customer_id\":null,\"trainee_id\":\"1\",\"status\":7,\"type\":null,\"name\":\"test_\\u5b9f\\u7fd2\\u751f\\u306e\\u5c65\\u6b74\\u66f8_20240726\",\"form_name\":\"doc-certificate\",\"note\":\"\\u53c2\\u8003\\u69d8\\u5f0f\\u7b2c\\uff11\\uff0d\\uff13\\u53f7\",\"created_by_id\":1,\"created_on\":\"2024-07-26\",\"updated_at\":\"2024-11-26 18:35:15\",\"updated_by_id\":1,\"updated_on\":\"2024-11-26\",\"updated_count\":1,\"created_at\":\"2024-07-26 16:43:50\"}','116.82.94.20',NULL,'2024-11-27 14:19:47',1),(72,216,1,'1','','','116.82.94.20',NULL,'2024-11-27 14:21:00',1),(73,217,1,'1','','','133.106.148.201',NULL,'2024-11-28 08:26:46',1),(74,105,1,'2','{\"id\":105,\"company_id\":1,\"document_template_id\":39,\"project_id\":null,\"customer_id\":null,\"trainee_id\":1,\"status\":7,\"type\":null,\"name\":\"test_\\u5b9f\\u7fd2\\u751f\\u306e\\u5c65\\u6b74\\u66f8_20240726\",\"form_name\":\"doc-certificate\",\"note\":\"\\u53c2\\u8003\\u69d8\\u5f0f\\u7b2c\\uff11\\uff0d\\uff13\\u53f7\",\"created_by_id\":1,\"created_on\":\"2024-07-26\",\"updated_at\":\"2024-11-27T14:19:47.000000Z\",\"updated_by_id\":1,\"updated_on\":\"2024-11-27\",\"updated_count\":2,\"created_at\":\"2024-07-26T07:43:50.000000Z\"}','{\"id\":105,\"company_id\":1,\"document_template_id\":39,\"project_id\":null,\"customer_id\":null,\"trainee_id\":1,\"status\":\"2\",\"type\":null,\"name\":\"test_\\u5b9f\\u7fd2\\u751f\\u306e\\u5c65\\u6b74\\u66f8_20240726\",\"form_name\":\"doc-certificate\",\"note\":\"\\u53c2\\u8003\\u69d8\\u5f0f\\u7b2c\\uff11\\uff0d\\uff13\\u53f7\",\"created_by_id\":1,\"created_on\":\"2024-07-26\",\"updated_at\":\"2024-11-27 23:19:47\",\"updated_by_id\":1,\"updated_on\":\"2024-11-27\",\"updated_count\":2,\"created_at\":\"2024-07-26 16:43:50\"}','171.234.59.139',NULL,'2024-11-28 09:09:35',1),(75,105,1,'2','{\"id\":105,\"company_id\":1,\"document_template_id\":39,\"project_id\":null,\"customer_id\":null,\"trainee_id\":1,\"status\":2,\"type\":null,\"name\":\"test_\\u5b9f\\u7fd2\\u751f\\u306e\\u5c65\\u6b74\\u66f8_20240726\",\"form_name\":\"doc-certificate\",\"note\":\"\\u53c2\\u8003\\u69d8\\u5f0f\\u7b2c\\uff11\\uff0d\\uff13\\u53f7\",\"created_by_id\":1,\"created_on\":\"2024-07-26\",\"updated_at\":\"2024-11-28T09:09:35.000000Z\",\"updated_by_id\":1,\"updated_on\":\"2024-11-28\",\"updated_count\":3,\"created_at\":\"2024-07-26T07:43:50.000000Z\"}','{\"id\":105,\"company_id\":1,\"document_template_id\":39,\"project_id\":null,\"customer_id\":null,\"trainee_id\":1,\"status\":\"4\",\"type\":null,\"name\":\"test_\\u5b9f\\u7fd2\\u751f\\u306e\\u5c65\\u6b74\\u66f8_20240726\",\"form_name\":\"doc-certificate\",\"note\":\"\\u53c2\\u8003\\u69d8\\u5f0f\\u7b2c\\uff11\\uff0d\\uff13\\u53f7\",\"created_by_id\":1,\"created_on\":\"2024-07-26\",\"updated_at\":\"2024-11-28 18:09:35\",\"updated_by_id\":1,\"updated_on\":\"2024-11-28\",\"updated_count\":3,\"created_at\":\"2024-07-26 16:43:50\"}','171.234.59.139',NULL,'2024-11-28 09:10:07',1),(76,217,1,'2','{\"id\":217,\"company_id\":1,\"document_template_id\":13,\"project_id\":8,\"customer_id\":603,\"trainee_id\":null,\"status\":null,\"type\":null,\"name\":\"testdfadfadfdf\",\"form_name\":\"doc-certificate\",\"note\":null,\"created_by_id\":1,\"created_on\":\"2024-11-28\",\"updated_at\":\"2024-11-28T08:26:46.000000Z\",\"updated_by_id\":null,\"updated_on\":null,\"updated_count\":null,\"created_at\":\"2024-11-28T08:26:46.000000Z\"}','{\"id\":217,\"company_id\":1,\"document_template_id\":13,\"project_id\":8,\"customer_id\":603,\"trainee_id\":null,\"status\":\"1\",\"type\":null,\"name\":\"testdfadfadfdf\",\"form_name\":\"doc-certificate\",\"note\":null,\"created_by_id\":1,\"created_on\":\"2024-11-28\",\"updated_at\":\"2024-11-28 17:26:46\",\"updated_by_id\":null,\"updated_on\":null,\"updated_count\":null,\"created_at\":\"2024-11-28 17:26:46\"}','133.106.148.201',NULL,'2024-11-28 09:47:49',1),(77,218,1,'1','','','133.106.148.201',NULL,'2024-11-28 09:55:41',1),(78,218,1,'2','{\"id\":218,\"company_id\":1,\"document_template_id\":20,\"project_id\":8,\"customer_id\":603,\"trainee_id\":1,\"status\":null,\"type\":null,\"name\":\"testdfadfadfdf\",\"form_name\":\"doc-certificate\",\"note\":null,\"created_by_id\":1,\"created_on\":\"2024-11-28\",\"updated_at\":\"2024-11-28T09:55:41.000000Z\",\"updated_by_id\":null,\"updated_on\":null,\"updated_count\":null,\"created_at\":\"2024-11-28T09:55:41.000000Z\"}','{\"id\":218,\"company_id\":1,\"document_template_id\":20,\"project_id\":8,\"customer_id\":603,\"trainee_id\":1,\"status\":\"6\",\"type\":null,\"name\":\"testdfadfadfdf\",\"form_name\":\"doc-certificate\",\"note\":null,\"created_by_id\":1,\"created_on\":\"2024-11-28\",\"updated_at\":\"2024-11-28 18:55:41\",\"updated_by_id\":null,\"updated_on\":null,\"updated_count\":null,\"created_at\":\"2024-11-28 18:55:41\"}','133.106.148.201',NULL,'2024-11-28 09:56:20',1),(79,218,1,'2','{\"id\":218,\"company_id\":1,\"document_template_id\":20,\"project_id\":8,\"customer_id\":603,\"trainee_id\":1,\"status\":6,\"type\":null,\"name\":\"testdfadfadfdf\",\"form_name\":\"doc-certificate\",\"note\":null,\"created_by_id\":1,\"created_on\":\"2024-11-28\",\"updated_at\":\"2024-11-28T09:56:20.000000Z\",\"updated_by_id\":1,\"updated_on\":\"2024-11-28\",\"updated_count\":1,\"created_at\":\"2024-11-28T09:55:41.000000Z\"}','{\"id\":218,\"company_id\":1,\"document_template_id\":20,\"project_id\":8,\"customer_id\":603,\"trainee_id\":1,\"status\":\"7\",\"type\":null,\"name\":\"testdfadfadfdf\",\"form_name\":\"doc-certificate\",\"note\":null,\"created_by_id\":1,\"created_on\":\"2024-11-28\",\"updated_at\":\"2024-11-28 18:56:20\",\"updated_by_id\":1,\"updated_on\":\"2024-11-28\",\"updated_count\":1,\"created_at\":\"2024-11-28 18:55:41\"}','133.106.148.201',NULL,'2024-11-28 09:56:26',1),(80,219,1,'1','','','133.106.148.201',NULL,'2024-11-28 10:01:11',1),(81,220,1,'1','','','133.106.148.201',NULL,'2024-11-28 10:03:24',1),(82,219,1,'2','{\"id\":219,\"company_id\":1,\"document_template_id\":13,\"project_id\":9,\"customer_id\":603,\"trainee_id\":2,\"status\":null,\"type\":null,\"name\":\"testdfadfadfdf\",\"form_name\":\"doc-certificate\",\"note\":null,\"created_by_id\":1,\"created_on\":\"2024-11-28\",\"updated_at\":\"2024-11-28T10:01:11.000000Z\",\"updated_by_id\":null,\"updated_on\":null,\"updated_count\":null,\"created_at\":\"2024-11-28T10:01:11.000000Z\"}','{\"id\":219,\"company_id\":1,\"document_template_id\":13,\"project_id\":9,\"customer_id\":603,\"trainee_id\":2,\"status\":\"1\",\"type\":null,\"name\":\"testdfadfadfdf\",\"form_name\":\"doc-certificate\",\"note\":null,\"created_by_id\":1,\"created_on\":\"2024-11-28\",\"updated_at\":\"2024-11-28 19:01:11\",\"updated_by_id\":null,\"updated_on\":null,\"updated_count\":null,\"created_at\":\"2024-11-28 19:01:11\"}','133.106.148.201',NULL,'2024-11-28 10:04:59',1),(83,221,1,'1','','','133.106.148.201',NULL,'2024-11-28 10:06:15',1),(84,105,1,'2','{\"id\":105,\"company_id\":1,\"document_template_id\":39,\"project_id\":null,\"customer_id\":null,\"trainee_id\":1,\"status\":4,\"type\":null,\"name\":\"test_\\u5b9f\\u7fd2\\u751f\\u306e\\u5c65\\u6b74\\u66f8_20240726\",\"form_name\":\"doc-certificate\",\"note\":\"\\u53c2\\u8003\\u69d8\\u5f0f\\u7b2c\\uff11\\uff0d\\uff13\\u53f7\",\"created_by_id\":1,\"created_on\":\"2024-07-26\",\"updated_at\":\"2024-11-28T09:10:07.000000Z\",\"updated_by_id\":1,\"updated_on\":\"2024-11-28\",\"updated_count\":4,\"created_at\":\"2024-07-26T07:43:50.000000Z\"}','{\"id\":105,\"company_id\":1,\"document_template_id\":39,\"project_id\":null,\"customer_id\":null,\"trainee_id\":1,\"status\":\"5\",\"type\":null,\"name\":\"test_\\u5b9f\\u7fd2\\u751f\\u306e\\u5c65\\u6b74\\u66f8_20240726\",\"form_name\":\"doc-certificate\",\"note\":\"\\u53c2\\u8003\\u69d8\\u5f0f\\u7b2c\\uff11\\uff0d\\uff13\\u53f7\",\"created_by_id\":1,\"created_on\":\"2024-07-26\",\"updated_at\":\"2024-11-28 18:10:07\",\"updated_by_id\":1,\"updated_on\":\"2024-11-28\",\"updated_count\":4,\"created_at\":\"2024-07-26 16:43:50\"}','133.106.148.201',NULL,'2024-11-28 13:22:55',1),(85,105,1,'2','{\"id\":105,\"company_id\":1,\"document_template_id\":39,\"project_id\":null,\"customer_id\":null,\"trainee_id\":1,\"status\":5,\"type\":null,\"name\":\"test_\\u5b9f\\u7fd2\\u751f\\u306e\\u5c65\\u6b74\\u66f8_20240726\",\"form_name\":\"doc-certificate\",\"note\":\"\\u53c2\\u8003\\u69d8\\u5f0f\\u7b2c\\uff11\\uff0d\\uff13\\u53f7\",\"created_by_id\":1,\"created_on\":\"2024-07-26\",\"updated_at\":\"2024-11-28T13:22:55.000000Z\",\"updated_by_id\":1,\"updated_on\":\"2024-11-28\",\"updated_count\":5,\"created_at\":\"2024-07-26T07:43:50.000000Z\"}','{\"id\":105,\"company_id\":1,\"document_template_id\":39,\"project_id\":null,\"customer_id\":null,\"trainee_id\":1,\"status\":5,\"type\":\"2\",\"name\":\"test_\\u5b9f\\u7fd2\\u751f\\u306e\\u5c65\\u6b74\\u66f8_20240726\",\"form_name\":\"doc-certificate\",\"note\":\"\\u53c2\\u8003\\u69d8\\u5f0f\\u7b2c\\uff11\\uff0d\\uff13\\u53f7\",\"created_by_id\":1,\"created_on\":\"2024-07-26\",\"updated_at\":\"2024-11-28 22:22:55\",\"updated_by_id\":1,\"updated_on\":\"2024-11-28\",\"updated_count\":5,\"created_at\":\"2024-07-26 16:43:50\"}','133.106.148.201',NULL,'2024-11-28 13:42:53',1),(86,107,1,'2','{\"id\":107,\"company_id\":1,\"document_template_id\":41,\"project_id\":null,\"customer_id\":null,\"trainee_id\":null,\"status\":null,\"type\":null,\"name\":\"test_\\u7533\\u8acb\\u8005\\u306e\\u8a93\\u7d04\\u66f8\",\"form_name\":\"doc-certificate\",\"note\":\"\\u7b2c\\uff11-\\uff12\\u53f7\",\"created_by_id\":1,\"created_on\":\"2024-07-27\",\"updated_at\":\"2024-07-26T21:36:30.000000Z\",\"updated_by_id\":null,\"updated_on\":null,\"updated_count\":null,\"created_at\":\"2024-07-26T21:36:30.000000Z\"}','{\"id\":107,\"company_id\":1,\"document_template_id\":41,\"project_id\":null,\"customer_id\":null,\"trainee_id\":null,\"status\":null,\"type\":\"2\",\"name\":\"test_\\u7533\\u8acb\\u8005\\u306e\\u8a93\\u7d04\\u66f8\",\"form_name\":\"doc-certificate\",\"note\":\"\\u7b2c\\uff11-\\uff12\\u53f7\",\"created_by_id\":1,\"created_on\":\"2024-07-27\",\"updated_at\":\"2024-07-27 06:36:30\",\"updated_by_id\":null,\"updated_on\":null,\"updated_count\":null,\"created_at\":\"2024-07-27 06:36:30\"}','133.106.148.201',NULL,'2024-11-28 13:44:53',1),(87,105,1,'2','{\"id\":105,\"company_id\":1,\"document_template_id\":39,\"project_id\":null,\"customer_id\":null,\"trainee_id\":1,\"status\":5,\"type\":2,\"name\":\"test_\\u5b9f\\u7fd2\\u751f\\u306e\\u5c65\\u6b74\\u66f8_20240726\",\"form_name\":\"doc-certificate\",\"note\":\"\\u53c2\\u8003\\u69d8\\u5f0f\\u7b2c\\uff11\\uff0d\\uff13\\u53f7\",\"created_by_id\":1,\"created_on\":\"2024-07-26\",\"updated_at\":\"2024-11-28T13:42:53.000000Z\",\"updated_by_id\":1,\"updated_on\":\"2024-11-28\",\"updated_count\":6,\"created_at\":\"2024-07-26T07:43:50.000000Z\"}','{\"id\":105,\"company_id\":1,\"document_template_id\":39,\"project_id\":null,\"customer_id\":null,\"trainee_id\":1,\"status\":\"1\",\"type\":2,\"name\":\"test_\\u5b9f\\u7fd2\\u751f\\u306e\\u5c65\\u6b74\\u66f8_20240726\",\"form_name\":\"doc-certificate\",\"note\":\"\\u53c2\\u8003\\u69d8\\u5f0f\\u7b2c\\uff11\\uff0d\\uff13\\u53f7\",\"created_by_id\":1,\"created_on\":\"2024-07-26\",\"updated_at\":\"2024-11-28 22:42:53\",\"updated_by_id\":1,\"updated_on\":\"2024-11-28\",\"updated_count\":6,\"created_at\":\"2024-07-26 16:43:50\"}','133.106.148.201',NULL,'2024-11-28 13:47:17',1),(88,217,1,'2','{\"id\":217,\"company_id\":1,\"document_template_id\":13,\"project_id\":8,\"customer_id\":603,\"trainee_id\":null,\"status\":1,\"type\":null,\"name\":\"testdfadfadfdf\",\"form_name\":\"doc-certificate\",\"note\":null,\"created_by_id\":1,\"created_on\":\"2024-11-28\",\"updated_at\":\"2024-11-28T09:47:49.000000Z\",\"updated_by_id\":1,\"updated_on\":\"2024-11-28\",\"updated_count\":1,\"created_at\":\"2024-11-28T08:26:46.000000Z\"}','{\"id\":217,\"company_id\":1,\"document_template_id\":13,\"project_id\":8,\"customer_id\":603,\"trainee_id\":null,\"status\":\"5\",\"type\":null,\"name\":\"testdfadfadfdf\",\"form_name\":\"doc-certificate\",\"note\":null,\"created_by_id\":1,\"created_on\":\"2024-11-28\",\"updated_at\":\"2024-11-28 18:47:49\",\"updated_by_id\":1,\"updated_on\":\"2024-11-28\",\"updated_count\":1,\"created_at\":\"2024-11-28 17:26:46\"}','116.82.94.20',NULL,'2024-11-29 12:40:33',1),(89,217,1,'2','{\"id\":217,\"company_id\":1,\"document_template_id\":13,\"project_id\":8,\"customer_id\":603,\"trainee_id\":null,\"status\":5,\"type\":null,\"name\":\"testdfadfadfdf\",\"form_name\":\"doc-certificate\",\"note\":null,\"created_by_id\":1,\"created_on\":\"2024-11-28\",\"updated_at\":\"2024-11-29T12:40:33.000000Z\",\"updated_by_id\":1,\"updated_on\":\"2024-11-29\",\"updated_count\":2,\"created_at\":\"2024-11-28T08:26:46.000000Z\"}','{\"id\":217,\"company_id\":1,\"document_template_id\":13,\"project_id\":8,\"customer_id\":603,\"trainee_id\":null,\"status\":\"6\",\"type\":null,\"name\":\"testdfadfadfdf\",\"form_name\":\"doc-certificate\",\"note\":null,\"created_by_id\":1,\"created_on\":\"2024-11-28\",\"updated_at\":\"2024-11-29 21:40:33\",\"updated_by_id\":1,\"updated_on\":\"2024-11-29\",\"updated_count\":2,\"created_at\":\"2024-11-28 17:26:46\"}','116.82.94.20',NULL,'2024-11-29 12:40:38',1),(90,217,1,'2','{\"id\":217,\"company_id\":1,\"document_template_id\":13,\"project_id\":8,\"customer_id\":603,\"trainee_id\":null,\"status\":6,\"type\":null,\"name\":\"testdfadfadfdf\",\"form_name\":\"doc-certificate\",\"note\":null,\"created_by_id\":1,\"created_on\":\"2024-11-28\",\"updated_at\":\"2024-11-29T12:40:38.000000Z\",\"updated_by_id\":1,\"updated_on\":\"2024-11-29\",\"updated_count\":3,\"created_at\":\"2024-11-28T08:26:46.000000Z\"}','{\"id\":217,\"company_id\":1,\"document_template_id\":13,\"project_id\":8,\"customer_id\":603,\"trainee_id\":null,\"status\":\"2\",\"type\":null,\"name\":\"testdfadfadfdf\",\"form_name\":\"doc-certificate\",\"note\":null,\"created_by_id\":1,\"created_on\":\"2024-11-28\",\"updated_at\":\"2024-11-29 21:40:38\",\"updated_by_id\":1,\"updated_on\":\"2024-11-29\",\"updated_count\":3,\"created_at\":\"2024-11-28 17:26:46\"}','116.82.94.20',NULL,'2024-11-29 12:40:42',1),(91,217,1,'2','{\"id\":217,\"company_id\":1,\"document_template_id\":13,\"project_id\":8,\"customer_id\":603,\"trainee_id\":null,\"status\":2,\"type\":null,\"name\":\"testdfadfadfdf\",\"form_name\":\"doc-certificate\",\"note\":null,\"created_by_id\":1,\"created_on\":\"2024-11-28\",\"updated_at\":\"2024-11-29T12:40:42.000000Z\",\"updated_by_id\":1,\"updated_on\":\"2024-11-29\",\"updated_count\":4,\"created_at\":\"2024-11-28T08:26:46.000000Z\"}','{\"id\":217,\"company_id\":1,\"document_template_id\":13,\"project_id\":8,\"customer_id\":603,\"trainee_id\":null,\"status\":\"1\",\"type\":null,\"name\":\"testdfadfadfdf\",\"form_name\":\"doc-certificate\",\"note\":null,\"created_by_id\":1,\"created_on\":\"2024-11-28\",\"updated_at\":\"2024-11-29 21:40:42\",\"updated_by_id\":1,\"updated_on\":\"2024-11-29\",\"updated_count\":4,\"created_at\":\"2024-11-28 17:26:46\"}','116.82.94.20',NULL,'2024-11-29 12:40:45',1),(92,217,1,'2','{\"id\":217,\"company_id\":1,\"document_template_id\":13,\"project_id\":8,\"customer_id\":603,\"trainee_id\":null,\"status\":1,\"type\":null,\"name\":\"testdfadfadfdf\",\"form_name\":\"doc-certificate\",\"note\":null,\"created_by_id\":1,\"created_on\":\"2024-11-28\",\"updated_at\":\"2024-11-29T12:40:45.000000Z\",\"updated_by_id\":1,\"updated_on\":\"2024-11-29\",\"updated_count\":5,\"created_at\":\"2024-11-28T08:26:46.000000Z\"}','{\"id\":217,\"company_id\":1,\"document_template_id\":13,\"project_id\":8,\"customer_id\":603,\"trainee_id\":null,\"status\":\"3\",\"type\":null,\"name\":\"testdfadfadfdf\",\"form_name\":\"doc-certificate\",\"note\":null,\"created_by_id\":1,\"created_on\":\"2024-11-28\",\"updated_at\":\"2024-11-29 21:40:45\",\"updated_by_id\":1,\"updated_on\":\"2024-11-29\",\"updated_count\":5,\"created_at\":\"2024-11-28 17:26:46\"}','116.82.94.20',NULL,'2024-11-29 12:40:48',1),(93,105,1,'2','{\"id\":105,\"company_id\":1,\"document_template_id\":39,\"project_id\":null,\"customer_id\":null,\"trainee_id\":1,\"status\":1,\"type\":2,\"name\":\"test_\\u5b9f\\u7fd2\\u751f\\u306e\\u5c65\\u6b74\\u66f8_20240726\",\"form_name\":\"doc-certificate\",\"note\":\"\\u53c2\\u8003\\u69d8\\u5f0f\\u7b2c\\uff11\\uff0d\\uff13\\u53f7\",\"created_by_id\":1,\"created_on\":\"2024-07-26\",\"updated_at\":\"2024-11-28T13:47:17.000000Z\",\"updated_by_id\":1,\"updated_on\":\"2024-11-28\",\"updated_count\":7,\"created_at\":\"2024-07-26T07:43:50.000000Z\"}','{\"id\":105,\"company_id\":1,\"document_template_id\":39,\"project_id\":null,\"customer_id\":null,\"trainee_id\":1,\"status\":\"2\",\"type\":2,\"name\":\"test_\\u5b9f\\u7fd2\\u751f\\u306e\\u5c65\\u6b74\\u66f8_20240726\",\"form_name\":\"doc-certificate\",\"note\":\"\\u53c2\\u8003\\u69d8\\u5f0f\\u7b2c\\uff11\\uff0d\\uff13\\u53f7\",\"created_by_id\":1,\"created_on\":\"2024-07-26\",\"updated_at\":\"2024-11-28 22:47:17\",\"updated_by_id\":1,\"updated_on\":\"2024-11-28\",\"updated_count\":7,\"created_at\":\"2024-07-26 16:43:50\"}','116.82.94.20',NULL,'2024-12-02 20:18:51',1),(94,222,1,'1','','','116.82.94.20',NULL,'2024-12-02 22:56:20',1),(95,223,1,'1','','','114.183.219.198',NULL,'2024-12-04 01:23:54',1),(96,223,1,'2','{\"id\":223,\"company_id\":1,\"document_template_id\":13,\"project_id\":74,\"customer_id\":603,\"trainee_id\":1,\"status\":1,\"type\":1,\"name\":\"222222\",\"form_name\":\"doc-certificate\",\"note\":null,\"created_by_id\":1,\"created_on\":\"2024-12-04\",\"updated_at\":\"2024-12-04T01:23:54.000000Z\",\"updated_by_id\":null,\"updated_on\":null,\"updated_count\":null,\"created_at\":\"2024-12-04T01:23:54.000000Z\"}','{\"id\":223,\"company_id\":1,\"document_template_id\":13,\"project_id\":74,\"customer_id\":603,\"trainee_id\":1,\"status\":\"2\",\"type\":1,\"name\":\"222222\",\"form_name\":\"doc-certificate\",\"note\":null,\"created_by_id\":1,\"created_on\":\"2024-12-04\",\"updated_at\":\"2024-12-04 10:23:54\",\"updated_by_id\":null,\"updated_on\":null,\"updated_count\":null,\"created_at\":\"2024-12-04 10:23:54\"}','114.183.219.198',NULL,'2024-12-04 06:10:13',1),(97,223,1,'2','{\"id\":223,\"company_id\":1,\"document_template_id\":13,\"project_id\":74,\"customer_id\":603,\"trainee_id\":1,\"status\":2,\"type\":1,\"name\":\"222222\",\"form_name\":\"doc-certificate\",\"note\":null,\"created_by_id\":1,\"created_on\":\"2024-12-04\",\"updated_at\":\"2024-12-04T06:10:13.000000Z\",\"updated_by_id\":1,\"updated_on\":\"2024-12-04\",\"updated_count\":1,\"created_at\":\"2024-12-04T01:23:54.000000Z\"}','{\"id\":223,\"company_id\":1,\"document_template_id\":13,\"project_id\":74,\"customer_id\":603,\"trainee_id\":1,\"status\":\"6\",\"type\":1,\"name\":\"222222\",\"form_name\":\"doc-certificate\",\"note\":null,\"created_by_id\":1,\"created_on\":\"2024-12-04\",\"updated_at\":\"2024-12-04 15:10:13\",\"updated_by_id\":1,\"updated_on\":\"2024-12-04\",\"updated_count\":1,\"created_at\":\"2024-12-04 10:23:54\"}','114.183.219.198',NULL,'2024-12-04 06:10:20',1),(98,223,1,'2','{\"id\":223,\"company_id\":1,\"document_template_id\":13,\"project_id\":74,\"customer_id\":603,\"trainee_id\":1,\"status\":6,\"type\":1,\"name\":\"222222\",\"form_name\":\"doc-certificate\",\"note\":null,\"created_by_id\":1,\"created_on\":\"2024-12-04\",\"updated_at\":\"2024-12-04T06:10:20.000000Z\",\"updated_by_id\":1,\"updated_on\":\"2024-12-04\",\"updated_count\":2,\"created_at\":\"2024-12-04T01:23:54.000000Z\"}','{\"id\":223,\"company_id\":1,\"document_template_id\":13,\"project_id\":74,\"customer_id\":603,\"trainee_id\":1,\"status\":\"7\",\"type\":1,\"name\":\"222222\",\"form_name\":\"doc-certificate\",\"note\":null,\"created_by_id\":1,\"created_on\":\"2024-12-04\",\"updated_at\":\"2024-12-04 15:10:20\",\"updated_by_id\":1,\"updated_on\":\"2024-12-04\",\"updated_count\":2,\"created_at\":\"2024-12-04 10:23:54\"}','114.183.219.198',NULL,'2024-12-04 06:10:36',1),(99,223,1,'2','{\"id\":223,\"company_id\":1,\"document_template_id\":13,\"project_id\":74,\"customer_id\":603,\"trainee_id\":1,\"status\":7,\"type\":1,\"name\":\"222222\",\"form_name\":\"doc-certificate\",\"note\":null,\"created_by_id\":1,\"created_on\":\"2024-12-04\",\"updated_at\":\"2024-12-04T06:10:36.000000Z\",\"updated_by_id\":1,\"updated_on\":\"2024-12-04\",\"updated_count\":3,\"created_at\":\"2024-12-04T01:23:54.000000Z\"}','{\"id\":223,\"company_id\":1,\"document_template_id\":13,\"project_id\":74,\"customer_id\":603,\"trainee_id\":1,\"status\":7,\"type\":\"1\",\"name\":\"\\u30a2\\u30de\\u30be\\u30f3\\u3001\\u751f\\u6210AI\\u30e2\\u30c7\\u30eb\\u300cNova\\u300d\\u3092\\u767a\\u8868\\u3000\\u65b0\\u305f\\u306aAI\\u534a\\u5c0e\\u4f53\\u3082\",\"form_name\":\"doc-certificate\",\"note\":\"\\u7c73\\u30a2\\u30de\\u30be\\u30f3\\u306f3\\u65e5\\u3001\\u751f\\u6210AI\\uff08\\u4eba\\u5de5\\u77e5\\u80fd\\uff09\\u306e\\u65b0\\u305f\\u306a\\u57fa\\u76e4\\u30e2\\u30c7\\u30eb\\u300cNova\\uff08\\u30ce\\u30d0\\uff09\\u300d\\u3092\\u767a\\u8868\\u3057\\u305f\\u3002AI\\u3092\\u5229\\u7528\\u3059\\u308b\\u969b\\u306e\\u8a08\\u7b97\\u30b3\\u30b9\\u30c8\\u3092\\u5f15\\u304d\\u4e0b\\u3052\\u3001\\u5bfe\\u8a71\\u578bAI\\u300cChatGPT\\uff08\\u30c1\\u30e3\\u30c3\\u30c8GPT\\uff09\\u300d\\u3092\\u904b\\u55b6\\u3059\\u308b\\u7c73\\u30aa\\u30fc\\u30d7\\u30f3AI\\u306a\\u3069\\u306b\\u5bfe\\u6297\\u3059\\u308b\\u3002\",\"created_by_id\":1,\"created_on\":\"2024-12-04\",\"updated_at\":\"2024-12-04 15:10:36\",\"updated_by_id\":1,\"updated_on\":\"2024-12-04\",\"updated_count\":3,\"created_at\":\"2024-12-04 10:23:54\"}','114.183.219.198',NULL,'2024-12-04 07:06:27',1),(100,223,1,'2','{\"id\":223,\"company_id\":1,\"document_template_id\":13,\"project_id\":74,\"customer_id\":603,\"trainee_id\":1,\"status\":7,\"type\":1,\"name\":\"\\u30a2\\u30de\\u30be\\u30f3\\u3001\\u751f\\u6210AI\\u30e2\\u30c7\\u30eb\\u300cNova\\u300d\\u3092\\u767a\\u8868\\u3000\\u65b0\\u305f\\u306aAI\\u534a\\u5c0e\\u4f53\\u3082\",\"form_name\":\"doc-certificate\",\"note\":\"\\u7c73\\u30a2\\u30de\\u30be\\u30f3\\u306f3\\u65e5\\u3001\\u751f\\u6210AI\\uff08\\u4eba\\u5de5\\u77e5\\u80fd\\uff09\\u306e\\u65b0\\u305f\\u306a\\u57fa\\u76e4\\u30e2\\u30c7\\u30eb\\u300cNova\\uff08\\u30ce\\u30d0\\uff09\\u300d\\u3092\\u767a\\u8868\\u3057\\u305f\\u3002AI\\u3092\\u5229\\u7528\\u3059\\u308b\\u969b\\u306e\\u8a08\\u7b97\\u30b3\\u30b9\\u30c8\\u3092\\u5f15\\u304d\\u4e0b\\u3052\\u3001\\u5bfe\\u8a71\\u578bAI\\u300cChatGPT\\uff08\\u30c1\\u30e3\\u30c3\\u30c8GPT\\uff09\\u300d\\u3092\\u904b\\u55b6\\u3059\\u308b\\u7c73\\u30aa\\u30fc\\u30d7\\u30f3AI\\u306a\\u3069\\u306b\\u5bfe\\u6297\\u3059\\u308b\\u3002\",\"created_by_id\":1,\"created_on\":\"2024-12-04\",\"updated_at\":\"2024-12-04T07:06:27.000000Z\",\"updated_by_id\":1,\"updated_on\":\"2024-12-04\",\"updated_count\":4,\"created_at\":\"2024-12-04T01:23:54.000000Z\"}','{\"id\":223,\"company_id\":1,\"document_template_id\":13,\"project_id\":74,\"customer_id\":\"605\",\"trainee_id\":1,\"status\":7,\"type\":1,\"name\":\"\\u30a2\\u30de\\u30be\\u30f3\\u3001\\u751f\\u6210AI\\u30e2\\u30c7\\u30eb\\u300cNova\\u300d\\u3092\\u767a\\u8868\\u3000\\u65b0\\u305f\\u306aAI\\u534a\\u5c0e\\u4f53\\u3082\",\"form_name\":\"doc-certificate\",\"note\":\"\\u7c73\\u30a2\\u30de\\u30be\\u30f3\\u306f3\\u65e5\\u3001\\u751f\\u6210AI\\uff08\\u4eba\\u5de5\\u77e5\\u80fd\\uff09\\u306e\\u65b0\\u305f\\u306a\\u57fa\\u76e4\\u30e2\\u30c7\\u30eb\\u300cNova\\uff08\\u30ce\\u30d0\\uff09\\u300d\\u3092\\u767a\\u8868\\u3057\\u305f\\u3002AI\\u3092\\u5229\\u7528\\u3059\\u308b\\u969b\\u306e\\u8a08\\u7b97\\u30b3\\u30b9\\u30c8\\u3092\\u5f15\\u304d\\u4e0b\\u3052\\u3001\\u5bfe\\u8a71\\u578bAI\\u300cChatGPT\\uff08\\u30c1\\u30e3\\u30c3\\u30c8GPT\\uff09\\u300d\\u3092\\u904b\\u55b6\\u3059\\u308b\\u7c73\\u30aa\\u30fc\\u30d7\\u30f3AI\\u306a\\u3069\\u306b\\u5bfe\\u6297\\u3059\\u308b\\u3002\",\"created_by_id\":1,\"created_on\":\"2024-12-04\",\"updated_at\":\"2024-12-04 16:06:27\",\"updated_by_id\":1,\"updated_on\":\"2024-12-04\",\"updated_count\":4,\"created_at\":\"2024-12-04 10:23:54\"}','114.183.219.198',NULL,'2024-12-04 07:07:39',1),(101,223,1,'2','{\"id\":223,\"company_id\":1,\"document_template_id\":13,\"project_id\":74,\"customer_id\":605,\"trainee_id\":1,\"status\":7,\"type\":1,\"name\":\"\\u30a2\\u30de\\u30be\\u30f3\\u3001\\u751f\\u6210AI\\u30e2\\u30c7\\u30eb\\u300cNova\\u300d\\u3092\\u767a\\u8868\\u3000\\u65b0\\u305f\\u306aAI\\u534a\\u5c0e\\u4f53\\u3082\",\"form_name\":\"doc-certificate\",\"note\":\"\\u7c73\\u30a2\\u30de\\u30be\\u30f3\\u306f3\\u65e5\\u3001\\u751f\\u6210AI\\uff08\\u4eba\\u5de5\\u77e5\\u80fd\\uff09\\u306e\\u65b0\\u305f\\u306a\\u57fa\\u76e4\\u30e2\\u30c7\\u30eb\\u300cNova\\uff08\\u30ce\\u30d0\\uff09\\u300d\\u3092\\u767a\\u8868\\u3057\\u305f\\u3002AI\\u3092\\u5229\\u7528\\u3059\\u308b\\u969b\\u306e\\u8a08\\u7b97\\u30b3\\u30b9\\u30c8\\u3092\\u5f15\\u304d\\u4e0b\\u3052\\u3001\\u5bfe\\u8a71\\u578bAI\\u300cChatGPT\\uff08\\u30c1\\u30e3\\u30c3\\u30c8GPT\\uff09\\u300d\\u3092\\u904b\\u55b6\\u3059\\u308b\\u7c73\\u30aa\\u30fc\\u30d7\\u30f3AI\\u306a\\u3069\\u306b\\u5bfe\\u6297\\u3059\\u308b\\u3002\",\"created_by_id\":1,\"created_on\":\"2024-12-04\",\"updated_at\":\"2024-12-04T07:07:39.000000Z\",\"updated_by_id\":1,\"updated_on\":\"2024-12-04\",\"updated_count\":5,\"created_at\":\"2024-12-04T01:23:54.000000Z\"}','{\"id\":223,\"company_id\":1,\"document_template_id\":13,\"project_id\":74,\"customer_id\":\"603\",\"trainee_id\":1,\"status\":7,\"type\":1,\"name\":\"\\u30a2\\u30de\\u30be\\u30f3\\u3001\\u751f\\u6210AI\\u30e2\\u30c7\\u30eb\\u300cNova\\u300d\\u3092\\u767a\\u8868\\u3000\\u65b0\\u305f\\u306aAI\\u534a\\u5c0e\\u4f53\\u3082\",\"form_name\":\"doc-certificate\",\"note\":\"\\u7c73\\u30a2\\u30de\\u30be\\u30f3\\u306f3\\u65e5\\u3001\\u751f\\u6210AI\\uff08\\u4eba\\u5de5\\u77e5\\u80fd\\uff09\\u306e\\u65b0\\u305f\\u306a\\u57fa\\u76e4\\u30e2\\u30c7\\u30eb\\u300cNova\\uff08\\u30ce\\u30d0\\uff09\\u300d\\u3092\\u767a\\u8868\\u3057\\u305f\\u3002AI\\u3092\\u5229\\u7528\\u3059\\u308b\\u969b\\u306e\\u8a08\\u7b97\\u30b3\\u30b9\\u30c8\\u3092\\u5f15\\u304d\\u4e0b\\u3052\\u3001\\u5bfe\\u8a71\\u578bAI\\u300cChatGPT\\uff08\\u30c1\\u30e3\\u30c3\\u30c8GPT\\uff09\\u300d\\u3092\\u904b\\u55b6\\u3059\\u308b\\u7c73\\u30aa\\u30fc\\u30d7\\u30f3AI\\u306a\\u3069\\u306b\\u5bfe\\u6297\\u3059\\u308b\\u3002\",\"created_by_id\":1,\"created_on\":\"2024-12-04\",\"updated_at\":\"2024-12-04 16:07:39\",\"updated_by_id\":1,\"updated_on\":\"2024-12-04\",\"updated_count\":5,\"created_at\":\"2024-12-04 10:23:54\"}','114.183.219.198',NULL,'2024-12-04 07:07:49',1),(102,223,1,'2','{\"id\":223,\"company_id\":1,\"document_template_id\":13,\"project_id\":74,\"customer_id\":603,\"trainee_id\":1,\"status\":7,\"type\":1,\"name\":\"\\u30a2\\u30de\\u30be\\u30f3\\u3001\\u751f\\u6210AI\\u30e2\\u30c7\\u30eb\\u300cNova\\u300d\\u3092\\u767a\\u8868\\u3000\\u65b0\\u305f\\u306aAI\\u534a\\u5c0e\\u4f53\\u3082\",\"form_name\":\"doc-certificate\",\"note\":\"\\u7c73\\u30a2\\u30de\\u30be\\u30f3\\u306f3\\u65e5\\u3001\\u751f\\u6210AI\\uff08\\u4eba\\u5de5\\u77e5\\u80fd\\uff09\\u306e\\u65b0\\u305f\\u306a\\u57fa\\u76e4\\u30e2\\u30c7\\u30eb\\u300cNova\\uff08\\u30ce\\u30d0\\uff09\\u300d\\u3092\\u767a\\u8868\\u3057\\u305f\\u3002AI\\u3092\\u5229\\u7528\\u3059\\u308b\\u969b\\u306e\\u8a08\\u7b97\\u30b3\\u30b9\\u30c8\\u3092\\u5f15\\u304d\\u4e0b\\u3052\\u3001\\u5bfe\\u8a71\\u578bAI\\u300cChatGPT\\uff08\\u30c1\\u30e3\\u30c3\\u30c8GPT\\uff09\\u300d\\u3092\\u904b\\u55b6\\u3059\\u308b\\u7c73\\u30aa\\u30fc\\u30d7\\u30f3AI\\u306a\\u3069\\u306b\\u5bfe\\u6297\\u3059\\u308b\\u3002\",\"created_by_id\":1,\"created_on\":\"2024-12-04\",\"updated_at\":\"2024-12-04T07:07:49.000000Z\",\"updated_by_id\":1,\"updated_on\":\"2024-12-04\",\"updated_count\":6,\"created_at\":\"2024-12-04T01:23:54.000000Z\"}','{\"id\":223,\"company_id\":1,\"document_template_id\":13,\"project_id\":74,\"customer_id\":603,\"trainee_id\":\"3\",\"status\":7,\"type\":1,\"name\":\"\\u30a2\\u30de\\u30be\\u30f3\\u3001\\u751f\\u6210AI\\u30e2\\u30c7\\u30eb\\u300cNova\\u300d\\u3092\\u767a\\u8868\\u3000\\u65b0\\u305f\\u306aAI\\u534a\\u5c0e\\u4f53\\u3082\",\"form_name\":\"doc-certificate\",\"note\":\"\\u7c73\\u30a2\\u30de\\u30be\\u30f3\\u306f3\\u65e5\\u3001\\u751f\\u6210AI\\uff08\\u4eba\\u5de5\\u77e5\\u80fd\\uff09\\u306e\\u65b0\\u305f\\u306a\\u57fa\\u76e4\\u30e2\\u30c7\\u30eb\\u300cNova\\uff08\\u30ce\\u30d0\\uff09\\u300d\\u3092\\u767a\\u8868\\u3057\\u305f\\u3002AI\\u3092\\u5229\\u7528\\u3059\\u308b\\u969b\\u306e\\u8a08\\u7b97\\u30b3\\u30b9\\u30c8\\u3092\\u5f15\\u304d\\u4e0b\\u3052\\u3001\\u5bfe\\u8a71\\u578bAI\\u300cChatGPT\\uff08\\u30c1\\u30e3\\u30c3\\u30c8GPT\\uff09\\u300d\\u3092\\u904b\\u55b6\\u3059\\u308b\\u7c73\\u30aa\\u30fc\\u30d7\\u30f3AI\\u306a\\u3069\\u306b\\u5bfe\\u6297\\u3059\\u308b\\u3002\",\"created_by_id\":1,\"created_on\":\"2024-12-04\",\"updated_at\":\"2024-12-04 16:07:49\",\"updated_by_id\":1,\"updated_on\":\"2024-12-04\",\"updated_count\":6,\"created_at\":\"2024-12-04 10:23:54\"}','114.183.219.198',NULL,'2024-12-04 07:08:48',1),(103,224,150,'1','','','114.183.219.198',NULL,'2024-12-05 04:12:37',1),(104,225,150,'1','','','114.183.219.198',NULL,'2024-12-05 04:22:06',1),(105,225,150,'2','{\"id\":225,\"company_id\":1,\"document_template_id\":102,\"project_id\":null,\"customer_id\":1206,\"trainee_id\":1,\"status\":1,\"type\":1,\"name\":\"NGUYEN VAN A\\u3055\\u3093\\u306e\\u7279\\u5b9a\\u6d3b\\u52d5\\u5728\\u7559\\u8cc7\\u683c\\u5909\\u66f4\\u7533\\u8acb\",\"form_name\":\"doc-certificate\",\"note\":null,\"created_by_id\":150,\"created_on\":\"2024-12-05\",\"updated_at\":\"2024-12-05T04:22:06.000000Z\",\"updated_by_id\":null,\"updated_on\":null,\"updated_count\":null,\"created_at\":\"2024-12-05T04:22:06.000000Z\"}','{\"id\":225,\"company_id\":1,\"document_template_id\":102,\"project_id\":null,\"customer_id\":1206,\"trainee_id\":1,\"status\":1,\"type\":\"1\",\"name\":\"NGUYEN VAN A\\u3055\\u3093\\u306e\\u7279\\u5b9a\\u6d3b\\u52d5\\u5728\\u7559\\u8cc7\\u683c\\u5909\\u66f4\\u7533\\u8acb\",\"form_name\":\"doc-certificate\",\"note\":\"\\u25cb\\u3000\\u7533\\u8acb\\u4eba\\u306e\\u5728\\u7559\\u671f\\u9593\\u306e\\u6e80\\u4e86\\u65e5\\u307e\\u3067\\u306b\\u300c\\u7279\\u5b9a\\u6280\\u80fd\\uff11\\u53f7\\u300d\\u3078\\u306e\\u5728\\u7559\\u8cc7\\u683c\\u5909\\u66f4\\u8a31\\u53ef\\u7533\\u8acb\\u3092\\u884c\\u3046\\u3053\\u3068\\u304c\\u56f0\\u96e3\\u3067\\u3042\\u308b\\u5408\\u7406\\u7684\\u306a\\u7406\\u7531\\u304c\\u3042\\u308b\\u3053\\u3068\\r\\n\\r\\n\\u25cb\\u3000\\u7533\\u8acb\\u306b\\u4fc2\\u308b\\u53d7\\u5165\\u308c\\u6a5f\\u95a2\\u306b\\u304a\\u3044\\u3066\\u7279\\u5b9a\\u6280\\u80fd\\u5916\\u56fd\\u4eba\\u3068\\u3057\\u3066\\u5728\\u7559\\u8cc7\\u683c\\u300c\\u7279\\u5b9a\\u6280\\u80fd\\uff11\\u53f7\\u300d\\u306b\\u8a72\\u5f53\\u3059\\u308b\\u696d\\u52d9\\u306b\\u5f93\\u4e8b\\u3059\\u308b\\u305f\\u3081\\u306b\\r\\n\\u3000\\u3000\\u540c\\u5728\\u7559\\u8cc7\\u683c\\u3078\\u306e\\u5728\\u7559\\u8cc7\\u683c\\u5909\\u66f4\\u8a31\\u53ef\\u7533\\u8acb\\u3092\\u4e88\\u5b9a\\u3057\\u3066\\u3044\\u308b\\u3053\\u3068\\r\\n\\r\\n\\u25cb\\u3000\\u7533\\u8acb\\u4eba\\u304c\\u7533\\u8acb\\u306b\\u4fc2\\u308b\\u53d7\\u5165\\u308c\\u6a5f\\u95a2\\u3068\\u306e\\u5951\\u7d04\\u306b\\u57fa\\u3065\\u3044\\u3066\\u5728\\u7559\\u8cc7\\u683c\\u300c\\u7279\\u5b9a\\u6280\\u80fd\\uff11\\u53f7\\u300d\\u3067\\u5f93\\u4e8b\\u3059\\u308b\\u4e88\\u5b9a\\u306e\\u696d\\u52d9\\u3068\\u540c\\u69d8\\u306e\\u696d\\u52d9\\u306b\\u5f93\\u4e8b\\u3059\\u308b\\u3053\\u3068\\r\\n\\r\\n\\u25cb\\u3000\\u7533\\u8acb\\u4eba\\u304c\\u7279\\u5b9a\\u6280\\u80fd\\u5916\\u56fd\\u4eba\\u3068\\u3057\\u3066\\u5c31\\u52b4\\u3059\\u308b\\u5834\\u5408\\u306b\\u652f\\u6255\\u308f\\u308c\\u308b\\u4e88\\u5b9a\\u306e\\u5831\\u916c\\u3068\\u540c\\u984d\\u3067\\u3042\\u308a\\u3001\\r\\n\\u3000\\u3000\\u304b\\u3064\\u3001\\u65e5\\u672c\\u4eba\\u304c\\u5f93\\u4e8b\\u3059\\u308b\\u5834\\u5408\\u3068\\u540c\\u7b49\\u984d\\u4ee5\\u4e0a\\u306e\\u5831\\u916c\\u3092\\u53d7\\u3051\\u308b\\u3053\\u3068\\r\\n\\r\\n\\u25cb\\u3000\\u7533\\u8acb\\u4eba\\u304c\\u7279\\u5b9a\\u6280\\u80fd\\u5916\\u56fd\\u4eba\\u3068\\u3057\\u3066\\u696d\\u52d9\\u306b\\u5f93\\u4e8b\\u3059\\u308b\\u305f\\u3081\\u306b\\u5fc5\\u8981\\u306a\\u6280\\u80fd\\u8a66\\u9a13\\u53ca\\u3073\\u65e5\\u672c\\u8a9e\\u8a66\\u9a13\\u306b\\u5408\\u683c\\u3057\\u3066\\u3044\\u308b\\u3053\\u3068\\r\\n\\u3000\\u3000\\u203b\\u6280\\u80fd\\u5b9f\\u7fd2\\uff12\\u53f7\\u826f\\u597d\\u4fee\\u4e86\\u8005\\u7b49\\u3068\\u3057\\u3066\\u8a66\\u9a13\\u514d\\u9664\\u3068\\u306a\\u308b\\u5834\\u5408\\u3082\\u542b\\u3080\\u3002\\r\\n\\r\\n\\u25cb\\u3000\\u7533\\u8acb\\u306b\\u4fc2\\u308b\\u53d7\\u5165\\u308c\\u6a5f\\u95a2\\u53c8\\u306f\\u652f\\u63f4\\u59d4\\u8a17\\u4e88\\u5b9a\\u5148\\u304c\\u7533\\u8acb\\u4eba\\u306e\\u5728\\u7559\\u4e2d\\u306e\\u65e5\\u5e38\\u751f\\u6d3b\\u7b49\\u306b\\u4fc2\\u308b\\u652f\\u63f4\\u3092\\u9069\\u5207\\u306b\\u884c\\u3046\\u3053\\u3068\\u304c\\u898b\\u8fbc\\u307e\\u308c\\u308b\\u3053\\u3068\\r\\n\\r\\n\\u25cb\\u3000\\u7533\\u8acb\\u306b\\u4fc2\\u308b\\u53d7\\u5165\\u308c\\u6a5f\\u95a2\\u304c\\u3001\\u7533\\u8acb\\u4eba\\u3092\\u9069\\u6b63\\u306b\\u53d7\\u3051\\u5165\\u308c\\u308b\\u3053\\u3068\\u304c\\u898b\\u8fbc\\u307e\\u308c\\u308b\\u3053\\u3068\",\"created_by_id\":150,\"created_on\":\"2024-12-05\",\"updated_at\":\"2024-12-05 13:22:06\",\"updated_by_id\":null,\"updated_on\":null,\"updated_count\":null,\"created_at\":\"2024-12-05 13:22:06\"}','114.183.219.198',NULL,'2024-12-05 06:51:48',1),(106,226,1,'1','','','114.183.219.198',NULL,'2024-12-06 05:10:04',1),(107,227,1,'1','','','114.183.219.198',NULL,'2024-12-06 06:09:53',1),(108,228,1,'1','','','114.183.219.198',NULL,'2024-12-10 04:14:34',1),(109,229,1,'1','','','114.183.219.198',NULL,'2024-12-11 04:58:03',1),(110,230,1,'1','','','114.183.219.198',NULL,'2024-12-11 05:14:13',1),(111,231,1,'1','','','114.183.219.198',NULL,'2024-12-11 05:27:15',1),(112,232,1,'1','','','114.183.219.198',NULL,'2024-12-11 05:52:14',1),(113,233,1,'1','','','114.183.219.198',NULL,'2024-12-11 06:06:46',1),(114,234,1,'1','','','114.183.219.198',NULL,'2024-12-11 06:10:13',1),(115,235,1,'1','','','114.183.219.198',NULL,'2024-12-11 06:58:05',1),(116,236,1,'1','','','114.183.219.198',NULL,'2024-12-11 07:41:59',1),(117,237,1,'1','','','114.183.219.198',NULL,'2024-12-11 08:42:26',1),(118,238,1,'1','','','114.183.219.198',NULL,'2024-12-13 02:11:30',1),(119,239,1,'1','','','114.183.219.198',NULL,'2024-12-13 02:29:26',1),(120,250,1,'2','{\"id\":250,\"company_id\":1,\"document_template_id\":214,\"project_id\":null,\"customer_id\":605,\"trainee_id\":null,\"status\":1,\"type\":1,\"name\":\"employment_conditions_statement\",\"form_name\":\"doc-certificate\",\"note\":null,\"created_by_id\":1,\"created_on\":\"2024-12-13\",\"updated_at\":\"2024-12-12T18:00:22.000000Z\",\"updated_by_id\":null,\"updated_on\":null,\"updated_count\":null,\"created_at\":\"2024-12-12T17:29:26.000000Z\"}','{\"id\":250,\"company_id\":1,\"document_template_id\":214,\"project_id\":null,\"customer_id\":605,\"trainee_id\":null,\"status\":\"2\",\"type\":1,\"name\":\"employment_conditions_statement\",\"form_name\":\"doc-certificate\",\"note\":null,\"created_by_id\":1,\"created_on\":\"2024-12-13\",\"updated_at\":\"2024-12-13 03:00:22\",\"updated_by_id\":null,\"updated_on\":null,\"updated_count\":null,\"created_at\":\"2024-12-13 02:29:26\"}','114.183.219.198',NULL,'2024-12-13 03:21:59',1),(121,250,1,'2','{\"id\":250,\"company_id\":1,\"document_template_id\":214,\"project_id\":null,\"customer_id\":605,\"trainee_id\":null,\"status\":2,\"type\":1,\"name\":\"employment_conditions_statement\",\"form_name\":\"doc-certificate\",\"note\":null,\"created_by_id\":1,\"created_on\":\"2024-12-13\",\"updated_at\":\"2024-12-13T03:21:59.000000Z\",\"updated_by_id\":1,\"updated_on\":\"2024-12-13\",\"updated_count\":1,\"created_at\":\"2024-12-12T17:29:26.000000Z\"}','{\"id\":250,\"company_id\":1,\"document_template_id\":214,\"project_id\":null,\"customer_id\":605,\"trainee_id\":null,\"status\":\"1\",\"type\":1,\"name\":\"employment_conditions_statement\",\"form_name\":\"doc-certificate\",\"note\":null,\"created_by_id\":1,\"created_on\":\"2024-12-13\",\"updated_at\":\"2024-12-13 12:21:59\",\"updated_by_id\":1,\"updated_on\":\"2024-12-13\",\"updated_count\":1,\"created_at\":\"2024-12-13 02:29:26\"}','114.183.219.198',NULL,'2024-12-13 03:22:07',1),(122,250,1,'2','{\"id\":250,\"company_id\":1,\"document_template_id\":214,\"project_id\":null,\"customer_id\":605,\"trainee_id\":null,\"status\":1,\"type\":1,\"name\":\"employment_conditions_statement\",\"form_name\":\"doc-certificate\",\"note\":null,\"created_by_id\":1,\"created_on\":\"2024-12-13\",\"updated_at\":\"2024-12-13T03:22:07.000000Z\",\"updated_by_id\":1,\"updated_on\":\"2024-12-13\",\"updated_count\":2,\"created_at\":\"2024-12-12T17:29:26.000000Z\"}','{\"id\":250,\"company_id\":1,\"document_template_id\":214,\"project_id\":null,\"customer_id\":605,\"trainee_id\":null,\"status\":\"2\",\"type\":1,\"name\":\"employment_conditions_statement\",\"form_name\":\"doc-certificate\",\"note\":null,\"created_by_id\":1,\"created_on\":\"2024-12-13\",\"updated_at\":\"2024-12-13 12:22:07\",\"updated_by_id\":1,\"updated_on\":\"2024-12-13\",\"updated_count\":2,\"created_at\":\"2024-12-13 02:29:26\"}','114.183.219.198',NULL,'2024-12-13 03:45:29',1),(123,250,1,'2','{\"id\":250,\"company_id\":1,\"document_template_id\":214,\"project_id\":null,\"customer_id\":605,\"trainee_id\":null,\"status\":2,\"type\":1,\"name\":\"employment_conditions_statement\",\"form_name\":\"doc-certificate\",\"note\":null,\"created_by_id\":1,\"created_on\":\"2024-12-13\",\"updated_at\":\"2024-12-13T03:45:29.000000Z\",\"updated_by_id\":1,\"updated_on\":\"2024-12-13\",\"updated_count\":3,\"created_at\":\"2024-12-12T17:29:26.000000Z\"}','{\"id\":250,\"company_id\":1,\"document_template_id\":214,\"project_id\":null,\"customer_id\":605,\"trainee_id\":null,\"status\":\"3\",\"type\":1,\"name\":\"employment_conditions_statement\",\"form_name\":\"doc-certificate\",\"note\":null,\"created_by_id\":1,\"created_on\":\"2024-12-13\",\"updated_at\":\"2024-12-13 12:45:29\",\"updated_by_id\":1,\"updated_on\":\"2024-12-13\",\"updated_count\":3,\"created_at\":\"2024-12-13 02:29:26\"}','114.183.219.198',NULL,'2024-12-13 03:45:35',1),(124,250,1,'2','{\"id\":250,\"company_id\":1,\"document_template_id\":214,\"project_id\":null,\"customer_id\":605,\"trainee_id\":null,\"status\":3,\"type\":1,\"name\":\"employment_conditions_statement\",\"form_name\":\"doc-certificate\",\"note\":null,\"created_by_id\":1,\"created_on\":\"2024-12-13\",\"updated_at\":\"2024-12-13T03:45:35.000000Z\",\"updated_by_id\":1,\"updated_on\":\"2024-12-13\",\"updated_count\":4,\"created_at\":\"2024-12-12T17:29:26.000000Z\"}','{\"id\":250,\"company_id\":1,\"document_template_id\":214,\"project_id\":null,\"customer_id\":605,\"trainee_id\":null,\"status\":\"4\",\"type\":1,\"name\":\"employment_conditions_statement\",\"form_name\":\"doc-certificate\",\"note\":null,\"created_by_id\":1,\"created_on\":\"2024-12-13\",\"updated_at\":\"2024-12-13 12:45:35\",\"updated_by_id\":1,\"updated_on\":\"2024-12-13\",\"updated_count\":4,\"created_at\":\"2024-12-13 02:29:26\"}','114.183.219.198',NULL,'2024-12-13 03:45:37',1),(125,250,1,'2','{\"id\":250,\"company_id\":1,\"document_template_id\":214,\"project_id\":null,\"customer_id\":605,\"trainee_id\":null,\"status\":4,\"type\":1,\"name\":\"employment_conditions_statement\",\"form_name\":\"doc-certificate\",\"note\":null,\"created_by_id\":1,\"created_on\":\"2024-12-13\",\"updated_at\":\"2024-12-13T03:45:37.000000Z\",\"updated_by_id\":1,\"updated_on\":\"2024-12-13\",\"updated_count\":5,\"created_at\":\"2024-12-12T17:29:26.000000Z\"}','{\"id\":250,\"company_id\":1,\"document_template_id\":214,\"project_id\":null,\"customer_id\":605,\"trainee_id\":null,\"status\":\"5\",\"type\":1,\"name\":\"employment_conditions_statement\",\"form_name\":\"doc-certificate\",\"note\":null,\"created_by_id\":1,\"created_on\":\"2024-12-13\",\"updated_at\":\"2024-12-13 12:45:37\",\"updated_by_id\":1,\"updated_on\":\"2024-12-13\",\"updated_count\":5,\"created_at\":\"2024-12-13 02:29:26\"}','114.183.219.198',NULL,'2024-12-13 03:45:39',1),(126,250,1,'2','{\"id\":250,\"company_id\":1,\"document_template_id\":214,\"project_id\":null,\"customer_id\":605,\"trainee_id\":null,\"status\":5,\"type\":1,\"name\":\"employment_conditions_statement\",\"form_name\":\"doc-certificate\",\"note\":null,\"created_by_id\":1,\"created_on\":\"2024-12-13\",\"updated_at\":\"2024-12-13T03:45:39.000000Z\",\"updated_by_id\":1,\"updated_on\":\"2024-12-13\",\"updated_count\":6,\"created_at\":\"2024-12-12T17:29:26.000000Z\"}','{\"id\":250,\"company_id\":1,\"document_template_id\":214,\"project_id\":null,\"customer_id\":605,\"trainee_id\":null,\"status\":\"6\",\"type\":1,\"name\":\"employment_conditions_statement\",\"form_name\":\"doc-certificate\",\"note\":null,\"created_by_id\":1,\"created_on\":\"2024-12-13\",\"updated_at\":\"2024-12-13 12:45:39\",\"updated_by_id\":1,\"updated_on\":\"2024-12-13\",\"updated_count\":6,\"created_at\":\"2024-12-13 02:29:26\"}','114.183.219.198',NULL,'2024-12-13 03:45:48',1),(127,250,1,'2','{\"id\":250,\"company_id\":1,\"document_template_id\":214,\"project_id\":null,\"customer_id\":605,\"trainee_id\":null,\"status\":6,\"type\":1,\"name\":\"employment_conditions_statement\",\"form_name\":\"doc-certificate\",\"note\":null,\"created_by_id\":1,\"created_on\":\"2024-12-13\",\"updated_at\":\"2024-12-13T03:45:48.000000Z\",\"updated_by_id\":1,\"updated_on\":\"2024-12-13\",\"updated_count\":7,\"created_at\":\"2024-12-12T17:29:26.000000Z\"}','{\"id\":250,\"company_id\":1,\"document_template_id\":214,\"project_id\":null,\"customer_id\":605,\"trainee_id\":null,\"status\":\"7\",\"type\":1,\"name\":\"employment_conditions_statement\",\"form_name\":\"doc-certificate\",\"note\":null,\"created_by_id\":1,\"created_on\":\"2024-12-13\",\"updated_at\":\"2024-12-13 12:45:48\",\"updated_by_id\":1,\"updated_on\":\"2024-12-13\",\"updated_count\":7,\"created_at\":\"2024-12-13 02:29:26\"}','114.183.219.198',NULL,'2024-12-13 03:45:51',1),(128,250,1,'2','{\"id\":250,\"company_id\":1,\"document_template_id\":214,\"project_id\":null,\"customer_id\":605,\"trainee_id\":null,\"status\":7,\"type\":1,\"name\":\"employment_conditions_statement\",\"form_name\":\"doc-certificate\",\"note\":null,\"created_by_id\":1,\"created_on\":\"2024-12-13\",\"updated_at\":\"2024-12-13T03:45:51.000000Z\",\"updated_by_id\":1,\"updated_on\":\"2024-12-13\",\"updated_count\":8,\"created_at\":\"2024-12-12T17:29:26.000000Z\"}','{\"id\":250,\"company_id\":1,\"document_template_id\":214,\"project_id\":null,\"customer_id\":605,\"trainee_id\":null,\"status\":\"6\",\"type\":1,\"name\":\"employment_conditions_statement\",\"form_name\":\"doc-certificate\",\"note\":null,\"created_by_id\":1,\"created_on\":\"2024-12-13\",\"updated_at\":\"2024-12-13 12:45:51\",\"updated_by_id\":1,\"updated_on\":\"2024-12-13\",\"updated_count\":8,\"created_at\":\"2024-12-13 02:29:26\"}','114.183.219.198',NULL,'2024-12-13 03:47:06',1),(129,250,1,'2','{\"id\":250,\"company_id\":1,\"document_template_id\":214,\"project_id\":null,\"customer_id\":605,\"trainee_id\":null,\"status\":6,\"type\":1,\"name\":\"employment_conditions_statement\",\"form_name\":\"doc-certificate\",\"note\":null,\"created_by_id\":1,\"created_on\":\"2024-12-13\",\"updated_at\":\"2024-12-13T03:47:06.000000Z\",\"updated_by_id\":1,\"updated_on\":\"2024-12-13\",\"updated_count\":9,\"created_at\":\"2024-12-12T17:29:26.000000Z\"}','{\"id\":250,\"company_id\":1,\"document_template_id\":214,\"project_id\":null,\"customer_id\":605,\"trainee_id\":null,\"status\":\"5\",\"type\":1,\"name\":\"employment_conditions_statement\",\"form_name\":\"doc-certificate\",\"note\":null,\"created_by_id\":1,\"created_on\":\"2024-12-13\",\"updated_at\":\"2024-12-13 12:47:06\",\"updated_by_id\":1,\"updated_on\":\"2024-12-13\",\"updated_count\":9,\"created_at\":\"2024-12-13 02:29:26\"}','114.183.219.198',NULL,'2024-12-13 03:47:09',1),(130,250,1,'2','{\"id\":250,\"company_id\":1,\"document_template_id\":214,\"project_id\":null,\"customer_id\":605,\"trainee_id\":null,\"status\":5,\"type\":1,\"name\":\"employment_conditions_statement\",\"form_name\":\"doc-certificate\",\"note\":null,\"created_by_id\":1,\"created_on\":\"2024-12-13\",\"updated_at\":\"2024-12-13T03:47:09.000000Z\",\"updated_by_id\":1,\"updated_on\":\"2024-12-13\",\"updated_count\":10,\"created_at\":\"2024-12-12T17:29:26.000000Z\"}','{\"id\":250,\"company_id\":1,\"document_template_id\":214,\"project_id\":null,\"customer_id\":605,\"trainee_id\":null,\"status\":\"2\",\"type\":1,\"name\":\"employment_conditions_statement\",\"form_name\":\"doc-certificate\",\"note\":null,\"created_by_id\":1,\"created_on\":\"2024-12-13\",\"updated_at\":\"2024-12-13 12:47:09\",\"updated_by_id\":1,\"updated_on\":\"2024-12-13\",\"updated_count\":10,\"created_at\":\"2024-12-13 02:29:26\"}','114.183.219.198',NULL,'2024-12-13 03:47:12',1),(131,250,1,'2','{\"id\":250,\"company_id\":1,\"document_template_id\":214,\"project_id\":null,\"customer_id\":605,\"trainee_id\":null,\"status\":2,\"type\":1,\"name\":\"employment_conditions_statement\",\"form_name\":\"doc-certificate\",\"note\":null,\"created_by_id\":1,\"created_on\":\"2024-12-13\",\"updated_at\":\"2024-12-13T03:47:12.000000Z\",\"updated_by_id\":1,\"updated_on\":\"2024-12-13\",\"updated_count\":11,\"created_at\":\"2024-12-12T17:29:26.000000Z\"}','{\"id\":250,\"company_id\":1,\"document_template_id\":214,\"project_id\":null,\"customer_id\":605,\"trainee_id\":null,\"status\":\"1\",\"type\":1,\"name\":\"employment_conditions_statement\",\"form_name\":\"doc-certificate\",\"note\":null,\"created_by_id\":1,\"created_on\":\"2024-12-13\",\"updated_at\":\"2024-12-13 12:47:12\",\"updated_by_id\":1,\"updated_on\":\"2024-12-13\",\"updated_count\":11,\"created_at\":\"2024-12-13 02:29:26\"}','114.183.219.198',NULL,'2024-12-13 03:47:20',1),(132,251,1,'1','','','114.183.219.198',NULL,'2024-12-13 04:07:20',1),(133,252,1,'1','','','114.183.219.198',NULL,'2024-12-13 04:36:15',1),(134,253,1,'1','','','114.183.219.198',NULL,'2024-12-13 05:51:37',1),(135,254,1,'1','','','114.183.219.198',NULL,'2024-12-13 05:56:32',1),(136,255,1,'1','','','114.183.219.198',NULL,'2024-12-13 06:23:53',1),(137,256,1,'1','','','114.183.219.198',NULL,'2024-12-13 06:45:19',1),(138,257,1,'1','','','114.183.219.198',NULL,'2024-12-13 08:12:38',1),(139,258,1,'1','','','116.82.94.20',NULL,'2024-12-13 13:49:01',1),(140,259,1,'1','','','116.82.94.20',NULL,'2024-12-13 13:50:38',1),(141,260,1,'1','','','116.82.94.20',NULL,'2024-12-13 21:32:34',1),(142,261,1,'1','','','114.183.219.198',NULL,'2024-12-14 02:03:13',1),(143,262,1,'1','','','27.72.237.182',NULL,'2024-12-14 02:06:42',1),(144,263,1,'1','','','114.183.219.198',NULL,'2024-12-14 02:23:57',1),(145,264,1,'1','','','114.183.219.198',NULL,'2024-12-14 03:14:44',1),(146,265,1,'1','','','114.183.219.198',NULL,'2024-12-14 06:38:17',1),(147,266,1,'1','','','114.183.219.198',NULL,'2024-12-14 07:05:22',1),(148,267,1,'1','','','114.183.219.198',NULL,'2024-12-14 08:31:02',1),(149,268,1,'1','','','114.183.219.198',NULL,'2024-12-14 08:31:59',1),(150,269,151,'1','','','114.183.219.198',NULL,'2024-12-18 01:40:32',1),(151,270,151,'1','','','114.183.219.198',NULL,'2024-12-18 05:45:29',1),(152,271,151,'1','','','114.183.219.198',NULL,'2024-12-18 06:17:26',1),(153,272,151,'1','','','114.183.219.198',NULL,'2024-12-18 07:28:03',1),(154,273,151,'1','','','114.183.219.198',NULL,'2024-12-18 09:04:11',1),(155,274,151,'1','','','114.183.219.198',NULL,'2024-12-18 09:18:30',1),(156,275,151,'1','','','114.183.219.198',NULL,'2024-12-19 05:25:50',1),(157,276,151,'1','','','114.183.219.198',NULL,'2024-12-19 05:30:03',1),(158,277,151,'1','','','114.183.219.198',NULL,'2024-12-19 06:06:01',1),(159,278,1,'1','','','114.183.219.198',NULL,'2024-12-19 09:30:02',1),(160,279,1,'1','','','114.183.219.198',NULL,'2024-12-19 09:32:24',1),(161,280,151,'1','','','114.183.219.198',NULL,'2024-12-20 01:17:45',1),(162,281,151,'1','','','114.183.219.198',NULL,'2024-12-23 05:35:42',1),(163,282,151,'1','','','114.183.219.198',NULL,'2024-12-23 05:40:10',1),(164,283,151,'1','','','114.183.219.198',NULL,'2024-12-23 06:02:04',1),(165,284,151,'1','','','114.183.219.198',NULL,'2024-12-23 08:49:38',1),(166,285,151,'1','','','114.183.219.198',NULL,'2024-12-24 05:10:32',1),(167,286,151,'1','','','114.183.219.198',NULL,'2024-12-24 05:15:49',1),(168,287,151,'1','','','114.183.219.198',NULL,'2024-12-24 06:57:07',1),(169,288,151,'1','','','114.183.219.198',NULL,'2024-12-24 07:20:28',1),(170,289,1,'1','','','116.82.94.20',NULL,'2024-12-24 07:52:14',1),(171,290,1,'1','','','116.82.94.20',NULL,'2024-12-24 07:54:32',1),(172,291,151,'1','','','114.183.219.198',NULL,'2024-12-24 08:14:41',1),(173,292,151,'1','','','114.183.219.198',NULL,'2024-12-30 05:26:11',1),(174,293,151,'1','','','114.183.219.198',NULL,'2024-12-30 05:57:44',1),(175,294,151,'1','','','114.183.219.198',NULL,'2024-12-30 06:12:10',1),(176,295,1,'1','','','114.183.219.198',NULL,'2024-12-30 06:24:53',1),(177,296,151,'1','','','114.183.219.198',NULL,'2024-12-30 08:22:29',1),(178,297,1,'1','','','114.183.219.198',NULL,'2024-12-30 17:34:44',1),(179,298,151,'1','','','114.183.219.198',NULL,'2024-12-31 01:40:48',1),(180,299,1,'1','','','114.183.219.198',NULL,'2024-12-31 01:46:30',1),(181,300,1,'1','','','114.183.219.198',NULL,'2024-12-31 01:49:06',1),(182,301,151,'1','','','114.183.219.198',NULL,'2024-12-31 02:23:25',1),(183,302,151,'1','','','114.183.219.198',NULL,'2024-12-31 02:36:02',1),(184,303,151,'1','','','114.183.219.198',NULL,'2024-12-31 02:51:16',1),(185,304,151,'1','','','114.183.219.198',NULL,'2024-12-31 04:19:27',1),(186,305,151,'1','','','114.183.219.198',NULL,'2024-12-31 04:28:07',1),(187,306,151,'1','','','114.183.219.198',NULL,'2024-12-31 04:40:36',1),(188,307,151,'1','','','114.183.219.198',NULL,'2024-12-31 04:55:44',1),(189,308,151,'1','','','114.183.219.198',NULL,'2024-12-31 05:04:20',1),(190,309,151,'1','','','114.183.219.198',NULL,'2024-12-31 05:25:37',1),(191,310,151,'1','','','114.183.219.198',NULL,'2024-12-31 07:05:17',1),(192,311,151,'1','','','114.183.219.198',NULL,'2024-12-31 07:15:34',1),(193,312,151,'1','','','114.183.219.198',NULL,'2024-12-31 07:26:46',1),(194,313,151,'1','','','114.183.219.198',NULL,'2024-12-31 07:45:25',1),(195,314,151,'1','','','114.183.219.198',NULL,'2025-01-01 00:48:18',1),(196,315,151,'1','','','114.183.219.198',NULL,'2025-01-01 00:53:05',1),(197,316,151,'1','','','114.183.219.198',NULL,'2025-01-01 01:05:33',1),(198,317,151,'1','','','114.183.219.198',NULL,'2025-01-01 01:41:56',1),(199,318,151,'1','','','114.183.219.198',NULL,'2025-01-01 02:03:36',1),(200,319,151,'1','','','114.183.219.198',NULL,'2025-01-23 01:36:19',1),(201,320,151,'1','','','114.183.219.198',NULL,'2025-01-23 07:44:56',1),(202,321,151,'1','','','114.183.219.198',NULL,'2025-01-23 07:45:29',1),(203,322,151,'1','','','114.183.219.198',NULL,'2025-01-27 01:36:17',1),(204,323,151,'1','','','114.183.219.198',NULL,'2025-01-27 01:41:30',1),(205,324,151,'1','','','114.183.219.198',NULL,'2025-01-28 04:11:01',1),(206,325,151,'1','','','114.183.219.198',NULL,'2025-01-28 04:11:33',1),(207,326,151,'1','','','114.183.219.198',NULL,'2025-01-30 01:14:10',1),(208,327,151,'1','','','114.183.219.198',NULL,'2025-01-30 01:14:35',1),(209,328,151,'1','','','114.183.219.198',NULL,'2025-02-01 05:30:15',1),(210,329,151,'1','','','114.183.219.198',NULL,'2025-02-04 15:25:39',1),(211,330,151,'1','','','114.183.219.198',NULL,'2025-02-04 16:05:37',1),(212,331,151,'1','','','114.183.219.198',NULL,'2025-02-04 16:17:25',1),(213,332,151,'1','','','114.183.219.198',NULL,'2025-02-08 02:24:19',1),(214,333,151,'1','','','114.183.219.198',NULL,'2025-02-10 02:33:37',1),(215,334,151,'1','','','114.183.219.198',NULL,'2025-02-24 02:27:44',1),(216,335,1,'1','','','116.82.94.20',NULL,'2025-02-24 02:55:41',1),(217,336,1,'1','','','116.82.94.20',NULL,'2025-02-24 02:56:28',1),(218,337,151,'1','','','114.183.219.198',NULL,'2025-02-24 06:27:38',1),(219,338,151,'1','','','114.183.219.198',NULL,'2025-02-24 06:44:52',1),(220,339,151,'1','','','114.183.219.198',NULL,'2025-02-24 07:45:25',1),(221,340,151,'1','','','114.183.219.198',NULL,'2025-02-24 07:48:09',1),(222,341,1,'1','','','114.183.219.198',NULL,'2025-02-27 04:15:47',1),(223,342,151,'1','','','114.183.219.198',NULL,'2025-03-03 01:38:19',2),(224,343,151,'1','','','114.183.219.198',NULL,'2025-03-03 06:12:49',2),(225,344,150,'1','','','116.82.94.20',NULL,'2025-03-03 09:29:52',2),(226,344,150,'2','{\"id\":344,\"company_id\":2,\"document_template_id\":182,\"project_id\":null,\"customer_id\":1220,\"trainee_id\":null,\"status\":1,\"type\":null,\"name\":\"\\u53d7\\u5165\\u308c\\u30fb\\u6d3b\\u52d5\\u72b6\\u6cc1\\u306b\\u4fc2\\u308b\\u5c4a\\u51fa\\u66f8_test\",\"form_name\":\"doc-certificate\",\"note\":null,\"created_by_id\":150,\"created_on\":\"2025-03-03\",\"updated_at\":\"2025-03-03T09:29:52.000000Z\",\"updated_by_id\":null,\"updated_on\":null,\"updated_count\":null,\"created_at\":\"2025-03-03T09:29:52.000000Z\",\"table_record_id\":null,\"table_name\":\"App\\\\Models\\\\EtPreProject\"}','{\"id\":344,\"company_id\":2,\"document_template_id\":182,\"project_id\":null,\"customer_id\":1220,\"trainee_id\":null,\"status\":1,\"type\":\"1\",\"name\":\"\\u53d7\\u5165\\u308c\\u30fb\\u6d3b\\u52d5\\u72b6\\u6cc1\\u306b\\u4fc2\\u308b\\u5c4a\\u51fa\\u66f8_test\",\"form_name\":\"doc-certificate\",\"note\":null,\"created_by_id\":150,\"created_on\":\"2025-03-03\",\"updated_at\":\"2025-03-03 18:29:52\",\"updated_by_id\":null,\"updated_on\":null,\"updated_count\":null,\"created_at\":\"2025-03-03 18:29:52\",\"table_record_id\":null,\"table_name\":\"App\\\\Models\\\\EtPreProject\"}','116.82.94.20',NULL,'2025-03-03 09:30:35',2);

--
