-- Dumping data for table `et_doc_hiring_request_form`
--

INSERT INTO `et_doc_hiring_request_form` VALUES (1,NULL,NULL,NULL,151,1,25,'おおの','大野','0854444','おおの','大野','おおの','大野','トウキョウ','tokyo','たなか','田中','あbs会社','なかななｋ','1','1','30','40','2',1,1,1,1,1,1,1,1,1,1,'160','60','AA',1,1,1,1,'thai',1,1,1,1,'ahadhf',1,'20000','1000',1,'10000',1,'1300','30000','30000',1,'2000',1,'20000',1,1,1,1,1,NULL,1,'ádasd','1','20000','2000','3000','1500','12','10','200000','25','25','1','','9','00','17','00','8','00','170','60','170','50','220','0006-02-01','tokyou','ABC','takana','035488','00','nashi','20000','20000','05755','1000');

--
-- Table structure for table `et_doc_intention_agreement`
--

CREATE TABLE `et_doc_intention_agreement` (
  `id` int NOT NULL AUTO_INCREMENT,
  `deadline_date` date DEFAULT NULL,
  `returncountry_date` date DEFAULT NULL,
  `reason_otherlang` text CHARACTER SET utf8mb4 COLLATE utf8mb4_unicode_ci,
  `reason_jp` text CHARACTER SET utf8mb4 COLLATE utf8mb4_unicode_ci,
  `person_type` int DEFAULT NULL COMMENT '1:監理団体,  2:実習実施者',
  `person_name` varchar(255) CHARACTER SET utf8mb4 COLLATE utf8mb4_unicode_ci DEFAULT NULL,
  `sign_date` date DEFAULT NULL,
  `sign_name` varchar(255) CHARACTER SET utf8mb4 COLLATE utf8mb4_unicode_ci DEFAULT NULL,
  `customer_sign_name` varchar(255) CHARACTER SET utf8mb4 COLLATE utf8mb4_unicode_ci DEFAULT NULL,
  `note` varchar(255) CHARACTER SET utf8mb4 COLLATE utf8mb4_unicode_ci DEFAULT NULL,
  `created_at` timestamp NULL DEFAULT NULL,
  `created_by_id` bigint DEFAULT NULL,
  `updated_at` int DEFAULT NULL,
  `updated_by_id` bigint DEFAULT NULL,
  `company_id` bigint DEFAULT NULL,
  `updated_count` int NOT NULL DEFAULT '0',
  PRIMARY KEY (`id`)
) ENGINE=InnoDB AUTO_INCREMENT=3 DEFAULT CHARSET=utf8mb4 COLLATE=utf8mb4_unicode_ci;

--
-- Dumping data for table `et_doc_intention_agreement`
--

INSERT INTO `et_doc_intention_agreement` VALUES (1,'2024-06-20','2024-06-21','dsa','dsa',2,'dsa','2024-06-22','dsadsa','dsa',NULL,NULL,NULL,NULL,NULL,NULL,0),(2,NULL,NULL,NULL,NULL,2,NULL,NULL,NULL,NULL,NULL,NULL,NULL,NULL,NULL,NULL,0);

--
-- Table structure for table `et_doc_kumiai_change_info_application`
--

CREATE TABLE `et_doc_kumiai_change_info_application` (
  `id` int NOT NULL AUTO_INCREMENT,
  `date` date DEFAULT NULL,
  `name` varchar(255) CHARACTER SET utf8mb4 COLLATE utf8mb4_unicode_ci DEFAULT NULL,
  `number` varchar(255) CHARACTER SET utf8mb4 COLLATE utf8mb4_unicode_ci DEFAULT NULL,
  `permission_date` date DEFAULT NULL,
  `customer_name` varchar(255) CHARACTER SET utf8mb4 COLLATE utf8mb4_unicode_ci DEFAULT NULL,
  `customer_name_furigana` varchar(255) CHARACTER SET utf8mb4 COLLATE utf8mb4_unicode_ci DEFAULT NULL,
  `customer_postcode` varchar(255) CHARACTER SET utf8mb4 COLLATE utf8mb4_unicode_ci DEFAULT NULL,
  `customer_address` varchar(255) CHARACTER SET utf8mb4 COLLATE utf8mb4_unicode_ci DEFAULT NULL,
  `customer_tel` varchar(255) CHARACTER SET utf8mb4 COLLATE utf8mb4_unicode_ci DEFAULT NULL,
  `condition_type` varchar(255) CHARACTER SET utf8mb4 COLLATE utf8mb4_unicode_ci DEFAULT NULL,
  `condition_type_3_note` varchar(255) CHARACTER SET utf8mb4 COLLATE utf8mb4_unicode_ci DEFAULT NULL,
  `reason_type` varchar(255) CHARACTER SET utf8mb4 COLLATE utf8mb4_unicode_ci DEFAULT NULL,
  `reason_type_jobtype` varchar(255) CHARACTER SET utf8mb4 COLLATE utf8mb4_unicode_ci DEFAULT NULL,
  `reason_type_content` varchar(255) CHARACTER SET utf8mb4 COLLATE utf8mb4_unicode_ci DEFAULT NULL,
  `reason_type_2_note` varchar(255) CHARACTER SET utf8mb4 COLLATE utf8mb4_unicode_ci DEFAULT NULL,
  `note` varchar(255) CHARACTER SET utf8mb4 COLLATE utf8mb4_unicode_ci DEFAULT NULL,
  `created_at` timestamp NULL DEFAULT NULL,
  `created_by_id` bigint DEFAULT NULL,
  `updated_at` int DEFAULT NULL,
  `updated_by_id` bigint DEFAULT NULL,
  `company_id` bigint DEFAULT NULL,
  `updated_count` int NOT NULL DEFAULT '0',
  `reason_type_jobtype_id` bigint DEFAULT NULL,
  PRIMARY KEY (`id`)
) ENGINE=InnoDB AUTO_INCREMENT=3 DEFAULT CHARSET=utf8mb4 COLLATE=utf8mb4_unicode_ci;

--
-- Dumping data for table `et_doc_kumiai_change_info_application`
--

INSERT INTO `et_doc_kumiai_change_info_application` VALUES (1,'2024-07-08','name','321321','2024-07-09','customer_name','customer_name_furigana','321 ― 3213','customer_address','321 ― 3213 ― 2132','3','condition_type_3_note','1','果 樹','耕種農業','test','note',NULL,NULL,NULL,NULL,NULL,0,4),(2,NULL,NULL,NULL,NULL,NULL,NULL,NULL,NULL,NULL,'1',NULL,'2','果 樹','耕種農業',NULL,NULL,NULL,NULL,NULL,NULL,NULL,0,4);

--
-- Table structure for table `et_doc_kumiai_expense_management`
--

CREATE TABLE `et_doc_kumiai_expense_management` (
  `id` int NOT NULL AUTO_INCREMENT,
  `date_from` date DEFAULT NULL,
  `date_to` date DEFAULT NULL,
  `shoukai_1_bank_in` int DEFAULT NULL,
  `shoukai_1_bank_out` int DEFAULT NULL,
  `shoukai_2_bank_in` int DEFAULT NULL,
  `shoukai_2_bank_out` int DEFAULT NULL,
  `shoukai_3_bank_in` int DEFAULT NULL,
  `shoukai_3_bank_out` int DEFAULT NULL,
  `shoukai_4_bank_in` int DEFAULT NULL,
  `shoukai_4_bank_out` int DEFAULT NULL,
  `semina_1_bank_in` int DEFAULT NULL,
  `semina_1_bank_out` int DEFAULT NULL,
  `semina_2_bank_in` int DEFAULT NULL,
  `semina_2_bank_out` int DEFAULT NULL,
  `semina_3_bank_in` int DEFAULT NULL,
  `semina_3_bank_out` int DEFAULT NULL,
  `semina_4_bank_in` int DEFAULT NULL,
  `semina_4_bank_out` int DEFAULT NULL,
  `auth_1_bank_in` int DEFAULT NULL,
  `auth_1_bank_out` int DEFAULT NULL,
  `auth_2_bank_in` int DEFAULT NULL,
  `auth_2_bank_out` int DEFAULT NULL,
  `auth_3_bank_in` int DEFAULT NULL,
  `auth_3_bank_out` int DEFAULT NULL,
  `other_1_bank_in` int DEFAULT NULL,
  `other_1_bank_out` int DEFAULT NULL,
  `other_2_bank_in` int DEFAULT NULL,
  `other_2_bank_out` int DEFAULT NULL,
  `other_3_bank_in` int DEFAULT NULL,
  `other_3_bank_out` int DEFAULT NULL,
  `other_4_bank_in` int DEFAULT NULL,
  `other_4_bank_out` int DEFAULT NULL,
  `other_5_bank_in` int DEFAULT NULL,
  `other_5_bank_out` int DEFAULT NULL,
  `created_at` timestamp NULL DEFAULT NULL,
  `created_by_id` bigint DEFAULT NULL,
  `updated_at` int DEFAULT NULL,
  `updated_by_id` bigint DEFAULT NULL,
  `company_id` bigint DEFAULT NULL,
  `updated_count` int NOT NULL DEFAULT '0',
  PRIMARY KEY (`id`)
) ENGINE=InnoDB AUTO_INCREMENT=3 DEFAULT CHARSET=utf8mb4 COLLATE=utf8mb4_unicode_ci;

--
-- Dumping data for table `et_doc_kumiai_expense_management`
--

INSERT INTO `et_doc_kumiai_expense_management` VALUES (1,'2024-07-17','2024-07-17',1,1,2,2,3,3,4,4,1,1,2,2,3,3,4,4,1,1,2,2,3,NULL,11,11,12,2,3,3,244,4,5,5,NULL,NULL,NULL,1,1,1),(2,'2024-09-01','2024-09-02',1000,1000,1000,1000,1000,1000,1000,1000,1000,1000,1000,1000,1000,1000,1000,1000,1000,1000,1000,1000,1000,1000,1000,1000,1000,1000,1000,1000,1000,1000,1000,1000,NULL,NULL,NULL,1,1,5);

--
-- Table structure for table `et_doc_kumiai_jobtype_scope`
--

CREATE TABLE `et_doc_kumiai_jobtype_scope` (
  `id` int NOT NULL AUTO_INCREMENT,
  `check_1_1_1` tinyint(1) DEFAULT NULL,
  `check_1_1_2` tinyint(1) DEFAULT NULL,
  `check_1_1_3` tinyint(1) DEFAULT NULL,
  `check_1_2_1` tinyint(1) DEFAULT NULL,
  `check_1_2_2` tinyint(1) DEFAULT NULL,
  `check_1_2_3` tinyint(1) DEFAULT NULL,
  `check_2_1_1` tinyint(1) DEFAULT NULL,
  `check_2_1_2` tinyint DEFAULT NULL,
  `check_2_1_3` tinyint DEFAULT NULL,
  `check_2_1_4` tinyint DEFAULT NULL,
  `check_2_1_5` tinyint DEFAULT NULL,
  `check_2_1_6` tinyint DEFAULT NULL,
  `check_2_1_7` tinyint DEFAULT NULL,
  `check_2_1_8` tinyint DEFAULT NULL,
  `check_2_1_9` tinyint DEFAULT NULL,
  `check_2_2_1` tinyint DEFAULT NULL,
  `check_3_1_1` tinyint DEFAULT NULL,
  `check_3_1_2` tinyint DEFAULT NULL,
  `check_3_2_1` tinyint DEFAULT NULL,
  `check_3_2_2` tinyint DEFAULT NULL,
  `check_3_3_1` tinyint DEFAULT NULL,
  `check_3_4_1` tinyint DEFAULT NULL,
  `check_3_5_1` tinyint DEFAULT NULL,
  `check_3_6_1` tinyint DEFAULT NULL,
  `check_3_7_1` tinyint DEFAULT NULL,
  `check_3_8_1` tinyint DEFAULT NULL,
  `check_3_9_1` tinyint DEFAULT NULL,
  `check_3_9_2` tinyint(1) DEFAULT NULL,
  `check_3_10_1` tinyint(1) DEFAULT NULL,
  `check_3_11_1` tinyint(1) DEFAULT NULL,
  `check_3_12_1` tinyint(1) DEFAULT NULL,
  `check_3_13_1` tinyint(1) DEFAULT NULL,
  `check_3_13_2` tinyint(1) DEFAULT NULL,
  `check_3_14_1` tinyint(1) DEFAULT NULL,
  `check_3_15_1` tinyint(1) DEFAULT NULL,
  `check_3_15_2` tinyint(1) DEFAULT NULL,
  `check_3_15_3` tinyint(1) DEFAULT NULL,
  `check_3_15_4` tinyint(1) DEFAULT NULL,
  `check_3_15_5` tinyint(1) DEFAULT NULL,
  `check_3_16_1` tinyint(1) DEFAULT NULL,
  `check_3_17_1` tinyint(1) DEFAULT NULL,
  `check_3_18_1` tinyint(1) DEFAULT NULL,
  `check_3_19_1` tinyint(1) DEFAULT NULL,
  `check_3_20_1` tinyint(1) DEFAULT NULL,
  `check_3_21_1` tinyint(1) DEFAULT NULL,
  `check_3_21_2` tinyint(1) DEFAULT NULL,
  `check_3_21_3` tinyint(1) DEFAULT NULL,
  `check_3_21_4` tinyint(1) DEFAULT NULL,
  `check_3_22_1` tinyint(1) DEFAULT NULL,
  `check_4_1_1` tinyint(1) DEFAULT NULL,
  `check_4_2_1` tinyint(1) DEFAULT NULL,
  `check_4_3_1` tinyint(1) DEFAULT NULL,
  `check_4_3_2` tinyint(1) DEFAULT NULL,
  `check_4_3_3` tinyint(1) DEFAULT NULL,
  `check_4_3_4` tinyint(1) DEFAULT NULL,
  `check_4_4_1` tinyint(1) DEFAULT NULL,
  `check_4_4_2` tinyint(1) DEFAULT NULL,
  `check_4_4_3` tinyint(1) DEFAULT NULL,
  `check_4_4_4` tinyint(1) DEFAULT NULL,
  `check_4_4_5` tinyint(1) DEFAULT NULL,
  `check_4_5_1` tinyint(1) DEFAULT NULL,
  `check_4_6_1` tinyint(1) DEFAULT NULL,
  `check_4_7_1` tinyint(1) DEFAULT NULL,
  `check_4_8_1` tinyint(1) DEFAULT NULL,
  `check_4_9_1` tinyint(1) DEFAULT NULL,
  `check_4_10_1` tinyint(1) DEFAULT NULL,
  `check_4_11_1` tinyint(1) DEFAULT NULL,
  `check_5_1_1` tinyint(1) DEFAULT NULL,
  `check_5_1_2` tinyint(1) DEFAULT NULL,
  `check_5_1_3` tinyint(1) DEFAULT NULL,
  `check_5_1_4` tinyint(1) DEFAULT NULL,
  `check_5_2_1` tinyint(1) DEFAULT NULL,
  `check_5_2_2` tinyint(1) DEFAULT NULL,
  `check_5_2_3` tinyint(1) DEFAULT NULL,
  `check_5_3_1` tinyint(1) DEFAULT NULL,
  `check_5_3_2` tinyint(1) DEFAULT NULL,
  `check_5_4_1` tinyint(1) DEFAULT NULL,
  `check_5_4_2` tinyint(1) DEFAULT NULL,
  `check_5_5_1` tinyint(1) DEFAULT NULL,
  `check_5_6_1` tinyint(1) DEFAULT NULL,
  `check_5_7_1` tinyint(1) DEFAULT NULL,
  `check_5_8_1` tinyint(1) DEFAULT NULL,
  `check_5_9_1` tinyint(1) DEFAULT NULL,
  `check_5_10_1` tinyint(1) DEFAULT NULL,
  `check_5_10_2` tinyint(1) DEFAULT NULL,
  `check_5_10_3` tinyint(1) DEFAULT NULL,
  `check_5_11_1` tinyint(1) DEFAULT NULL,
  `check_5_12_1` tinyint(1) DEFAULT NULL,
  `check_5_13_1` tinyint(1) DEFAULT NULL,
  `check_6_1_1` tinyint(1) DEFAULT NULL,
  `check_6_1_2` tinyint(1) DEFAULT NULL,
  `check_6_2_1` tinyint(1) DEFAULT NULL,
  `check_6_2_2` tinyint(1) DEFAULT NULL,
  `check_6_3_1` tinyint(1) DEFAULT NULL,
  `check_6_3_2` tinyint(1) DEFAULT NULL,
  `check_6_4_1` tinyint(1) DEFAULT NULL,
  `check_6_4_2` tinyint(1) DEFAULT NULL,
  `check_6_4_3` tinyint(1) DEFAULT NULL,
  `check_6_4_4` tinyint(1) DEFAULT NULL,
  `check_6_5_1` tinyint(1) DEFAULT NULL,
  `check_6_6_1` tinyint(1) DEFAULT NULL,
  `check_6_7_1` tinyint(1) DEFAULT NULL,
  `check_6_8_1` tinyint(1) DEFAULT NULL,
  `check_6_8_2` tinyint(1) DEFAULT NULL,
  `check_6_9_1` tinyint(1) DEFAULT NULL,
  `check_6_10_1` tinyint(1) DEFAULT NULL,
  `check_6_10_2` tinyint(1) DEFAULT NULL,
  `check_6_10_3` tinyint(1) DEFAULT NULL,
  `check_6_11_1` tinyint(1) DEFAULT NULL,
  `check_6_12_1` tinyint(1) DEFAULT NULL,
  `check_6_13_1` tinyint(1) DEFAULT NULL,
  `check_6_14_1` tinyint(1) DEFAULT NULL,
  `check_6_14_2` tinyint(1) DEFAULT NULL,
  `check_6_14_3` tinyint(1) DEFAULT NULL,
  `check_6_14_4` tinyint(1) DEFAULT NULL,
  `check_6_14_5` tinyint(1) DEFAULT NULL,
  `check_6_15_1` tinyint(1) DEFAULT NULL,
  `check_6_15_2` tinyint(1) DEFAULT NULL,
  `check_6_16_1` tinyint(1) DEFAULT NULL,
  `check_6_16_2` tinyint(1) DEFAULT NULL,
  `check_6_17_1` tinyint(1) DEFAULT NULL,
  `check_6_17_2` tinyint(1) DEFAULT NULL,
  `check_6_17_3` tinyint(1) DEFAULT NULL,
  `check_7_1_1` tinyint(1) DEFAULT NULL,
  `check_7_2_1` tinyint(1) DEFAULT NULL,
  `check_7_2_2` tinyint(1) DEFAULT NULL,
  `check_7_3_1` tinyint(1) DEFAULT NULL,
  `check_7_4_1` tinyint(1) DEFAULT NULL,
  `check_7_4_2` tinyint(1) DEFAULT NULL,
  `check_7_4_3` tinyint(1) DEFAULT NULL,
  `check_7_4_4` tinyint(1) DEFAULT NULL,
  `check_7_5_1` tinyint(1) DEFAULT NULL,
  `check_7_6_1` tinyint(1) DEFAULT NULL,
  `check_7_6_2` tinyint(1) DEFAULT NULL,
  `check_7_6_3` tinyint(1) DEFAULT NULL,
  `check_7_6_4` tinyint(1) DEFAULT NULL,
  `check_7_7_1` tinyint(1) DEFAULT NULL,
  `check_7_7_2` tinyint(1) DEFAULT NULL,
  `check_7_8_1` tinyint(1) DEFAULT NULL,
  `check_7_9_1` tinyint(1) DEFAULT NULL,
  `check_7_9_2` tinyint(1) DEFAULT NULL,
  `check_7_9_3` tinyint(1) DEFAULT NULL,
  `check_7_9_4` tinyint(1) DEFAULT NULL,
  `check_7_10_1` tinyint(1) DEFAULT NULL,
  `check_7_10_2` tinyint(1) DEFAULT NULL,
  `check_7_10_3` tinyint(1) DEFAULT NULL,
  `check_7_11_1` tinyint(1) DEFAULT NULL,
  `check_7_12_1` tinyint(1) DEFAULT NULL,
  `check_7_13_1` tinyint(1) DEFAULT NULL,
  `check_7_14_1` tinyint(1) DEFAULT NULL,
  `check_7_15_1` tinyint(1) DEFAULT NULL,
  `check_7_16_1` tinyint(1) DEFAULT NULL,
  `check_7_17_1` tinyint(1) DEFAULT NULL,
  `check_7_18_1` tinyint(1) DEFAULT NULL,
  `check_7_19_1` tinyint(1) DEFAULT NULL,
  `check_7_19_2` tinyint(1) DEFAULT NULL,
  `check_7_19_3` tinyint(1) DEFAULT NULL,
  `check_7_19_4` tinyint(1) DEFAULT NULL,
  `check_7_20_1` tinyint(1) DEFAULT NULL,
  `check_7_20_2` tinyint(1) DEFAULT NULL,
  `check_7_21_1` tinyint(1) DEFAULT NULL,
  `check_99_1_1` tinyint(1) DEFAULT NULL,
  `check_99_1_2` tinyint(1) DEFAULT NULL,
  `check_99_1_3` tinyint(1) DEFAULT NULL,
  `check_99_2_1` tinyint(1) DEFAULT NULL,
  `check_9_9` tinyint(1) DEFAULT NULL,
  `sign_date` date DEFAULT NULL,
  `sign_customer_name` varchar(255) CHARACTER SET utf8mb4 COLLATE utf8mb4_unicode_ci DEFAULT NULL,
  `sign_director_name` varchar(255) CHARACTER SET utf8mb4 COLLATE utf8mb4_unicode_ci DEFAULT NULL,
  `created_at` timestamp NULL DEFAULT NULL,
  `created_by_id` bigint DEFAULT NULL,
  `updated_at` int DEFAULT NULL,
  `updated_by_id` bigint DEFAULT NULL,
  `company_id` bigint DEFAULT NULL,
  `updated_count` int NOT NULL DEFAULT '0',
  PRIMARY KEY (`id`)
) ENGINE=InnoDB AUTO_INCREMENT=3 DEFAULT CHARSET=utf8mb4 COLLATE=utf8mb4_unicode_ci;

--
-- Dumping data for table `et_doc_kumiai_jobtype_scope`
--

INSERT INTO `et_doc_kumiai_jobtype_scope` VALUES (1,1,2,2,1,1,2,1,1,2,2,1,2,1,2,1,2,1,1,2,1,1,2,2,1,2,2,2,2,2,1,2,1,2,1,2,1,2,1,2,2,1,1,2,1,2,1,2,1,2,2,2,2,2,2,2,1,2,1,2,2,2,2,1,2,1,2,2,2,2,1,2,1,2,1,2,1,2,2,2,2,2,2,2,2,2,2,2,2,2,2,2,2,2,2,2,1,2,2,2,2,2,2,2,2,2,2,2,1,2,2,2,2,2,2,2,2,2,2,2,2,1,2,2,2,2,2,2,2,2,1,2,2,2,2,2,2,2,2,2,2,2,1,2,2,2,2,2,2,1,2,2,2,2,1,2,2,2,1,2,2,1,2,2,2,2,1,'2024-07-11','sign_customer_name','sign_director_name',NULL,NULL,NULL,NULL,NULL,0),(2,2,1,1,1,2,2,2,2,2,2,2,2,2,2,2,2,2,2,2,2,2,2,2,2,2,2,2,2,2,2,2,2,2,2,2,2,2,2,2,2,2,2,2,2,2,2,2,2,2,2,2,2,2,2,2,2,2,2,2,2,2,2,2,2,2,2,2,2,2,2,2,2,2,2,2,2,2,2,2,2,2,2,2,2,2,2,2,2,2,2,2,2,2,2,2,2,2,2,2,2,2,2,2,2,2,2,2,2,2,2,2,2,2,2,2,2,2,2,2,2,2,2,2,2,2,2,2,2,2,2,2,2,2,2,2,2,2,2,2,2,2,2,2,2,2,2,2,2,2,2,2,2,2,2,2,2,2,2,2,2,2,2,2,2,1,1,'2024-09-10','test1','testt',NULL,NULL,NULL,NULL,NULL,0);

--
-- Table structure for table `et_doc_kumiai_sendingagency_pledge`
--

CREATE TABLE `et_doc_kumiai_sendingagency_pledge` (
  `id` int NOT NULL AUTO_INCREMENT,
  `customer_name` varchar(255) CHARACTER SET utf8mb4 COLLATE utf8mb4_unicode_ci DEFAULT NULL,
  `sign_date` date DEFAULT NULL,
  `sign_name` varchar(255) CHARACTER SET utf8mb4 COLLATE utf8mb4_unicode_ci DEFAULT NULL,
  `sign_director_name` varchar(255) CHARACTER SET utf8mb4 COLLATE utf8mb4_unicode_ci DEFAULT NULL,
  `created_at` timestamp NULL DEFAULT NULL,
  `created_by_id` bigint DEFAULT NULL,
  `updated_at` int DEFAULT NULL,
  `updated_by_id` bigint DEFAULT NULL,
  `company_id` bigint DEFAULT NULL,
  `updated_count` int NOT NULL DEFAULT '0',
  PRIMARY KEY (`id`)
) ENGINE=InnoDB AUTO_INCREMENT=2 DEFAULT CHARSET=utf8mb4 COLLATE=utf8mb4_unicode_ci;

--
-- Dumping data for table `et_doc_kumiai_sendingagency_pledge`
--

INSERT INTO `et_doc_kumiai_sendingagency_pledge` VALUES (1,NULL,NULL,NULL,NULL,NULL,NULL,NULL,1,1,3);

--
-- Table structure for table `et_doc_list_eligible_support_type1`
--

CREATE TABLE `et_doc_list_eligible_support_type1` (
  `name_registration` varchar(255) COLLATE utf8mb4_unicode_ci DEFAULT NULL,
  `name_specific_skills` varchar(255) COLLATE utf8mb4_unicode_ci DEFAULT NULL,
  `name` text COLLATE utf8mb4_unicode_ci,
  `ge` text COLLATE utf8mb4_unicode_ci,
  `nr` text COLLATE utf8mb4_unicode_ci,
  `date_birth` text COLLATE utf8mb4_unicode_ci,
  `rcn` text COLLATE utf8mb4_unicode_ci,
  `imple` text COLLATE utf8mb4_unicode_ci,
  `pro` text COLLATE utf8mb4_unicode_ci,
  `no_pro` text COLLATE utf8mb4_unicode_ci,
  `code` text COLLATE utf8mb4_unicode_ci,
  `address` text COLLATE utf8mb4_unicode_ci,
  `telephone` text COLLATE utf8mb4_unicode_ci,
  `customer_id` bigint DEFAULT NULL,
  `created_by_id` bigint DEFAULT NULL,
  `created_at` timestamp NULL DEFAULT CURRENT_TIMESTAMP,
  `updated_by_id` bigint DEFAULT NULL,
  `updated_at` timestamp NOT NULL DEFAULT CURRENT_TIMESTAMP,
  `company_id` bigint DEFAULT NULL,
  `updated_count` bigint DEFAULT NULL,
  `id` bigint NOT NULL AUTO_INCREMENT,
  PRIMARY KEY (`id`)
) ENGINE=InnoDB AUTO_INCREMENT=3 DEFAULT CHARSET=utf8mb4 COLLATE=utf8mb4_unicode_ci;

--
-- Dumping data for table `et_doc_list_eligible_support_type1`
--

INSERT INTO `et_doc_list_eligible_support_type1` VALUES ('ABC会社','田中株式会社','[\"NGUYEN  VANA\",\"\\u5165\\u7ba1 \\u592a\\u90ce\",\"\\u4f50\\u85e4\",\"\\u6b66\\u6751\",null,null,null,null,null,null,null,null,null,null]','[\"\\u5973\",\"\\u7537\",\"\\u5973\",\"\\u5973\",null,null,null,null,null,null,null,null,null,null]','[\"\\u30d9\\u30c8\\u30ca\\u30e0\",\"\\u30cd\\u30d1\\u30fc\\u30eb\",\"\\u30d9\\u30c8\\u30ca\\u30e0\",\"\\u30d9\\u30c8\\u30ca\\u30e0\",null,null,null,null,null,null,null,null,null,null]','[\"2000-01-30\",\"1999-01-02\",\"2010-01-28\",\"2000-01-29\",null,null,null,null,null,null,null,null,null,null]','[\"AB125415544a\",\"ABC123AAA\",\"ABC3333AAA\",\"ABC3333AAA\",null,null,null,null,null,null,null,null,null,null]','[\"1\",\"1\",null,null,null,null,null,null,null,null,null,null,null,null]','[null,null,null,null,null,null,null,null,null,null,null,null,null,null]','[null,null,\"1\",\"1\",null,null,null,null,null,null,null,null,null,null]','[\"124144\",\"24545\",\"458-7856\",\"122222\",null,null,null,null,null,null,null,null,null,null]','[\"CHIBA\",\"\\u6771\\u4eac\",\"chiba\",\"chiba\",null,null,null,null,null,null,null,null,null,null]','[\"0829420111\",\"0146215\",\"2314525\",\"1224563\",null,null,null,null,null,null,null,null,null,null]',NULL,NULL,'2025-01-30 08:28:06',151,'2025-01-30 08:28:06',1,2,1),('株式会社ＡｌｐｈａＣｅｐ','島田建工株式会社','[\"NGUYEN VAN SON\",null,null,null,null,null,null,null,null,null,null,null,null,null]','[\"\\u7537\",null,null,null,null,null,null,null,null,null,null,null,null,null]','[\"\\u30d9\\u30c8\\u30ca\\u30e0\",null,null,null,null,null,null,null,null,null,null,null,null,null]','[\"1991-09-22\",null,null,null,null,null,null,null,null,null,null,null,null,null]','[\"SA92594647ED\",null,null,null,null,null,null,null,null,null,null,null,null,null]','[null,null,null,null,null,null,null,null,null,null,null,null,null,null]','[null,null,null,null,null,null,null,null,null,null,null,null,null,null]','[\"1\",null,null,null,null,null,null,null,null,null,null,null,null,null]','[\"333-0834\",null,null,null,null,null,null,null,null,null,null,null,null,null]','[\"\\u57fc\\u7389\\u770c\\u5ddd\\u53e3\\u5e02\\u5927\\u5b57\\u5b89\\u884c\\u9818\\u6839\\u5cb8905\\u756a\\u5730\\u3000\\u30d3\\u30ec\\u30c3\\u30b8\\u30cf\\u30a6\\u30b9\\u6839\\u5cb8\\uff11\\u53f7\\u68df107\\u53f7\",null,null,null,null,null,null,null,null,null,null,null,null,null]','[\"070-8957-5611\",null,null,null,null,null,null,null,null,null,null,null,null,null]',NULL,NULL,'2025-04-03 10:11:29',151,'2025-04-03 10:11:29',2,2,2);

--
-- Table structure for table `et_doc_list_of_accepted_to_residents`
--

CREATE TABLE `et_doc_list_of_accepted_to_residents` (
  `id` bigint NOT NULL AUTO_INCREMENT,
  `date` date DEFAULT NULL,
  `name_specific_skills_organization` text CHARACTER SET utf8mb4 COLLATE utf8mb4_general_ci,
  `responsible_person` text CHARACTER SET utf8mb4 COLLATE utf8mb4_general_ci,
  `name` text CHARACTER SET utf8mb4 COLLATE utf8mb4_general_ci,
  `female_male` text CHARACTER SET utf8mb4 COLLATE utf8mb4_general_ci,
  `dateb` text CHARACTER SET utf8mb4 COLLATE utf8mb4_general_ci,
  `n_r` text CHARACTER SET utf8mb4 COLLATE utf8mb4_general_ci,
  `r_c_n` text CHARACTER SET utf8mb4 COLLATE utf8mb4_general_ci,
  `f_date` text CHARACTER SET utf8mb4 COLLATE utf8mb4_general_ci,
  `t_date` text CHARACTER SET utf8mb4 COLLATE utf8mb4_general_ci,
  `have_none` text CHARACTER SET utf8mb4 COLLATE utf8mb4_general_ci,
  `customer_id` bigint DEFAULT NULL,
  `created_by_id` bigint DEFAULT NULL,
  `created_at` timestamp NOT NULL DEFAULT CURRENT_TIMESTAMP,
  `updated_by_id` bigint DEFAULT NULL,
  `updated_at` timestamp NOT NULL DEFAULT CURRENT_TIMESTAMP,
  `company_id` bigint DEFAULT NULL,
  `updated_count` bigint DEFAULT NULL,
  PRIMARY KEY (`id`)
) ENGINE=InnoDB AUTO_INCREMENT=4 DEFAULT CHARSET=utf8mb4 COLLATE=utf8mb4_general_ci;

--
-- Dumping data for table `et_doc_list_of_accepted_to_residents`
--

INSERT INTO `et_doc_list_of_accepted_to_residents` VALUES (1,'2024-12-03','0','0','[\"asdasdas\",\"asdasdad\",null,null,null,null,null,null,null,null,null,null,null,null,null]','[\"1\",\"2\",null,null,null,null,null,null,null,null,null,null,null,null,null]','[\"2024-11-11\",\"2024-11-11\",null,null,null,null,null,null,null,null,null,null,null,null,null]','[\"asdasd123\",\"asdasd\",null,null,null,null,null,null,null,null,null,null,null,null,null]','[\"sdfsdfsdf\",\"asdasdas\",null,null,null,null,null,null,null,null,null,null,null,null,null]','[\"2024-01-11\",null,null,null,null,\"0020-03-12\",null,null,null,null,null,null,null,null,null]','[\"2024-11-11\",null,null,null,null,null,null,null,null,null,null,null,null,null,null]','[\"1\",\"2\",null,null,null,\"2\",null,null,null,null,null,null,null,null,null]',NULL,NULL,'2024-12-03 03:06:25',1,'2024-12-03 03:06:25',1,5),(2,'2024-12-18','ONO','take','[\"\\u7530\\u4e2d\",\"\\u30aa\\u30aa\\u30ce\",\"\\u9234\\u6728\",\"TAKAI\",\"SUNI\",\"SONU\",\"TAKEI\",null,null,null,null,null,null,null,null]','[\"\\u7537\\u6027\",\"\\u7537\\u6027\",\"\\u5973\\u6027\",\"\\u7537\\u6027\",\"\\u7537\\u6027\",\"\\u5973\\u6027\",\"\\u7537\\u6027\",null,null,null,null,null,null,null,null]','[\"1985-10-01\",\"1998-01-13\",\"1986-01-02\",\"1998-01-14\",\"1998-01-08\",\"1989-01-16\",\"1990-01-09\",null,null,null,null,null,null,null,null]','[\"\\u30d9\\u30c8\\u30ca\\u30e0\",\"\\u65e5\\u672c\",\"\\u30cd\\u30d1\\u30fc\\u30eb\",\"\\u30cd\\u30d1\\u30fc\\u30eb\",\"\\u30cd\\u30d1\\u30fc\\u30eb\",\"\\u30cd\\u30d1\\u30fc\\u30eb\",\"\\u30cd\\u30d1\\u30fc\\u30eb\",null,null,null,null,null,null,null,null]','[\"AB12345678CD\",\"Akafglakhgfla23\",\"A75354240AD\",\"A75354240EA\",\"A75354240EN\",\"A75354240OK\",\"A7535424KB\",null,null,null,null,null,null,null,null]','[\"2024-12-03\",\"2025-01-07\",\"2025-01-07\",\"2025-01-05\",\"2025-01-02\",\"2025-01-02\",\"2025-01-21\",null,null,null,null,null,null,null,null]','[\"2024-12-31\",\"2025-01-15\",\"2025-01-24\",\"2028-01-31\",\"2029-01-28\",\"2030-01-08\",\"2030-01-22\",null,null,null,null,null,null,null,null]','[\"2\",\"2\",\"1\",\"2\",\"2\",\"1\",\"2\",null,null,null,null,null,null,null,null]',NULL,NULL,'2024-12-18 06:45:12',151,'2024-12-18 06:45:12',1,13),(3,'2025-03-11','島田建工 株式会社','オオノ','[\"\\u5165\\u7ba1 \\u82b1\\u5b50\",null,null,null,null,null,null,null,null,null,null,null,null,null,null]','[\"\\u7537\\u6027\",null,null,null,null,null,null,null,null,null,null,null,null,null,null]','[\"2000-03-11\",null,null,null,null,null,null,null,null,null,null,null,null,null,null]','[\"\\u30d9\\u30c8\\u30ca\\u30e0\",null,null,null,null,null,null,null,null,null,null,null,null,null,null]','[\"AB12345678CD\",null,null,null,null,null,null,null,null,null,null,null,null,null,null]','[\"2000-03-10\",null,null,null,null,null,null,null,null,null,null,null,null,null,null]','[\"2025-03-10\",null,null,null,null,null,null,null,null,null,null,null,null,null,null]','[\"1\",null,null,null,null,null,null,null,null,null,null,null,null,null,null]',NULL,NULL,'2025-03-11 09:38:50',NULL,'2025-03-11 09:38:50',2,0);

--
-- Table structure for table `et_doc_list_people_eligible_support_type1`
--

CREATE TABLE `et_doc_list_people_eligible_support_type1` (
  `name_specific_skills` varchar(255) COLLATE utf8mb4_unicode_ci DEFAULT NULL,
  `name` text COLLATE utf8mb4_unicode_ci,
  `ge` text COLLATE utf8mb4_unicode_ci,
  `nr` text COLLATE utf8mb4_unicode_ci,
  `date_birth` text COLLATE utf8mb4_unicode_ci,
  `rcn` text COLLATE utf8mb4_unicode_ci,
  `imple` text COLLATE utf8mb4_unicode_ci,
  `pro` text COLLATE utf8mb4_unicode_ci,
  `no_pro` text COLLATE utf8mb4_unicode_ci,
  `code` text COLLATE utf8mb4_unicode_ci,
  `address` text COLLATE utf8mb4_unicode_ci,
  `telephone` text COLLATE utf8mb4_unicode_ci,
  `customer_id` bigint DEFAULT NULL,
  `created_by_id` bigint DEFAULT NULL,
  `created_at` timestamp NULL DEFAULT CURRENT_TIMESTAMP,
  `updated_by_id` bigint DEFAULT NULL,
  `updated_at` timestamp NOT NULL DEFAULT CURRENT_TIMESTAMP,
  `company_id` bigint DEFAULT NULL,
  `updated_count` bigint DEFAULT NULL,
  `id` bigint NOT NULL AUTO_INCREMENT,
  PRIMARY KEY (`id`)
) ENGINE=InnoDB AUTO_INCREMENT=4 DEFAULT CHARSET=utf8mb4 COLLATE=utf8mb4_unicode_ci;

--
-- Dumping data for table `et_doc_list_people_eligible_support_type1`
--

INSERT INTO `et_doc_list_people_eligible_support_type1` VALUES ('田中株式会社','[\"NGUYEN  VANA\",\"\\u5165\\u7ba1 \\u592a\\u90ce\",\"\\u4f50\\u85e4\",\"\\u6b66\\u6751\",null,null,null,null,null,null,null,null,null,null]','[\"\\u5973\",\"\\u7537\",\"\\u5973\",\"\\u5973\",null,null,null,null,null,null,null,null,null,null]','[\"\\u30d9\\u30c8\\u30ca\\u30e0\",\"\\u30cd\\u30d1\\u30fc\\u30eb\",\"\\u30d9\\u30c8\\u30ca\\u30e0\",\"\\u30d9\\u30c8\\u30ca\\u30e0\",null,null,null,null,null,null,null,null,null,null]','[\"2000-01-30\",\"1999-01-02\",\"2010-01-28\",\"2000-01-29\",null,null,null,null,null,null,null,null,null,null]','[\"AB125415544a\",\"ABC123AAA\",\"ABC3333AAA\",\"ABC3333AAA\",null,null,null,null,null,null,null,null,null,null]','[\"1\",\"1\",null,null,null,null,null,null,null,null,null,null,null,null]','[null,null,null,null,null,null,null,null,null,null,null,null,null,null]','[null,null,\"1\",\"1\",null,null,null,null,null,null,null,null,null,null]','[\"124144\",\"24545\",\"458-7856\",\"122222\",null,null,null,null,null,null,null,null,null,null]','[\"CHIBA\",\"\\u6771\\u4eac\",\"chiba\",\"chiba\",null,null,null,null,null,null,null,null,null,null]','[\"0829420111\",\"0146215\",\"2314525\",\"1224563\",null,null,null,null,null,null,null,null,null,null]',NULL,NULL,'2025-01-30 08:28:06',151,'2025-01-30 08:28:06',1,2,1),(NULL,'[\"\\u5165\\u7ba1 \\u82b1\\u5b50\",\"\\u5165\\u7ba1 \\u592a\\u90ce\",\"\\u9234\\u6728\",null,null,null,null,null,null,null,null,null,null,null]','[\"\\u5973\",\"\\u7537\",\"\\u5973\",null,null,null,null,null,null,null,null,null,null,null]','[\"\\u30d9\\u30c8\\u30ca\\u30e0\",\"\\u30cd\\u30d1\\u30fc\\u30eb\",\"\\u30d9\\u30c8\\u30ca\\u30e0\",null,null,null,null,null,null,null,null,null,null,null]','[\"2001-02-04\",\"2000-02-11\",\"2022-02-18\",null,null,null,null,null,null,null,null,null,null,null]','[\"AB125415544a\",\"ABC123AAA\",\"ABC3333AAA\",null,null,null,null,null,null,null,null,null,null,null]','[\"1\",null,\"1\",null,null,null,null,null,null,null,null,null,null,null]','[null,\"1\",null,null,null,null,null,null,null,null,null,null,null,null]','[\"1\",null,null,null,null,null,null,null,null,null,null,null,null,null]','[\"124144\",\"456-7593\",\"458-7856\",null,null,null,null,null,null,null,null,null,null,null]','[\"\\u6771\\u4eac\",\"\\u5343\\u8449\",\"chiba\",null,null,null,null,null,null,null,null,null,null,null]','[\"AAAAA\",\"0146215\",\"2314525\",null,null,null,null,null,null,null,null,null,null,null]',NULL,NULL,'2025-02-04 16:09:41',151,'2025-02-04 16:09:41',1,2,2),('Karen Okoshi','[\"Karen Okoshi\",null,null,null,null,null,null,null,null,null,null,null,null,null]','[null,null,null,null,null,null,null,null,null,null,null,null,null,null]','[null,null,null,null,null,null,null,null,null,null,null,null,null,null]','[null,null,null,null,null,null,null,null,null,null,null,null,null,null]','[null,null,null,null,null,null,null,null,null,null,null,null,null,null]','[null,null,null,null,null,null,null,null,null,null,null,null,null,null]','[null,null,null,null,null,null,null,null,null,null,null,null,null,null]','[null,null,null,null,null,null,null,null,null,null,null,null,null,null]','[null,null,null,null,null,null,null,null,null,null,null,null,null,null]','[\"Sakigaoka 2-24-22\",null,null,null,null,null,null,null,null,null,null,null,null,null]','[\"07084848455\",null,null,null,null,null,null,null,null,null,null,null,null,null]',NULL,NULL,'2025-03-29 10:55:36',NULL,'2025-03-29 10:55:36',2,0,3);

--
-- Table structure for table `et_doc_list_received_life_consultation_services`
--

CREATE TABLE `et_doc_list_received_life_consultation_services` (
  `id` bigint NOT NULL AUTO_INCREMENT,
  `date` date DEFAULT NULL,
  `name_specific_skills_organization` text CHARACTER SET utf8mb4 COLLATE utf8mb4_general_ci,
  `responsible_person` text CHARACTER SET utf8mb4 COLLATE utf8mb4_general_ci,
  `name` text CHARACTER SET utf8mb4 COLLATE utf8mb4_general_ci,
  `female_male` text CHARACTER SET utf8mb4 COLLATE utf8mb4_general_ci,
  `dateb` text CHARACTER SET utf8mb4 COLLATE utf8mb4_general_ci,
  `n_r` text CHARACTER SET utf8mb4 COLLATE utf8mb4_general_ci,
  `r_c_n` text CHARACTER SET utf8mb4 COLLATE utf8mb4_general_ci,
  `f_date` text CHARACTER SET utf8mb4 COLLATE utf8mb4_general_ci,
  `t_date` text CHARACTER SET utf8mb4 COLLATE utf8mb4_general_ci,
  `have_none` text CHARACTER SET utf8mb4 COLLATE utf8mb4_general_ci,
  `customer_id` bigint DEFAULT NULL,
  `created_by_id` bigint DEFAULT NULL,
  `created_at` timestamp NOT NULL DEFAULT CURRENT_TIMESTAMP,
  `updated_by_id` bigint DEFAULT NULL,
  `updated_at` timestamp NOT NULL DEFAULT CURRENT_TIMESTAMP,
  `company_id` bigint DEFAULT NULL,
  `updated_count` bigint DEFAULT NULL,
  PRIMARY KEY (`id`)
) ENGINE=InnoDB AUTO_INCREMENT=3 DEFAULT CHARSET=utf8mb4 COLLATE=utf8mb4_general_ci;

--
-- Dumping data for table `et_doc_list_received_life_consultation_services`
--

INSERT INTO `et_doc_list_received_life_consultation_services` VALUES (1,'2024-12-03','0','0','[\"asdasdas\",\"asdasdad\",null,null,null,null,null,null,null,null,null,null,null,null,null]','[\"1\",\"2\",null,null,null,null,null,null,null,null,null,null,null,null,null]','[\"2024-11-11\",\"2024-11-11\",null,null,null,null,null,null,null,null,null,null,null,null,null]','[\"asdasd123\",\"asdasd\",null,null,null,null,null,null,null,null,null,null,null,null,null]','[\"sdfsdfsdf\",\"asdasdas\",null,null,null,null,null,null,null,null,null,null,null,null,null]','[\"2024-01-11\",null,null,null,null,\"0020-03-12\",null,null,null,null,null,null,null,null,null]','[\"2024-11-11\",null,null,null,null,null,null,null,null,null,null,null,null,null,null]','[\"1\",\"2\",null,null,null,\"2\",null,null,null,null,null,null,null,null,null]',NULL,NULL,'2024-12-03 03:06:25',1,'2024-12-03 03:06:25',1,5),(2,'2025-01-03','nipon akabane 株式会社','áđâsd','[\"\\u5165\\u7ba1 \\u82b1\\u5b50\",\"\\u30aa\\u30aa\\u30ce\",\"SUGITA\",\"\\u6b66\\u6751\",null,null,null,null,null,null,null,null,null,null,null]','[\"\\u5973\\u6027\",\"\\u7537\\u6027\",\"\\u7537\\u6027\",\"\\u5973\\u6027\",null,null,null,null,null,null,null,null,null,null,null]','[\"1990-12-18\",\"1978-01-14\",\"2000-01-23\",\"1990-02-11\",null,null,null,null,null,null,null,null,null,null,null]','[\"\\u30d9\\u30c8\\u30ca\\u30e0\",\"\\u65e5\\u672c\",\"\\u30cd\\u30d1\\u30fc\\u30eb\",\"\\u30cd\\u30d1\\u30fc\\u30eb\",null,null,null,null,null,null,null,null,null,null,null]','[\"AB12345678CD\",\"AB1537737CD\",\"A75354240AD\",\"A75354240EA\",null,null,null,null,null,null,null,null,null,null,null]','[\"2025-01-01\",\"2025-01-13\",\"2025-01-30\",\"2025-02-05\",null,null,null,null,null,null,null,null,null,null,null]','[\"2028-08-23\",\"2028-01-05\",\"2027-01-23\",\"2025-07-22\",null,null,null,null,null,null,null,null,null,null,null]','[\"\\u3042\\u3070\\u4f1a\\u793e\",\"OKE\\u4f1a\\u793e\",\"\\u6634\\u4f1a\\u793e\",null,null,null,null,null,null,null,null,null,null,null,null]',NULL,NULL,'2024-12-18 08:04:57',151,'2024-12-18 08:04:57',1,13);

--
-- Table structure for table `et_doc_minister_statement_reasons`
--

CREATE TABLE `et_doc_minister_statement_reasons` (
  `id` int NOT NULL AUTO_INCREMENT,
  `name` varchar(255) CHARACTER SET utf8mb4 COLLATE utf8mb4_unicode_ci DEFAULT NULL,
  `check_1` int DEFAULT NULL,
  `check_1_content` text CHARACTER SET utf8mb4 COLLATE utf8mb4_unicode_ci,
  `check_2` int DEFAULT NULL,
  `check_2_content` text CHARACTER SET utf8mb4 COLLATE utf8mb4_unicode_ci,
  `check_3` tinyint(1) DEFAULT NULL,
  `check_3_content` text CHARACTER SET utf8mb4 COLLATE utf8mb4_unicode_ci,
  `created_at` timestamp NULL DEFAULT NULL,
  `created_by_id` bigint DEFAULT NULL,
  `updated_at` int DEFAULT NULL,
  `updated_by_id` bigint DEFAULT NULL,
  `company_id` bigint DEFAULT NULL,
  `updated_count` int NOT NULL DEFAULT '0',
  PRIMARY KEY (`id`)
) ENGINE=InnoDB AUTO_INCREMENT=3 DEFAULT CHARSET=utf8mb4 COLLATE=utf8mb4_unicode_ci;

--
-- Dumping data for table `et_doc_minister_statement_reasons`
--

INSERT INTO `et_doc_minister_statement_reasons` VALUES (1,'name',1,'これはテスト用のランダムな日本語の文字列です。意味は特にありませんが、文字数を確認するために使用できます。あいうえおかきくけこさしすせそたちつてとなにぬねのはひふへほまみむめもやゆよらりるれろわを\r\nこれはテスト用のランダムな日本語の文字列です。意味は特にありませんが、文字数を確認するために使用できます。あいうえおかきくけこさしすせそたちつてとなにぬねのはひふへほまみむめもやゆよらりるれろわをん。\r\nこれはテスト用のランダムな日本語の文字列です。意味は特にありませんが、文字数を確認するために使用できます。あいうえおかきくけこさしすせそたちつてとなにぬねのはひふへほまみむめもやゆよらりるれろわをん。\r\nこれはテスト用のランダムな日本語の文字列です。意味は特にありませんが、文字数を確認するために使用できます。あいうえおかきくけこさしすせそたちつてとなにぬねのはひふへほまみむめもやゆよらりるれろわをん。',0,'これはテスト用のランダムな日本語の文字列です。意味は特にありませんが、文字数を確認するために使用できます。あいうえおかきくけこさしすせそたちつてとなにぬねのはひふへほまみむめもやゆよらりるれろわをん。',0,'これはテスト用のランダムな日本語の文字列です。意味は特にありませんが、文字数を確認するために使用できます。あいうえおかきくけこさしすせそたちつてとなにぬねのはひふへほまみむめもやゆよらりるれろわをん。',NULL,NULL,NULL,NULL,NULL,0),(2,NULL,0,NULL,0,NULL,0,NULL,NULL,NULL,NULL,NULL,NULL,0);

--
-- Table structure for table `et_doc_multiple_job_reasons`
--

CREATE TABLE `et_doc_multiple_job_reasons` (
  `id` int NOT NULL AUTO_INCREMENT,
  `name` varchar(255) CHARACTER SET utf8mb4 COLLATE utf8mb4_unicode_ci DEFAULT NULL,
  `main_job_number` varchar(255) CHARACTER SET utf8mb4 COLLATE utf8mb4_unicode_ci DEFAULT NULL,
  `main_job_type` varchar(255) CHARACTER SET utf8mb4 COLLATE utf8mb4_unicode_ci DEFAULT NULL,
  `main_job_name` varchar(255) CHARACTER SET utf8mb4 COLLATE utf8mb4_unicode_ci DEFAULT NULL,
  `second_job_number` varchar(255) CHARACTER SET utf8mb4 COLLATE utf8mb4_unicode_ci DEFAULT NULL,
  `second_job_type` varchar(255) CHARACTER SET utf8mb4 COLLATE utf8mb4_unicode_ci DEFAULT NULL,
  `second_job_name` varchar(255) CHARACTER SET utf8mb4 COLLATE utf8mb4_unicode_ci DEFAULT NULL,
  `third_job_number` varchar(255) CHARACTER SET utf8mb4 COLLATE utf8mb4_unicode_ci DEFAULT NULL,
  `third_job_type` varchar(255) CHARACTER SET utf8mb4 COLLATE utf8mb4_unicode_ci DEFAULT NULL,
  `third_job_name` varchar(255) CHARACTER SET utf8mb4 COLLATE utf8mb4_unicode_ci DEFAULT NULL,
  `reason_2` text CHARACTER SET utf8mb4 COLLATE utf8mb4_unicode_ci,
  `reason_3` text CHARACTER SET utf8mb4 COLLATE utf8mb4_unicode_ci,
  `created_at` timestamp NULL DEFAULT NULL,
  `created_by_id` bigint DEFAULT NULL,
  `updated_at` int DEFAULT NULL,
  `updated_by_id` bigint DEFAULT NULL,
  `company_id` bigint DEFAULT NULL,
  `updated_count` int NOT NULL DEFAULT '0',
  `main_job_type_id` bigint DEFAULT NULL,
  `second_job_type_id` bigint DEFAULT NULL,
  `third_job_type_id` bigint DEFAULT NULL,
  PRIMARY KEY (`id`)
) ENGINE=InnoDB AUTO_INCREMENT=3 DEFAULT CHARSET=utf8mb4 COLLATE=utf8mb4_unicode_ci;

--
-- Dumping data for table `et_doc_multiple_job_reasons`
--

INSERT INTO `et_doc_multiple_job_reasons` VALUES (1,'name','2','耕種農業','施設園芸','4','耕種農業','果 樹','20','養殖業','ほたてがい・まがき養殖','これはテスト用のランダムな日本語の文字列です。意味は特にありませんが、文字数を確認するために使用できます。あいうえおかきくけこさしすせそたちつてとなにぬねのはひふへほまみむめもやゆよらりるれろわをん。 これはテスト用のランダムな日本語の文字列です。意味は特にありませんが、文字数を確認するために使用できます。あいうえおかきくけこさしすせそたちつてとなにぬねのはひふへほまみむめもやゆよらりるれろわをん。\r\nこれはテスト用のランダムな日本語の文字列です。意味は特にありませんが、文字数を確認するために使用できます。あいうえおかきくけこさしすせそたちつてとなにぬねのはひふへほまみむめもやゆよらりるれろわをん。\r\nこれはテスト用のランダムな日本語の文字列です。意味は特にありませんが、文字数を確認するために使用できます。あいうえおかきくけこさしすせそたちつてとなにぬねのはひふへほまみむめもやゆよらりるれろわをん。\r\nこれはテスト用のランダムな日本語の文字列です。意味は特にありませんが、文字数を確認するために使用できます。あいうえおかきくけこさしすせそたちつてとなにぬねのはひふへほまみむめもやゆよらりるれろわをん。','これはテスト用のランダムな日本語の文字列です。意味は特にありませんが、文字数を確認するために使用できます。あいうえおかきくけこさしすせそたちつてとなにぬねのはひふへほまみむめもやゆよらりるれろわをん。',NULL,NULL,NULL,NULL,NULL,0,NULL,NULL,NULL),(2,NULL,NULL,'耕種農業','畑作・野菜',NULL,'漁船漁業','かつお一本釣り漁業',NULL,'漁船漁業','ひき網漁業',NULL,NULL,NULL,NULL,NULL,NULL,NULL,0,NULL,NULL,NULL);

--
-- Table structure for table `et_doc_notification_acceptance_activity_status`
--

CREATE TABLE `et_doc_notification_acceptance_activity_status` (
  `id` int NOT NULL AUTO_INCREMENT,
  `quarter` varchar(100) CHARACTER SET utf8mb4 COLLATE utf8mb4_general_ci DEFAULT NULL,
  `corporate_number` varchar(255) CHARACTER SET utf8mb4 COLLATE utf8mb4_general_ci DEFAULT NULL,
  `specific_industry_field` varchar(255) CHARACTER SET utf8mb4 COLLATE utf8mb4_general_ci DEFAULT NULL,
  `name` varchar(255) CHARACTER SET utf8mb4 COLLATE utf8mb4_general_ci DEFAULT NULL,
  `accommodation` varchar(255) CHARACTER SET utf8mb4 COLLATE utf8mb4_general_ci DEFAULT NULL,
  `accommodation_tel` varchar(255) CHARACTER SET utf8mb4 COLLATE utf8mb4_general_ci DEFAULT NULL,
  `specified_skilled_foreign_1` int DEFAULT NULL,
  `specified_skilled_foreign_2` int DEFAULT NULL,
  `specified_skilled_foreign_3` int DEFAULT NULL,
  `specified_skilled_foreign_4` int DEFAULT NULL,
  `specified_skilled_foreign_5` int DEFAULT NULL,
  `specified_skilled_foreign_6` int DEFAULT NULL,
  `application_worker_1` int DEFAULT NULL,
  `application_worker_2` int DEFAULT NULL,
  `regarding_social_insurance_1` int DEFAULT NULL,
  `regarding_social_insurance_2` int DEFAULT NULL,
  `regarding_social_insurance_3` int DEFAULT NULL,
  `social_insurance_premium_1` int DEFAULT NULL,
  `social_insurance_premium_2` int DEFAULT NULL,
  `tax_payment_status_1` int DEFAULT NULL,
  `tax_payment_status_2` int DEFAULT NULL,
  `tax_payment_status_3` int DEFAULT NULL,
  `tax_payment_status_4` int DEFAULT NULL,
  `safety_health_status_1` int DEFAULT NULL,
  `safety_health_status_2` int DEFAULT NULL,
  `name_specific_skills_organization` varchar(255) CHARACTER SET utf8mb4 COLLATE utf8mb4_general_ci DEFAULT NULL,
  `name_create_document` varchar(255) CHARACTER SET utf8mb4 COLLATE utf8mb4_general_ci DEFAULT NULL,
  `tel` varchar(255) CHARACTER SET utf8mb4 COLLATE utf8mb4_general_ci DEFAULT NULL,
  `sign_name` varchar(255) CHARACTER SET utf8mb4 COLLATE utf8mb4_general_ci DEFAULT NULL,
  `sign_date` date DEFAULT NULL,
  `created_at` datetime DEFAULT NULL,
  `created_by_id` bigint DEFAULT NULL,
  `updated_by_id` bigint DEFAULT NULL,
  `updated_at` datetime DEFAULT NULL,
  `company_id` bigint DEFAULT NULL,
  `updated_count` int DEFAULT NULL,
  `name2` varchar(255) CHARACTER SET utf8mb4 COLLATE utf8mb4_general_ci DEFAULT NULL,
  `code` varchar(20) CHARACTER SET utf8mb4 COLLATE utf8mb4_general_ci DEFAULT NULL,
  `spec` text CHARACTER SET utf8mb4 COLLATE utf8mb4_general_ci,
  `spec_2` text CHARACTER SET utf8mb4 COLLATE utf8mb4_general_ci,
  `empl` text CHARACTER SET utf8mb4 COLLATE utf8mb4_general_ci,
  `foreign` text CHARACTER SET utf8mb4 COLLATE utf8mb4_general_ci,
  `enga` text CHARACTER SET utf8mb4 COLLATE utf8mb4_general_ci,
  `same` text CHARACTER SET utf8mb4 COLLATE utf8mb4_general_ci,
  `those` text CHARACTER SET utf8mb4 COLLATE utf8mb4_general_ci,
  `no` varchar(20) CHARACTER SET utf8mb4 COLLATE utf8mb4_general_ci DEFAULT NULL,
  `any_format` varchar(100) CHARACTER SET utf8mb4 COLLATE utf8mb4_general_ci DEFAULT NULL,
  `costs` varchar(100) CHARACTER SET utf8mb4 COLLATE utf8mb4_general_ci DEFAULT NULL,
  `number` varchar(100) CHARACTER SET utf8mb4 COLLATE utf8mb4_general_ci DEFAULT NULL,
  `expenses` varchar(100) CHARACTER SET utf8mb4 COLLATE utf8mb4_general_ci DEFAULT NULL,
  `share` varchar(100) CHARACTER SET utf8mb4 COLLATE utf8mb4_general_ci DEFAULT NULL,
  `people` varchar(100) CHARACTER SET utf8mb4 COLLATE utf8mb4_general_ci DEFAULT NULL,
  `specified1` varchar(100) CHARACTER SET utf8mb4 COLLATE utf8mb4_general_ci DEFAULT NULL,
  `specified2` varchar(100) CHARACTER SET utf8mb4 COLLATE utf8mb4_general_ci DEFAULT NULL,
  `other_eligibility_matters` varchar(100) CHARACTER SET utf8mb4 COLLATE utf8mb4_general_ci DEFAULT NULL,
  `full_name` varchar(100) CHARACTER SET utf8mb4 COLLATE utf8mb4_general_ci DEFAULT NULL,
  `job_title` varchar(100) CHARACTER SET utf8mb4 COLLATE utf8mb4_general_ci DEFAULT NULL,
  `office` varchar(100) CHARACTER SET utf8mb4 COLLATE utf8mb4_general_ci DEFAULT NULL,
  `cell_phone` varchar(100) CHARACTER SET utf8mb4 COLLATE utf8mb4_general_ci DEFAULT NULL,
  PRIMARY KEY (`id`)
) ENGINE=InnoDB AUTO_INCREMENT=15 DEFAULT CHARSET=utf8mb4 COLLATE=utf8mb4_general_ci;

--
-- Dumping data for table `et_doc_notification_acceptance_activity_status`
--

INSERT INTO `et_doc_notification_acceptance_activity_status` VALUES (1,'2024','1030001082950','建設分野','しまだ けんこう かぶしきがいしゃ','埼玉県川口市木曽呂１６７番地の３','048－452－8015',1,NULL,1,NULL,NULL,NULL,1,NULL,1,NULL,NULL,1,NULL,1,NULL,NULL,NULL,1,NULL,'ABC会社','上野','058-789-1555','アン','2025-01-01',NULL,NULL,151,NULL,1,21,'島田建工 株式会社','333－0831','[\"1\",null,null,null,null]','[\"0\",null,null]','[\"3\",null,null]','[null,\"1\",null]','[null,null,null]','[null,null,null]','[\"4\",\"1\",null]','4','','30000','1',NULL,NULL,NULL,NULL,NULL,'','入江省吾','代表取締役','048-452-8015',NULL),(2,'2025','01234567890','外食業分野','かぶしきがいしゃ にゅうかん','東京都港区港南５丁目５番３０号','０３５７９６７１２５',NULL,NULL,NULL,NULL,NULL,NULL,NULL,NULL,NULL,NULL,NULL,NULL,NULL,NULL,NULL,NULL,NULL,NULL,NULL,NULL,NULL,NULL,NULL,NULL,NULL,NULL,150,NULL,2,3,'株式会社 入管','１０８８２５５','[null,\"[null,null,null]\",null,null,null]','[null,null,null]','[null,null,null]','[null,null,null]','[null,null,null]','[null,null,null]','[null,null,null]','1','',NULL,NULL,NULL,NULL,NULL,NULL,NULL,'',NULL,NULL,NULL,NULL),(3,'2024','1204530000001','建設分野','nakano','大阪府新宿区３－１０－６','082-9420000',NULL,NULL,1,NULL,NULL,NULL,1,NULL,NULL,1,NULL,NULL,1,NULL,NULL,1,NULL,1,NULL,'TANAKA会社','入江 省吾','0826464','入江 省吾','2025-03-12',NULL,NULL,151,NULL,2,6,'入管 太郎','033-1244','[\"1\",\"2\",null,null,null]','[\"0\",null,null]','[null,null,null]','[null,null,null]','[null,null,null]','[null,null,null]','[null,null,null]','4','','10000','1','3000','3000','1','1','10','','オオノ','代表取締役 takao','０３－５７９６－７１２５','０９０－１２３４－５６７８'),(4,'2025','7040002032551','建設分野','ゆうげんがいしゃ　いたくらどぼく','千葉県市川市柏井町２ー６８０−５','047-338-5986',1,NULL,NULL,NULL,NULL,NULL,1,NULL,1,NULL,NULL,1,NULL,1,NULL,1,NULL,1,NULL,'有限会社　板倉土木','板倉 信広','047-338-5986',NULL,'2025-04-07',NULL,NULL,151,NULL,2,6,'有限会社　板倉土木','272 - 0802','[\"2\",null,null,null,null]','[\"0\",null,null]','[\"2\",null,null]','[null,null,null]','[null,null,null]','[null,null,null]','[\"4\",null,null]','1','','20000','2',NULL,NULL,NULL,NULL,NULL,'','板倉 信広','代表取締役','047-338-5986',NULL),(5,'2024',NULL,NULL,NULL,NULL,NULL,NULL,NULL,NULL,NULL,NULL,NULL,NULL,NULL,NULL,NULL,NULL,NULL,NULL,NULL,NULL,NULL,NULL,NULL,NULL,NULL,NULL,NULL,NULL,NULL,NULL,NULL,NULL,NULL,2,0,NULL,NULL,'[null,null,null,null,null]','[null,null,null]','[null,null,null]','[null,null,null]','[null,null,null]','[null,null,null]','[null,null,null]',NULL,'',NULL,NULL,NULL,NULL,NULL,NULL,NULL,'',NULL,NULL,NULL,NULL),(6,'1','1','1','1','1','1',1,NULL,NULL,NULL,NULL,NULL,NULL,NULL,NULL,NULL,NULL,NULL,NULL,NULL,NULL,NULL,NULL,NULL,NULL,NULL,NULL,NULL,NULL,NULL,NULL,NULL,NULL,NULL,2,0,'1','1','[\"1\",\"1\",\"1\",\"1\",\"1\"]','[\"1\",\"1\",\"1\"]','[\"1\",\"1\",\"1\"]','[\"1\",\"1\",\"1\"]','[\"1\",\"1\",\"1\"]','[\"1\",\"1\",\"1\"]','[\"1\",\"1\",null]','1','',NULL,NULL,NULL,NULL,NULL,NULL,NULL,'',NULL,NULL,NULL,NULL),(7,'2025',NULL,NULL,NULL,NULL,NULL,NULL,NULL,NULL,NULL,NULL,NULL,NULL,NULL,NULL,NULL,NULL,NULL,NULL,NULL,NULL,NULL,NULL,NULL,NULL,NULL,NULL,NULL,NULL,NULL,NULL,NULL,NULL,NULL,2,0,NULL,NULL,'[null,null,null,null,null]','[null,null,null]','[null,null,null]','[null,null,null]','[null,null,null]','[null,null,null]','[null,null,null]',NULL,'',NULL,NULL,NULL,NULL,NULL,NULL,NULL,'',NULL,NULL,NULL,NULL),(8,'2025','hjfj',NULL,NULL,NULL,NULL,NULL,NULL,NULL,NULL,NULL,NULL,NULL,NULL,NULL,NULL,NULL,NULL,NULL,NULL,NULL,NULL,NULL,NULL,NULL,NULL,NULL,NULL,NULL,NULL,NULL,NULL,151,NULL,2,2,NULL,NULL,'[null,null,null,null,null]','[null,null,null]','[null,null,null]','[null,null,null]','[null,null,null]','[null,null,null]','[null,null,null]','khgkkd','',NULL,NULL,NULL,NULL,NULL,NULL,NULL,'',NULL,NULL,NULL,NULL),(9,'2025','7040002032551','建設分野','ゆうげんがいしゃ　いたくらどぼく','千葉県市川市柏井町2-680-5','047-338-5986',1,NULL,NULL,NULL,NULL,NULL,NULL,NULL,1,NULL,NULL,1,NULL,1,NULL,NULL,NULL,1,NULL,'有限会社　板倉土木','板倉 信広','047-338-5986',NULL,'2025-04-08',NULL,NULL,151,NULL,2,2,'有限会社　板倉土木','272-0802','[\"2\",null,null,null,null]','[\"0\",null,null]','[\"2\",null,null]','[null,null,null]','[null,null,null]','[null,null,null]','[null,null,null]','１','','20000','2',NULL,NULL,NULL,NULL,NULL,'',NULL,NULL,NULL,NULL),(10,'2024','0123456789012','外食業分野','かぶしきがいしゃ にゅうかん','東京都港区港南５丁目５番３０号','０３５７９６７１２５',1,NULL,NULL,1,NULL,NULL,1,NULL,1,NULL,NULL,1,NULL,1,NULL,1,NULL,1,NULL,'株式会社 入管','入管 太郎','０３－５７９６－７１２５','入管 太郎','2021-04-01',NULL,NULL,150,NULL,2,63,'株式会社 入管','１０８８２５５','[\"1\",\"2\",\"3\",\"4\",\"5\"]','[\"6\",\"7\",\"8\"]','[\"11\",\"12\",\"13\"]','[\"15\",\"16\",\"17\"]','[\"19\",\"20\",\"21\"]','[\"23\",\"24\",\"25\"]','[\"27\",\"28\",null]','1','','300000','3','120000','22000','1','1','0','','入管 太郎','代表取締役','０３５７９６７１２５','０９０１２３４５６７８'),(11,'2024','1234567891234','外食業分野','かぶしきがいしゃ にゅうかん','東京都港区港南５丁目５番３０号','０３－５７９６－７１２５',1,1,1,1,1,1,1,1,1,1,1,1,1,1,1,1,1,1,1,'株式会社 入管','入管 太郎','０３－５７９６－７１２５',NULL,NULL,NULL,NULL,NULL,NULL,2,0,'株式会社 入管','１０８－８２５５','[\"1\",\"2\",\"3\",\"4\",\"5\"]','[\"6\",\"7\",\"8\"]','[\"11\",\"12\",\"13\"]','[\"15\",\"16\",\"17\"]','[\"19\",\"20\",\"21\"]','[\"23\",\"24\",\"25\"]','[\"27\",\"28\",null]','1','','10000','1','20000','30000','4','5','6','','入管 太郎','代表取締役','０３－５７９６－７１２５','０９０－１２３４－５６７８'),(12,'2025','0123456789123','外食業分野','かぶしきがいしゃ にゅうかん','東京都港区港南５丁目５番３０号','０３－５７９６－７１２５',1,1,1,1,1,1,1,1,1,1,1,1,1,1,1,1,1,1,1,'株式会社 入管','入管 太郎','０３－５７９６－７１２５',NULL,NULL,NULL,NULL,NULL,NULL,2,0,'株式会社 入管','１０８－８２５５','[\"1\",\"2\",\"3\",\"4\",\"5\"]','[\"6\",\"7\",\"8\"]','[\"11\",\"12\",\"13\"]','[\"15\",\"16\",\"17\"]','[\"19\",\"20\",\"21\"]','[\"23\",\"24\",\"25\"]','[\"27\",\"28\",null]','1','','10000','2','30000','40000','5','6','7','','入管 太郎','代表取締役','０３－５７９６－７１２５','０９０－１２３４－５６７８'),(13,'2025','1204530000001','建設分野','ABCKCOMPANY','大阪府新宿区３－１０－６','082-9420000',1,NULL,NULL,NULL,NULL,NULL,1,NULL,NULL,NULL,NULL,1,NULL,1,NULL,NULL,NULL,1,NULL,'ABC会社','入江 省吾','08294322','入江 省吾','2025-04-23',NULL,NULL,151,NULL,2,1,'島田建工 株式会社','033-1244','[\"1\",null,null,null,null]','[\"2\",null,null]','[\"\\uff13\",null,null]','[null,null,null]','[null,null,null]','[null,null,null]','[\"\\uff14\",null,null]','1','','30000','1','3000','3000','1','1','10','','農園 太郎','代表取締役','048-452-8015','０９０－１２３４－５６７８'),(14,NULL,NULL,NULL,NULL,NULL,NULL,NULL,NULL,NULL,NULL,NULL,NULL,NULL,NULL,NULL,NULL,NULL,NULL,NULL,NULL,NULL,NULL,NULL,NULL,NULL,NULL,NULL,NULL,NULL,NULL,NULL,NULL,151,NULL,2,2,NULL,NULL,'[\"12\",\"12\",\"12\",\"12\",\"12\"]','[\"12\",\"12\",\"12\"]','[\"12\",\"12\",\"12\"]','[\"12\",\"12\",\"12\"]','[\"12\",\"12\",\"12\"]','[\"12\",\"12\",\"12\"]','[\"12\",\"12\",null]',NULL,'',NULL,NULL,NULL,NULL,NULL,NULL,NULL,'',NULL,NULL,NULL,NULL);

--
-- Table structure for table `et_doc_notification_activity_status`
--

CREATE TABLE `et_doc_notification_activity_status` (
  `id` int NOT NULL AUTO_INCREMENT,
  `quarter` varchar(100) CHARACTER SET utf8mb4 COLLATE utf8mb4_general_ci DEFAULT NULL,
  `corporate_number` varchar(255) CHARACTER SET utf8mb4 COLLATE utf8mb4_general_ci DEFAULT NULL,
  `specific_industry_field` varchar(255) CHARACTER SET utf8mb4 COLLATE utf8mb4_general_ci DEFAULT NULL,
  `name` varchar(255) CHARACTER SET utf8mb4 COLLATE utf8mb4_general_ci DEFAULT NULL,
  `accommodation` varchar(255) CHARACTER SET utf8mb4 COLLATE utf8mb4_general_ci DEFAULT NULL,
  `accommodation_tel` varchar(255) CHARACTER SET utf8mb4 COLLATE utf8mb4_general_ci DEFAULT NULL,
  `specified_skilled_foreign_1` int DEFAULT NULL,
  `specified_skilled_foreign_2` int DEFAULT NULL,
  `specified_skilled_foreign_3` int DEFAULT NULL,
  `specified_skilled_foreign_4` int DEFAULT NULL,
  `specified_skilled_foreign_5` int DEFAULT NULL,
  `specified_skilled_foreign_6` int DEFAULT NULL,
  `application_worker_1` int DEFAULT NULL,
  `application_worker_2` int DEFAULT NULL,
  `regarding_social_insurance_1` int DEFAULT NULL,
  `regarding_social_insurance_2` int DEFAULT NULL,
  `regarding_social_insurance_3` int DEFAULT NULL,
  `social_insurance_premium_1` int DEFAULT NULL,
  `social_insurance_premium_2` int DEFAULT NULL,
  `tax_payment_status_1` int DEFAULT NULL,
  `tax_payment_status_2` int DEFAULT NULL,
  `tax_payment_status_3` int DEFAULT NULL,
  `tax_payment_status_4` int DEFAULT NULL,
  `safety_health_status_1` int DEFAULT NULL,
  `safety_health_status_2` int DEFAULT NULL,
  `name_specific_skills_organization` varchar(255) CHARACTER SET utf8mb4 COLLATE utf8mb4_general_ci DEFAULT NULL,
  `name_create_document` varchar(255) CHARACTER SET utf8mb4 COLLATE utf8mb4_general_ci DEFAULT NULL,
  `tel` varchar(255) CHARACTER SET utf8mb4 COLLATE utf8mb4_general_ci DEFAULT NULL,
  `sign_name` varchar(255) CHARACTER SET utf8mb4 COLLATE utf8mb4_general_ci DEFAULT NULL,
  `sign_date` date DEFAULT NULL,
  `created_at` datetime DEFAULT NULL,
  `created_by_id` bigint DEFAULT NULL,
  `updated_by_id` bigint DEFAULT NULL,
  `updated_at` datetime DEFAULT NULL,
  `company_id` bigint DEFAULT NULL,
  `updated_count` int DEFAULT NULL,
  `name2` varchar(255) CHARACTER SET utf8mb4 COLLATE utf8mb4_general_ci DEFAULT NULL,
  `code` varchar(20) CHARACTER SET utf8mb4 COLLATE utf8mb4_general_ci DEFAULT NULL,
  `spec` text CHARACTER SET utf8mb4 COLLATE utf8mb4_general_ci,
  `spec2` text CHARACTER SET utf8mb4 COLLATE utf8mb4_general_ci,
  `empl` text CHARACTER SET utf8mb4 COLLATE utf8mb4_general_ci,
  `foreign` text CHARACTER SET utf8mb4 COLLATE utf8mb4_general_ci,
  `enga` text CHARACTER SET utf8mb4 COLLATE utf8mb4_general_ci,
  `same` text CHARACTER SET utf8mb4 COLLATE utf8mb4_general_ci,
  `those` text CHARACTER SET utf8mb4 COLLATE utf8mb4_general_ci,
  `no` varchar(20) CHARACTER SET utf8mb4 COLLATE utf8mb4_general_ci DEFAULT NULL,
  `any_format` varchar(100) CHARACTER SET utf8mb4 COLLATE utf8mb4_general_ci DEFAULT NULL,
  `costs` varchar(100) CHARACTER SET utf8mb4 COLLATE utf8mb4_general_ci DEFAULT NULL,
  `number` varchar(100) CHARACTER SET utf8mb4 COLLATE utf8mb4_general_ci DEFAULT NULL,
  `expenses` varchar(100) CHARACTER SET utf8mb4 COLLATE utf8mb4_general_ci DEFAULT NULL,
  `share` varchar(100) CHARACTER SET utf8mb4 COLLATE utf8mb4_general_ci DEFAULT NULL,
  `people` varchar(100) CHARACTER SET utf8mb4 COLLATE utf8mb4_general_ci DEFAULT NULL,
  `specified1` varchar(100) CHARACTER SET utf8mb4 COLLATE utf8mb4_general_ci DEFAULT NULL,
  `specified2` varchar(100) CHARACTER SET utf8mb4 COLLATE utf8mb4_general_ci DEFAULT NULL,
  `other_eligibility_matters` varchar(100) CHARACTER SET utf8mb4 COLLATE utf8mb4_general_ci DEFAULT NULL,
  `full_name` varchar(100) CHARACTER SET utf8mb4 COLLATE utf8mb4_general_ci DEFAULT NULL,
  `job_title` varchar(100) CHARACTER SET utf8mb4 COLLATE utf8mb4_general_ci DEFAULT NULL,
  `office` varchar(100) CHARACTER SET utf8mb4 COLLATE utf8mb4_general_ci DEFAULT NULL,
  `cell_phone` varchar(100) CHARACTER SET utf8mb4 COLLATE utf8mb4_general_ci DEFAULT NULL,
  PRIMARY KEY (`id`)
) ENGINE=InnoDB AUTO_INCREMENT=2 DEFAULT CHARSET=utf8mb4 COLLATE=utf8mb4_general_ci;

--
-- Dumping data for table `et_doc_notification_activity_status`
--

INSERT INTO `et_doc_notification_activity_status` VALUES (1,'2024','1030001082950','建設分野','しまだ けんこう かぶしきがいしゃ','埼玉県川口市木曽呂１６７番地の３','048－452－8015',1,NULL,1,NULL,NULL,NULL,1,NULL,1,NULL,NULL,1,NULL,1,NULL,NULL,NULL,1,NULL,'島田建工 株式会社','入江省吾','058-789-1555','入江省吾','2025-01-14',NULL,NULL,151,NULL,1,26,'島田建工 株式会社','333－0831','[\"1\",\"0\",null,null,null]','[\"0\",null,null]','[\"3\",null,null]','[null,\"1\",null]','[null,null,null]','[null,null,null]','[\"4\",\"1\",null]','4','','30000','1','3000','3000','1','1','0','','入江省吾','代表取締役','048-452-8015','０９０－１２３４－５６７８');

--
-- Table structure for table `et_doc_notification_change_register_information`
--

CREATE TABLE `et_doc_notification_change_register_information` (
  `id` bigint NOT NULL AUTO_INCREMENT,
  `registration_number` varchar(255) CHARACTER SET utf8mb4 COLLATE utf8mb4_general_ci DEFAULT NULL,
  `legal_person_number` varchar(255) CHARACTER SET utf8mb4 COLLATE utf8mb4_general_ci DEFAULT NULL,
  `notification_agency` varchar(255) CHARACTER SET utf8mb4 COLLATE utf8mb4_general_ci DEFAULT NULL,
  `name_of_the_institution` varchar(255) CHARACTER SET utf8mb4 COLLATE utf8mb4_general_ci DEFAULT NULL,
  `agency_address` varchar(255) CHARACTER SET utf8mb4 COLLATE utf8mb4_general_ci DEFAULT NULL,
  `reason_for_filing` varchar(255) CHARACTER SET utf8mb4 COLLATE utf8mb4_general_ci DEFAULT NULL,
  `A_changes_B_changes` varchar(255) CHARACTER SET utf8mb4 COLLATE utf8mb4_general_ci DEFAULT NULL,
  `previous_content_C_change` varchar(255) CHARACTER SET utf8mb4 COLLATE utf8mb4_general_ci DEFAULT NULL,
  `later_content` varchar(255) CHARACTER SET utf8mb4 COLLATE utf8mb4_general_ci DEFAULT NULL,
  `date_change` date DEFAULT NULL,
  `signature_the_person` varchar(255) CHARACTER SET utf8mb4 COLLATE utf8mb4_general_ci DEFAULT NULL,
  `date_of_filing` date DEFAULT NULL,
  `contact_name` varchar(255) CHARACTER SET utf8mb4 COLLATE utf8mb4_general_ci DEFAULT NULL,
  `telephone_number` varchar(255) CHARACTER SET utf8mb4 COLLATE utf8mb4_general_ci DEFAULT NULL,
  `c_changes` varchar(255) CHARACTER SET utf8mb4 COLLATE utf8mb4_general_ci DEFAULT NULL,
  `created_at` datetime DEFAULT NULL,
  `created_by_id` bigint DEFAULT NULL,
  `updated_by_id` bigint DEFAULT NULL,
  `updated_at` datetime DEFAULT NULL,
  `company_id` bigint DEFAULT NULL,
  `updated_count` bigint DEFAULT NULL,
  `code` varchar(100) CHARACTER SET utf8mb4 COLLATE utf8mb4_general_ci DEFAULT NULL,
  PRIMARY KEY (`id`)
) ENGINE=InnoDB AUTO_INCREMENT=9 DEFAULT CHARSET=utf8mb4 COLLATE=utf8mb4_general_ci;

--
-- Dumping data for table `et_doc_notification_change_register_information`
--

INSERT INTO `et_doc_notification_change_register_information` VALUES (2,'registration_number','legal_person_number',NULL,'name_of_the_institution','agency_address',NULL,'A_changes_B_changes','previous_content_C_change',NULL,'2024-10-06','signature_the_person','2024-10-06','contact_name','telephone_number','c_changes',NULL,NULL,NULL,NULL,1,0,NULL),(3,'registration_number','legal_person_number',NULL,'name_of_the_institution','agency_address',NULL,'A_changes_B_changes','previous_content_C_change',NULL,'2024-10-06','signature_the_person','2024-10-06','contact_name','telephone_number','c_changes',NULL,NULL,NULL,NULL,1,0,NULL),(4,'19登-○○○○','1234567890123',NULL,'法務協同組合','○○県○○市○○町2－2',NULL,'氏名又は名称，住所，代表者の氏名，支援を行う事務所 支援業務の内容及びその実施方法，支援業務を開始する予定年月日，対応可能言語','入管協同組合',NULL,'2025-01-01','法務　花子','2025-01-01','法務　次郎','085-457-4165','（氏名又は名称）法務協同組合 （住所）〒111-1111　○○県○○市○○町2-2　23-4567-8901 （代表者の氏名）法務　花子 　（支援を行う事務所）①〒111-1111　○○県○○市○○町3-3 　　　　　　　　　　　　　 ②〒111-1111　○○県○○市○○町4-4（※事務所を追加した場合） （支援業務の内容及びその実施方法）△△△△△の支援について追加 　（支援業務を開始する予定年月日）20×△年×△月×△日 　（対応可能言語）英語，中国語，ベトナム語，スペイン語，ポルトガル語',NULL,NULL,151,NULL,1,8,'１１１－１１１１'),(5,'AAAAAAAAAAA','4578434000012',NULL,'株式会社ABC','東京都新宿区西新宿1-2-3',NULL,'gflasfhg;àh','gf;oafh;à',NULL,'2025-01-08','tanaka','2025-01-01','suzuki','toyota','fsafgpasoufpa',NULL,NULL,NULL,NULL,1,0,NULL),(6,'1897','1234567891234',NULL,'株式会社ABC','東京都新宿区西新宿1-2-3',NULL,'氏名又は名称，住所，代表者の氏名，支援を行う事務所 支援業務の内容及びその実施方法，支援業務を開始する予定年月日，対応可能言語','入管協同組合',NULL,'2025-02-05','法務　花子','2025-02-06','高橋','111789010000','任意的支援実施予定なし',NULL,NULL,NULL,NULL,1,0,'0058'),(7,'1897','1234567891234',NULL,'株式会社ABC','0',NULL,'0','0',NULL,'2025-02-25','0','2025-02-25','0','0','0',NULL,NULL,NULL,NULL,1,0,NULL),(8,'679548','4578434000012',NULL,'株式会社ABC','東京都新宿区西新宿1-2-3',NULL,'氏名又は名称，住所，代表者の氏名，支援を行う事務所 支援業務の内容及びその実施方法，支援業務を開始する予定年月日，対応可能言語','入管協同組合',NULL,'2025-03-10','法務　花子','2025-03-10','suzuki','012-345-678','任意的支援実施予定なし',NULL,NULL,151,NULL,2,1,'033-1244');

--
-- Table structure for table `et_doc_notification_of_acceptance_and_activity_status`
--

CREATE TABLE `et_doc_notification_of_acceptance_and_activity_status` (
  `fn` text COLLATE utf8mb4_unicode_ci,
  `nr` text COLLATE utf8mb4_unicode_ci,
  `date` text COLLATE utf8mb4_unicode_ci,
  `m` text COLLATE utf8mb4_unicode_ci,
  `f` text COLLATE utf8mb4_unicode_ci,
  `rcn` text COLLATE utf8mb4_unicode_ci,
  `co` text COLLATE utf8mb4_unicode_ci,
  `adr` text COLLATE utf8mb4_unicode_ci,
  `c` text COLLATE utf8mb4_unicode_ci,
  `n` text COLLATE utf8mb4_unicode_ci,
  `a` text COLLATE utf8mb4_unicode_ci,
  `b` text COLLATE utf8mb4_unicode_ci,
  `d` text COLLATE utf8mb4_unicode_ci,
  `e` text COLLATE utf8mb4_unicode_ci,
  `apa` text CHARACTER SET utf8mb4 COLLATE utf8mb4_unicode_ci,
  `ada` text CHARACTER SET utf8mb4 COLLATE utf8mb4_unicode_ci,
  `tapa` text CHARACTER SET utf8mb4 COLLATE utf8mb4_unicode_ci,
  `npaa` text CHARACTER SET utf8mb4 COLLATE utf8mb4_unicode_ci,
  `lda` text CHARACTER SET utf8mb4 COLLATE utf8mb4_unicode_ci,
  `a1` text COLLATE utf8mb4_unicode_ci,
  `b1` text COLLATE utf8mb4_unicode_ci,
  `customer_id` bigint DEFAULT NULL,
  `created_by_id` bigint DEFAULT NULL,
  `created_at` timestamp NOT NULL DEFAULT CURRENT_TIMESTAMP,
  `updated_by_id` bigint DEFAULT NULL,
  `updated_at` timestamp NOT NULL DEFAULT CURRENT_TIMESTAMP,
  `company_id` bigint DEFAULT NULL,
  `updated_count` bigint NOT NULL,
  `id` bigint NOT NULL AUTO_INCREMENT,
  `apb` text COLLATE utf8mb4_unicode_ci,
  `adb` text COLLATE utf8mb4_unicode_ci,
  `tapb` text COLLATE utf8mb4_unicode_ci,
  `npab` text COLLATE utf8mb4_unicode_ci,
  `ldb` text COLLATE utf8mb4_unicode_ci,
  `ldc` text COLLATE utf8mb4_unicode_ci,
  `npac` text COLLATE utf8mb4_unicode_ci,
  `tapc` text COLLATE utf8mb4_unicode_ci,
  `adc` text COLLATE utf8mb4_unicode_ci,
  `apc` text COLLATE utf8mb4_unicode_ci,
  `ldd` text COLLATE utf8mb4_unicode_ci,
  `npad` text COLLATE utf8mb4_unicode_ci,
  `tapd` text COLLATE utf8mb4_unicode_ci,
  `add` text COLLATE utf8mb4_unicode_ci,
  `apd` text COLLATE utf8mb4_unicode_ci,
  `name_specific_skills` varchar(200) COLLATE utf8mb4_unicode_ci DEFAULT NULL,
  PRIMARY KEY (`id`)
) ENGINE=InnoDB AUTO_INCREMENT=15 DEFAULT CHARSET=utf8mb4 COLLATE=utf8mb4_unicode_ci;

--
-- Dumping data for table `et_doc_notification_of_acceptance_and_activity_status`
--

INSERT INTO `et_doc_notification_of_acceptance_and_activity_status` VALUES ('[\"VO THI THU THUY \\u00e1\",\"\\u7530\\u4e2d\",\"shdj\",\"gdggdfh\",null,null,null,null,null,null,null,null]','[\"\\u30d9\\u30c8\\u30ca\\u30e0\",\"\\u30cd\\u30d1\\u30fc\\u30eb\",\"\\u30d9\\u30c8\\u30ca\\u30e0\",\"dgdghg\",null,null,null,null,null,null,null,null]','[\"2000\\u5e747\\u670817\\u65e5\",\"2000\\u5e741\\u670812\\u65e5\",\"\\uff12\\uff10\\uff10\\uff11\\u5e74\\uff11\\u6708\\uff12\\uff10\\u65e5\",\"\\uff12\\uff10\\uff10\\uff10\\u5e74\\uff11\\u6708\\uff17\\u65e5\",null,null,null,null,null,null,null,null]','[null,\"1\",null,\"1\",null,null,null,null,null,null,null,null]','[\"1\",null,\"1\",null,null,null,null,null,null,null,null,null]','[\"ABC123456782\",\"ABC12345ASAD\",\"AVJDGKA1435665\",\"\\uff44\\uff4a\\uff48\\uff46\\uff4b\\uff47\",null,null,null,null,null,null,null,null]','[\"123\",\"123-456\",\"123455\",\"134\",null,null,null,null,null,null,null,null]','[\"456\",\"\\u6771\\u4eac\\u90fd\",\"chiba\",\"\\u57fc\\u7389\\u770c\",null,null,null,null,null,null,null,null]','[\"1\",\"1\",null,null,null,null,null,null,null,null,null,null]','[null,null,null,null,null,null,null,null,null,null,null,null]','[\"1\",\"1\",\"1\",null,null,null,null,null,null,null,\"1\",null]','[\"1\",null,null,null,null,null,null,null,null,null,\"1\",\"1\"]','[null,\"1\",\"1\",null,null,null,null,null,null,null,null,null]','[null,null,null,null,null,null,null,null,null,null,null,null]','[\"1\",\"1\",\"1\",null,null,null,null,null,null,null,null,null]','[\"1\",\"1\",\"1\",null,null,null,null,null,null,null,null,null]','[\"1\",\"1\",\"2\",null,null,null,null,null,null,null,null,null]','[\"1\",\"1\",\"2\",null,null,null,null,null,null,null,null,null]','[\"1\",\"1\",\"1\",null,null,null,null,null,null,null,null,null]','[\"1\",null,\"1\",null,null,null,null,null,null,null,null,null]','[\"1\",\"1\",null,null,null,null,null,null,null,null,null,null]',NULL,NULL,'2025-01-28 04:48:00',151,'2025-01-30 05:43:52',1,5,1,'[\"2\",\"2\",\"2\",null,null,null,null,null,null,null,null,null]','[\"2\",\"2\",\"2\",null,null,null,null,null,null,null,null,null]','[\"2\",\"2\",\"3\",null,null,null,null,null,null,null,null,null]','[\"2\",\"2\",\"2\",null,null,null,null,null,null,null,null,null]','[\"2\",\"2\",\"2\",null,null,null,null,null,null,null,null,null]','[\"3\",\"3\",\"3\",null,null,null,null,null,null,null,null,null]','[\"3\",\"3\",\"3\",null,null,null,null,null,null,null,null,null]','[\"3\",\"3\",\"4\",null,null,null,null,null,null,null,null,null]','[\"3\",\"3\",\"3\",null,null,null,null,null,null,null,null,null]','[\"3\",\"3\",\"3\",null,null,null,null,null,null,null,null,null]','[\"4\",\"4\",\"4\",null,null,null,null,null,null,null,null,null]','[\"4\",\"4\",\"4\",null,null,null,null,null,null,null,null,null]','[\"4\",\"4\",\"5\",null,null,null,null,null,null,null,null,null]','[\"4\",\"4\",\"4\",null,null,null,null,null,null,null,null,null]','[\"4\",\"4\",\"4\",null,null,null,null,null,null,null,null,null]',NULL),('[\"\\u00e1\\u0111\\u00e1\",\"AAA\",null,null,null,null,null,null,null,null,null,null]','[\"\\u30d9\\u30c8\\u30ca\\u30e0\",\"\\u30cd\\u30d1\\u30fc\\u30eb\",null,null,null,null,null,null,null,null,null,null]','[\"2000\\u5e741\\u67083\\u65e5\",\"2001\\u5e741\\u670810\\u65e5\",null,null,null,null,null,null,null,null,null,null]','[null,\"1\",null,null,null,null,null,null,null,null,null,null]','[\"1\",null,null,null,null,null,null,null,null,null,null,null]','[\"AB125415544a\",\"ABC123AAA\",null,null,null,null,null,null,null,null,null,null]','[\"123-458\",\"245-458\",null,null,null,null,null,null,null,null,null,null]','[\"tokyo\",\"\\u5343\\u8449\\u770c\",null,null,null,null,null,null,null,null,null,null]','[null,\"1\",null,null,null,null,null,null,null,null,null,null]','[\"1\",null,null,null,null,null,null,null,null,null,null,null]','[null,\"1\",null,null,null,null,null,null,null,null,\"1\",null]','[\"1\",null,null,null,null,null,null,null,null,null,null,null]','[null,null,null,null,null,null,null,null,null,null,null,null]','[\"1\",\"1\",null,null,null,null,null,null,null,null,null,null]','[\"1\",\"4\",null,null,null,null,null,null,null,null,null,null]','[\"20\",\"20\",null,null,null,null,null,null,null,null,null,null]','[\"200000\",\"200000\",null,null,null,null,null,null,null,null,null,null]','[\"3000\",\"30000\",null,null,null,null,null,null,null,null,null,null]','[\"5000\",null,null,null,null,null,null,null,null,null,null,null]','[\"1\",null,null,null,null,null,null,null,null,null,null,null]','[null,null,null,null,null,null,null,null,null,null,null,null]',NULL,NULL,'2025-02-04 15:28:57',151,'2025-02-04 16:01:56',1,3,2,'[\"2\",\"5\",null,null,null,null,null,null,null,null,null,null]','[\"25\",\"25\",null,null,null,null,null,null,null,null,null,null]','[\"200000\",\"300000\",null,null,null,null,null,null,null,null,null,null]','[\"3000\",\"20000\",null,null,null,null,null,null,null,null,null,null]','[\"5000\",null,null,null,null,null,null,null,null,null,null,null]','[\"5000\",null,null,null,null,null,null,null,null,null,null,null]','[\"3000\",\"10000\",null,null,null,null,null,null,null,null,null,null]','[\"200000\",\"500000\",null,null,null,null,null,null,null,null,null,null]','[\"23\",\"23\",null,null,null,null,null,null,null,null,null,null]','[\"3\",\"6\",null,null,null,null,null,null,null,null,null,null]','[\"5000\",null,null,null,null,null,null,null,null,null,null,null]','[\"3000\",\"600000\",null,null,null,null,null,null,null,null,null,null]','[\"200000\",\"10000000\",null,null,null,null,null,null,null,null,null,null]','[\"2055555555555555555555555\",\"2055555555555555555555555\",\"2055555555555555555555555\",\"2055555555555555555555555\",\"2055555555555555555555555\",\"2055555555555555555555555\",\"2055555555555555555555555\",\"2055555555555555555555555\",\"2055555555555555555555555\",\"2055555555555555555555555\",\"2055555555555555555555555\",\"2055555555555555555555555\"]','[\"411111111111111111\",\"2055555555555555555555555\",\"2055555555555555555555555\",\"2055555555555555555555555\",\"2055555555555555555555555\",\"2055555555555555555555555\",\"2055555555555555555555555\",\"2055555555555555555555555\",\"2055555555555555555555555\",\"2055555555555555555555555\",\"2055555555555555555555555\",\"2055555555555555555555555\"]',NULL),('[\"THUY\",null,null,null,null,null,null,null,null,null,null,null]','[\"\\u30d9\\u30c8\\u30ca\\u30e0\",null,null,null,null,null,null,null,null,null,null,null]','[\"2000\\u5e743\\u670815\\u65e5\",null,null,null,null,null,null,null,null,null,null,null]','[\"1\",null,null,null,null,null,null,null,null,null,null,null]','[null,null,null,null,null,null,null,null,null,null,null,null]','[\"AB125415544a\",null,null,null,null,null,null,null,null,null,null,null]','[\"123-458\",null,null,null,null,null,null,null,null,null,null,null]','[\"\\u5343\\u8449\\u770c\\u7a32\\u6bdb\",null,null,null,null,null,null,null,null,null,null,null]','[\"1\",null,null,null,null,null,null,null,null,null,null,null]','[null,null,null,null,null,null,null,null,null,null,null,null]','[\"1\",null,null,null,null,null,null,null,null,null,\"1\",null]','[null,null,null,null,null,null,null,null,null,null,null,null]','[\"1\",null,null,null,null,null,null,null,null,null,null,null]','[null,null,null,null,null,null,null,null,null,null,null,null]','[\"3\",null,null,null,null,null,null,null,null,null,null,null]','[\"10\",null,null,null,null,null,null,null,null,null,null,null]','[\"300000\",null,null,null,null,null,null,null,null,null,null,null]','[\"20000\",null,null,null,null,null,null,null,null,null,null,null]','[\"10000\",null,null,null,null,null,null,null,null,null,null,null]','[\"1\",null,null,null,null,null,null,null,null,null,null,null]','[null,null,null,null,null,null,null,null,null,null,null,null]',NULL,NULL,'2025-03-20 05:16:55',151,'2025-03-20 05:25:04',2,1,3,'[\"\\uff14\",null,null,null,null,null,null,null,null,null,null,null]','[\"10\",null,null,null,null,null,null,null,null,null,null,null]','[\"300000\",null,null,null,null,null,null,null,null,null,null,null]','[\"20000\",null,null,null,null,null,null,null,null,null,null,null]','[\"20000\",null,null,null,null,null,null,null,null,null,null,null]','[\"30000\",null,null,null,null,null,null,null,null,null,null,null]','[\"20000\",null,null,null,null,null,null,null,null,null,null,null]','[\"300000\",null,null,null,null,null,null,null,null,null,null,null]','[\"10\",null,null,null,null,null,null,null,null,null,null,null]','[\"5\",null,null,null,null,null,null,null,null,null,null,null]','[\"60000\",null,null,null,null,null,null,null,null,null,null,null]','[\"60000\",null,null,null,null,null,null,null,null,null,null,null]','[\"900000\",null,null,null,null,null,null,null,null,null,null,null]',NULL,NULL,NULL),('[\"NGUYEN VAN\\u3000SON\",null,null,null,null,null,null,null,null,null,null,null]','[null,null,null,null,null,null,null,null,null,null,null,null]','[null,null,null,null,null,null,null,null,null,null,null,null]','[null,null,null,null,null,null,null,null,null,null,null,null]','[null,null,null,null,null,null,null,null,null,null,null,null]','[null,null,null,null,null,null,null,null,null,null,null,null]','[null,null,null,null,null,null,null,null,null,null,null,null]','[null,null,null,null,null,null,null,null,null,null,null,null]','[null,null,null,null,null,null,null,null,null,null,null,null]','[null,null,null,null,null,null,null,null,null,null,null,null]','[null,null,null,null,null,null,null,null,null,null,null,null]','[null,null,null,null,null,null,null,null,null,null,null,null]','[null,null,null,null,null,null,null,null,null,null,null,null]','[null,null,null,null,null,null,null,null,null,null,null,null]','[null,null,null,null,null,null,null,null,null,null,null,null]','[null,null,null,null,null,null,null,null,null,null,null,null]','[null,null,null,null,null,null,null,null,null,null,null,null]','[null,null,null,null,null,null,null,null,null,null,null,null]','[null,null,null,null,null,null,null,null,null,null,null,null]','[null,null,null,null,null,null,null,null,null,null,null,null]','[null,null,null,null,null,null,null,null,null,null,null,null]',NULL,NULL,'2025-04-04 02:08:02',NULL,'2025-04-04 02:08:02',2,0,4,'[null,null,null,null,null,null,null,null,null,null,null,null]','[null,null,null,null,null,null,null,null,null,null,null,null]','[null,null,null,null,null,null,null,null,null,null,null,null]','[null,null,null,null,null,null,null,null,null,null,null,null]','[null,null,null,null,null,null,null,null,null,null,null,null]','[null,null,null,null,null,null,null,null,null,null,null,null]','[null,null,null,null,null,null,null,null,null,null,null,null]','[null,null,null,null,null,null,null,null,null,null,null,null]','[null,null,null,null,null,null,null,null,null,null,null,null]','[null,null,null,null,null,null,null,null,null,null,null,null]','[null,null,null,null,null,null,null,null,null,null,null,null]','[null,null,null,null,null,null,null,null,null,null,null,null]','[null,null,null,null,null,null,null,null,null,null,null,null]',NULL,NULL,NULL),('[\"NGUYEN VAN GIAP\",\"NGUYEN VAN VUONG\",null,null,null,null,null,null,null,null,null,null]','[\"\\u30d9\\u30c8\\u30ca\\u30e0\",\"\\u30d9\\u30c8\\u30ca\\u30e0\",null,null,null,null,null,null,null,null,null,null]','[\"1994\\u5e7408\\u670805\\u65e5\",\"1996\\u5e7411\\u670806\\u65e5\",null,null,null,null,null,null,null,null,null,null]','[\"1\",\"1\",null,null,null,null,null,null,null,null,null,null]','[null,null,null,null,null,null,null,null,null,null,null,null]','[\"UH00149188EA\",\"SA29079917ER\",null,null,null,null,null,null,null,null,null,null]','[\"272-0816\",\"272-0816\",null,null,null,null,null,null,null,null,null,null]','[\"\\u5343\\u8449\\u770c\\u5e02\\u5ddd\\u5e02\\u672c\\u5317\\u65b93\\u4e01\\u76ee9\\u756a4\\u53f7\\uff08\\u30bf\\u30a6\\u30f3\\u30cf\\u30a6\\u30b9\\u5e02\\u5dddA\\u30fc12\\uff09\",\"\\u5343\\u8449\\u770c\\u5e02\\u5ddd\\u5e02\\u672c\\u5317\\u65b93\\u4e01\\u76ee9\\u756a4\\u53f7\\uff08\\u30bf\\u30a6\\u30f3\\u30cf\\u30a6\\u30b9\\u5e02\\u5dddA\\u30fc12\\uff09\",null,null,null,null,null,null,null,null,null,null]','[\"1\",\"1\",null,null,null,null,null,null,null,null,null,null]','[null,null,null,null,null,null,null,null,null,null,null,null]','[\"1\",\"1\",null,null,null,null,null,null,null,null,\"1\",\"1\"]','[null,null,null,null,null,null,null,null,null,null,\"1\",\"1\"]','[\"1\",\"1\",null,null,null,null,null,null,null,null,null,null]','[null,null,null,null,null,null,null,null,null,null,null,null]','[\"1\",\"1\",null,null,null,null,null,null,null,null,null,null]','[\"22\",\"20\",null,null,null,null,null,null,null,null,null,null]','[\"390,000\",\"303,375\",null,null,null,null,null,null,null,null,null,null]','[\"308,680\",\"220,704\",null,null,null,null,null,null,null,null,null,null]','[\"81,320\",\"82,671\",null,null,null,null,null,null,null,null,null,null]','[\"1\",\"1\",null,null,null,null,null,null,null,null,null,null]','[\"1\",\"1\",null,null,null,null,null,null,null,null,null,null]',NULL,NULL,'2025-04-04 07:41:19',151,'2025-04-05 08:56:59',2,9,5,'[\"2\",\"2\",null,null,null,null,null,null,null,null,null,null]','[\"21\",\"0\",null,null,null,null,null,null,null,null,null,null]','[\"414,670\",\"0\",null,null,null,null,null,null,null,null,null,null]','[\"327,021\",\"-81,933\",null,null,null,null,null,null,null,null,null,null]','[\"87,649\",\"81,933\",null,null,null,null,null,null,null,null,null,null]','[\"88,214\",\"76,147\",null,null,null,null,null,null,null,null,null,null]','[\"309,788\",\"44,791\",null,null,null,null,null,null,null,null,null,null]','[\"398,002\",\"120,938\",null,null,null,null,null,null,null,null,null,null]','[\"22.5\",\"8.5\",null,null,null,null,null,null,null,null,null,null]','[\"3\",\"3\",null,null,null,null,null,null,null,null,null,null]','[\"257,183\",\"240,751\",null,null,null,null,null,null,null,null,null,null]','[\"945,489\",\"183,562\",null,null,null,null,null,null,null,null,null,null]','[\"1,202,672\",\"424,313\",null,null,null,null,null,null,null,null,null,null]',NULL,NULL,'有限会社 板倉土木'),('[\"NGUYEN VAN SON\",null,null,null,null,null,null,null,null,null,null,null]','[\"\\u30d9\\u30c8\\u30ca\\u30e0\",null,null,null,null,null,null,null,null,null,null,null]','[\"1991\\u5e749\\u670822\\u65e5\",null,null,null,null,null,null,null,null,null,null,null]','[\"1\",null,null,null,null,null,null,null,null,null,null,null]','[null,null,null,null,null,null,null,null,null,null,null,null]','[\"SA92594647ED\",null,null,null,null,null,null,null,null,null,null,null]','[\"333-0834\",null,null,null,null,null,null,null,null,null,null,null]','[\"\\u57fc\\u7389\\u770c\\u5ddd\\u53e3\\u5e02\\u5927\\u5b57 \\u5b89\\u884c\\u9818\\u6839\\u5cb8905\\u756a\\u5730 \\u30d3\\u30ec\\u30c3\\u30b8\\u30cf\\u30a6\\u30b9\\u6839\\u5cb81\\u53f7\\u68df 107\\u53f7\",null,null,null,null,null,null,null,null,null,null,null]','[\"1\",null,null,null,null,null,null,null,null,null,null,null]','[null,null,null,null,null,null,null,null,null,null,null,null]','[\"1\",null,null,null,null,null,null,null,null,null,\"1\",null]','[null,null,null,null,null,null,null,null,null,null,null,null]','[\"1\",null,null,null,null,null,null,null,null,null,null,null]','[null,null,null,null,null,null,null,null,null,null,null,null]','[\"12\",null,null,null,null,null,null,null,null,null,null,null]','[\"15\",null,null,null,null,null,null,null,null,null,null,null]','[\"300,000\",null,null,null,null,null,null,null,null,null,null,null]','[\"244,270\",null,null,null,null,null,null,null,null,null,null,null]','[\"55,730\",null,null,null,null,null,null,null,null,null,null,null]','[\"1\",null,null,null,null,null,null,null,null,null,null,null]','[null,null,null,null,null,null,null,null,null,null,null,null]',NULL,NULL,'2025-04-07 00:53:52',NULL,'2025-04-07 00:53:52',2,0,6,'[\"1\",null,null,null,null,null,null,null,null,null,null,null]','[\"15\",null,null,null,null,null,null,null,null,null,null,null]','[\"300,000\",null,null,null,null,null,null,null,null,null,null,null]','[\"244,270\",null,null,null,null,null,null,null,null,null,null,null]','[\"55,730\",null,null,null,null,null,null,null,null,null,null,null]','[\"55,730\",null,null,null,null,null,null,null,null,null,null,null]','[\"244,270\",null,null,null,null,null,null,null,null,null,null,null]','[\"300,000\",null,null,null,null,null,null,null,null,null,null,null]','[\"20\",null,null,null,null,null,null,null,null,null,null,null]','[\"2\",null,null,null,null,null,null,null,null,null,null,null]','[\"167,190\",null,null,null,null,null,null,null,null,null,null,null]','[\"732,810\",null,null,null,null,null,null,null,null,null,null,null]','[\"900,000\",null,null,null,null,null,null,null,null,null,null,null]',NULL,NULL,'島田建工株式会社'),('[\"KOU OTSUHEI\",null,null,null,null,null,null,null,null,null,null,null]','[\"\\u30a4\\u30f3\\u30c9\\u30cd\\u30b7\\u30a2\",null,null,null,null,null,null,null,null,null,null,null]','[\"2021\\u5e7412\\u670831\\u65e5\",null,null,null,null,null,null,null,null,null,null,null]','[\"1\",null,null,null,null,null,null,null,null,null,null,null]','[null,null,null,null,null,null,null,null,null,null,null,null]','[\"AB12345678CD\",null,null,null,null,null,null,null,null,null,null,null]','[\"999-9999\",null,null,null,null,null,null,null,null,null,null,null]','[\"\\u6771\\u4eac\\u90fd\\u5343\\u4ee3\\u7530\\u533a\\u971e\\u304c\\u95a2\\uff11 \\uff0d\\uff11\\uff0d\\uff11 \\u6cd5\\u52d9\\u7701\\u30d3\\u30eb\\u30c7\\u30a3\\u30f3\\u30b0999\",null,null,null,null,null,null,null,null,null,null,null]','[\"1\",null,null,null,null,null,null,null,null,null,null,null]','[null,null,null,null,null,null,null,null,null,null,null,null]','[\"1\",null,null,null,null,null,null,null,null,null,\"1\",null]','[null,null,null,null,null,null,null,null,null,null,null,null]','[\"1\",null,null,null,null,null,null,null,null,null,null,null]','[null,null,null,null,null,null,null,null,null,null,null,null]','[\"10\",null,null,null,null,null,null,null,null,null,null,null]','[\"21\",null,null,null,null,null,null,null,null,null,null,null]','[\"123\",null,null,null,null,null,null,null,null,null,null,null]','[\"111\",null,null,null,null,null,null,null,null,null,null,null]','[\"777\",null,null,null,null,null,null,null,null,null,null,null]','[\"1\",null,null,null,null,null,null,null,null,null,null,null]','[null,null,null,null,null,null,null,null,null,null,null,null]',NULL,NULL,'2025-04-11 06:01:44',1,'2025-04-11 07:21:07',1,3,7,'[\"11\",null,null,null,null,null,null,null,null,null,null,null]','[\"22\",null,null,null,null,null,null,null,null,null,null,null]','[\"456\",null,null,null,null,null,null,null,null,null,null,null]','[\"222\",null,null,null,null,null,null,null,null,null,null,null]','[\"888\",null,null,null,null,null,null,null,null,null,null,null]','[\"999\",null,null,null,null,null,null,null,null,null,null,null]','[\"333\",null,null,null,null,null,null,null,null,null,null,null]','[\"789\",null,null,null,null,null,null,null,null,null,null,null]','[\"2\",null,null,null,null,null,null,null,null,null,null,null]','[\"12\",null,null,null,null,null,null,null,null,null,null,null]','[\"722,591\",null,null,null,null,null,null,null,null,null,null,null]','[\"92,591\",null,null,null,null,null,null,null,null,null,null,null]','[\"572,591\",null,null,null,null,null,null,null,null,null,null,null]',NULL,NULL,'株式会社　入管'),('[null,null,null,null,null,null,null,null,null,null,null,null]','[null,null,null,null,null,null,null,null,null,null,null,null]','[null,null,null,null,null,null,null,null,null,null,null,null]','[null,null,null,null,null,null,null,null,null,null,null,null]','[null,null,null,null,null,null,null,null,null,null,null,null]','[null,null,null,null,null,null,null,null,null,null,null,null]','[null,null,null,null,null,null,null,null,null,null,null,null]','[null,null,null,null,null,null,null,null,null,null,null,null]','[null,null,null,null,null,null,null,null,null,null,null,null]','[null,null,null,null,null,null,null,null,null,null,null,null]','[null,null,null,null,null,null,null,null,null,null,null,null]','[null,null,null,null,null,null,null,null,null,null,null,null]','[null,null,null,null,null,null,null,null,null,null,null,null]','[null,null,null,null,null,null,null,null,null,null,null,null]','[null,null,null,null,null,null,null,null,null,null,null,null]','[null,null,null,null,null,null,null,null,null,null,null,null]','[null,null,null,null,null,null,null,null,null,null,null,null]','[null,null,null,null,null,null,null,null,null,null,null,null]','[null,null,null,null,null,null,null,null,null,null,null,null]','[null,null,null,null,null,null,null,null,null,null,null,null]','[null,null,null,null,null,null,null,null,null,null,null,null]',NULL,NULL,'2025-04-12 03:42:47',151,'2025-04-13 15:50:13',2,1,8,'[null,null,null,null,null,null,null,null,null,null,null,null]','[null,null,null,null,null,null,null,null,null,null,null,null]','[null,null,null,null,null,null,null,null,null,null,null,null]','[null,null,null,null,null,null,null,null,null,null,null,null]','[null,null,null,null,null,null,null,null,null,null,null,null]','[null,null,null,null,null,null,null,null,null,null,null,null]','[null,null,null,null,null,null,null,null,null,null,null,null]','[null,null,null,null,null,null,null,null,null,null,null,null]','[null,null,null,null,null,null,null,null,null,null,null,null]','[null,null,null,null,null,null,null,null,null,null,null,null]','[null,null,null,null,null,null,null,null,null,null,null,null]','[null,null,null,null,null,null,null,null,null,null,null,null]','[null,null,null,null,null,null,null,null,null,null,null,null]',NULL,NULL,NULL),('[\"KOU OTSUHEI\",null,null,null,null,null,null,null,null,null,null,null]','[\"\\u30a4\\u30f3\\u30c9\\u30cd\\u30b7\\u30a2\",null,null,null,null,null,null,null,null,null,null,null]','[\"2021\\u5e7412\\u670831\\u65e5\",null,null,null,null,null,null,null,null,null,null,null]','[\"1\",null,null,null,null,null,null,null,null,null,null,null]','[\"1\",null,null,null,null,null,null,null,null,null,null,null]','[\"AB12345678CD\",null,null,null,null,null,null,null,null,null,null,null]','[\"999-9999\",null,null,null,null,null,null,null,null,null,null,null]','[\"\\u6771\\u4eac\\u90fd\\u5343\\u4ee3\\u7530\\u533a\\u971e\\u304c\\u95a2\\uff11 \\uff0d\\uff11\\uff0d\\uff11 \\u6cd5\\u52d9\\u7701\\u30d3\\u30eb\\u30c7\\u30a3\\u30f3\\u30b0999\",null,null,null,null,null,null,null,null,null,null,null]','[\"1\",null,null,null,null,null,null,null,null,null,null,null]','[\"1\",null,null,null,null,null,null,null,null,null,null,null]','[\"1\",null,null,null,null,null,null,null,null,null,\"1\",null]','[\"1\",null,null,null,null,null,null,null,null,null,\"1\",null]','[\"1\",null,null,null,null,null,null,null,null,null,null,null]','[\"1\",null,null,null,null,null,null,null,null,null,null,null]','[\"1\",null,null,null,null,null,null,null,null,null,null,null]','[\"4\",null,null,null,null,null,null,null,null,null,null,null]','[\"10000\",null,null,null,null,null,null,null,null,null,null,null]','[\"50000\",null,null,null,null,null,null,null,null,null,null,null]','[\"90000\",null,null,null,null,null,null,null,null,null,null,null]','[\"1\",null,null,null,null,null,null,null,null,null,null,null]','[\"1\",null,null,null,null,null,null,null,null,null,null,null]',NULL,NULL,'2025-04-19 07:53:51',NULL,'2025-04-19 07:53:51',2,0,9,'[\"2\",null,null,null,null,null,null,null,null,null,null,null]','[\"5\",null,null,null,null,null,null,null,null,null,null,null]','[\"20000\",null,null,null,null,null,null,null,null,null,null,null]','[\"60000\",null,null,null,null,null,null,null,null,null,null,null]','[\"11000\",null,null,null,null,null,null,null,null,null,null,null]','[\"12000\",null,null,null,null,null,null,null,null,null,null,null]','[\"70000\",null,null,null,null,null,null,null,null,null,null,null]','[\"30000\",null,null,null,null,null,null,null,null,null,null,null]','[\"6\",null,null,null,null,null,null,null,null,null,null,null]','[\"3\",null,null,null,null,null,null,null,null,null,null,null]','[\"13000\",null,null,null,null,null,null,null,null,null,null,null]','[\"80000\",null,null,null,null,null,null,null,null,null,null,null]','[\"40000\",null,null,null,null,null,null,null,null,null,null,null]',NULL,NULL,'株式会社　入管'),('[\"KOU OTSUHEI 1\",\"KOU OTSUHEI 2\",\"KOU OTSUHEI 3\",\"KOU OTSUHEI 4\",\"KOU OTSUHEI 5\",\"KOU OTSUHEI 6\",\"KOU OTSUHEI 7\",\"KOU OTSUHEI 8\",\"KOU OTSUHEI  9\",\"KOU OTSUHEI 1\",\"KOU OTSUHEI 2\",\"KOU OTSUHEI 3\"]','[\"\\u30a4\\u30f3\\u30c9\\u30cd\\u30b7\\u30a2 1\",\"\\u30a4\\u30f3\\u30c9\\u30cd\\u30b7\\u30a2 2\",\"\\u30a4\\u30f3\\u30c9\\u30cd\\u30b7\\u30a2 3\",\"\\u30a4\\u30f3\\u30c9\\u30cd\\u30b7\\u30a2 4\",\"\\u30a4\\u30f3\\u30c9\\u30cd\\u30b7\\u30a2 5\",\"\\u30a4\\u30f3\\u30c9\\u30cd\\u30b7\\u30a2 6\",\"\\u30a4\\u30f3\\u30c9\\u30cd\\u30b7\\u30a2 7\",\"\\u30a4\\u30f3\\u30c9\\u30cd\\u30b7\\u30a2 8\",\"\\u30a4\\u30f3\\u30c9\\u30cd\\u30b7\\u30a2 9\",\"\\u30a4\\u30f3\\u30c9\\u30cd\\u30b7\\u30a2 1\",\"\\u30a4\\u30f3\\u30c9\\u30cd\\u30b7\\u30a2\",\"\\u30a4\\u30f3\\u30c9\\u30cd\\u30b7\\u30a2 3\"]','[\"2021\\u5e7412\\u670831\\u65e5\",\"2021\\u5e7412\\u670802\\u65e5\",\"2021\\u5e7412\\u670803\\u65e5\",\"2021\\u5e7412\\u670804\\u65e5\",\"2021\\u5e7412\\u670805\\u65e5\",\"2021\\u5e7412\\u670806\\u65e5\",\"2021\\u5e7412\\u670807\\u65e5\",\"2021\\u5e7412\\u670808\\u65e5\",\"2021\\u5e7412\\u670831\\u65e5\",\"2021\\u5e7412\\u670811\\u65e5\",\"2021\\u5e7412\\u670831\\u65e5\",\"2021\\u5e7412\\u670833\\u65e5\"]','[\"1\",\"1\",\"1\",\"1\",\"1\",\"1\",\"1\",\"1\",\"1\",\"1\",\"1\",\"1\"]','[\"1\",\"1\",\"1\",\"1\",\"1\",\"1\",\"1\",\"1\",\"1\",\"1\",\"1\",\"1\"]','[\"AB12345678CD\",\"AB12345678CD-2\",\"AB12345678CD-3\",\"AB12345678CD-4\",\"AB12345678CD-5\",\"AB12345678CD-6\",\"AB12345678CD-7\",\"AB12345678CD-8\",\"AB12345678CD-9\",\"AB12345678CD-10\",\"AB12345678CD-12\",\"AB12345678CD-13\"]','[\"999-9999\",\"222-2222\",\"999-9999\",\"999-4444\",\"999-5555\",\"999-6666\",\"999-7777\",\"999-8888\",\"999-9999\",\"999-1010\",\"999-9999\",\"999-9999\"]','[\"\\u6771\\u4eac\\u90fd\\u5343\\u4ee3\\u7530\\u533a\\u971e\\u304c\\u95a2\\uff11 \\uff0d\\uff11\\uff0d\\uff11\",\"\\u6771\\u4eac\\u90fd\\u5343\\u4ee3\\u7530\\u533a\\u971e\\u304c\\u95a2\\uff11 \\uff0d\\uff11\\uff0d2\",\"\\u6771\\u4eac\\u90fd\\u5343\\u4ee3\\u7530\\u533a\\u971e\\u304c\\u95a2\\uff11 \\uff0d\\uff11\\uff0d3\",\"\\u6771\\u4eac\\u90fd\\u5343\\u4ee3\\u7530\\u533a\\u971e\\u304c\\u95a2\\uff11 \\uff0d\\uff11\\uff0d4\",\"\\u6771\\u4eac\\u90fd\\u5343\\u4ee3\\u7530\\u533a\\u971e\\u304c\\u95a2\\uff11 \\uff0d\\uff11\\uff0d5\",\"\\u6771\\u4eac\\u90fd\\u5343\\u4ee3\\u7530\\u533a\\u971e\\u304c\\u95a2\\uff11 \\uff0d\\uff11\\uff0d6\",\"\\u6771\\u4eac\\u90fd\\u5343\\u4ee3\\u7530\\u533a\\u971e\\u304c\\u95a2\\uff11 \\uff0d\\uff11\\uff0d7\",\"\\u6771\\u4eac\\u90fd\\u5343\\u4ee3\\u7530\\u533a\\u971e\\u304c\\u95a2\\uff11 \\uff0d\\uff11\\uff0d\\uff11\",\"\\u6771\\u4eac\\u90fd\\u5343\\u4ee3\\u7530\\u533a\\u971e\\u304c\\u95a2\\uff11 \\uff0d\\uff11\\uff0d\\uff11\",\"\\u6771\\u4eac\\u90fd\\u5343\\u4ee3\\u7530\\u533a\\u971e\\u304c\\u95a2\\uff11 \\uff0d\\uff11\\uff0d\\uff110\",\"\\u6771\\u4eac\\u90fd\\u5343\\u4ee3\\u7530\\u533a\\u971e\\u304c\\u95a2\\uff11 \\uff0d\\uff11\\uff0d\\uff11\",\"\\u6771\\u4eac\\u90fd\\u5343\\u4ee3\\u7530\\u533a\\u971e\\u304c\\u95a2\\uff11 \\uff0d\\uff11\\uff0d\\uff11\"]','[\"1\",\"1\",\"1\",\"1\",\"1\",\"1\",null,\"1\",\"1\",\"1\",\"1\",\"1\"]','[\"1\",\"1\",\"1\",\"1\",\"1\",\"1\",null,\"1\",\"1\",\"1\",\"1\",\"1\"]','[\"1\",\"1\",\"1\",\"1\",\"1\",\"1\",\"1\",\"1\",\"1\",\"1\",\"1\",\"1\"]','[\"1\",\"1\",\"1\",\"1\",\"1\",\"1\",\"1\",\"1\",\"1\",\"1\",\"1\",\"1\"]','[\"1\",\"1\",\"1\",\"1\",\"1\",\"1\",\"1\",\"1\",\"1\",\"1\",\"1\",\"1\"]','[\"1\",\"1\",\"1\",\"1\",\"1\",\"1\",\"1\",\"1\",\"1\",\"1\",\"1\",\"1\"]','[\"1\",\"21\",\"33\",\"41\",\"51\",\"61\",\"71\",\"81\",\"91\",\"10\",\"12\",\"11\"]','[\"4\",\"24\",\"36\",\"44\",\"54\",\"64\",\"74\",\"84\",\"94\",\"13\",\"15\",\"14\"]','[\"70,000\",\"27000\",\"39000\",\"47000\",\"58000\",\"67000\",\"77\",\"87\",\"97000\",\"16000\",\"18\",\"17\"]','[\"120,000\",\"210000\",\"34000\",\"42000\",\"53000\",\"62000\",\"72\",\"82\",\"92000\",\"11000\",\"13\",\"21\"]','[\"160,000\",\"250000\",\"38000\",\"46000\",\"57000\",\"66000\",\"76\",\"86\",\"96000\",\"15000\",\"17\",\"25\"]','[\"1\",\"1\",null,null,null,\"1\",\"1\",\"1\",null,null,null,null]','[\"1\",\"1\",null,null,null,\"1\",\"1\",\"1\",null,null,null,null]',NULL,NULL,'2025-04-19 13:07:51',150,'2025-04-20 04:37:20',2,10,10,'[\"2\",\"22\",\"34\",\"42\",\"52\",\"62\",\"72\",\"82\",\"92\",\"11\",\"13\",\"12\"]','[\"5\",\"25\",\"37\",\"45\",\"55\",\"65\",\"75\",\"85\",\"95\",\"14\",\"16\",\"15\"]','[\"80,000\",\"28000\",\"31000\",\"48000\",\"59000\",\"68000\",\"78\",\"88\",\"98000\",\"17000\",\"19\",\"18\"]','[\"130,000\",\"220000\",\"35000\",\"43000\",\"54000\",\"63000\",\"73\",\"83\",\"93000\",\"12000\",\"14\",\"22\"]','[\"170,000\",\"260000\",\"39000\",\"47000\",\"58000\",\"67000\",\"77\",\"87\",\"97000\",\"16000\",\"18\",\"26\"]','[\"180,000\",\"270000\",\"40000\",\"48000\",\"59000\",\"68000\",\"78\",\"88\",\"98000\",\"17000\",\"19\",\"27\"]','[\"140,000\",\"230000\",\"36000\",\"44000\",\"55000\",\"64000\",\"74\",\"84\",\"94000\",\"13000\",\"15\",\"23\"]','[\"90,000\",\"29000\",\"32000\",\"49000\",\"51000\",\"69000\",\"79\",\"89\",\"99000\",\"18000\",\"11\",\"19\"]','[\"6\",\"26\",\"38\",\"46\",\"56\",\"66\",\"76\",\"86\",\"96\",\"15\",\"17\",\"16\"]','[\"3\",\"23\",\"35\",\"43\",\"53\",\"63\",\"73\",\"83\",\"93\",\"12\",\"14\",\"13\"]','[\"190,000\",\"280000\",\"41000\",\"49000\",\"51000\",\"69000\",\"79\",\"89\",\"99000\",\"18000\",\"11\",\"28\"]','[\"150,000\",\"240000\",\"37000\",\"45000\",\"56000\",\"65000\",\"75\",\"85\",\"95000\",\"14000\",\"16\",\"24\"]','[\"110,000\",\"20000\",\"33000\",\"41000\",\"52000\",\"61000\",\"71\",\"81\",\"91000\",\"19000\",\"12\",\"20\"]',NULL,NULL,'株式会社　入管'),('[null,null,null,null,null,null,null,null,null,null,null,null]','[null,null,null,null,null,null,null,null,null,null,null,null]','[null,null,null,null,null,null,null,null,null,null,null,null]','[null,null,null,null,null,null,null,null,null,null,null,null]','[null,null,null,null,null,null,null,null,null,null,null,null]','[null,null,null,null,null,null,null,null,null,null,null,null]','[null,null,null,null,null,null,null,null,null,null,null,null]','[null,null,null,null,null,null,null,null,null,null,null,null]','[null,null,null,null,null,null,null,null,null,null,null,null]','[null,null,null,null,null,null,null,null,null,null,null,null]','[null,null,null,null,null,null,null,null,null,null,null,null]','[null,null,null,null,null,null,null,null,null,null,null,null]','[null,null,null,null,null,null,null,null,null,null,null,null]','[null,null,null,null,null,null,null,null,null,null,null,null]','[null,null,null,null,null,null,null,null,null,null,null,null]','[null,null,null,null,null,null,null,null,null,null,null,null]','[null,null,null,null,null,null,null,null,null,null,null,null]','[null,null,null,null,null,null,null,null,null,null,null,null]','[null,null,null,null,null,null,null,null,null,null,null,null]','[null,null,null,null,null,null,null,null,null,null,null,null]','[null,null,null,null,null,null,null,null,null,null,null,null]',NULL,NULL,'2025-04-20 01:31:33',NULL,'2025-04-20 01:31:33',1,0,11,'[null,null,null,null,null,null,null,null,null,null,null,null]','[null,null,null,null,null,null,null,null,null,null,null,null]','[null,null,null,null,null,null,null,null,null,null,null,null]','[null,null,null,null,null,null,null,null,null,null,null,null]','[null,null,null,null,null,null,null,null,null,null,null,null]','[null,null,null,null,null,null,null,null,null,null,null,null]','[null,null,null,null,null,null,null,null,null,null,null,null]','[null,null,null,null,null,null,null,null,null,null,null,null]','[null,null,null,null,null,null,null,null,null,null,null,null]','[null,null,null,null,null,null,null,null,null,null,null,null]','[null,null,null,null,null,null,null,null,null,null,null,null]','[null,null,null,null,null,null,null,null,null,null,null,null]','[null,null,null,null,null,null,null,null,null,null,null,null]',NULL,NULL,NULL),('[\"TIEP\",null,null,null,null,null,null,null,null,null,null,null]','[\"\\u30d9\\u30c8\\u30ca\\u30e0\",null,null,null,null,null,null,null,null,null,null,null]','[\"2020\\u5e743\\u67083\\u65e5\",null,null,null,null,null,null,null,null,null,null,null]','[\"1\",null,null,null,null,null,null,null,null,null,null,null]','[null,null,null,null,null,null,null,null,null,null,null,null]','[\"SA92594647ED\",null,null,null,null,null,null,null,null,null,null,null]','[\"12345\",null,null,null,null,null,null,null,null,null,null,null]','[\"CHIABA\",null,null,null,null,null,null,null,null,null,null,null]','[\"1\",null,null,null,null,null,null,null,null,null,null,null]','[null,null,null,null,null,null,null,null,null,null,null,null]','[\"1\",null,null,null,null,null,null,null,null,null,\"1\",null]','[null,null,null,null,null,null,null,null,null,null,null,null]','[\"1\",null,null,null,null,null,null,null,null,null,null,null]','[null,null,null,null,null,null,null,null,null,null,null,null]','[\"\\uff11\",null,null,null,null,null,null,null,null,null,null,null]','[\"20\",null,null,null,null,null,null,null,null,null,null,null]','[\"450000\",null,null,null,null,null,null,null,null,null,null,null]','[\"200000\",null,null,null,null,null,null,null,null,null,null,null]','[\"30000\",null,null,null,null,null,null,null,null,null,null,null]','[\"1\",null,null,null,null,null,null,null,null,null,null,null]','[null,null,null,null,null,null,null,null,null,null,null,null]',NULL,NULL,'2025-04-22 01:14:55',NULL,'2025-04-22 01:14:55',2,0,12,'[\"2\",null,null,null,null,null,null,null,null,null,null,null]','[\"20\",null,null,null,null,null,null,null,null,null,null,null]','[\"450000\",null,null,null,null,null,null,null,null,null,null,null]','[\"200000\",null,null,null,null,null,null,null,null,null,null,null]','[\"30000\",null,null,null,null,null,null,null,null,null,null,null]','[\"30000\",null,null,null,null,null,null,null,null,null,null,null]','[\"200000\",null,null,null,null,null,null,null,null,null,null,null]','[\"450000\",null,null,null,null,null,null,null,null,null,null,null]','[\"20\",null,null,null,null,null,null,null,null,null,null,null]','[\"\\uff13\",null,null,null,null,null,null,null,null,null,null,null]','[\"90000\",null,null,null,null,null,null,null,null,null,null,null]','[\"600000\",null,null,null,null,null,null,null,null,null,null,null]','[\"1350000\",null,null,null,null,null,null,null,null,null,null,null]',NULL,NULL,'田中株式会社'),('[\"TIEP\",null,null,null,null,null,null,null,null,null,null,null]','[\"\\u30d9\\u30c8\\u30ca\\u30e0\",null,null,null,null,null,null,null,null,null,null,null]','[\"2000\\u5e742\\u67081\\u65e5\",null,null,null,null,null,null,null,null,null,null,null]','[\"1\",null,null,null,null,null,null,null,null,null,null,null]','[null,null,null,null,null,null,null,null,null,null,null,null]','[\"SA92594647ED\",null,null,null,null,null,null,null,null,null,null,null]','[\"12345\",null,null,null,null,null,null,null,null,null,null,null]','[\"\\u5343\\u8449\\u770c\\u9752\\u7530\\u4e2d\\u304b\\u304b\\u304b\\u304b\\u3042\\u3042\\u3042\\u3042\\u3042\\u3042\\u3042\\u3042\\u3042\\u3042\\u3042\\u3042\\u3042\\u3042\\u3042\\u3042\\u3042\\u3042\\u3042\\u3042\\u3042\",null,null,null,null,null,null,null,null,null,null,null]','[\"1\",null,null,null,null,null,null,null,null,null,null,null]','[null,null,null,null,null,null,null,null,null,null,null,null]','[\"1\",null,null,null,null,null,null,null,null,null,\"1\",null]','[null,null,null,null,null,null,null,null,null,null,null,null]','[\"1\",null,null,null,null,null,null,null,null,null,null,null]','[null,null,null,null,null,null,null,null,null,null,null,null]','[\"1\",null,null,null,null,null,null,null,null,null,null,null]','[\"30\",null,null,null,null,null,null,null,null,null,null,null]','[\"3000\",null,null,null,null,null,null,null,null,null,null,null]','[\"2000\",null,null,null,null,null,null,null,null,null,null,null]','[\"1000\",null,null,null,null,null,null,null,null,null,null,null]','[\"1\",null,null,null,null,null,null,null,null,null,null,null]','[null,null,null,null,null,null,null,null,null,null,null,null]',NULL,NULL,'2025-04-22 02:13:25',151,'2025-04-22 05:45:02',2,5,13,'[\"2\",null,null,null,null,null,null,null,null,null,null,null]','[\"20\",null,null,null,null,null,null,null,null,null,null,null]','[\"3000\",null,null,null,null,null,null,null,null,null,null,null]','[\"2000\",null,null,null,null,null,null,null,null,null,null,null]','[\"1000\",null,null,null,null,null,null,null,null,null,null,null]','[\"1000\",null,null,null,null,null,null,null,null,null,null,null]','[\"2000\",null,null,null,null,null,null,null,null,null,null,null]','[\"3000\",null,null,null,null,null,null,null,null,null,null,null]','[\"20\",null,null,null,null,null,null,null,null,null,null,null]','[\"3\",null,null,null,null,null,null,null,null,null,null,null]','[\"3000\",null,null,null,null,null,null,null,null,null,null,null]','[\"6000\",null,null,null,null,null,null,null,null,null,null,null]','[\"9000\",null,null,null,null,null,null,null,null,null,null,null]',NULL,NULL,'ABC 会社'),('[\"SON\",\"THUY\",\"HAI\",null,\"THUY\",null,null,null,null,null,null,null]','[\"\\u30d9\\u30c8\\u30ca\\u30e0\",\"\\u30cd\\u30d1\\u30fc\\u30eb\",\"\\u30d9\\u30c8\\u30ca\\u30e0\",null,\"\\u30d9\\u30c8\\u30ca\\u30e0\",null,null,null,null,null,null,null]','[\"2010\\u5e74\",\"2000\\u5e741\\u67081\\u65e5\",\"1998\\/12\\/20\",null,\"2000\",null,null,null,null,null,null,null]','[\"1\",null,\"1\",null,\"1\",null,null,null,null,null,null,null]','[null,\"1\",null,null,null,null,null,null,null,null,null,null]','[\"SA92594647ED\",\"ABC1233333AAA\",\"ABC3333AAA\",null,\"EA15467\",null,null,null,null,null,null,null]','[\"11111\",\"111\\uff0d1254\",\"144-1522\",null,\"120-452\",null,null,null,null,null,null,null]','[\"\\u5343\\u8449\",\"\\u6771\\u4eac\\u90fd\\u65b0\\u5bbf\\u533a\\u6771\\u65b0\\u5bbf3\\u4e01\\u76ee\\uff11\\uff0d\\uff13\",\"CHIBA\",null,null,null,null,null,null,null,null,null]','[\"1\",\"1\",\"1\",\"1\",\"1\",null,null,null,null,null,null,null]','[null,null,null,null,null,null,null,null,null,null,null,null]','[\"1\",null,\"1\",null,\"1\",null,null,null,null,null,\"1\",null]','[null,\"1\",null,\"1\",null,null,null,null,null,null,null,\"1\"]','[\"1\",null,\"1\",null,\"1\",null,null,null,null,null,null,null]','[null,\"1\",null,\"1\",null,null,null,null,null,null,null,null]','[\"1\",\"4\",\"5\",\"1\",\"\\uff13\",null,null,null,null,null,null,null]','[\"20\",\"20\",\"15\",\"27\",\"15\",null,null,null,null,null,null,null]','[\"200\",\"300\",\"200\",\"10\",\"200\",null,null,null,null,null,null,null]','[\"300\",\"100\",\"100\",\"20\",\"30\",null,null,null,null,null,null,null]','[\"100\",\"200\",\"200\",\"20\",\"12\",null,null,null,null,null,null,null]','[\"1\",null,null,null,null,null,null,null,null,null,null,null]','[null,\"1\",null,null,null,null,null,null,null,null,null,null]',NULL,NULL,'2025-05-01 09:16:05',1,'2025-05-05 03:46:19',1,4,14,'[\"2\",\"5\",\"6\",\"2\",\"4\",null,null,null,null,null,null,null]','[\"20\",\"20\",\"15\",\"20\",\"15\",null,null,null,null,null,null,null]','[\"200\",\"400\",\"300\",\"20\",\"300\",null,null,null,null,null,null,null]','[\"300\",\"100\",\"300\",\"30\",\"40\",null,null,null,null,null,null,null]','[\"100\",\"300\",\"100\",\"30\",\"12\",null,null,null,null,null,null,null]','[\"100\",\"400\",\"300\",\"50\",\"12\",null,null,null,null,null,null,null]','[\"300\",\"100\",\"200\",\"50\",\"10\",null,null,null,null,null,null,null]','[\"200\",\"500\",\"400\",\"30\",\"500\",null,null,null,null,null,null,null]','[\"20\",\"20\",\"15\",\"20\",\"15\",null,null,null,null,null,null,null]','[\"3\",\"6\",\"7\",\"3\",\"5\",null,null,null,null,null,null,null]','[\"300\",\"9000\",\"600\",\"100\",\"36\",null,null,null,null,null,null,null]','[\"900\",\"300\",\"600\",\"100\",\"80\",null,null,null,null,null,null,null]','[\"600\",\"1200\",\"900\",\"60\",\"1000\",null,null,null,null,null,null,null]',NULL,NULL,'田中株式会社');

--
-- Table structure for table `et_doc_notification_of_support_contract`
--

CREATE TABLE `et_doc_notification_of_support_contract` (
  `corporate_number` varchar(255) COLLATE utf8mb4_unicode_ci DEFAULT NULL,
  `name_institution` varchar(255) COLLATE utf8mb4_unicode_ci DEFAULT NULL,
  `institution_address` varchar(255) COLLATE utf8mb4_unicode_ci DEFAULT NULL,
  `rea` text COLLATE utf8mb4_unicode_ci,
  `notification_date` text COLLATE utf8mb4_unicode_ci,
  `content` text COLLATE utf8mb4_unicode_ci,
  `chan` text COLLATE utf8mb4_unicode_ci,
  `new_content` text COLLATE utf8mb4_unicode_ci,
  `big` text COLLATE utf8mb4_unicode_ci,
  `small` text COLLATE utf8mb4_unicode_ci,
  `other` text COLLATE utf8mb4_unicode_ci,
  `name` text COLLATE utf8mb4_unicode_ci,
  `gender` text COLLATE utf8mb4_unicode_ci,
  `nr` text COLLATE utf8mb4_unicode_ci,
  `persons_date` text COLLATE utf8mb4_unicode_ci,
  `post_code` text COLLATE utf8mb4_unicode_ci,
  `prefec` text COLLATE utf8mb4_unicode_ci,
  `muni` text COLLATE utf8mb4_unicode_ci,
  `street` text COLLATE utf8mb4_unicode_ci,
  `resi` text COLLATE utf8mb4_unicode_ci,
  `specific` text COLLATE utf8mb4_unicode_ci,
  `business` text COLLATE utf8mb4_unicode_ci,
  `regis` text COLLATE utf8mb4_unicode_ci,
  `corpo` text COLLATE utf8mb4_unicode_ci,
  `name_of` text COLLATE utf8mb4_unicode_ci,
  `post_codeb` text CHARACTER SET utf8mb4 COLLATE utf8mb4_unicode_ci,
  `prefecture` text COLLATE utf8mb4_unicode_ci,
  `palities` text COLLATE utf8mb4_unicode_ci,
  `streetb` text CHARACTER SET utf8mb4 COLLATE utf8mb4_unicode_ci,
  `customer_id` bigint DEFAULT NULL,
  `created_by_id` bigint DEFAULT NULL,
  `created_at` timestamp NOT NULL DEFAULT CURRENT_TIMESTAMP,
  `updated_by_id` bigint DEFAULT NULL,
  `updated_at` timestamp NOT NULL DEFAULT CURRENT_TIMESTAMP,
  `company_id` bigint DEFAULT NULL,
  `updated_count` bigint DEFAULT NULL,
  `id` bigint NOT NULL AUTO_INCREMENT,
  PRIMARY KEY (`id`)
) ENGINE=InnoDB AUTO_INCREMENT=4 DEFAULT CHARSET=utf8mb4 COLLATE=utf8mb4_unicode_ci;

--
-- Dumping data for table `et_doc_notification_of_support_contract`
--

INSERT INTO `et_doc_notification_of_support_contract` VALUES ('20登124','ABC株式会社','東京都','[\"\\u3042\\u3042\\u3042\\u3042\",null,null,null,null]','[\"2020-03-10\",null,null,null,null]','[\"\\u6280\\u80fd\\u3055\\u3093\\u306e\\u652f\\u63f4\",null,null,null,null]','[\"\\uff42\\uff42\\uff42\\uff42\\uff42\",null,null,null,null]','[\"\\u6280\\u80fd\\u3055\\u3093\\u306e\\u751f\\u6d3b\\u3092\\u652f\\u63f4\\u3059\\u308b\",null,null,null,null]','[\"CCCCC\",null,null,null,null]','[\"ddddd\",null,null,null,null]','[\"\\u7121\\u3057\",null,null,null,null]','[\"\\u5165\\u7ba1 \\u82b1\\u5b50\",null,null,null,null]','[null,null,null,null,null]','[\"\\u30d9\\u30c8\\u30ca\\u30e0\",null,null,null,null]','[\"2000-03-12\",null,null,null,null]','[\"123001\",null,null,null,null]','[\"\\u6771\\u4eac\\u90fd\",null,null,null,null]','[\"\\u65b0\\u5bbf\\u533a\",null,null,null,null]','[\"\\uff13\\uff0d\\uff12\\uff0d\\uff11\",null,null,null,null]','[\"EA124570100\",null,null,null,null]','[\"\\u5916\\u98df\\u696d\",null,null,null,null]','[\"\\u98f2\\u98df\\u5e97\\u30b5\\u30fc\\u30d3\\u30b9\",null,null,null,null]','[\"234to0099\",null,null,null,null]','[\"12460000000\",null,null,null,null]','[\"\\u682a\\u5f0f\\u4f1a\\u793eABC\",null,null,null,null]','[null,null,null,null,null]','[\"\\u6771\\u4eac\\u90fd\",null,null,null,null]','[\"\\u65b0\\u5bbf\\u533a\",null,null,null,null]','[null,null,null,null,null]',NULL,NULL,'2025-03-03 02:06:04',151,'2025-03-03 02:06:04',2,1,1),('1235786455230','ABC株式会社','CHIBA','[\"\\u652f\\u63f4\\u59d4\\u8a17\\u5951\\u7d04\\u306e\\u5909\\u66f4\",\"\\u652f\\u63f4\\u59d4\\u8a17\\u5951\\u7d04\\u306e\\u7d42\\u4e86\",null,null,null,null,null,null,null,null,null,null,null,null,null,null,null,null,null,null,null,null]','[\"1990-03-04\",\"2000-03-04\",null,null,null,null,null,null,null,null,null,null,null,null,null,null,null,null,null,null,null,null]','[\"bfalfh;alfj;gf\",\"\\uff46\\uff53\\uff47\\uff48\\uff47\\uff47\",null,null,null,null,null,null,null,null,null,null,null,null,null,null,null,null,null,null,null,null]','[\"01.\\u59d4\\u8a17\\u3059\\u308b\\u652f\\u63f4\\u696d\\u52d9\",\"03.\\u8cbb\\u7528\\u306e\\u8ca0\\u62c5\",null,null,null,null,null,null,null,null,null,null,null,null,null,null,null,null,null,null,null,null]','[\"\\u6280\\u80fd\\u3055\\u3093\\u306e\\u751f\\u6d3b\\u652f\\u63f4\",\"\\uff47\\uff53\\uff47\\uff47\\uff48\\uff48\",null,null,null,null,null,null,null,null,null,null,null,null,null,null,null,null,null,null,null,null]','[\"\\u59d4\\u8a17\\u5951\\u7d04\\u306e\\u7d42\\u671f\\u5230\\u6765\",\"\\u7279\\u5b9a\\u6280\\u80fd\\u6240\\u5c5e\\u6a5f\\u95a2\\u306e\\u90fd\\u5408\\u306b\\u3088\\u308b\\u7d42\\u4e86\",null,null,null,null,null,null,null,null,null,null,null,null,null,null,null,null,null,null,null,null]','[\"06.\\u5951\\u7d04\\u9055\\u53cd\",\"08.\\u305d\\u306e\\u4ed6\",null,null,null,null,null,null,null,null,null,null,null,null,null,null,null,null,null,null,null,null]','[\"\\u6280\\u80fd\\u3055\\u3093\",\"\\uff48\\uff46\\uff4a\\uff46\\uff4a\\uff4a\",null,null,null,null,null,null,null,null,null,null,null,null,null,null,null,null,null,null,null,null]','[\"nakano\",\"\\u3044\\u3044\\u3044\\u3044\\u3044\",null,null,null,null,null,null,null,null,null,null,null,null,null,null,null,null,null,null,null,null]','[\"\\u5973\",\"\\u7537\",null,null,null,null,null,null,null,null,null,null,null,null,null,null,null,null,null,null,null,null]','[\"\\u30d9\\u30c8\\u30ca\\u30e0\",\"\\u30cd\\u30d1\\u30fc\\u30eb\",null,null,null,null,null,null,null,null,null,null,null,null,null,null,null,null,null,null,null,null]','[\"2001-03-04\",\"2000-03-03\",null,null,null,null,null,null,null,null,null,null,null,null,null,null,null,null,null,null,null,null]','[\"1110022\",\"123789\",null,null,null,null,null,null,null,null,null,null,null,null,null,null,null,null,null,null,null,null]','[\"tokyo\",\"\\u5343\\u8449\\u770c\",null,null,null,null,null,null,null,null,null,null,null,null,null,null,null,null,null,null,null,null]','[\"shinjuku\",\"\\u308f\\u3089\",null,null,null,null,null,null,null,null,null,null,null,null,null,null,null,null,null,null,null,null]','[\"3-4-5\",\"5-7-8\",null,null,null,null,null,null,null,null,null,null,null,null,null,null,null,null,null,null,null,null]','[\"SA425555\",\"EA4555133\",null,null,null,null,null,null,null,null,null,null,null,null,null,null,null,null,null,null,null,null]','[\"\\u5916\\u98df\\u696d\",\"\\u5efa\\u8a2d\\u696d\",null,null,null,null,null,null,null,null,null,null,null,null,null,null,null,null,null,null,null,null]','[\"\\u98f2\\u98df\\u5e97\",\"\\u3068\\u3073\",null,null,null,null,null,null,null,null,null,null,null,null,null,null,null,null,null,null,null,null]','[\"\\uff11\\uff10\\u767b\\u30fc2022\",\"32547855\",null,null,null,null,null,null,null,null,null,null,null,null,null,null,null,null,null,null,null,null]','[\"1200000230\",\"154100005\",null,null,null,null,null,null,null,null,null,null,null,null,null,null,null,null,null,null,null,null]','[\"\\u30a2\\u30d0\\u30bf\\u30fc\\u682a\\u5f0f\\u4f1a\\u793e\",\"\\u305f\\u305f\\u682a\\u5f0f\\u4f1a\\u793e\",null,null,null,null,null,null,null,null,null,null,null,null,null,null,null,null,null,null,null,null]','[\"120001\",\"1254788\",null,null,null,null,null,null,null,null,null,null,null,null,null,null,null,null,null,null,null,null]','[\"\\u5c90\\u961c\\u770c\",\"\\u540d\\u53e4\\u5c4b\\u5e02\",null,null,null,null,null,null,null,null,null,null,null,null,null,null,null,null,null,null,null,null]','[\"\\u30c6\\u30e9\\u30b9\",\"\\u305f\\u305f\",null,null,null,null,null,null,null,null,null,null,null,null,null,null,null,null,null,null,null,null]','[\"2\\uff0d3\\uff0d1\",\"4-8-9\",null,null,null,null,null,null,null,null,null,null,null,null,null,null,null,null,null,null,null,null]',NULL,NULL,'2025-03-03 09:05:00',151,'2025-03-03 09:05:00',2,10,2),(NULL,NULL,NULL,'[\"\\u652f\\u63f4\\u59d4\\u8a17\\u5951\\u7d04\\u306e\\u7de0\\u7d50\",null,null,null,null,null,null,null,null,null,null,null,null,null,null,null,null,null,null,null,null,null]','[\"2025-03-04\",null,null,null,null,null,null,null,null,null,null,null,null,null,null,null,null,null,null,null,null,null]','[null,null,null,null,null,null,null,null,null,null,null,null,null,null,null,null,null,null,null,null,null,null]','[\"01.\\u59d4\\u8a17\\u3059\\u308b\\u652f\\u63f4\\u696d\\u52d9\",null,null,null,null,null,null,null,null,null,null,null,null,null,null,null,null,null,null,null,null,null]','[null,null,null,null,null,null,null,null,null,null,null,null,null,null,null,null,null,null,null,null,null,null]','[null,null,null,null,null,null,null,null,null,null,null,null,null,null,null,null,null,null,null,null,null,null]','[null,null,null,null,null,null,null,null,null,null,null,null,null,null,null,null,null,null,null,null,null,null]','[null,null,null,null,null,null,null,null,null,null,null,null,null,null,null,null,null,null,null,null,null,null]','[null,null,null,null,null,null,null,null,null,null,null,null,null,null,null,null,null,null,null,null,null,null]','[\"asdasd\",null,null,null,null,null,null,null,null,null,null,null,null,null,null,null,null,null,null,null,null,null]','[null,null,null,null,null,null,null,null,null,null,null,null,null,null,null,null,null,null,null,null,null,null]','[null,null,null,null,null,null,null,null,null,null,null,null,null,null,null,null,null,null,null,null,null,null]','[null,null,null,null,null,null,null,null,null,null,null,null,null,null,null,null,null,null,null,null,null,null]','[null,null,null,null,null,null,null,null,null,null,null,null,null,null,null,null,null,null,null,null,null,null]','[null,null,null,null,null,null,null,null,null,null,null,null,null,null,null,null,null,null,null,null,null,null]','[null,null,null,null,null,null,null,null,null,null,null,null,null,null,null,null,null,null,null,null,null,null]','[null,null,null,null,null,null,null,null,null,null,null,null,null,null,null,null,null,null,null,null,null,null]','[null,null,null,null,null,null,null,null,null,null,null,null,null,null,null,null,null,null,null,null,null,null]','[null,null,null,null,null,null,null,null,null,null,null,null,null,null,null,null,null,null,null,null,null,null]','[null,null,null,null,null,null,null,null,null,null,null,null,null,null,null,null,null,null,null,null,null,null]','[null,null,null,null,null,null,null,null,null,null,null,null,null,null,null,null,null,null,null,null,null,null]','[null,null,null,null,null,null,null,null,null,null,null,null,null,null,null,null,null,null,null,null,null,null]','[\"asdasdasd\",null,null,null,null,null,null,null,null,null,null,null,null,null,null,null,null,null,null,null,null,null]','[null,null,null,null,null,null,null,null,null,null,null,null,null,null,null,null,null,null,null,null,null,null]','[null,null,null,null,null,null,null,null,null,null,null,null,null,null,null,null,null,null,null,null,null,null]','[null,null,null,null,null,null,null,null,null,null,null,null,null,null,null,null,null,null,null,null,null,null]',NULL,NULL,'2025-03-04 02:33:25',1,'2025-03-04 02:33:25',1,2,3);

--
-- Table structure for table `et_doc_notification_of_support_status_org`
--

CREATE TABLE `et_doc_notification_of_support_status_org` (
  `period` varchar(255) COLLATE utf8mb4_unicode_ci DEFAULT NULL,
  `id` bigint NOT NULL AUTO_INCREMENT,
  `no` varchar(255) COLLATE utf8mb4_unicode_ci DEFAULT NULL,
  `n1` varchar(2) COLLATE utf8mb4_unicode_ci DEFAULT NULL,
  `n2` varchar(2) COLLATE utf8mb4_unicode_ci DEFAULT NULL,
  `n3` varchar(2) COLLATE utf8mb4_unicode_ci DEFAULT NULL,
  `n4` varchar(2) COLLATE utf8mb4_unicode_ci DEFAULT NULL,
  `n5` varchar(2) COLLATE utf8mb4_unicode_ci DEFAULT NULL,
  `n6` varchar(2) COLLATE utf8mb4_unicode_ci DEFAULT NULL,
  `n7` varchar(2) COLLATE utf8mb4_unicode_ci DEFAULT NULL,
  `n8` varchar(2) COLLATE utf8mb4_unicode_ci DEFAULT NULL,
  `n9` varchar(2) COLLATE utf8mb4_unicode_ci DEFAULT NULL,
  `n10` varchar(2) COLLATE utf8mb4_unicode_ci DEFAULT NULL,
  `n11` varchar(2) COLLATE utf8mb4_unicode_ci DEFAULT NULL,
  `n12` varchar(2) COLLATE utf8mb4_unicode_ci DEFAULT NULL,
  `n13` varchar(2) COLLATE utf8mb4_unicode_ci DEFAULT NULL,
  `name` varchar(255) COLLATE utf8mb4_unicode_ci DEFAULT NULL,
  `full_name` varchar(255) COLLATE utf8mb4_unicode_ci DEFAULT NULL,
  `code` varchar(255) COLLATE utf8mb4_unicode_ci DEFAULT NULL,
  `address` varchar(255) COLLATE utf8mb4_unicode_ci DEFAULT NULL,
  `phone` varchar(30) COLLATE utf8mb4_unicode_ci DEFAULT NULL,
  `ckbox1` tinyint DEFAULT NULL,
  `ckbox2` tinyint DEFAULT NULL,
  `name_specific` varchar(255) COLLATE utf8mb4_unicode_ci DEFAULT NULL,
  `name_person` varchar(255) COLLATE utf8mb4_unicode_ci DEFAULT NULL,
  `telephone_number` varchar(30) CHARACTER SET utf8mb4 COLLATE utf8mb4_unicode_ci DEFAULT NULL,
  `signature_person` varchar(255) COLLATE utf8mb4_unicode_ci DEFAULT NULL,
  `date` date DEFAULT NULL,
  `customer_id` bigint DEFAULT NULL,
  `created_by_id` bigint DEFAULT NULL,
  `created_at` timestamp NOT NULL DEFAULT CURRENT_TIMESTAMP,
  `updated_by_id` bigint DEFAULT NULL,
  `updated_at` timestamp NOT NULL DEFAULT CURRENT_TIMESTAMP,
  `company_id` bigint DEFAULT NULL,
  `updated_count` bigint DEFAULT NULL,
  PRIMARY KEY (`id`)
) ENGINE=InnoDB AUTO_INCREMENT=2 DEFAULT CHARSET=utf8mb4 COLLATE=utf8mb4_unicode_ci;

--
-- Dumping data for table `et_doc_notification_of_support_status_org`
--

INSERT INTO `et_doc_notification_of_support_status_org` VALUES ('２０２１年',1,'4','1','0','1','0','0','0','1','1','1','1','1','1','2','なかの','中野','123456','千葉県船橋市','082-00-123',1,NULL,'ABCkabu','tnaaka','023-45221','入管 太郎','2025-03-04',NULL,NULL,'2025-03-04 14:16:29',151,'2025-03-04 14:16:29',2,2);

--
-- Table structure for table `et_doc_notification_resumption_support_services`
--

CREATE TABLE `et_doc_notification_resumption_support_services` (
  `id` bigint NOT NULL AUTO_INCREMENT,
  `registration_number` varchar(255) CHARACTER SET utf8mb4 COLLATE utf8mb4_general_ci DEFAULT NULL,
  `legal_person_number_1` int DEFAULT NULL,
  `legal_person_number_2` int DEFAULT NULL,
  `legal_person_number_3` int DEFAULT NULL,
  `legal_person_number_4` int DEFAULT NULL,
  `legal_person_number_5` int DEFAULT NULL,
  `legal_person_number_6` int DEFAULT NULL,
  `legal_person_number_7` int DEFAULT NULL,
  `legal_person_number_8` int DEFAULT NULL,
  `legal_person_number_9` int DEFAULT NULL,
  `legal_person_number_10` int DEFAULT NULL,
  `legal_person_number_11` int DEFAULT NULL,
  `legal_person_number_12` int DEFAULT NULL,
  `legal_person_number_13` int DEFAULT NULL,
  `name_the_institution` varchar(255) CHARACTER SET utf8mb4 COLLATE utf8mb4_general_ci DEFAULT NULL,
  `agency_address` varchar(255) CHARACTER SET utf8mb4 COLLATE utf8mb4_general_ci DEFAULT NULL,
  `responsible` varchar(255) CHARACTER SET utf8mb4 COLLATE utf8mb4_general_ci DEFAULT NULL,
  `telephone_number` varchar(255) CHARACTER SET utf8mb4 COLLATE utf8mb4_general_ci DEFAULT NULL,
  `planned_date` date DEFAULT NULL,
  `signature_person` varchar(255) CHARACTER SET utf8mb4 COLLATE utf8mb4_general_ci DEFAULT NULL,
  `signature_person_date` date DEFAULT NULL,
  `created_at` datetime NOT NULL DEFAULT CURRENT_TIMESTAMP,
  `created_by_id` bigint DEFAULT NULL,
  `updated_by_id` bigint DEFAULT NULL,
  `updated_at` datetime NOT NULL DEFAULT CURRENT_TIMESTAMP,
  `company_id` bigint DEFAULT NULL,
  `updated_count` bigint DEFAULT NULL,
  `code` varchar(255) CHARACTER SET utf8mb4 COLLATE utf8mb4_general_ci DEFAULT NULL,
  `name_specific` varchar(200) CHARACTER SET utf8mb4 COLLATE utf8mb4_general_ci DEFAULT NULL,
  `name_person_responsible` varchar(200) CHARACTER SET utf8mb4 COLLATE utf8mb4_general_ci DEFAULT NULL,
  `document` varchar(200) CHARACTER SET utf8mb4 COLLATE utf8mb4_general_ci DEFAULT NULL,
  `datesig` date DEFAULT NULL,
  `signature` varchar(200) CHARACTER SET utf8mb4 COLLATE utf8mb4_general_ci DEFAULT NULL,
  PRIMARY KEY (`id`)
) ENGINE=InnoDB AUTO_INCREMENT=4 DEFAULT CHARSET=utf8mb4 COLLATE=utf8mb4_general_ci;

--
-- Dumping data for table `et_doc_notification_resumption_support_services`
--

INSERT INTO `et_doc_notification_resumption_support_services` VALUES (1,'registration_number',1,1,2,2,3,3,4,4,5,5,6,6,7,'name_the_institution','agency_address','responsible','telephone_number','2024-11-11','fsdfsdf','2024-03-12','2024-10-14 12:54:01',NULL,1,'2024-10-14 13:09:30',1,1,NULL,NULL,NULL,NULL,NULL,NULL),(2,'011',3,3,3,1,1,2,2,1,1,1,1,1,1,'BBBBB','tokyou','Ạdlaghdfad','111789010000','2024-11-22','1','2024-11-22','2024-11-22 12:07:15',NULL,1,'2024-11-22 12:07:15',1,6,NULL,NULL,NULL,NULL,NULL,NULL),(3,'12登-454231',9,1,3,4,1,0,0,7,8,4,7,7,7,'オオノ','tokyou','dâf','085-457-4165','2025-01-01','oooka','2025-01-01','2025-01-01 12:56:10',NULL,151,'2025-01-01 12:56:10',1,4,NULL,NULL,NULL,NULL,NULL,NULL);

--
-- Table structure for table `et_doc_notification_support_implementation_status`
--

CREATE TABLE `et_doc_notification_support_implementation_status` (
  `id` int NOT NULL AUTO_INCREMENT,
  `corporate_number` varchar(255) CHARACTER SET utf8mb4 COLLATE utf8mb4_general_ci DEFAULT NULL,
  `name` varchar(255) CHARACTER SET utf8mb4 COLLATE utf8mb4_general_ci DEFAULT NULL,
  `accommodation` varchar(255) CHARACTER SET utf8mb4 COLLATE utf8mb4_general_ci DEFAULT NULL,
  `accommodation_tel` varchar(255) CHARACTER SET utf8mb4 COLLATE utf8mb4_general_ci DEFAULT NULL,
  `specific_skilled_foreign_nationals_1` int DEFAULT NULL,
  `specific_skilled_foreign_nationals_2` int DEFAULT NULL,
  `name_specific_skills_organization` varchar(255) CHARACTER SET utf8mb4 COLLATE utf8mb4_general_ci DEFAULT NULL,
  `name_create_document` varchar(255) CHARACTER SET utf8mb4 COLLATE utf8mb4_general_ci DEFAULT NULL,
  `tel` varchar(255) CHARACTER SET utf8mb4 COLLATE utf8mb4_general_ci DEFAULT NULL,
  `sign_name` varchar(255) CHARACTER SET utf8mb4 COLLATE utf8mb4_general_ci DEFAULT NULL,
  `sign_date` date DEFAULT NULL,
  `created_at` datetime DEFAULT NULL,
  `created_by_id` bigint DEFAULT NULL,
  `updated_by_id` bigint DEFAULT NULL,
  `updated_at` datetime DEFAULT NULL,
  `company_id` bigint DEFAULT NULL,
  `updated_count` int DEFAULT NULL,
  PRIMARY KEY (`id`)
) ENGINE=InnoDB DEFAULT CHARSET=utf8mb4 COLLATE=utf8mb4_general_ci;

--
-- Dumping data for table `et_doc_notification_support_implementation_status`
--


--
-- Table structure for table `et_doc_notification_suspend_terminate_support`
--

CREATE TABLE `et_doc_notification_suspend_terminate_support` (
  `id` bigint NOT NULL AUTO_INCREMENT,
  `registration_number` varchar(255) CHARACTER SET utf8mb4 COLLATE utf8mb4_general_ci DEFAULT NULL,
  `legal_person_number_1` int NOT NULL,
  `legal_person_number_2` int NOT NULL,
  `legal_person_number_3` int NOT NULL,
  `legal_person_number_4` int NOT NULL,
  `legal_person_number_5` int NOT NULL,
  `legal_person_number_6` int NOT NULL,
  `legal_person_number_7` int NOT NULL,
  `legal_person_number_8` int NOT NULL,
  `legal_person_number_9` int NOT NULL,
  `legal_person_number_10` int NOT NULL,
  `legal_person_number_11` int NOT NULL,
  `legal_person_number_12` int NOT NULL,
  `legal_person_number_13` int NOT NULL,
  `name_the_institution` varchar(255) CHARACTER SET utf8mb4 COLLATE utf8mb4_general_ci DEFAULT NULL,
  `agency_address` varchar(255) CHARACTER SET utf8mb4 COLLATE utf8mb4_general_ci DEFAULT NULL,
  `responsible` varchar(255) CHARACTER SET utf8mb4 COLLATE utf8mb4_general_ci DEFAULT NULL,
  `telephone_number` varchar(255) CHARACTER SET utf8mb4 COLLATE utf8mb4_general_ci DEFAULT NULL,
  `suspen_sionsupport_services` tinyint DEFAULT NULL,
  `abolition_support_services` tinyint DEFAULT NULL,
  `suspension` date DEFAULT NULL,
  `business_reasons` tinyint DEFAULT NULL,
  `business_downsizing` tinyint DEFAULT NULL,
  `others` tinyint DEFAULT NULL,
  `text_others` varchar(255) CHARACTER SET utf8mb4 COLLATE utf8mb4_general_ci DEFAULT NULL,
  `reopening` tinyint DEFAULT NULL,
  `reopenin_date` date DEFAULT NULL,
  `date_abolition` tinyint DEFAULT NULL,
  `date_abolition_date` date DEFAULT NULL,
  `bankruptcy` tinyint DEFAULT NULL,
  `death` tinyint DEFAULT NULL,
  `business_downsizing1` tinyint DEFAULT NULL,
  `other_business_reasons` tinyint DEFAULT NULL,
  `yes_or_no` tinyint DEFAULT NULL,
  `creation_date` date DEFAULT NULL,
  `created_at` datetime DEFAULT CURRENT_TIMESTAMP,
  `created_by_id` bigint DEFAULT NULL,
  `updated_by_id` bigint DEFAULT NULL,
  `updated_at` datetime DEFAULT CURRENT_TIMESTAMP,
  `company_id` bigint DEFAULT NULL,
  `updated_count` bigint DEFAULT NULL,
  `code` varchar(20) CHARACTER SET utf8mb4 COLLATE utf8mb4_general_ci DEFAULT NULL,
  `name_ct` varchar(255) CHARACTER SET utf8mb4 COLLATE utf8mb4_general_ci DEFAULT NULL,
  PRIMARY KEY (`id`)
) ENGINE=InnoDB AUTO_INCREMENT=4 DEFAULT CHARSET=utf8mb4 COLLATE=utf8mb4_general_ci;

--
-- Dumping data for table `et_doc_notification_suspend_terminate_support`
--

INSERT INTO `et_doc_notification_suspend_terminate_support` VALUES (1,'registration_number 111',1,1,1,1,1,1,1,1,1,1,1,1,1,'dsafdsfdsfsdf','agency_address','responsible','123123123123',1,1,'2024-11-11',1,1,1,'text_others',1,'2024-11-11',1,'2024-11-11',1,1,1,1,2,'2024-11-11',NULL,NULL,1,'2024-10-11 15:41:45',1,8,NULL,NULL),(2,'registration_number',1,2,3,4,5,6,7,8,9,1,2,3,4,'name_the_institution','agency_address','responsible','0',1,1,'2024-11-11',1,1,1,'text_others',1,'2024-11-11',1,'2024-11-11',1,1,1,1,1,'2024-11-11','2024-10-11 16:07:44',NULL,NULL,'2024-10-11 16:07:44',1,0,NULL,NULL),(3,'12登-454231',4,2,3,5,5,5,4,3,9,3,0,0,0,'株式会社　入管','東京都新宿区','AADGLKFH;','045-785-1555',1,0,'2025-01-01',1,0,0,'gflahf;à',0,'2025-01-01',1,'2025-01-01',0,0,1,0,1,'2025-01-01','2025-01-01 12:54:40',NULL,151,'2025-01-16 13:01:43',1,12,'123-456','ÔNO COMPANY');

--
-- Table structure for table `et_doc_otherwork_reason`
--

CREATE TABLE `et_doc_otherwork_reason` (
  `id` int NOT NULL AUTO_INCREMENT,
  `date` date DEFAULT NULL,
  `customer_name` varchar(255) CHARACTER SET utf8mb4 COLLATE utf8mb4_unicode_ci DEFAULT NULL,
  `customer_director` varchar(255) CHARACTER SET utf8mb4 COLLATE utf8mb4_unicode_ci DEFAULT NULL,
  `reason_required_work` tinyint(1) NOT NULL DEFAULT '0',
  `reason_required_work_note` text CHARACTER SET utf8mb4 COLLATE utf8mb4_unicode_ci,
  `reason_performance_work` tinyint(1) NOT NULL DEFAULT '0',
  `reason_performance_work_note` text CHARACTER SET utf8mb4 COLLATE utf8mb4_unicode_ci,
  `reason_otherwork` tinyint(1) NOT NULL DEFAULT '0',
  `reason_otherwork_note` text CHARACTER SET utf8mb4 COLLATE utf8mb4_unicode_ci,
  `note` varchar(255) CHARACTER SET utf8mb4 COLLATE utf8mb4_unicode_ci DEFAULT NULL,
  `created_at` timestamp NULL DEFAULT NULL,
  `created_by_id` bigint DEFAULT NULL,
  `updated_at` int DEFAULT NULL,
  `updated_by_id` bigint DEFAULT NULL,
  `company_id` bigint DEFAULT NULL,
  `updated_count` int NOT NULL DEFAULT '0',
  PRIMARY KEY (`id`)
) ENGINE=InnoDB AUTO_INCREMENT=3 DEFAULT CHARSET=utf8mb4 COLLATE=utf8mb4_unicode_ci;

--
-- Dumping data for table `et_doc_otherwork_reason`
--

INSERT INTO `et_doc_otherwork_reason` VALUES (1,'2024-06-21','customer_name 123','customer_director 123123',1,'ádasdaasd asdasdasd ádasd',1,'ádasdasdasd ádasd',1,'ádasda',NULL,NULL,NULL,NULL,1,1,2),(2,'2024-09-01','customer_name','customer_director',1,'test\r\ntest3',1,'1\r\n2',1,'1111\r\n222',NULL,NULL,NULL,NULL,1,1,3);

--
-- Table structure for table `et_doc_payment_certificate`
--

CREATE TABLE `et_doc_payment_certificate` (
  `id` int NOT NULL AUTO_INCREMENT,
  `month` varchar(255) COLLATE utf8mb4_unicode_ci DEFAULT NULL,
  `from_date` date DEFAULT NULL,
  `to_date` date DEFAULT NULL,
  `name` varchar(255) CHARACTER SET utf8mb4 COLLATE utf8mb4_unicode_ci DEFAULT NULL,
  `sex` tinyint(1) DEFAULT NULL,
  `birthdate` date DEFAULT NULL,
  `nationality` varchar(255) CHARACTER SET utf8mb4 COLLATE utf8mb4_unicode_ci DEFAULT NULL,
  `zairyu_number` varchar(255) CHARACTER SET utf8mb4 COLLATE utf8mb4_unicode_ci DEFAULT NULL,
  `money` int DEFAULT NULL,
  `cash_money` int DEFAULT NULL,
  `pay_date` date DEFAULT NULL,
  `sign_date1` date DEFAULT NULL,
  `sign_company_name` varchar(255) CHARACTER SET utf8mb4 COLLATE utf8mb4_unicode_ci DEFAULT NULL,
  `sign_company_director_name` varchar(255) CHARACTER SET utf8mb4 COLLATE utf8mb4_unicode_ci DEFAULT NULL,
  `sign_company_payer_name` varchar(255) CHARACTER SET utf8mb4 COLLATE utf8mb4_unicode_ci DEFAULT NULL,
  `sign_date2` date DEFAULT NULL,
  `trainee_name` varchar(255) CHARACTER SET utf8mb4 COLLATE utf8mb4_unicode_ci DEFAULT NULL,
  `created_at` timestamp NULL DEFAULT NULL,
  `created_by_id` bigint DEFAULT NULL,
  `updated_at` int DEFAULT NULL,
  `updated_by_id` bigint DEFAULT NULL,
  `company_id` bigint DEFAULT NULL,
  `updated_count` int NOT NULL DEFAULT '0',
  PRIMARY KEY (`id`)
) ENGINE=InnoDB AUTO_INCREMENT=3 DEFAULT CHARSET=utf8mb4 COLLATE=utf8mb4_unicode_ci;

--
-- Dumping data for table `et_doc_payment_certificate`
--

INSERT INTO `et_doc_payment_certificate` VALUES (1,'2024-07','2024-07-01','2024-07-31','name',1,'2024-07-08','nationality','zairyu_number',1000,10000,'2024-07-22','2024-07-25','sign_company_name','sign_company_director_name','sign_company_payer_name','2024-07-25','trainee_name',NULL,NULL,NULL,1,1,1),(2,'2024-08','2024-08-02','2024-08-02','TEST',1,'2024-08-02','nationality',NULL,NULL,NULL,NULL,NULL,NULL,NULL,NULL,NULL,NULL,NULL,NULL,NULL,1,1,4);

--
-- Table structure for table `et_doc_power_attorney`
--

CREATE TABLE `et_doc_power_attorney` (
  `id` int NOT NULL AUTO_INCREMENT,
  `person_1_postcode` varchar(255) CHARACTER SET utf8mb4 COLLATE utf8mb4_unicode_ci DEFAULT NULL,
  `person_1_address` varchar(255) CHARACTER SET utf8mb4 COLLATE utf8mb4_unicode_ci DEFAULT NULL,
  `person_1_tell` varchar(255) CHARACTER SET utf8mb4 COLLATE utf8mb4_unicode_ci DEFAULT NULL,
  `person_1_name` varchar(255) CHARACTER SET utf8mb4 COLLATE utf8mb4_unicode_ci DEFAULT NULL,
  `person_1_leader_name` varchar(255) CHARACTER SET utf8mb4 COLLATE utf8mb4_unicode_ci DEFAULT NULL,
  `content` varchar(255) CHARACTER SET utf8mb4 COLLATE utf8mb4_unicode_ci DEFAULT NULL,
  `content_2` varchar(255) CHARACTER SET utf8mb4 COLLATE utf8mb4_unicode_ci DEFAULT NULL,
  `content_3` varchar(255) CHARACTER SET utf8mb4 COLLATE utf8mb4_unicode_ci DEFAULT NULL,
  `sign_date` date DEFAULT NULL,
  `person_2_postcode` varchar(255) CHARACTER SET utf8mb4 COLLATE utf8mb4_unicode_ci DEFAULT NULL,
  `person_2_address` varchar(255) CHARACTER SET utf8mb4 COLLATE utf8mb4_unicode_ci DEFAULT NULL,
  `person_2_tell` varchar(255) CHARACTER SET utf8mb4 COLLATE utf8mb4_unicode_ci DEFAULT NULL,
  `person_2_name` varchar(255) CHARACTER SET utf8mb4 COLLATE utf8mb4_unicode_ci DEFAULT NULL,
  `person_2_leader_name` varchar(255) CHARACTER SET utf8mb4 COLLATE utf8mb4_unicode_ci DEFAULT NULL,
  `created_at` timestamp NULL DEFAULT NULL,
  `created_by_id` bigint DEFAULT NULL,
  `updated_at` int DEFAULT NULL,
  `updated_by_id` bigint DEFAULT NULL,
  `company_id` bigint DEFAULT NULL,
  `updated_count` int NOT NULL DEFAULT '0',
  PRIMARY KEY (`id`)
) ENGINE=InnoDB AUTO_INCREMENT=3 DEFAULT CHARSET=utf8mb4 COLLATE=utf8mb4_unicode_ci;

--
-- Dumping data for table `et_doc_power_attorney`
--

INSERT INTO `et_doc_power_attorney` VALUES (1,'12345','tesst','0123456789','name','person_1_leader_name','afasdf asdfa','test','content 3','2024-07-02','12345678','123456789','test','name 111','leader 111',NULL,NULL,NULL,1,1,15),(2,NULL,NULL,NULL,NULL,NULL,NULL,NULL,NULL,NULL,NULL,NULL,NULL,NULL,NULL,NULL,NULL,NULL,1,1,1);

--
-- Table structure for table `et_doc_pre_entry_training_scheduler`
--

CREATE TABLE `et_doc_pre_entry_training_scheduler` (
  `id` int NOT NULL AUTO_INCREMENT,
  `sign_date` date DEFAULT NULL,
  `sign_name` varchar(255) CHARACTER SET utf8mb4 COLLATE utf8mb4_unicode_ci DEFAULT NULL,
  `sign_creator_name` varchar(255) CHARACTER SET utf8mb4 COLLATE utf8mb4_unicode_ci DEFAULT NULL,
  `sign_customer_name` varchar(255) CHARACTER SET utf8mb4 COLLATE utf8mb4_unicode_ci DEFAULT NULL,
  `created_at` timestamp NULL DEFAULT NULL,
  `created_by_id` bigint DEFAULT NULL,
  `updated_at` int DEFAULT NULL,
  `updated_by_id` bigint DEFAULT NULL,
  `company_id` bigint DEFAULT NULL,
  `updated_count` int NOT NULL DEFAULT '0',
  PRIMARY KEY (`id`)
) ENGINE=InnoDB AUTO_INCREMENT=5 DEFAULT CHARSET=utf8mb4 COLLATE=utf8mb4_unicode_ci;

--
-- Dumping data for table `et_doc_pre_entry_training_scheduler`
--

INSERT INTO `et_doc_pre_entry_training_scheduler` VALUES (1,'2024-07-05','NGUYEN DUC TAP','NGUYEN VAN A','CUSTOME NAME',NULL,NULL,NULL,NULL,1,0),(2,'2024-07-09','sign_name','sign_creator_name','sign_customer_name',NULL,NULL,NULL,1,1,2),(3,'2024-07-30','sign_name','sign_creator_name','sign_customer_name',NULL,NULL,NULL,NULL,1,0),(4,'2024-09-09','sign_name','sign_creator_name','sign_customer_name',NULL,NULL,NULL,1,1,4);

--
-- Table structure for table `et_doc_pregnancy_declaration`
--

CREATE TABLE `et_doc_pregnancy_declaration` (
  `id` int NOT NULL AUTO_INCREMENT,
  `check_1` int DEFAULT NULL,
  `check_2` int DEFAULT NULL,
  `name` varchar(255) CHARACTER SET utf8mb4 COLLATE utf8mb4_unicode_ci DEFAULT NULL,
  `detail_check_1` int DEFAULT NULL,
  `detail_check_2` int DEFAULT NULL,
  `detail_check_3` int DEFAULT NULL,
  `detail_check_4` int DEFAULT NULL,
  `detail_check_5` int DEFAULT NULL,
  `detail_check_6` tinyint(1) DEFAULT NULL,
  `detail_check_7` int DEFAULT NULL,
  `date_to` date DEFAULT NULL,
  `return_country_date` date DEFAULT NULL,
  `return_check_1` int DEFAULT NULL,
  `return_month` varchar(8) CHARACTER SET utf8mb4 COLLATE utf8mb4_unicode_ci DEFAULT NULL,
  `return_check_2` tinyint(1) DEFAULT NULL,
  `return_check_3` tinyint(1) DEFAULT NULL,
  `sign_date` date DEFAULT NULL,
  `sign_name` varchar(255) CHARACTER SET utf8mb4 COLLATE utf8mb4_unicode_ci DEFAULT NULL,
  `sign_submit_name` varchar(255) CHARACTER SET utf8mb4 COLLATE utf8mb4_unicode_ci DEFAULT NULL,
  `created_at` timestamp NULL DEFAULT NULL,
  `created_by_id` bigint DEFAULT NULL,
  `updated_at` int DEFAULT NULL,
  `updated_by_id` bigint DEFAULT NULL,
  `company_id` bigint DEFAULT NULL,
  `updated_count` int NOT NULL DEFAULT '0',
  `note` text COLLATE utf8mb4_unicode_ci,
  PRIMARY KEY (`id`)
) ENGINE=InnoDB AUTO_INCREMENT=3 DEFAULT CHARSET=utf8mb4 COLLATE=utf8mb4_unicode_ci;

--
-- Dumping data for table `et_doc_pregnancy_declaration`
--

INSERT INTO `et_doc_pregnancy_declaration` VALUES (1,1,0,'name test',1,0,0,1,1,1,1,'2024-07-04','2024-07-04',1,'2024-06',1,0,'2024-07-10','sign_name','sign_submit_name',NULL,NULL,NULL,NULL,NULL,0,'note'),(2,0,0,NULL,0,0,0,0,0,0,0,NULL,NULL,0,NULL,0,0,NULL,NULL,NULL,NULL,NULL,NULL,NULL,NULL,0,NULL);

--
-- Table structure for table `et_doc_prepare_institution_pledge`
--

CREATE TABLE `et_doc_prepare_institution_pledge` (
  `id` int NOT NULL AUTO_INCREMENT,
  `name` varchar(255) CHARACTER SET utf8mb4 COLLATE utf8mb4_unicode_ci DEFAULT NULL,
  `director_name` varchar(255) CHARACTER SET utf8mb4 COLLATE utf8mb4_unicode_ci DEFAULT NULL,
  `address` varchar(255) CHARACTER SET utf8mb4 COLLATE utf8mb4_unicode_ci DEFAULT NULL,
  `tel` varchar(255) CHARACTER SET utf8mb4 COLLATE utf8mb4_unicode_ci DEFAULT NULL,
  `email` varchar(255) CHARACTER SET utf8mb4 COLLATE utf8mb4_unicode_ci DEFAULT NULL,
  `establistment_date` date DEFAULT NULL,
  `trainee_relationship_type` int DEFAULT NULL COMMENT '1: 入国前講習の実施に関与する者, 2: その他',
  `trainee_relationship_type_other` varchar(255) CHARACTER SET utf8mb4 COLLATE utf8mb4_unicode_ci DEFAULT NULL,
  `job_name` varchar(255) CHARACTER SET utf8mb4 COLLATE utf8mb4_unicode_ci DEFAULT NULL,
  `sign_date` date DEFAULT NULL,
  `sign_name` varchar(255) CHARACTER SET utf8mb4 COLLATE utf8mb4_unicode_ci DEFAULT NULL,
  `sign_director_name` varchar(255) COLLATE utf8mb4_unicode_ci DEFAULT NULL,
  `note` varchar(255) CHARACTER SET utf8mb4 COLLATE utf8mb4_unicode_ci DEFAULT NULL,
  `created_at` timestamp NULL DEFAULT NULL,
  `created_by_id` bigint DEFAULT NULL,
  `updated_at` int DEFAULT NULL,
  `updated_by_id` bigint DEFAULT NULL,
  `company_id` bigint DEFAULT NULL,
  `updated_count` int NOT NULL DEFAULT '0',
  PRIMARY KEY (`id`)
) ENGINE=InnoDB AUTO_INCREMENT=6 DEFAULT CHARSET=utf8mb4 COLLATE=utf8mb4_unicode_ci;

--
-- Dumping data for table `et_doc_prepare_institution_pledge`
--

INSERT INTO `et_doc_prepare_institution_pledge` VALUES (1,'test name','director_name','prepare_institution_pledge address','0123456789','test2gmail.com','2024-06-03',1,'trainee relationship type other','job','2024-06-03','sign_name','sign_director_name',NULL,NULL,NULL,NULL,1,1,2),(2,'longnh','dsa','abcsda','1234123412','admin@gmail.com','2024-06-29',1,'dsadsadsadsa','1','2024-06-26','sign name','dsadsa',NULL,NULL,NULL,NULL,1,1,3),(5,'TEST','director_name','address','tel','test@gmail.com.vn','2024-09-01',2,'trainee_relationship_type_other','job_name','2024-09-05','sign_name','sign_director_name',NULL,NULL,NULL,NULL,1,1,5);

--
-- Table structure for table `et_doc_recomend_trainee`
--

CREATE TABLE `et_doc_recomend_trainee` (
  `id` bigint NOT NULL AUTO_INCREMENT,
  `sending_agency_name` varchar(255) COLLATE utf8mb4_unicode_ci DEFAULT NULL,
  `company_id` int DEFAULT NULL,
  `customer_id` int DEFAULT NULL,
  `start_month` varchar(8) CHARACTER SET utf8mb4 COLLATE utf8mb4_unicode_ci DEFAULT NULL,
  `job_type_id` int DEFAULT NULL,
  `sign_date` date DEFAULT NULL,
  `coulcity` varchar(255) CHARACTER SET utf8mb4 COLLATE utf8mb4_unicode_ci DEFAULT NULL,
  `coulcity_staff_name` varchar(255) CHARACTER SET utf8mb4 COLLATE utf8mb4_unicode_ci DEFAULT NULL,
  `note` text CHARACTER SET utf8mb4 COLLATE utf8mb4_unicode_ci,
  `created_at` timestamp NULL DEFAULT NULL,
  `created_by_id` bigint DEFAULT NULL,
  `updated_at` timestamp NULL DEFAULT NULL,
  `updated_by_id` bigint DEFAULT NULL,
  `updated_count` int NOT NULL DEFAULT '0',
  PRIMARY KEY (`id`)
) ENGINE=InnoDB AUTO_INCREMENT=3 DEFAULT CHARSET=utf8mb4 COLLATE=utf8mb4_unicode_ci;

--
-- Dumping data for table `et_doc_recomend_trainee`
--

INSERT INTO `et_doc_recomend_trainee` VALUES (1,NULL,1,2,'2024-07',3,'2024-06-21','test ád','Nguyen Duc Tap',NULL,NULL,NULL,NULL,NULL,0),(2,'sending_agency_name',1,NULL,'2024-08',5,'2024-08-05','test','coulcity_staff_name',NULL,NULL,NULL,NULL,NULL,0);

--
-- Table structure for table `et_doc_recomend_trainee_listname`
--

CREATE TABLE `et_doc_recomend_trainee_listname` (
  `id` bigint NOT NULL AUTO_INCREMENT,
  `recomend_trainee_id` bigint NOT NULL,
  `trainee_id` bigint NOT NULL,
  `updated_at` datetime DEFAULT NULL,
  `created_at` datetime DEFAULT NULL,
  PRIMARY KEY (`id`)
) ENGINE=InnoDB AUTO_INCREMENT=12 DEFAULT CHARSET=utf8mb4 COLLATE=utf8mb4_unicode_ci;

--
-- Dumping data for table `et_doc_recomend_trainee_listname`
--

INSERT INTO `et_doc_recomend_trainee_listname` VALUES (3,1,4,'2024-06-27 20:14:14','2024-06-27 20:14:14'),(4,1,18,'2024-06-27 20:14:14','2024-06-27 20:14:14'),(5,1,11,'2024-06-27 20:14:14','2024-06-27 20:14:14'),(6,1,18,'2024-06-27 20:14:14','2024-06-27 20:14:14'),(7,1,74,'2024-06-27 20:14:14','2024-06-27 20:14:14'),(8,2,79,'2024-08-05 16:09:52','2024-08-05 16:09:52'),(9,2,143,'2024-08-05 16:10:58','2024-08-05 16:10:58'),(10,2,74,'2024-08-05 16:10:58','2024-08-05 16:10:58'),(11,2,75,'2024-08-05 16:10:58','2024-08-05 16:10:58');

--
-- Table structure for table `et_doc_regular_interview_report`
--

CREATE TABLE `et_doc_regular_interview_report` (
  `id` int NOT NULL AUTO_INCREMENT,
  `name_specific_skilled` varchar(255) COLLATE utf8mb4_unicode_ci DEFAULT NULL,
  `skills_organization` varchar(255) COLLATE utf8mb4_unicode_ci DEFAULT NULL,
  `interview` date DEFAULT NULL,
  `name_responder` varchar(255) COLLATE utf8mb4_unicode_ci DEFAULT NULL,
  `support1` tinyint(1) DEFAULT NULL,
  `support2` tinyint(1) DEFAULT NULL,
  `job_title` varchar(255) COLLATE utf8mb4_unicode_ci DEFAULT NULL,
  `presence1` varchar(255) COLLATE utf8mb4_unicode_ci DEFAULT NULL,
  `problem1` varchar(255) COLLATE utf8mb4_unicode_ci DEFAULT NULL,
  `presence2` varchar(255) COLLATE utf8mb4_unicode_ci DEFAULT NULL,
  `problem2` varchar(255) COLLATE utf8mb4_unicode_ci DEFAULT NULL,
  `presence3` varchar(255) COLLATE utf8mb4_unicode_ci DEFAULT NULL,
  `problem3` varchar(255) COLLATE utf8mb4_unicode_ci DEFAULT NULL,
  `presence4` varchar(255) COLLATE utf8mb4_unicode_ci DEFAULT NULL,
  `problem4` varchar(255) COLLATE utf8mb4_unicode_ci DEFAULT NULL,
  `presence5` varchar(255) COLLATE utf8mb4_unicode_ci DEFAULT NULL,
  `problem5` varchar(255) COLLATE utf8mb4_unicode_ci DEFAULT NULL,
  `presence6` varchar(255) COLLATE utf8mb4_unicode_ci DEFAULT NULL,
  `problem6` varchar(255) COLLATE utf8mb4_unicode_ci DEFAULT NULL,
  `presence7` varchar(255) COLLATE utf8mb4_unicode_ci DEFAULT NULL,
  `problem7` varchar(255) COLLATE utf8mb4_unicode_ci DEFAULT NULL,
  `presence8` varchar(255) COLLATE utf8mb4_unicode_ci DEFAULT NULL,
  `problem8` varchar(255) COLLATE utf8mb4_unicode_ci DEFAULT NULL,
  `presence9` varchar(255) COLLATE utf8mb4_unicode_ci DEFAULT NULL,
  `problem9` varchar(255) COLLATE utf8mb4_unicode_ci DEFAULT NULL,
  `presence10` varchar(255) COLLATE utf8mb4_unicode_ci DEFAULT NULL,
  `problem10` varchar(255) COLLATE utf8mb4_unicode_ci DEFAULT NULL,
  `presence11` varchar(255) COLLATE utf8mb4_unicode_ci DEFAULT NULL,
  `problem11` varchar(255) COLLATE utf8mb4_unicode_ci DEFAULT NULL,
  `presence12` varchar(255) COLLATE utf8mb4_unicode_ci DEFAULT NULL,
  `problem12` varchar(255) COLLATE utf8mb4_unicode_ci DEFAULT NULL,
  `presence13` varchar(255) COLLATE utf8mb4_unicode_ci DEFAULT NULL,
  `problem13` varchar(255) COLLATE utf8mb4_unicode_ci DEFAULT NULL,
  `presence14` varchar(255) COLLATE utf8mb4_unicode_ci DEFAULT NULL,
  `problem14` varchar(255) COLLATE utf8mb4_unicode_ci DEFAULT NULL,
  `presence15` varchar(255) COLLATE utf8mb4_unicode_ci DEFAULT NULL,
  `problem15` varchar(255) COLLATE utf8mb4_unicode_ci DEFAULT NULL,
  `presence16` varchar(255) COLLATE utf8mb4_unicode_ci DEFAULT NULL,
  `problem16` varchar(255) COLLATE utf8mb4_unicode_ci DEFAULT NULL,
  `presence17` varchar(255) COLLATE utf8mb4_unicode_ci DEFAULT NULL,
  `problem17` varchar(255) COLLATE utf8mb4_unicode_ci DEFAULT NULL,
  `presence18` varchar(255) COLLATE utf8mb4_unicode_ci DEFAULT NULL,
  `problem18` varchar(255) COLLATE utf8mb4_unicode_ci DEFAULT NULL,
  `yes` tinyint(1) DEFAULT NULL,
  `none` tinyint(1) DEFAULT NULL,
  `other` text COLLATE utf8mb4_unicode_ci,
  `date` date DEFAULT NULL,
  `details` text COLLATE utf8mb4_unicode_ci,
  `created_at` timestamp NULL DEFAULT NULL,
  `created_by_id` bigint DEFAULT NULL,
  `updated_by_id` bigint DEFAULT NULL,
  `updated_at` timestamp NULL DEFAULT NULL,
  `company_id` bigint DEFAULT NULL,
  `updated_count` bigint DEFAULT NULL,
  `guided` varchar(255) COLLATE utf8mb4_unicode_ci DEFAULT NULL,
  `no` date DEFAULT NULL,
  `recipient` varchar(255) COLLATE utf8mb4_unicode_ci DEFAULT NULL,
  `rep` date DEFAULT NULL,
  `reporting_agency` varchar(255) COLLATE utf8mb4_unicode_ci DEFAULT NULL,
  `date1` date DEFAULT NULL,
  `name_person` varchar(255) COLLATE utf8mb4_unicode_ci DEFAULT NULL,
  `notified` tinyint(1) DEFAULT NULL,
  `unfinished` tinyint(1) DEFAULT NULL,
  `already1` tinyint(1) DEFAULT NULL,
  `no1` tinyint(1) DEFAULT NULL,
  `already` tinyint(1) DEFAULT NULL,
  PRIMARY KEY (`id`)
) ENGINE=InnoDB AUTO_INCREMENT=5 DEFAULT CHARSET=utf8mb4 COLLATE=utf8mb4_unicode_ci;

--
-- Dumping data for table `et_doc_regular_interview_report`
--

INSERT INTO `et_doc_regular_interview_report` VALUES (1,'トウイ','áđá','2025-01-22','TIEP',NULL,1,'名 代表取締役','ád',NULL,'無し',NULL,'ád',NULL,'無し',NULL,'無し',NULL,'無し',NULL,'無し',NULL,'無し',NULL,'無し',NULL,'無し',NULL,'無し',NULL,'無し',NULL,'無し',NULL,'無し',NULL,'無し',NULL,'無し',NULL,'無し',NULL,'無し',NULL,NULL,1,'あｂC kaisya','2025-01-23','dhfjjg','2025-01-23 03:05:09',NULL,151,'2025-01-23 07:03:04',1,10,'afsaddfgfg','2025-01-23','gsgdg','2025-01-23','gsgdsgg','2025-01-23','cjgkh',1,1,NULL,1,NULL),(2,'NGUYEN VAN SON','島田建工株式会社','2025-04-10','ジェン ティ タン ガー',1,NULL,'代表取締役','無し',NULL,'無し',NULL,'無し',NULL,'無し',NULL,'無し',NULL,'無し',NULL,'無し',NULL,'無し',NULL,'無し',NULL,'無し',NULL,'無し',NULL,'無し',NULL,'無し',NULL,'無し',NULL,'無し',NULL,'無し',NULL,'無し',NULL,'無し',NULL,NULL,1,'無し',NULL,NULL,'2025-04-05 06:34:02',NULL,151,'2025-04-05 06:36:03',2,1,NULL,NULL,NULL,NULL,NULL,'2025-04-10','ジェン ティ タン ガー',NULL,NULL,NULL,NULL,NULL),(3,'ｑｑｑ',NULL,NULL,NULL,NULL,NULL,NULL,NULL,NULL,NULL,NULL,NULL,NULL,NULL,NULL,NULL,NULL,NULL,NULL,NULL,NULL,NULL,NULL,NULL,NULL,NULL,NULL,NULL,NULL,NULL,NULL,NULL,NULL,NULL,NULL,NULL,NULL,NULL,NULL,NULL,NULL,NULL,NULL,NULL,NULL,NULL,NULL,NULL,'2025-04-07 02:25:02',NULL,151,'2025-04-07 04:21:47',2,1,NULL,NULL,NULL,NULL,NULL,NULL,NULL,NULL,NULL,NULL,NULL,NULL),(4,'入江　省吾','島田建工株式会社',NULL,NULL,NULL,NULL,NULL,NULL,NULL,NULL,NULL,NULL,NULL,NULL,NULL,NULL,NULL,NULL,NULL,NULL,NULL,NULL,NULL,NULL,NULL,NULL,NULL,NULL,NULL,NULL,NULL,NULL,NULL,NULL,NULL,NULL,NULL,NULL,NULL,NULL,NULL,NULL,NULL,NULL,NULL,NULL,NULL,NULL,'2025-04-07 05:09:54',NULL,NULL,NULL,2,0,NULL,NULL,NULL,NULL,NULL,NULL,NULL,NULL,NULL,NULL,NULL,NULL);

--
-- Table structure for table `et_doc_regular_interview_report_supervisors`
--

CREATE TABLE `et_doc_regular_interview_report_supervisors` (
  `id` int NOT NULL AUTO_INCREMENT,
  `name_specific_skilled` varchar(255) COLLATE utf8mb4_unicode_ci DEFAULT NULL,
  `skills_organization` varchar(255) COLLATE utf8mb4_unicode_ci DEFAULT NULL,
  `interview` date DEFAULT NULL,
  `name_responder` varchar(255) COLLATE utf8mb4_unicode_ci DEFAULT NULL,
  `support1` tinyint(1) DEFAULT NULL,
  `support2` tinyint(1) DEFAULT NULL,
  `job_title` varchar(255) COLLATE utf8mb4_unicode_ci DEFAULT NULL,
  `presence1` varchar(255) COLLATE utf8mb4_unicode_ci DEFAULT NULL,
  `problem1` varchar(255) COLLATE utf8mb4_unicode_ci DEFAULT NULL,
  `presence2` varchar(255) COLLATE utf8mb4_unicode_ci DEFAULT NULL,
  `problem2` varchar(255) COLLATE utf8mb4_unicode_ci DEFAULT NULL,
  `presence3` varchar(255) COLLATE utf8mb4_unicode_ci DEFAULT NULL,
  `problem3` varchar(255) COLLATE utf8mb4_unicode_ci DEFAULT NULL,
  `presence4` varchar(255) COLLATE utf8mb4_unicode_ci DEFAULT NULL,
  `problem4` varchar(255) COLLATE utf8mb4_unicode_ci DEFAULT NULL,
  `presence5` varchar(255) COLLATE utf8mb4_unicode_ci DEFAULT NULL,
  `problem5` varchar(255) COLLATE utf8mb4_unicode_ci DEFAULT NULL,
  `presence6` varchar(255) COLLATE utf8mb4_unicode_ci DEFAULT NULL,
  `problem6` varchar(255) COLLATE utf8mb4_unicode_ci DEFAULT NULL,
  `presence7` varchar(255) COLLATE utf8mb4_unicode_ci DEFAULT NULL,
  `problem7` varchar(255) COLLATE utf8mb4_unicode_ci DEFAULT NULL,
  `presence8` varchar(255) COLLATE utf8mb4_unicode_ci DEFAULT NULL,
  `problem8` varchar(255) COLLATE utf8mb4_unicode_ci DEFAULT NULL,
  `presence9` varchar(255) COLLATE utf8mb4_unicode_ci DEFAULT NULL,
  `problem9` varchar(255) COLLATE utf8mb4_unicode_ci DEFAULT NULL,
  `presence10` varchar(255) COLLATE utf8mb4_unicode_ci DEFAULT NULL,
  `problem10` varchar(255) COLLATE utf8mb4_unicode_ci DEFAULT NULL,
  `presence11` varchar(255) COLLATE utf8mb4_unicode_ci DEFAULT NULL,
  `problem11` varchar(255) COLLATE utf8mb4_unicode_ci DEFAULT NULL,
  `presence12` varchar(255) COLLATE utf8mb4_unicode_ci DEFAULT NULL,
  `problem12` varchar(255) COLLATE utf8mb4_unicode_ci DEFAULT NULL,
  `presence13` varchar(255) COLLATE utf8mb4_unicode_ci DEFAULT NULL,
  `problem13` varchar(255) COLLATE utf8mb4_unicode_ci DEFAULT NULL,
  `presence14` varchar(255) COLLATE utf8mb4_unicode_ci DEFAULT NULL,
  `problem14` varchar(255) COLLATE utf8mb4_unicode_ci DEFAULT NULL,
  `presence15` varchar(255) COLLATE utf8mb4_unicode_ci DEFAULT NULL,
  `problem15` varchar(255) COLLATE utf8mb4_unicode_ci DEFAULT NULL,
  `presence16` varchar(255) COLLATE utf8mb4_unicode_ci DEFAULT NULL,
  `problem16` varchar(255) COLLATE utf8mb4_unicode_ci DEFAULT NULL,
  `presence17` varchar(255) COLLATE utf8mb4_unicode_ci DEFAULT NULL,
  `problem17` varchar(255) COLLATE utf8mb4_unicode_ci DEFAULT NULL,
  `presence18` varchar(255) COLLATE utf8mb4_unicode_ci DEFAULT NULL,
  `problem18` varchar(255) COLLATE utf8mb4_unicode_ci DEFAULT NULL,
  `yes` tinyint(1) DEFAULT NULL,
  `none` tinyint(1) DEFAULT NULL,
  `other` text COLLATE utf8mb4_unicode_ci,
  `date` date DEFAULT NULL,
  `details` text COLLATE utf8mb4_unicode_ci,
  `created_at` timestamp NULL DEFAULT NULL,
  `created_by_id` bigint DEFAULT NULL,
  `updated_by_id` bigint DEFAULT NULL,
  `updated_at` timestamp NULL DEFAULT NULL,
  `company_id` bigint DEFAULT NULL,
  `updated_count` bigint DEFAULT NULL,
  `guided` varchar(255) COLLATE utf8mb4_unicode_ci DEFAULT NULL,
  `no` date DEFAULT NULL,
  `recipient` varchar(255) COLLATE utf8mb4_unicode_ci DEFAULT NULL,
  `rep` date DEFAULT NULL,
  `reporting_agency` varchar(255) COLLATE utf8mb4_unicode_ci DEFAULT NULL,
  `date1` date DEFAULT NULL,
  `name_person` varchar(255) COLLATE utf8mb4_unicode_ci DEFAULT NULL,
  `notified` tinyint(1) DEFAULT NULL,
  `unfinished` tinyint(1) DEFAULT NULL,
  `already1` tinyint(1) DEFAULT NULL,
  `no1` tinyint(1) DEFAULT NULL,
  `already` tinyint(1) DEFAULT NULL,
  PRIMARY KEY (`id`)
) ENGINE=InnoDB AUTO_INCREMENT=4 DEFAULT CHARSET=utf8mb4 COLLATE=utf8mb4_unicode_ci;

--
-- Dumping data for table `et_doc_regular_interview_report_supervisors`
--

INSERT INTO `et_doc_regular_interview_report_supervisors` VALUES (1,'トウイ','áđá','2025-01-22','TIEP',NULL,1,'名 代表取締役','ád',NULL,'無し',NULL,'ád',NULL,'無し',NULL,'無し',NULL,'無し',NULL,'無し',NULL,'無し',NULL,'無し',NULL,'無し',NULL,'無し',NULL,'無し',NULL,'無し',NULL,'無し',NULL,'無し',NULL,'無し',NULL,'無し',NULL,'無し',NULL,NULL,1,'あｂC kaisya','2025-01-23','dhfjjg','2025-01-23 03:05:09',NULL,151,'2025-01-23 07:03:04',1,10,'afsaddfgfg','2025-01-23','gsgdg','2025-01-23','gsgdsgg','2025-01-23','cjgkh',1,1,NULL,1,NULL),(2,'トウイ','ABS会社','2025-01-22','TIEP',NULL,NULL,'AAAAAAAAAA','無し',NULL,'無し',NULL,'無し',NULL,'無し',NULL,'無し',NULL,'無し',NULL,'無し',NULL,'無し',NULL,'無し',NULL,'無し',NULL,NULL,'無し','無し',NULL,'無し',NULL,'無し',NULL,NULL,'無し','無し',NULL,'無し',NULL,'無し',NULL,NULL,1,'あｂC kaisya','2025-01-23','dhfjjg','2025-01-23 07:46:28',NULL,151,'2025-01-23 08:06:50',1,3,'afsaddfgfg','2025-01-23','gsgdg','2025-01-23','gsgdsgg','2025-01-22','cjgkh',1,1,NULL,1,1),(3,'入江　省吾','島田建工株式会社','2025-04-10','ジェン ティ タン ガー',1,NULL,'代表取締役','無し',NULL,'無し',NULL,'無し',NULL,'無し',NULL,'無し',NULL,'無し',NULL,'無し',NULL,'無し',NULL,'無し',NULL,'無し',NULL,'無し',NULL,'無し',NULL,'無し',NULL,'無し',NULL,'無し',NULL,'無し',NULL,'無し',NULL,'無し',NULL,NULL,1,'無し',NULL,NULL,'2025-04-05 06:51:44',NULL,151,'2025-04-05 06:53:02',2,1,NULL,NULL,NULL,NULL,NULL,'2025-04-10','ジェン ティ タン ガー',NULL,NULL,NULL,NULL,NULL);

--
-- Table structure for table `et_doc_required_docs_accommodation`
--

CREATE TABLE `et_doc_required_docs_accommodation` (
  `id` bigint NOT NULL AUTO_INCREMENT,
  `created_at` timestamp NULL DEFAULT CURRENT_TIMESTAMP,
  `created_by_id` bigint DEFAULT NULL,
  `updated_by_id` bigint DEFAULT NULL,
  `updated_at` datetime DEFAULT NULL,
  `company_id` bigint NOT NULL,
  `updated_count` int DEFAULT NULL,
  `previously1` varchar(255) CHARACTER SET utf8mb4 COLLATE utf8mb4_general_ci DEFAULT NULL,
  `previously8` varchar(255) CHARACTER SET utf8mb4 COLLATE utf8mb4_general_ci DEFAULT NULL,
  `previously2` varchar(255) CHARACTER SET utf8mb4 COLLATE utf8mb4_general_ci DEFAULT NULL,
  `previously3` varchar(255) CHARACTER SET utf8mb4 COLLATE utf8mb4_general_ci DEFAULT NULL,
  `previously4` varchar(255) CHARACTER SET utf8mb4 COLLATE utf8mb4_general_ci DEFAULT NULL,
  `previously5` varchar(255) CHARACTER SET utf8mb4 COLLATE utf8mb4_general_ci DEFAULT NULL,
  `previously6` varchar(255) CHARACTER SET utf8mb4 COLLATE utf8mb4_general_ci DEFAULT NULL,
  `previously7` varchar(255) CHARACTER SET utf8mb4 COLLATE utf8mb4_general_ci DEFAULT NULL,
  `either1` varchar(10) CHARACTER SET utf8mb4 COLLATE utf8mb4_general_ci DEFAULT NULL,
  `either2` varchar(10) CHARACTER SET utf8mb4 COLLATE utf8mb4_general_ci DEFAULT NULL,
  `either3` varchar(10) CHARACTER SET utf8mb4 COLLATE utf8mb4_general_ci DEFAULT NULL,
  `either4` varchar(10) CHARACTER SET utf8mb4 COLLATE utf8mb4_general_ci DEFAULT NULL,
  `either5` varchar(10) CHARACTER SET utf8mb4 COLLATE utf8mb4_general_ci DEFAULT NULL,
  `either6` varchar(10) CHARACTER SET utf8mb4 COLLATE utf8mb4_general_ci DEFAULT NULL,
  `either7` varchar(10) CHARACTER SET utf8mb4 COLLATE utf8mb4_general_ci DEFAULT NULL,
  `either8` varchar(10) CHARACTER SET utf8mb4 COLLATE utf8mb4_general_ci DEFAULT NULL,
  `official1` varchar(10) CHARACTER SET utf8mb4 COLLATE utf8mb4_general_ci DEFAULT NULL,
  `official2` varchar(10) CHARACTER SET utf8mb4 COLLATE utf8mb4_general_ci DEFAULT NULL,
  `official3` varchar(10) CHARACTER SET utf8mb4 COLLATE utf8mb4_general_ci DEFAULT NULL,
  `official4` varchar(10) CHARACTER SET utf8mb4 COLLATE utf8mb4_general_ci DEFAULT NULL,
  `official5` varchar(10) CHARACTER SET utf8mb4 COLLATE utf8mb4_general_ci DEFAULT NULL,
  `official6` varchar(10) CHARACTER SET utf8mb4 COLLATE utf8mb4_general_ci DEFAULT NULL,
  `official7` varchar(10) CHARACTER SET utf8mb4 COLLATE utf8mb4_general_ci DEFAULT NULL,
  `official8` varchar(10) CHARACTER SET utf8mb4 COLLATE utf8mb4_general_ci DEFAULT NULL,
  `eithe1` varchar(10) CHARACTER SET utf8mb4 COLLATE utf8mb4_general_ci DEFAULT NULL,
  `eithe2` varchar(10) CHARACTER SET utf8mb4 COLLATE utf8mb4_general_ci DEFAULT NULL,
  `eithe3` varchar(10) CHARACTER SET utf8mb4 COLLATE utf8mb4_general_ci DEFAULT NULL,
  `eithe4` varchar(10) CHARACTER SET utf8mb4 COLLATE utf8mb4_general_ci DEFAULT NULL,
  `eithe5` varchar(10) CHARACTER SET utf8mb4 COLLATE utf8mb4_general_ci DEFAULT NULL,
  `eithe6` varchar(10) CHARACTER SET utf8mb4 COLLATE utf8mb4_general_ci DEFAULT NULL,
  `eithe7` varchar(10) CHARACTER SET utf8mb4 COLLATE utf8mb4_general_ci DEFAULT NULL,
  `eithe8` varchar(10) CHARACTER SET utf8mb4 COLLATE utf8mb4_general_ci DEFAULT NULL,
  `officia1` varchar(10) CHARACTER SET utf8mb4 COLLATE utf8mb4_general_ci DEFAULT NULL,
  `officia2` varchar(10) CHARACTER SET utf8mb4 COLLATE utf8mb4_general_ci DEFAULT NULL,
  `officia3` varchar(10) CHARACTER SET utf8mb4 COLLATE utf8mb4_general_ci DEFAULT NULL,
  `officia4` varchar(10) CHARACTER SET utf8mb4 COLLATE utf8mb4_general_ci DEFAULT NULL,
  `officia5` varchar(10) CHARACTER SET utf8mb4 COLLATE utf8mb4_general_ci DEFAULT NULL,
  `officia6` varchar(10) CHARACTER SET utf8mb4 COLLATE utf8mb4_general_ci DEFAULT NULL,
  `officia7` varchar(10) CHARACTER SET utf8mb4 COLLATE utf8mb4_general_ci DEFAULT NULL,
  `officia8` varchar(10) CHARACTER SET utf8mb4 COLLATE utf8mb4_general_ci DEFAULT NULL,
  PRIMARY KEY (`id`)
) ENGINE=InnoDB AUTO_INCREMENT=2 DEFAULT CHARSET=utf8mb4 COLLATE=utf8mb4_general_ci;

--
-- Dumping data for table `et_doc_required_docs_accommodation`
--

INSERT INTO `et_doc_required_docs_accommodation` VALUES (1,NULL,NULL,151,'2025-02-04 00:00:00',1,17,'1234','345','345','345','e67','125','345','345','あり','あり','','あり','なし','なし','ari','なし','あり','あり','あり','ari','ải','なし','ari','nai','','','なし','','','','','','なし','なし','なし','nasi','nashi','nái','nasi','0');

--
-- Table structure for table `et_doc_resume_of_support_manager`
--

CREATE TABLE `et_doc_resume_of_support_manager` (
  `id` bigint NOT NULL AUTO_INCREMENT,
  `full_name` varchar(255) CHARACTER SET utf8mb4 COLLATE utf8mb4_general_ci DEFAULT NULL,
  `gender` varchar(20) CHARACTER SET utf8mb4 COLLATE utf8mb4_general_ci DEFAULT NULL,
  `date_of_birth` date DEFAULT NULL,
  `year` text CHARACTER SET utf8mb4 COLLATE utf8mb4_general_ci,
  `month` text CHARACTER SET utf8mb4 COLLATE utf8mb4_general_ci,
  `highest` text CHARACTER SET utf8mb4 COLLATE utf8mb4_general_ci,
  `qualifications_licenses` varchar(255) CHARACTER SET utf8mb4 COLLATE utf8mb4_general_ci DEFAULT NULL,
  `date_create` date DEFAULT NULL,
  `name_support_person_charge` varchar(255) CHARACTER SET utf8mb4 COLLATE utf8mb4_general_ci DEFAULT NULL,
  `customer_id` bigint DEFAULT NULL,
  `created_by_id` bigint DEFAULT NULL,
  `created_at` timestamp NOT NULL DEFAULT CURRENT_TIMESTAMP,
  `updated_by_id` bigint DEFAULT NULL,
  `updated_at` timestamp NOT NULL DEFAULT CURRENT_TIMESTAMP,
  `company_id` bigint DEFAULT NULL,
  `updated_count` bigint DEFAULT NULL,
  `full_name2` varchar(255) CHARACTER SET utf8mb4 COLLATE utf8mb4_general_ci DEFAULT NULL,
  PRIMARY KEY (`id`)
) ENGINE=InnoDB AUTO_INCREMENT=2 DEFAULT CHARSET=utf8mb4 COLLATE=utf8mb4_general_ci;

--
-- Dumping data for table `et_doc_resume_of_support_manager`
--

INSERT INTO `et_doc_resume_of_support_manager` VALUES (1,'のおか　タロウ','男','1990-10-11','[\"2010\",\"2014\",null,null,null,null,null,null,null,null]','[\"12\",\"10\",null,null,null,null,null,null,null,null]','[\"\\u5927\\u5b66\",\"TTTT\\u5927\\u5b66\\u9662\",null,null,null,null,null,null,null,null]','N3','2024-12-23','takemura',NULL,NULL,'2024-12-23 06:38:27',151,'2025-01-06 02:08:14',1,9,'農園 太郎');

--
-- Table structure for table `et_doc_resume_of_support_staff`
--

CREATE TABLE `et_doc_resume_of_support_staff` (
  `id` bigint NOT NULL AUTO_INCREMENT,
  `full_name` varchar(255) CHARACTER SET utf8mb4 COLLATE utf8mb4_general_ci DEFAULT NULL,
  `gender` varchar(10) CHARACTER SET utf8mb4 COLLATE utf8mb4_general_ci DEFAULT NULL,
  `date_of_birth` varchar(50) CHARACTER SET utf8mb4 COLLATE utf8mb4_general_ci DEFAULT NULL,
  `year` text CHARACTER SET utf8mb4 COLLATE utf8mb4_general_ci,
  `month` text CHARACTER SET utf8mb4 COLLATE utf8mb4_general_ci,
  `highest` text CHARACTER SET utf8mb4 COLLATE utf8mb4_general_ci,
  `qualifications_licenses` varchar(255) CHARACTER SET utf8mb4 COLLATE utf8mb4_general_ci DEFAULT NULL,
  `date_create` varchar(50) CHARACTER SET utf8mb4 COLLATE utf8mb4_general_ci DEFAULT NULL,
  `name_support_person_charge` varchar(255) CHARACTER SET utf8mb4 COLLATE utf8mb4_general_ci DEFAULT NULL,
  `customer_id` bigint DEFAULT NULL,
  `created_by_id` bigint DEFAULT NULL,
  `created_at` timestamp NOT NULL DEFAULT CURRENT_TIMESTAMP,
  `updated_by_id` bigint DEFAULT NULL,
  `updated_at` timestamp NOT NULL DEFAULT CURRENT_TIMESTAMP,
  `company_id` bigint DEFAULT NULL,
  `updated_count` bigint DEFAULT NULL,
  `full_name2` varchar(255) CHARACTER SET utf8mb4 COLLATE utf8mb4_general_ci DEFAULT NULL,
  PRIMARY KEY (`id`)
) ENGINE=InnoDB AUTO_INCREMENT=5 DEFAULT CHARSET=utf8mb4 COLLATE=utf8mb4_general_ci;

--
-- Dumping data for table `et_doc_resume_of_support_staff`
--

INSERT INTO `et_doc_resume_of_support_staff` VALUES (1,'農園 太郎','2','1987-08-07',NULL,NULL,NULL,'','2024-12-24','オオノ',NULL,NULL,'2024-12-23 08:57:22',NULL,'2024-12-23 08:57:22',1,0,NULL),(2,'オオノ','男','2000-02-10','[\"2010\",\"2014\",null,null,null,null,null,null,null,null]','[\"1\",\"2\",null,null,null,null,null,null,null,null]','[\"ABC\\u5927\\u5b66\",\"TTTT\\u5927\\u5b66\\u9662\",null,null,null,null,null,null,null,null]','N3','2025-02-10','takemura',NULL,NULL,'2025-02-10 03:09:30',151,'2025-02-10 03:10:40',1,1,'大野'),(3,'','','','[null,null,null,null,null,null,null,null,null,null]','[null,null,null,null,null,null,null,null,null,null]','[null,null,null,null,null,null,null,null,null,null]','','','',NULL,NULL,'2025-03-12 08:05:03',NULL,'2025-03-12 08:05:03',1,0,''),(4,'農園 太郎','男','2025-03-13','[\"2020\",null,null,null,null,null,null,null,null,null]','[\"1\",null,null,null,null,null,null,null,null,null]','[\"ABC\\u5927\\u5b66\",null,null,null,null,null,null,null,null,null]','N3','2025-03-12','オオノ',NULL,NULL,'2025-03-12 08:14:54',151,'2025-03-12 08:59:08',2,1,'大野');

--
-- Table structure for table `et_doc_returncountry_declaration`
--

CREATE TABLE `et_doc_returncountry_declaration` (
  `id` int NOT NULL AUTO_INCREMENT,
  `reason_type` int DEFAULT NULL COMMENT '1:帰国便都合, 2:技能実習期間の末日が休日である, 3:その他',
  `reason_other_note` varchar(255) CHARACTER SET utf8mb4 COLLATE utf8mb4_unicode_ci DEFAULT NULL,
  `deadline_date` date DEFAULT NULL,
  `return_date` date DEFAULT NULL,
  `person_type` int DEFAULT NULL COMMENT ' 1: 監理団体  2:実習実施者',
  `person_name` varchar(255) CHARACTER SET utf8mb4 COLLATE utf8mb4_unicode_ci DEFAULT NULL,
  `sign_date` date DEFAULT NULL,
  `sign_name` varchar(255) CHARACTER SET utf8mb4 COLLATE utf8mb4_unicode_ci DEFAULT NULL,
  `note` varchar(255) CHARACTER SET utf8mb4 COLLATE utf8mb4_unicode_ci DEFAULT NULL,
  `created_at` timestamp NULL DEFAULT NULL,
  `created_by_id` bigint DEFAULT NULL,
  `updated_at` int DEFAULT NULL,
  `updated_by_id` bigint DEFAULT NULL,
  `company_id` bigint DEFAULT NULL,
  `updated_count` int NOT NULL DEFAULT '0',
  PRIMARY KEY (`id`)
) ENGINE=InnoDB AUTO_INCREMENT=3 DEFAULT CHARSET=utf8mb4 COLLATE=utf8mb4_unicode_ci;

--
-- Dumping data for table `et_doc_returncountry_declaration`
--

INSERT INTO `et_doc_returncountry_declaration` VALUES (1,2,NULL,'2024-06-19','2024-06-21',1,'dsa222','2024-06-27','dsa',NULL,NULL,NULL,NULL,NULL,NULL,0),(2,3,'reason_other_note','2024-08-08','2024-08-15',2,'person_name','2024-08-14','sign_name',NULL,NULL,NULL,NULL,NULL,NULL,0);

--
-- Table structure for table `et_doc_sending_agency_expenses`
--

CREATE TABLE `et_doc_sending_agency_expenses` (
  `id` int NOT NULL AUTO_INCREMENT,
  `sign_date` date DEFAULT NULL,
  `sign_sending_agency_name` varchar(255) CHARACTER SET utf8mb4 COLLATE utf8mb4_unicode_ci DEFAULT NULL,
  `sign_director_name` varchar(255) CHARACTER SET utf8mb4 COLLATE utf8mb4_unicode_ci DEFAULT NULL,
  `created_at` timestamp NULL DEFAULT NULL,
  `created_by_id` bigint DEFAULT NULL,
  `updated_at` int DEFAULT NULL,
  `updated_by_id` bigint DEFAULT NULL,
  `company_id` bigint DEFAULT NULL,
  `updated_count` int NOT NULL DEFAULT '0',
  PRIMARY KEY (`id`)
) ENGINE=InnoDB AUTO_INCREMENT=2 DEFAULT CHARSET=utf8mb4 COLLATE=utf8mb4_unicode_ci;

--
-- Dumping data for table `et_doc_sending_agency_expenses`
--

INSERT INTO `et_doc_sending_agency_expenses` VALUES (1,'2024-07-02','sign_sending_agency_name','sign_director_name',NULL,NULL,NULL,1,1,6);

--
-- Table structure for table `et_doc_sending_agency_expenses_detail`
--

CREATE TABLE `et_doc_sending_agency_expenses_detail` (
  `id` int NOT NULL AUTO_INCREMENT,
  `sending_agency_expenses_id` int DEFAULT NULL,
  `name` varchar(255) CHARACTER SET utf8mb4 COLLATE utf8mb4_unicode_ci DEFAULT NULL,
  `period_date` date DEFAULT NULL,
  `money` varchar(255) CHARACTER SET utf8mb4 COLLATE utf8mb4_unicode_ci DEFAULT NULL,
  `money_yen` int DEFAULT NULL,
  `pay_method` varchar(255) CHARACTER SET utf8mb4 COLLATE utf8mb4_unicode_ci DEFAULT NULL,
  PRIMARY KEY (`id`)
) ENGINE=InnoDB AUTO_INCREMENT=4 DEFAULT CHARSET=utf8mb4 COLLATE=utf8mb4_unicode_ci;

--
-- Dumping data for table `et_doc_sending_agency_expenses_detail`
--

INSERT INTO `et_doc_sending_agency_expenses_detail` VALUES (1,1,'NAME','2024-07-09','205700',205700,'online'),(2,1,'name 2','2024-07-10','100000',100000,''),(3,1,'test 3',NULL,'30000',400000,'');

--
-- Table structure for table `et_doc_sending_agency_oath`
--

CREATE TABLE `et_doc_sending_agency_oath` (
  `id` int NOT NULL AUTO_INCREMENT,
  `customer_name` varchar(255) CHARACTER SET utf8mb4 COLLATE utf8mb4_unicode_ci DEFAULT NULL,
  `company_name` varchar(255) CHARACTER SET utf8mb4 COLLATE utf8mb4_unicode_ci DEFAULT NULL,
  `date` date DEFAULT NULL,
  `sending_agency_name` varchar(255) CHARACTER SET utf8mb4 COLLATE utf8mb4_unicode_ci DEFAULT NULL,
  `sending_agency_number` varchar(255) CHARACTER SET utf8mb4 COLLATE utf8mb4_unicode_ci DEFAULT NULL,
  `sending_agency_number_ref` varchar(255) CHARACTER SET utf8mb4 COLLATE utf8mb4_unicode_ci DEFAULT NULL,
  `created_by_name` varchar(255) CHARACTER SET utf8mb4 COLLATE utf8mb4_unicode_ci DEFAULT NULL,
  `note` varchar(255) CHARACTER SET utf8mb4 COLLATE utf8mb4_unicode_ci DEFAULT NULL,
  `created_at` timestamp NULL DEFAULT NULL,
  `created_by_id` bigint DEFAULT NULL,
  `updated_at` int DEFAULT NULL,
  `updated_by_id` bigint DEFAULT NULL,
  `company_id` bigint DEFAULT NULL,
  `updated_count` int NOT NULL DEFAULT '0',
  PRIMARY KEY (`id`)
) ENGINE=InnoDB AUTO_INCREMENT=3 DEFAULT CHARSET=utf8mb4 COLLATE=utf8mb4_unicode_ci;

--
-- Dumping data for table `et_doc_sending_agency_oath`
--

INSERT INTO `et_doc_sending_agency_oath` VALUES (1,'12345','test1','2024-06-03','testdsyhtft','12345','sending_agency_number_ref','test',NULL,NULL,NULL,NULL,NULL,1,0),(2,'申請者（実習実施者）','監理団体の名称','2024-08-05','1234567','111112222','2222','333333333',NULL,NULL,NULL,NULL,NULL,1,0);

--
-- Table structure for table `et_doc_sending_agency_oath_listname`
--

CREATE TABLE `et_doc_sending_agency_oath_listname` (
  `id` bigint unsigned NOT NULL AUTO_INCREMENT,
  `sending_agency_oath_id` int DEFAULT NULL,
  `name` varchar(255) CHARACTER SET utf8mb4 COLLATE utf8mb4_unicode_ci DEFAULT NULL,
  `national` varchar(255) CHARACTER SET utf8mb4 COLLATE utf8mb4_unicode_ci DEFAULT NULL,
  `note` text CHARACTER SET utf8mb4 COLLATE utf8mb4_unicode_ci,
  `created_at` timestamp NULL DEFAULT NULL,
  `updated_at` timestamp NULL DEFAULT NULL,
  PRIMARY KEY (`id`)
) ENGINE=InnoDB AUTO_INCREMENT=120 DEFAULT CHARSET=utf8mb4 COLLATE=utf8mb4_unicode_ci;

--
-- Dumping data for table `et_doc_sending_agency_oath_listname`
--

INSERT INTO `et_doc_sending_agency_oath_listname` VALUES (103,1,'ddd','オーストラリア人',NULL,NULL,NULL),(104,1,'tap tast','チリ人',NULL,NULL,NULL),(105,1,'abc','中国人',NULL,NULL,NULL),(106,1,'abc','バングラデシュ人',NULL,NULL,NULL),(107,1,'test 1','',NULL,NULL,NULL),(108,1,'2','',NULL,NULL,NULL),(109,1,'test3','',NULL,NULL,NULL),(110,1,'test 4','',NULL,NULL,NULL),(111,2,'test','アルバニア','',NULL,NULL),(113,2,'test1','コロンビア','',NULL,NULL);

--
-- Table structure for table `et_doc_sending_agency_overview`
--

CREATE TABLE `et_doc_sending_agency_overview` (
  `id` int NOT NULL AUTO_INCREMENT,
  `number` varchar(255) CHARACTER SET utf8mb4 COLLATE utf8mb4_unicode_ci DEFAULT NULL,
  `name` varchar(255) CHARACTER SET utf8mb4 COLLATE utf8mb4_unicode_ci DEFAULT NULL,
  `director_name` varchar(255) CHARACTER SET utf8mb4 COLLATE utf8mb4_unicode_ci DEFAULT NULL,
  `address` varchar(255) CHARACTER SET utf8mb4 COLLATE utf8mb4_unicode_ci DEFAULT NULL,
  `tel` varchar(255) CHARACTER SET utf8mb4 COLLATE utf8mb4_unicode_ci DEFAULT NULL,
  `email` varchar(255) CHARACTER SET utf8mb4 COLLATE utf8mb4_unicode_ci DEFAULT NULL,
  `establish_date` date DEFAULT NULL,
  `business_content` varchar(255) CHARACTER SET utf8mb4 COLLATE utf8mb4_unicode_ci DEFAULT NULL,
  `capital` varchar(255) CHARACTER SET utf8mb4 COLLATE utf8mb4_unicode_ci DEFAULT NULL,
  `capital_yen` int DEFAULT NULL,
  `earning_money` varchar(255) CHARACTER SET utf8mb4 COLLATE utf8mb4_unicode_ci DEFAULT NULL,
  `earning_money_yen` int DEFAULT NULL,
  `staff_number` varchar(255) COLLATE utf8mb4_unicode_ci DEFAULT NULL,
  `leader_name` varchar(255) CHARACTER SET utf8mb4 COLLATE utf8mb4_unicode_ci DEFAULT NULL,
  `jp_name` varchar(255) CHARACTER SET utf8mb4 COLLATE utf8mb4_unicode_ci DEFAULT NULL,
  `jp_address` varchar(255) CHARACTER SET utf8mb4 COLLATE utf8mb4_unicode_ci DEFAULT NULL,
  `jp_postcode` varchar(255) CHARACTER SET utf8mb4 COLLATE utf8mb4_unicode_ci DEFAULT NULL,
  `jp_tel` varchar(255) CHARACTER SET utf8mb4 COLLATE utf8mb4_unicode_ci DEFAULT NULL,
  `jp_director_name` varchar(255) CHARACTER SET utf8mb4 COLLATE utf8mb4_unicode_ci DEFAULT NULL,
  `jp_staff` varchar(255) CHARACTER SET utf8mb4 COLLATE utf8mb4_unicode_ci DEFAULT NULL,
  `sign_date` date DEFAULT NULL,
  `sign_sending_agency_name` varchar(255) CHARACTER SET utf8mb4 COLLATE utf8mb4_unicode_ci DEFAULT NULL,
  `sign_director_name` varchar(255) CHARACTER SET utf8mb4 COLLATE utf8mb4_unicode_ci DEFAULT NULL,
  `created_at` timestamp NULL DEFAULT NULL,
  `created_by_id` bigint DEFAULT NULL,
  `updated_at` int DEFAULT NULL,
  `updated_by_id` bigint DEFAULT NULL,
  `company_id` bigint DEFAULT NULL,
  `updated_count` int NOT NULL DEFAULT '0',
  PRIMARY KEY (`id`)
) ENGINE=InnoDB AUTO_INCREMENT=3 DEFAULT CHARSET=utf8mb4 COLLATE=utf8mb4_unicode_ci;

--
-- Dumping data for table `et_doc_sending_agency_overview`
--

INSERT INTO `et_doc_sending_agency_overview` VALUES (1,'number','name','director_name','address','tel','email','2024-07-03','business_content','business_content',1232,'1232',1232,'231321','leader_name','jp_name',NULL,'jp_postcode','23132111','jp_director_name','jp_staff','2024-07-03','sign_sending_agency_name','sign_director_name',NULL,NULL,NULL,NULL,NULL,0),(2,NULL,NULL,NULL,NULL,NULL,NULL,NULL,NULL,NULL,NULL,NULL,NULL,'',NULL,NULL,NULL,NULL,NULL,NULL,NULL,NULL,NULL,NULL,NULL,NULL,NULL,NULL,NULL,0);

--
-- Table structure for table `et_doc_sendingagency_recommendation`
--

CREATE TABLE `et_doc_sendingagency_recommendation` (
  `id` int NOT NULL AUTO_INCREMENT,
  `sendingagency_name` varchar(255) CHARACTER SET utf8mb4 COLLATE utf8mb4_unicode_ci DEFAULT NULL,
  `sign_date` date DEFAULT NULL,
  `company_name` varchar(255) CHARACTER SET utf8mb4 COLLATE utf8mb4_unicode_ci DEFAULT NULL,
  `director_name` varchar(255) CHARACTER SET utf8mb4 COLLATE utf8mb4_unicode_ci DEFAULT NULL,
  `created_at` timestamp NULL DEFAULT NULL,
  `created_by_id` bigint DEFAULT NULL,
  `updated_at` int DEFAULT NULL,
  `updated_by_id` bigint DEFAULT NULL,
  `company_id` bigint DEFAULT NULL,
  `updated_count` int NOT NULL DEFAULT '0',
  PRIMARY KEY (`id`)
) ENGINE=InnoDB AUTO_INCREMENT=5 DEFAULT CHARSET=utf8mb4 COLLATE=utf8mb4_unicode_ci;

--
-- Dumping data for table `et_doc_sendingagency_recommendation`
--

INSERT INTO `et_doc_sendingagency_recommendation` VALUES (1,'sendingagency_name','2024-07-10','company_name','director_name',NULL,NULL,NULL,NULL,1,0),(2,'sendingagency_name','2024-07-16','company_name','director_name',NULL,NULL,NULL,NULL,1,0),(3,'sendingagency_name','2024-08-13','company_name','test',NULL,NULL,NULL,NULL,1,0),(4,'sendingagency_name','2024-09-02','test1','test2',NULL,NULL,NULL,NULL,1,0);

--
-- Table structure for table `et_doc_similar_job_description`
--

CREATE TABLE `et_doc_similar_job_description` (
  `id` int NOT NULL AUTO_INCREMENT,
  `check_1` int DEFAULT NULL,
  `check_2` int DEFAULT NULL,
  `check_3` tinyint(1) DEFAULT NULL,
  `check_4` tinyint(1) DEFAULT NULL,
  `check_5` tinyint(1) DEFAULT NULL,
  `created_at` timestamp NULL DEFAULT NULL,
  `created_by_id` bigint DEFAULT NULL,
  `updated_at` int DEFAULT NULL,
  `updated_by_id` bigint DEFAULT NULL,
  `company_id` bigint DEFAULT NULL,
  `updated_count` int NOT NULL DEFAULT '0',
  PRIMARY KEY (`id`)
) ENGINE=InnoDB AUTO_INCREMENT=3 DEFAULT CHARSET=utf8mb4 COLLATE=utf8mb4_unicode_ci;

--
-- Dumping data for table `et_doc_similar_job_description`
--

INSERT INTO `et_doc_similar_job_description` VALUES (1,1,0,1,0,1,NULL,NULL,NULL,NULL,NULL,0),(2,0,0,0,0,0,NULL,NULL,NULL,NULL,NULL,0);

--
-- Table structure for table `et_doc_skills_transfer_declaration`
--

CREATE TABLE `et_doc_skills_transfer_declaration` (
  `id` bigint NOT NULL AUTO_INCREMENT,
  `full_name` varchar(255) CHARACTER SET utf8mb4 COLLATE utf8mb4_general_ci DEFAULT NULL,
  `gender` tinyint DEFAULT NULL,
  `date_of_birth` date DEFAULT NULL,
  `nationality_region` varchar(255) CHARACTER SET utf8mb4 COLLATE utf8mb4_general_ci DEFAULT NULL,
  `acquire_skills` varchar(255) CHARACTER SET utf8mb4 COLLATE utf8mb4_general_ci DEFAULT NULL,
  `proficient_skilled` varchar(255) CHARACTER SET utf8mb4 COLLATE utf8mb4_general_ci DEFAULT NULL,
  `date` date DEFAULT NULL,
  `signature_declarant` varchar(255) CHARACTER SET utf8mb4 COLLATE utf8mb4_general_ci DEFAULT NULL,
  `customer_id` bigint DEFAULT NULL,
  `created_by_id` bigint DEFAULT NULL,
  `created_at` timestamp NOT NULL DEFAULT CURRENT_TIMESTAMP,
  `updated_by_id` bigint DEFAULT NULL,
  `updated_at` timestamp NOT NULL DEFAULT CURRENT_TIMESTAMP,
  `company_id` bigint DEFAULT NULL,
  `updated_count` bigint DEFAULT NULL,
  `home_country` varchar(255) CHARACTER SET utf8mb4 COLLATE utf8mb4_general_ci DEFAULT NULL,
  PRIMARY KEY (`id`)
) ENGINE=InnoDB AUTO_INCREMENT=4 DEFAULT CHARSET=utf8mb4 COLLATE=utf8mb4_general_ci;

--
-- Dumping data for table `et_doc_skills_transfer_declaration`
--

INSERT INTO `et_doc_skills_transfer_declaration` VALUES (1,'オオノ',2,'1985-11-20','タイ','社長','社長','2024-12-13','あｇｄぁｆがｌｆｇ',NULL,NULL,'2024-12-14 07:20:04',1,'2024-12-14 09:09:50',1,3,'ベトナム'),(2,'ádasdasd',2,'1985-12-12','タイ','社長','社長','2024-12-18','AAAAAAAAAAAAAAAA',NULL,NULL,'2024-12-18 06:03:58',151,'2025-02-22 04:47:05',1,2,'タイ'),(3,'農園 太郎',2,'2000-04-17','タイ','社長','社長','2025-04-17','AB',NULL,NULL,'2025-04-19 09:01:36',151,'2025-04-19 09:04:05',2,1,'ベトナム');

--
-- Table structure for table `et_doc_skills_transfer_declaration_vn`
--

CREATE TABLE `et_doc_skills_transfer_declaration_vn` (
  `id` bigint NOT NULL AUTO_INCREMENT,
  `full_name` varchar(255) CHARACTER SET utf8mb4 COLLATE utf8mb4_general_ci DEFAULT NULL,
  `gender` tinyint DEFAULT NULL,
  `date_of_birth` date DEFAULT NULL,
  `nationality_region` varchar(255) CHARACTER SET utf8mb4 COLLATE utf8mb4_general_ci DEFAULT NULL,
  `acquire_skills` varchar(255) CHARACTER SET utf8mb4 COLLATE utf8mb4_general_ci DEFAULT NULL,
  `proficient_skilled` varchar(255) CHARACTER SET utf8mb4 COLLATE utf8mb4_general_ci DEFAULT NULL,
  `date` date DEFAULT NULL,
  `signature_declarant` varchar(255) CHARACTER SET utf8mb4 COLLATE utf8mb4_general_ci DEFAULT NULL,
  `full_name_vn` varchar(255) CHARACTER SET utf8mb4 COLLATE utf8mb4_general_ci DEFAULT NULL,
  `gender_vn` tinyint DEFAULT NULL,
  `date_of_birth_vn` date DEFAULT NULL,
  `nationality_region_vn` varchar(255) CHARACTER SET utf8mb4 COLLATE utf8mb4_general_ci DEFAULT NULL,
  `acquire_skills_vn` varchar(255) CHARACTER SET utf8mb4 COLLATE utf8mb4_general_ci DEFAULT NULL,
  `proficient_skilled_vn` varchar(255) CHARACTER SET utf8mb4 COLLATE utf8mb4_general_ci DEFAULT NULL,
  `date_vn` date DEFAULT NULL,
  `signature_declarant_vn` varchar(255) CHARACTER SET utf8mb4 COLLATE utf8mb4_general_ci DEFAULT NULL,
  `home_country_vn` varchar(255) CHARACTER SET utf8mb4 COLLATE utf8mb4_general_ci DEFAULT NULL,
  `customer_id` bigint DEFAULT NULL,
  `created_by_id` bigint DEFAULT NULL,
  `created_at` timestamp NOT NULL DEFAULT CURRENT_TIMESTAMP,
  `updated_by_id` bigint DEFAULT NULL,
  `updated_at` timestamp NOT NULL DEFAULT CURRENT_TIMESTAMP,
  `company_id` bigint DEFAULT NULL,
  `updated_count` bigint DEFAULT NULL,
  `home_country` varchar(255) CHARACTER SET utf8mb4 COLLATE utf8mb4_general_ci DEFAULT NULL,
  PRIMARY KEY (`id`)
) ENGINE=InnoDB AUTO_INCREMENT=3 DEFAULT CHARSET=utf8mb4 COLLATE=utf8mb4_general_ci;

--
-- Dumping data for table `et_doc_skills_transfer_declaration_vn`
--


--
-- Table structure for table `et_doc_specific_skills_affiliation_agency_profile`
--

CREATE TABLE `et_doc_specific_skills_affiliation_agency_profile` (
  `id` bigint NOT NULL AUTO_INCREMENT,
  `name` text CHARACTER SET utf8mb4 COLLATE utf8mb4_general_ci,
  `post` text CHARACTER SET utf8mb4 COLLATE utf8mb4_general_ci,
  `previous_year` text CHARACTER SET utf8mb4 COLLATE utf8mb4_general_ci,
  `two_years_ago` text CHARACTER SET utf8mb4 COLLATE utf8mb4_general_ci,
  `year_before` text CHARACTER SET utf8mb4 COLLATE utf8mb4_general_ci,
  `voluntary_leavers1` varchar(255) CHARACTER SET utf8mb4 COLLATE utf8mb4_general_ci DEFAULT NULL,
  `voluntary_leavers2` varchar(255) CHARACTER SET utf8mb4 COLLATE utf8mb4_general_ci DEFAULT NULL,
  `voluntary_leavers3` varchar(255) CHARACTER SET utf8mb4 COLLATE utf8mb4_general_ci DEFAULT NULL,
  `voluntary_leavers4` varchar(255) CHARACTER SET utf8mb4 COLLATE utf8mb4_general_ci DEFAULT NULL,
  `involuntary_separatic` varchar(255) CHARACTER SET utf8mb4 COLLATE utf8mb4_general_ci DEFAULT NULL,
  `date_f_1` date DEFAULT NULL,
  `date_t_1` date DEFAULT NULL,
  `name_organization` varchar(200) CHARACTER SET utf8mb4 COLLATE utf8mb4_general_ci DEFAULT NULL,
  `location` varchar(200) CHARACTER SET utf8mb4 COLLATE utf8mb4_general_ci DEFAULT NULL,
  `support` tinyint(1) DEFAULT NULL,
  `life` tinyint(1) DEFAULT NULL,
  `regarding` tinyint(1) DEFAULT NULL,
  `others` tinyint(1) DEFAULT NULL,
  `others_txt` varchar(200) CHARACTER SET utf8mb4 COLLATE utf8mb4_general_ci DEFAULT NULL,
  `have_none` tinyint DEFAULT NULL,
  `list` tinyint(1) DEFAULT NULL,
  `documents` tinyint(1) DEFAULT NULL,
  `contract` tinyint(1) DEFAULT NULL,
  `others1` tinyint(1) DEFAULT NULL,
  `others1_txt` varchar(200) CHARACTER SET utf8mb4 COLLATE utf8mb4_general_ci DEFAULT NULL,
  `date_f_2` date DEFAULT NULL,
  `date_t_2` date DEFAULT NULL,
  `name_organization1` varchar(200) CHARACTER SET utf8mb4 COLLATE utf8mb4_general_ci DEFAULT NULL,
  `location1` varchar(200) CHARACTER SET utf8mb4 COLLATE utf8mb4_general_ci DEFAULT NULL,
  `support2` tinyint(1) DEFAULT NULL,
  `life2` tinyint(1) DEFAULT NULL,
  `regarding2` tinyint(1) DEFAULT NULL,
  `others2` tinyint(1) DEFAULT NULL,
  `others2_txt` varchar(200) CHARACTER SET utf8mb4 COLLATE utf8mb4_general_ci DEFAULT NULL,
  `prove` tinyint(1) DEFAULT NULL,
  `corrective` tinyint(1) DEFAULT NULL,
  `no_corrective` tinyint(1) DEFAULT NULL,
  `full_name1` text CHARACTER SET utf8mb4 COLLATE utf8mb4_general_ci,
  `d_p2` text CHARACTER SET utf8mb4 COLLATE utf8mb4_general_ci,
  `full_name2` text CHARACTER SET utf8mb4 COLLATE utf8mb4_general_ci,
  `d_p1` text CHARACTER SET utf8mb4 COLLATE utf8mb4_general_ci,
  `full_name3` text CHARACTER SET utf8mb4 COLLATE utf8mb4_general_ci,
  `d_p3` text CHARACTER SET utf8mb4 COLLATE utf8mb4_general_ci,
  `customer_id` bigint DEFAULT NULL,
  `created_by_id` bigint DEFAULT NULL,
  `created_at` timestamp NOT NULL DEFAULT CURRENT_TIMESTAMP,
  `updated_by_id` bigint DEFAULT NULL,
  `updated_at` timestamp NOT NULL DEFAULT CURRENT_TIMESTAMP ON UPDATE CURRENT_TIMESTAMP,
  `company_id` bigint DEFAULT NULL,
  `updated_count` bigint DEFAULT NULL,
  `date` date DEFAULT NULL,
  `name_organization_3` varchar(255) CHARACTER SET utf8mb4 COLLATE utf8mb4_general_ci DEFAULT NULL,
  `position_name` varchar(255) CHARACTER SET utf8mb4 COLLATE utf8mb4_general_ci DEFAULT NULL,
  `namei` text CHARACTER SET utf8mb4 COLLATE utf8mb4_general_ci,
  `last_year_ago1` varchar(255) CHARACTER SET utf8mb4 COLLATE utf8mb4_general_ci DEFAULT NULL,
  `last_year_ago2` varchar(255) CHARACTER SET utf8mb4 COLLATE utf8mb4_general_ci DEFAULT NULL,
  `involuntary_separation1` varchar(255) CHARACTER SET utf8mb4 COLLATE utf8mb4_general_ci DEFAULT NULL,
  `involuntary_separation2` varchar(255) CHARACTER SET utf8mb4 COLLATE utf8mb4_general_ci DEFAULT NULL,
  `acc1` tinyint DEFAULT NULL,
  `acc2` tinyint DEFAULT NULL,
  `c_w_l` tinyint DEFAULT NULL,
  `c_w_2` tinyint DEFAULT NULL,
  `violation1` tinyint DEFAULT NULL,
  `violation2` tinyint DEFAULT NULL,
  `attached_documents` tinyint DEFAULT NULL,
  `acc3` tinyint(1) DEFAULT NULL,
  `applic1` tinyint(1) DEFAULT NULL,
  `n_a1` tinyint(1) DEFAULT NULL,
  `applic2` tinyint(1) DEFAULT NULL,
  `n_a2` tinyint(1) DEFAULT NULL,
  `job` varchar(255) CHARACTER SET utf8mb4 COLLATE utf8mb4_general_ci DEFAULT NULL,
  `have_none2` tinyint DEFAULT NULL,
  `list2` tinyint DEFAULT NULL,
  `documents2` tinyint DEFAULT NULL,
  `contract2` tinyint DEFAULT NULL,
  PRIMARY KEY (`id`)
) ENGINE=InnoDB AUTO_INCREMENT=3 DEFAULT CHARSET=utf8mb4 COLLATE=utf8mb4_general_ci;

--
-- Dumping data for table `et_doc_specific_skills_affiliation_agency_profile`
--

INSERT INTO `et_doc_specific_skills_affiliation_agency_profile` VALUES (1,'[\"\\u30aa\\u30aa\\u30ce\",\"\\u306b\\u3085\\u3046\\u304b\\u3093\\u305f\\u308d\\u3046\",\"\\u3055\\u3068\\u3046\",\"\\u30b9\\u30ba\\u30ad\",\"\\u3042\\u304a\\u3084\\u307e\"]','[\"\\u793e\\u9577\",\"\\u8ab2\\u9577\",\"\\u90e8\\u9577\",\"\\u4fc2\\u9577\",\"\\u526f\\u793e\\u9577\"]','[\"160,000,000\\u5186\",\"50,000,000\\u5186\",\"2,000,000\\u5186\",\"6,000,000\\u5186\"]','[\"150,000,000\\u5186\",\"40,000,000\\u5186\",\"10,000,000\\u5186\",\"5,000,000\\u5186\"]','[\"140,000,000\\u5186\",\"30,000,000\\u5186\",\"10,000,000\\u5186\",\"6,000,000\\u5186\"]','10','2','1','3','','2025-01-21','2027-01-20','aoyama会社','千葉',0,0,0,0,'ｇｆぁｆは',1,0,0,0,0,'ｆがｌｈふぁ','2025-01-20','2027-01-20','ふぁｇｆ；あ','２０○○年△△月△△日～２０○○年△△月△△日',0,0,0,0,'ｇｆんふぁ；ｆｊ',0,1,0,'[\"takana\",\"haha\",\"suzuku\"]','[\"\\u7dcf\\u52d9\\u90e8\\u9580\\u30fb\\u4fc2\\u9577\",\"\\u7dcf\\u52d9\\u90e8\\u9580\\u30fb\\u4fc2\\u9577\",\"gsghdsh\"]','[\"take\",\"kna\",\"ttasa\"]','[\"\\u5efa\\u8a2d\\u90e8\\u9580\",\"\\u5916\\u98df\\u90e8\\u9580\",\"\\u5916\\u98df\\u90e8\\u9580\"]','[\"uuu\",\"eee\",\"dffg\"]','[\"\\u7dcf\\u52d9\\u90e8\\u9580\\u30fb\\u4fc2\\u54e1\",\"\\u7dcf\\u52d9\\u90e8\\u9580\\u30fb\\u4fc2\\u54e1\",\"\\u0111gd\"]',NULL,NULL,'2024-12-16 02:36:55',151,'2025-01-21 04:36:40',1,34,'2025-01-14','aoyama会社','THUY','[\"\\u5927\\u91ce\",\"\\u4e39\\u751f\\u8cab\\u592a\\u90ce\",\"\\u4f50\\u85e4\",\"\\u9234\\u6728\",\"\\u9752\\u5c71\"]','1','1','1','１',1,1,0,0,1,0,1,0,0,1,1,0,'',1,1,0,0),(2,'[\"\\u306b\\u3085\\u3046\\u304b\\u3093 \\u305f\\u308d\\u3046\",\"\\u306b\\u3085\\u3046\\u304b\\u3093 \\u306f\\u306a\\u3053\",null,null,null]','[\"\\u4ee3\\u8868\\u53d6\\u7de0\\u5f79\",\"\\u8ab2\\u9577\",null,null,null]','[\"160,000,000\",\"50,000,000\",\"2,000,000\",\"6,000,000\"]','[\"160,000,000\",\"40,000,000\",\"10,000,000\",\"5,000,000\"]','[\"140,000,000\",\"30,000,000\",\"10,000,000\",\"6,000,000\"]','10','3','1','2','','2025-04-16','2025-04-24','法務株式会社','新宿',1,1,1,1,'',1,1,0,1,1,'adadadad','2025-04-18','2025-04-17','株式会社入管','２０○○年△△月△△日～２０○○年△△月△△日',1,1,1,0,'www',NULL,1,0,'[\"takana\",null,null]','[\"\\u7dcf\\u52d9\\u90e8\\u9580\\u30fb\\u4fc2\\u9577\",null,null]','[\"take\",null,null]','[\"\\u88fd\\u9020\\u90e8\\u9580\",null,null]','[\"uuu\",null,null]','[\"\\u7dcf\\u52d9\\u90e8\\u9580\\u30fb\\u4fc2\\u54e1\",null,null]',NULL,NULL,'2025-04-19 09:26:09',NULL,'2025-04-19 09:26:09',2,0,'2025-04-16','','','[\"\\u5165\\u7ba1 \\u592a\\u90ce\",\"\\u5165\\u7ba1 \\u82b1\\u5b50\",null,null,null]','1','2','1','1',0,0,1,0,0,0,1,1,1,0,1,0,'',1,0,0,0);

--
-- Table structure for table `et_doc_specific_skills_employ_contract`
--

CREATE TABLE `et_doc_specific_skills_employ_contract` (
  `id` bigint NOT NULL AUTO_INCREMENT,
  `specific_skills_affiliation_agency` varchar(255) CHARACTER SET utf8mb4 COLLATE utf8mb4_general_ci DEFAULT NULL,
  `specified_skilled_foreigners` varchar(255) CHARACTER SET utf8mb4 COLLATE utf8mb4_general_ci DEFAULT NULL,
  `date` date DEFAULT NULL,
  `first` varchar(255) CHARACTER SET utf8mb4 COLLATE utf8mb4_general_ci DEFAULT NULL,
  `second` varchar(255) CHARACTER SET utf8mb4 COLLATE utf8mb4_general_ci DEFAULT NULL,
  `created_at` datetime NOT NULL DEFAULT CURRENT_TIMESTAMP,
  `created_by_id` bigint DEFAULT NULL,
  `updated_by_id` bigint DEFAULT NULL,
  `updated_at` datetime NOT NULL DEFAULT CURRENT_TIMESTAMP,
  `company_id` bigint DEFAULT NULL,
  `updated_count` bigint DEFAULT NULL,
  PRIMARY KEY (`id`)
) ENGINE=InnoDB AUTO_INCREMENT=6 DEFAULT CHARSET=utf8mb4 COLLATE=utf8mb4_general_ci;

--
-- Dumping data for table `et_doc_specific_skills_employ_contract`
--

INSERT INTO `et_doc_specific_skills_employ_contract` VALUES (1,'dsfsf','sdfsdf','2024-11-11','123','123','2024-10-29 11:53:57',NULL,NULL,'2024-10-29 11:53:57',1,0),(2,'オオノ会社','タナカ','2024-12-14','ｇふぁｌｈふぁｌｈｆ','ｇｌだｇぁｈｆ','2024-12-14 11:17:42',NULL,NULL,'2024-12-14 11:17:42',1,0),(3,'オオノ会社','タナカ','2025-02-12','ｇふぁｌｈふぁｌｈｆ','ｇｌだｇぁｈｆ','2024-12-31 16:49:37',NULL,151,'2025-02-22 13:37:14',1,1),(4,'オオノ会社','タナカ','2025-03-17','株式会社 入管','法務協同組合','2025-03-17 13:03:11',NULL,151,'2025-03-17 13:06:01',2,1),(5,'田中会社','TRAN　VAN　LAM','2025-04-18','株式会社 入管','法務協同組合','2025-04-19 17:22:00',NULL,NULL,'2025-04-19 17:22:00',2,0);

--
-- Table structure for table `et_doc_specific_skills_employ_contract_vn`
--

CREATE TABLE `et_doc_specific_skills_employ_contract_vn` (
  `id` bigint NOT NULL AUTO_INCREMENT,
  `specific_skills_affiliation_agency` varchar(255) CHARACTER SET utf8mb4 COLLATE utf8mb4_general_ci DEFAULT NULL,
  `specified_skilled_foreigners` varchar(255) CHARACTER SET utf8mb4 COLLATE utf8mb4_general_ci DEFAULT NULL,
  `date` date DEFAULT NULL,
  `first` varchar(255) CHARACTER SET utf8mb4 COLLATE utf8mb4_general_ci DEFAULT NULL,
  `second` varchar(255) CHARACTER SET utf8mb4 COLLATE utf8mb4_general_ci DEFAULT NULL,
  `specific_skills_affiliation_agency_vn` varchar(255) CHARACTER SET utf8mb4 COLLATE utf8mb4_general_ci DEFAULT NULL,
  `specified_skilled_foreigners_vn` varchar(255) CHARACTER SET utf8mb4 COLLATE utf8mb4_general_ci DEFAULT NULL,
  `date_vn` date DEFAULT NULL,
  `first_vn` varchar(255) CHARACTER SET utf8mb4 COLLATE utf8mb4_general_ci DEFAULT NULL,
  `second_vn` varchar(255) CHARACTER SET utf8mb4 COLLATE utf8mb4_general_ci DEFAULT NULL,
  `created_at` datetime NOT NULL DEFAULT CURRENT_TIMESTAMP,
  `created_by_id` bigint DEFAULT NULL,
  `updated_by_id` bigint DEFAULT NULL,
  `updated_at` datetime NOT NULL DEFAULT CURRENT_TIMESTAMP,
  `company_id` bigint DEFAULT NULL,
  `updated_count` bigint DEFAULT NULL,
  PRIMARY KEY (`id`)
) ENGINE=InnoDB AUTO_INCREMENT=6 DEFAULT CHARSET=utf8mb4 COLLATE=utf8mb4_general_ci;

--
-- Dumping data for table `et_doc_specific_skills_employ_contract_vn`
--

INSERT INTO `et_doc_specific_skills_employ_contract_vn` VALUES (5,'オオノ会社','TRAN　VAN　LAM','2025-05-06','オオノ会社','TRAN　VAN　LAM','CONG TY ONO','TRAN　VAN　LAM','2025-05-05','CONG TY ONO','TRAN　VAN　LAM','2025-05-05 12:52:37',NULL,NULL,'2025-05-05 12:52:37',1,0);

--
-- Table structure for table `et_doc_staff_cv`
--

CREATE TABLE `et_doc_staff_cv` (
  `id` bigint unsigned NOT NULL AUTO_INCREMENT,
  `staff_incharge_id` int DEFAULT NULL,
  `staff_instructor_gino_id` int DEFAULT NULL,
  `staff_instuctor_life_id` int DEFAULT NULL,
  `staff_furigana` varchar(255) CHARACTER SET utf8mb4 COLLATE utf8mb4_unicode_ci DEFAULT NULL,
  `staff_name` varchar(255) CHARACTER SET utf8mb4 COLLATE utf8mb4_unicode_ci DEFAULT NULL,
  `staff_birthdate` date DEFAULT NULL,
  `staff_national` varchar(255) CHARACTER SET utf8mb4 COLLATE utf8mb4_unicode_ci DEFAULT NULL,
  `staff_degree` varchar(255) CHARACTER SET utf8mb4 COLLATE utf8mb4_unicode_ci DEFAULT NULL,
  `staff_technical_training` varchar(255) CHARACTER SET utf8mb4 COLLATE utf8mb4_unicode_ci DEFAULT NULL,
  `instructor_furigana` varchar(255) CHARACTER SET utf8mb4 COLLATE utf8mb4_unicode_ci DEFAULT NULL,
  `instructor_name` varchar(255) CHARACTER SET utf8mb4 COLLATE utf8mb4_unicode_ci DEFAULT NULL,
  `instructor_birthdate` date DEFAULT NULL,
  `instructor_national` varchar(255) CHARACTER SET utf8mb4 COLLATE utf8mb4_unicode_ci DEFAULT NULL,
  `instructor_degree` varchar(255) CHARACTER SET utf8mb4 COLLATE utf8mb4_unicode_ci DEFAULT NULL,
  `instructor_technical_training` varchar(255) CHARACTER SET utf8mb4 COLLATE utf8mb4_unicode_ci DEFAULT NULL,
  `life_instructor_furigana` varchar(255) CHARACTER SET utf8mb4 COLLATE utf8mb4_unicode_ci DEFAULT NULL,
  `life_instructor_name` varchar(255) CHARACTER SET utf8mb4 COLLATE utf8mb4_unicode_ci DEFAULT NULL,
  `life_instructor_birthdate` date DEFAULT NULL,
  `life_instructor_national` varchar(255) CHARACTER SET utf8mb4 COLLATE utf8mb4_unicode_ci DEFAULT NULL,
  `life_instructor_degree` varchar(255) CHARACTER SET utf8mb4 COLLATE utf8mb4_unicode_ci DEFAULT NULL,
  `life_instructor_technical_training` varchar(255) CHARACTER SET utf8mb4 COLLATE utf8mb4_unicode_ci DEFAULT NULL,
  `applicant_name` varchar(255) CHARACTER SET utf8mb4 COLLATE utf8mb4_unicode_ci DEFAULT NULL,
  `address` varchar(255) CHARACTER SET utf8mb4 COLLATE utf8mb4_unicode_ci DEFAULT NULL,
  `content_technical` varchar(255) CHARACTER SET utf8mb4 COLLATE utf8mb4_unicode_ci DEFAULT NULL,
  `date` date DEFAULT NULL,
  `sign_staff_name` varchar(255) CHARACTER SET utf8mb4 COLLATE utf8mb4_unicode_ci DEFAULT NULL,
  `sign_instructor_name` varchar(255) CHARACTER SET utf8mb4 COLLATE utf8mb4_unicode_ci DEFAULT NULL,
  `sign_life_instructor_name` varchar(255) CHARACTER SET utf8mb4 COLLATE utf8mb4_unicode_ci DEFAULT NULL,
  `created_at` timestamp NULL DEFAULT NULL,
  `created_by_id` bigint DEFAULT NULL,
  `updated_by_id` bigint DEFAULT NULL,
  `updated_at` timestamp NULL DEFAULT NULL,
  `company_id` bigint NOT NULL,
  `updated_count` int NOT NULL DEFAULT '0',
  PRIMARY KEY (`id`)
) ENGINE=InnoDB AUTO_INCREMENT=4 DEFAULT CHARSET=utf8mb4 COLLATE=utf8mb4_unicode_ci;

--
-- Dumping data for table `et_doc_staff_cv`
--

INSERT INTO `et_doc_staff_cv` VALUES (1,NULL,NULL,NULL,'staff_furigana','staff_name','2024-07-01','staff_national','staff_degree','staff_technical_training','instructor_furigana 2','instructor_name 2','2024-07-04','instructor_national 2','instructor_degree 2','instructor_technical_training 2','life_instructor_furigana 3','life_instructor_name 3','2024-07-05','life_instructor_national 3','life_instructor_degree 3','life_instructor_technical_training 3','applicant_name 3','address 3','content_technical 3','2024-07-06','sign_staff_name 3','sign_instructor_name 3','sign_life_instructor_name 3',NULL,NULL,1,NULL,1,3),(2,NULL,NULL,NULL,'staff_furigana','staff_name','2024-08-02','staff_national','staff_degree','staff_technical_training','instructor_furigana','instructor_name','2024-08-02','instructor_national','instructor_degree','instructor_technical_training','life_instructor_furigana','life_instructor_name','2024-08-08','life_instructor_national','life_instructor_degree','life_instructor_technical_training 3','applicant_name 3','address 3','content_technical 3','2024-08-12','sign_staff_name 3','sign_instructor_name 3','sign_life_instructor_name 3',NULL,NULL,1,NULL,1,6),(3,NULL,NULL,NULL,'staff_furigana','a','2024-09-10','as','ss','sa','123','12','2024-09-11','国籍','資格・免許','技能実習に係る講習の受講歴','ふりがな',NULL,'2024-08-12','国籍（国又は地域）','資格・免許','技能実習に係る講習の受講歴','applicant_name','address','content_technical','2024-09-10','技能実習責任者の氏名','技能実習指導員の氏名','技能実習指導員の氏名',NULL,NULL,1,NULL,1,3);

--
-- Table structure for table `et_doc_staff_cv_filelist`
--

CREATE TABLE `et_doc_staff_cv_filelist` (
  `id` int NOT NULL AUTO_INCREMENT,
  `staff_cv_id` bigint NOT NULL,
  `file` varchar(255) CHARACTER SET utf8mb4 COLLATE utf8mb4_unicode_ci DEFAULT NULL,
  `note` varchar(255) CHARACTER SET utf8mb4 COLLATE utf8mb4_unicode_ci DEFAULT NULL,
  `type` int NOT NULL COMMENT '1 staff, 2 instructor, 3 life_instructor',
  PRIMARY KEY (`id`)
) ENGINE=InnoDB AUTO_INCREMENT=14 DEFAULT CHARSET=utf8mb4 COLLATE=utf8mb4_unicode_ci;

--
-- Dumping data for table `et_doc_staff_cv_filelist`
--

INSERT INTO `et_doc_staff_cv_filelist` VALUES (1,1,'storage/app/public/et_document/doc_staff_cv/reform.png',NULL,1),(2,1,'storage/app/public/et_document/doc_staff_cv/kumiai_jobtype_scope.pdf',NULL,2),(3,1,'storage/app/public/et_document/doc_staff_cv/kokokuhi.png',NULL,3),(4,1,'storage/app/public/et_document/doc_staff_cv/reform.png',NULL,1),(5,1,'storage/app/public/et_document/doc_staff_cv/kumiai_jobtype_scope.pdf',NULL,2),(6,1,'storage/app/public/et_document/doc_staff_cv/kokokuhi.png',NULL,3),(7,1,'storage/app/public/et_document/doc_staff_cv/reform.png',NULL,1),(8,1,'storage/app/public/et_document/doc_staff_cv/kumiai_jobtype_scope.pdf',NULL,2),(9,1,'storage/app/public/et_document/doc_staff_cv/kokokuhi.png',NULL,3),(10,1,'storage/app/public/et_document/doc_staff_cv/doc_staff_cv (1).pdf',NULL,1),(11,2,'storage/app/public/et_document/doc_staff_cv/pic_point_01.png',NULL,1),(12,2,'storage/app/public/et_document/doc_staff_cv/pic_point_03.png',NULL,3),(13,2,'storage/app/public/et_document/doc_staff_cv/checklist.png',NULL,1);

--
-- Table structure for table `et_doc_staff_job_history`
--

CREATE TABLE `et_doc_staff_job_history` (
  `id` int NOT NULL AUTO_INCREMENT,
  `staff_cv_id` bigint NOT NULL,
  `year` varchar(4) COLLATE utf8mb4_unicode_ci DEFAULT NULL,
  `month` varchar(2) COLLATE utf8mb4_unicode_ci DEFAULT NULL,
  `date` int DEFAULT NULL,
  `content` varchar(255) CHARACTER SET utf8mb4 COLLATE utf8mb4_unicode_ci DEFAULT NULL,
  `type` int NOT NULL COMMENT '1 staff, 2 instructor, 3 life_instructor',
  PRIMARY KEY (`id`)
) ENGINE=InnoDB AUTO_INCREMENT=19 DEFAULT CHARSET=utf8mb4 COLLATE=utf8mb4_unicode_ci;

--
-- Dumping data for table `et_doc_staff_job_history`
--

INSERT INTO `et_doc_staff_job_history` VALUES (1,3,'2000','01',1,'test',1),(5,3,'2000','03',1,'life',3),(7,3,'2023','01',2,'test 123',2),(8,3,'2024','01',1,'life2',3),(9,3,'2024','01',2,'life3',3),(16,3,'2001','02',4,'test1',1),(17,3,'2000','03',5,'test2',1),(18,3,'2000','03',3,'test 1234',2);

--
-- Table structure for table `et_doc_supervisor_cv`
--

CREATE TABLE `et_doc_supervisor_cv` (
  `id` int NOT NULL AUTO_INCREMENT,
  `name` varchar(255) CHARACTER SET utf8mb4 COLLATE utf8mb4_unicode_ci DEFAULT NULL,
  `name_furigana` varchar(255) CHARACTER SET utf8mb4 COLLATE utf8mb4_unicode_ci DEFAULT NULL,
  `sex` int DEFAULT NULL COMMENT '1:male, 2:female',
  `birthdate` date DEFAULT NULL,
  `nationality` varchar(255) CHARACTER SET utf8mb4 COLLATE utf8mb4_unicode_ci DEFAULT NULL,
  `postcode` varchar(255) CHARACTER SET utf8mb4 COLLATE utf8mb4_unicode_ci DEFAULT NULL,
  `address` varchar(255) CHARACTER SET utf8mb4 COLLATE utf8mb4_unicode_ci DEFAULT NULL,
  `tel` varchar(255) CHARACTER SET utf8mb4 COLLATE utf8mb4_unicode_ci DEFAULT NULL,
  `company_name` varchar(255) CHARACTER SET utf8mb4 COLLATE utf8mb4_unicode_ci DEFAULT NULL,
  `company_address` varchar(255) CHARACTER SET utf8mb4 COLLATE utf8mb4_unicode_ci DEFAULT NULL,
  `company_postcode` varchar(255) CHARACTER SET utf8mb4 COLLATE utf8mb4_unicode_ci DEFAULT NULL,
  `company_tel` varchar(255) CHARACTER SET utf8mb4 COLLATE utf8mb4_unicode_ci DEFAULT NULL,
  `job_title` varchar(255) CHARACTER SET utf8mb4 COLLATE utf8mb4_unicode_ci DEFAULT NULL,
  `certificate` varchar(255) CHARACTER SET utf8mb4 COLLATE utf8mb4_unicode_ci DEFAULT NULL,
  `job_cv` varchar(255) CHARACTER SET utf8mb4 COLLATE utf8mb4_unicode_ci DEFAULT NULL,
  `job_sermina_cv` varchar(255) CHARACTER SET utf8mb4 COLLATE utf8mb4_unicode_ci DEFAULT NULL,
  `sign_date` date DEFAULT NULL,
  `sign_name` varchar(255) CHARACTER SET utf8mb4 COLLATE utf8mb4_unicode_ci DEFAULT NULL,
  `sign_creator_title` varchar(255) CHARACTER SET utf8mb4 COLLATE utf8mb4_unicode_ci DEFAULT NULL,
  `sign_creator_name` varchar(255) CHARACTER SET utf8mb4 COLLATE utf8mb4_unicode_ci DEFAULT NULL,
  `created_at` timestamp NULL DEFAULT NULL,
  `created_by_id` bigint DEFAULT NULL,
  `updated_at` int DEFAULT NULL,
  `updated_by_id` bigint DEFAULT NULL,
  `company_id` bigint DEFAULT NULL,
  `updated_count` int NOT NULL DEFAULT '0',
  PRIMARY KEY (`id`)
) ENGINE=InnoDB AUTO_INCREMENT=5 DEFAULT CHARSET=utf8mb4 COLLATE=utf8mb4_unicode_ci;

--
-- Dumping data for table `et_doc_supervisor_cv`
--

INSERT INTO `et_doc_supervisor_cv` VALUES (1,'name','name',2,'2024-07-04','test','0999','test address','0123456789','company_name','company_address','postcode','tel','job','certificate','job_cv','cv','2024-07-09','sign_name','sign_name 2','sign_name 3',NULL,NULL,NULL,1,1,1),(2,'name','name_furigana',2,'2024-07-09','nationality','postcode','address','tel','company_name','company_address','company_postcode','company_tel','job_title','certificate','job_cv','job_sermina_cv','2024-07-10','sign_name','sign_creator_title','sign_creator_name',NULL,NULL,NULL,NULL,1,0),(3,'name','name_furigana',1,'2020-01-01','nationality',NULL,NULL,NULL,'company_name','company_address',NULL,NULL,NULL,NULL,NULL,NULL,'2024-08-12','sign_name','sign_creator_title','sign_creator_name',NULL,NULL,NULL,1,1,3),(4,'test','1asdf',1,'2024-09-10','国籍（国又は地域）','12445','住所','電話','勤務先','勤務先住所','郵便番号','電話','役職名','資格・免許','技能実習に係る監理・指導等の経歴','技能実習に係る講習の受講歴','2024-09-11','申請者の名称','作成責任者 役職','作成責任者 氏名',NULL,NULL,NULL,1,1,3);

--
-- Table structure for table `et_doc_supervisor_pledge`
--

CREATE TABLE `et_doc_supervisor_pledge` (
  `id` int NOT NULL AUTO_INCREMENT,
  `name` varchar(255) CHARACTER SET utf8mb4 COLLATE utf8mb4_unicode_ci DEFAULT NULL,
  `address` varchar(255) CHARACTER SET utf8mb4 COLLATE utf8mb4_unicode_ci DEFAULT NULL,
  `sign_date` date DEFAULT NULL,
  `sign_name` varchar(255) CHARACTER SET utf8mb4 COLLATE utf8mb4_unicode_ci DEFAULT NULL,
  `note` varchar(255) CHARACTER SET utf8mb4 COLLATE utf8mb4_unicode_ci DEFAULT NULL,
  `created_at` timestamp NULL DEFAULT NULL,
  `created_by_id` bigint DEFAULT NULL,
  `updated_at` int DEFAULT NULL,
  `updated_by_id` bigint DEFAULT NULL,
  `company_id` bigint DEFAULT NULL,
  `updated_count` int NOT NULL DEFAULT '0',
  PRIMARY KEY (`id`)
) ENGINE=InnoDB AUTO_INCREMENT=3 DEFAULT CHARSET=utf8mb4 COLLATE=utf8mb4_unicode_ci;

--
-- Dumping data for table `et_doc_supervisor_pledge`
--

INSERT INTO `et_doc_supervisor_pledge` VALUES (1,'name','address','2024-07-12','sign_name',NULL,NULL,NULL,NULL,NULL,NULL,0),(2,'test','teset123','2024-09-11','hi',NULL,NULL,NULL,NULL,NULL,NULL,0);

--
-- Table structure for table `et_doc_support_contract`
--

CREATE TABLE `et_doc_support_contract` (
  `id` bigint NOT NULL AUTO_INCREMENT,
  `specific_skills_affiliation_agency` varchar(255) CHARACTER SET utf8mb4 COLLATE utf8mb4_general_ci DEFAULT NULL,
  `registration_support_organization` varchar(255) CHARACTER SET utf8mb4 COLLATE utf8mb4_general_ci DEFAULT NULL,
  `specific_skilled` varchar(255) CHARACTER SET utf8mb4 COLLATE utf8mb4_general_ci DEFAULT NULL,
  `date_form` date DEFAULT NULL,
  `date_to` date DEFAULT NULL,
  `date` date DEFAULT NULL,
  `first` varchar(255) CHARACTER SET utf8mb4 COLLATE utf8mb4_general_ci DEFAULT NULL,
  `second` varchar(255) CHARACTER SET utf8mb4 COLLATE utf8mb4_general_ci DEFAULT NULL,
  `nominal` text CHARACTER SET utf8mb4 COLLATE utf8mb4_general_ci,
  `amount` text CHARACTER SET utf8mb4 COLLATE utf8mb4_general_ci,
  `anytime` text CHARACTER SET utf8mb4 COLLATE utf8mb4_general_ci,
  `regular` text CHARACTER SET utf8mb4 COLLATE utf8mb4_general_ci,
  `customer_id` bigint DEFAULT NULL,
  `created_by_id` bigint DEFAULT NULL,
  `created_at` timestamp NOT NULL DEFAULT CURRENT_TIMESTAMP,
  `updated_by_id` bigint DEFAULT NULL,
  `updated_at` timestamp NOT NULL DEFAULT CURRENT_TIMESTAMP,
  `company_id` bigint DEFAULT NULL,
  `updated_count` bigint DEFAULT NULL,
  `monthly` varchar(255) CHARACTER SET utf8mb4 COLLATE utf8mb4_general_ci DEFAULT NULL,
  `total` varchar(255) CHARACTER SET utf8mb4 COLLATE utf8mb4_general_ci DEFAULT NULL,
  `txt_industry` varchar(255) CHARACTER SET utf8mb4 COLLATE utf8mb4_general_ci DEFAULT NULL,
  PRIMARY KEY (`id`)
) ENGINE=InnoDB AUTO_INCREMENT=4 DEFAULT CHARSET=utf8mb4 COLLATE=utf8mb4_general_ci;

--
-- Dumping data for table `et_doc_support_contract`
--

INSERT INTO `et_doc_support_contract` VALUES (1,'ádasd','ádasd','ádasd','2024-12-17','2024-12-17','2024-12-17','ádasd','ádasd','[\"\\u00e1dasd\",null,null,null,null,\"\\u00e1das\\u0111\",\"\\u00e1dasd\",null,null,null]','[\"\\u00e1dasd\",null,null,\"\\u00e1dasd\",null,\"\\u00e1dasd\",null,null,null,null]','[null,null,null,null,null,null,null,null,null,null]','[\"1\",null,null,\"1\",null,\"1\",null,null,null,null]',NULL,NULL,'2024-12-16 16:35:31',1,'2024-12-16 17:13:52',1,7,'ádafgsfdgdsdfg',NULL,NULL),(2,'田中会社','株式会社 入管','ＫＯＵ ＯＴＵＨＥＩ','2024-12-04','2026-01-14','2025-01-14','ｇふぁｌｈふぁｌｈｆ','法務協同組合','[\"\\u4e8b\\u524d\\u30ac\\u30a4\\u30c0\\u30f3\\u30b9\\u8cbb\\u7528\",\"\\u51fa\\u5165\\u56fd\\u3059\\u308b\\u969b\\u306e\\u9001\\u8fce\",\"\\u8ee2\\u8077\\u652f\\u63f4\",null,null,null,null,null,null,null]','[\"120000\",\"30000\",\"5000\",null,null,null,null,null,null,null]','[\"1\",\"1\",null,null,null,null,null,null,null,null]','[null,null,\"1\",null,null,null,null,null,null,null]',NULL,NULL,'2025-01-02 04:55:39',151,'2025-01-14 07:43:26',1,2,'200000','155000',NULL),(3,'オオノ会社','株式会社 入管','ＫＯＵ ＯＴＵＨＥＩ','2025-03-11','2026-03-10','2025-03-10','ｇふぁｌｈふぁｌｈｆ','法務協同組合','[\"\\u4e8b\\u524d\\u30ac\\u30a4\\u30c0\\u30f3\\u30b9\\u8cbb\\u7528\",\"\\u51fa\\u5165\\u56fd\\u3059\\u308b\\u969b\\u306e\\u9001\\u8fce\",\"\\u8ee2\\u8077\\u652f\\u63f4\",\"aaaa\",\"dfgggg\",\"gsffsfff\",\"ttfggf\",\"hdhdgd\",\"dgdgdg\",\"ssfsffs\"]','[\"3000\",\"30000\",\"5000\",\"5000\",null,\"3000\",\"4000\",\"5000\",\"6000\",\"7000\"]','[\"1\",null,\"1\",\"1\",\"1\",\"1\",null,null,null,null]','[null,null,null,null,null,null,null,\"1\",\"1\",\"1\"]',NULL,NULL,'2025-03-11 08:10:10',151,'2025-03-11 08:45:01',2,5,'200000','68000','外食業');

--
-- Table structure for table `et_doc_support_plan_reference`
--

CREATE TABLE `et_doc_support_plan_reference` (
  `id` bigint NOT NULL AUTO_INCREMENT,
  `created_at` datetime DEFAULT NULL,
  `created_by_id` bigint DEFAULT NULL,
  `updated_by_id` bigint DEFAULT NULL,
  `updated_at` datetime DEFAULT NULL,
  `company_id` bigint NOT NULL,
  `updated_count` int DEFAULT NULL,
  `full_name` text CHARACTER SET utf8mb4 COLLATE utf8mb4_general_ci,
  `orther` text CHARACTER SET utf8mb4 COLLATE utf8mb4_general_ci,
  `gender` varchar(5) CHARACTER SET utf8mb4 COLLATE utf8mb4_general_ci DEFAULT NULL,
  `date_target` date DEFAULT NULL,
  `na_re1` text CHARACTER SET utf8mb4 COLLATE utf8mb4_general_ci,
  `furigana1` text CHARACTER SET utf8mb4 COLLATE utf8mb4_general_ci,
  `name_or_title1` text CHARACTER SET utf8mb4 COLLATE utf8mb4_general_ci,
  `code1` text CHARACTER SET utf8mb4 COLLATE utf8mb4_general_ci,
  `address1` text CHARACTER SET utf8mb4 COLLATE utf8mb4_general_ci,
  `telephone` text CHARACTER SET utf8mb4 COLLATE utf8mb4_general_ci,
  `code2` text CHARACTER SET utf8mb4 COLLATE utf8mb4_general_ci,
  `address2` text CHARACTER SET utf8mb4 COLLATE utf8mb4_general_ci,
  `telephone2` text CHARACTER SET utf8mb4 COLLATE utf8mb4_general_ci,
  `furigana2` varchar(50) CHARACTER SET utf8mb4 COLLATE utf8mb4_general_ci DEFAULT NULL,
  `name_of_title2` varchar(50) CHARACTER SET utf8mb4 COLLATE utf8mb4_general_ci DEFAULT NULL,
  `post1` varchar(50) CHARACTER SET utf8mb4 COLLATE utf8mb4_general_ci DEFAULT NULL,
  `providing_support1` varchar(50) CHARACTER SET utf8mb4 COLLATE utf8mb4_general_ci DEFAULT NULL,
  `number_of_supporters1` varchar(50) CHARACTER SET utf8mb4 COLLATE utf8mb4_general_ci DEFAULT NULL,
  `yes_no1` tinyint(1) DEFAULT NULL,
  `registration_number` varchar(100) CHARACTER SET utf8mb4 COLLATE utf8mb4_general_ci DEFAULT NULL,
  `date23` date DEFAULT NULL,
  `date33` date DEFAULT NULL,
  `furigana34` text CHARACTER SET utf8mb4 COLLATE utf8mb4_general_ci,
  `name_of_title34` text CHARACTER SET utf8mb4 COLLATE utf8mb4_general_ci,
  `code34` text CHARACTER SET utf8mb4 COLLATE utf8mb4_general_ci,
  `address34` text CHARACTER SET utf8mb4 COLLATE utf8mb4_general_ci,
  `tele_phone34` text CHARACTER SET utf8mb4 COLLATE utf8mb4_general_ci,
  `furigana63` text CHARACTER SET utf8mb4 COLLATE utf8mb4_general_ci,
  `name_of_title63` text CHARACTER SET utf8mb4 COLLATE utf8mb4_general_ci,
  `code73` text CHARACTER SET utf8mb4 COLLATE utf8mb4_general_ci,
  `address73` varchar(100) CHARACTER SET utf8mb4 COLLATE utf8mb4_general_ci DEFAULT NULL,
  `furigana83` varchar(100) CHARACTER SET utf8mb4 COLLATE utf8mb4_general_ci DEFAULT NULL,
  `name_of_title83` varchar(100) CHARACTER SET utf8mb4 COLLATE utf8mb4_general_ci DEFAULT NULL,
  `post83` varchar(50) CHARACTER SET utf8mb4 COLLATE utf8mb4_general_ci DEFAULT NULL,
  `providing_support83` varchar(100) CHARACTER SET utf8mb4 COLLATE utf8mb4_general_ci DEFAULT NULL,
  `number_of_support_providers83` varchar(100) CHARACTER SET utf8mb4 COLLATE utf8mb4_general_ci DEFAULT NULL,
  `yes_no83` tinyint(1) DEFAULT NULL,
  `date31` date DEFAULT NULL,
  `date_create` date DEFAULT NULL,
  `y_n41` tinyint(1) DEFAULT NULL,
  `full_name41b` varchar(100) CHARACTER SET utf8mb4 COLLATE utf8mb4_general_ci DEFAULT NULL,
  `code41a` varchar(100) CHARACTER SET utf8mb4 COLLATE utf8mb4_general_ci DEFAULT NULL,
  `address41a` varchar(100) CHARACTER SET utf8mb4 COLLATE utf8mb4_general_ci DEFAULT NULL,
  `ck_face` tinyint(1) DEFAULT NULL,
  `ck_eq` tinyint(1) DEFAULT NULL,
  `ck_orther` tinyint(1) DEFAULT NULL,
  `ck413` tinyint(1) DEFAULT NULL,
  `ck14e` tinyint(1) DEFAULT NULL,
  `date413` varchar(100) CHARACTER SET utf8mb4 COLLATE utf8mb4_general_ci DEFAULT NULL,
  `date14e` varchar(100) CHARACTER SET utf8mb4 COLLATE utf8mb4_general_ci DEFAULT NULL,
  `text_orther` varchar(100) CHARACTER SET utf8mb4 COLLATE utf8mb4_general_ci DEFAULT NULL,
  `ck41k` tinyint(1) DEFAULT NULL,
  `ck_14k` tinyint(1) DEFAULT NULL,
  `y_n14` tinyint(1) DEFAULT NULL,
  `affiliation_and_name` varchar(100) CHARACTER SET utf8mb4 COLLATE utf8mb4_general_ci DEFAULT NULL,
  `total_time` varchar(50) CHARACTER SET utf8mb4 COLLATE utf8mb4_general_ci DEFAULT NULL,
  `ck24` tinyint(1) DEFAULT NULL,
  `date24` varchar(100) CHARACTER SET utf8mb4 COLLATE utf8mb4_general_ci DEFAULT NULL,
  `ck_24` tinyint(1) DEFAULT NULL,
  `date_24` varchar(100) CHARACTER SET utf8mb4 COLLATE utf8mb4_general_ci DEFAULT NULL,
  `y_n341` tinyint(1) DEFAULT NULL,
  `name341` varchar(100) CHARACTER SET utf8mb4 COLLATE utf8mb4_general_ci DEFAULT NULL,
  `code341` varchar(50) CHARACTER SET utf8mb4 COLLATE utf8mb4_general_ci DEFAULT NULL,
  `address341` varchar(100) CHARACTER SET utf8mb4 COLLATE utf8mb4_general_ci DEFAULT NULL,
  `ck3421` tinyint(1) DEFAULT NULL,
  `txt3421` varchar(100) CHARACTER SET utf8mb4 COLLATE utf8mb4_general_ci DEFAULT NULL,
  `ck3422` tinyint(1) DEFAULT NULL,
  `txt3422` varchar(100) CHARACTER SET utf8mb4 COLLATE utf8mb4_general_ci DEFAULT NULL,
  `ck24b` tinyint(1) DEFAULT NULL,
  `ck_24b` tinyint(1) DEFAULT NULL,
  `date24_b` varchar(100) CHARACTER SET utf8mb4 COLLATE utf8mb4_general_ci DEFAULT NULL,
  `y_n342` tinyint(1) DEFAULT NULL,
  `name342` varchar(100) CHARACTER SET utf8mb4 COLLATE utf8mb4_general_ci DEFAULT NULL,
  `code342` varchar(100) CHARACTER SET utf8mb4 COLLATE utf8mb4_general_ci DEFAULT NULL,
  `address342` varchar(100) CHARACTER SET utf8mb4 COLLATE utf8mb4_general_ci DEFAULT NULL,
  `ck3423` tinyint(1) DEFAULT NULL,
  `txt3423` varchar(100) CHARACTER SET utf8mb4 COLLATE utf8mb4_general_ci DEFAULT NULL,
  `ck3424` tinyint(1) DEFAULT NULL,
  `txt3424` varchar(100) CHARACTER SET utf8mb4 COLLATE utf8mb4_general_ci DEFAULT NULL,
  `ck_orther1` tinyint(1) DEFAULT NULL,
  `ck_orther2` tinyint(1) DEFAULT NULL,
  `y_n343` tinyint(1) DEFAULT NULL,
  `name343` varchar(100) CHARACTER SET utf8mb4 COLLATE utf8mb4_general_ci DEFAULT NULL,
  `code343` varchar(100) CHARACTER SET utf8mb4 COLLATE utf8mb4_general_ci DEFAULT NULL,
  `address343` varchar(100) CHARACTER SET utf8mb4 COLLATE utf8mb4_general_ci DEFAULT NULL,
  `txt3425s` varchar(100) CHARACTER SET utf8mb4 COLLATE utf8mb4_general_ci DEFAULT NULL,
  `affiliation_and_name1` varchar(100) CHARACTER SET utf8mb4 COLLATE utf8mb4_general_ci DEFAULT NULL,
  `tele_phone73` varchar(15) CHARACTER SET utf8mb4 COLLATE utf8mb4_general_ci DEFAULT NULL,
  `ck_34` tinyint(1) DEFAULT NULL,
  `date_34` varchar(100) CHARACTER SET utf8mb4 COLLATE utf8mb4_general_ci DEFAULT NULL,
  `ck34` tinyint(1) DEFAULT NULL,
  `date34` varchar(100) CHARACTER SET utf8mb4 COLLATE utf8mb4_general_ci DEFAULT NULL,
  `y_n344` tinyint(1) DEFAULT NULL,
  `name344` varchar(100) CHARACTER SET utf8mb4 COLLATE utf8mb4_general_ci DEFAULT NULL,
  `code344` varchar(100) CHARACTER SET utf8mb4 COLLATE utf8mb4_general_ci DEFAULT NULL,
  `address344` varchar(100) CHARACTER SET utf8mb4 COLLATE utf8mb4_general_ci DEFAULT NULL,
  `ck34b` tinyint(1) DEFAULT NULL,
  `date34b` varchar(100) CHARACTER SET utf8mb4 COLLATE utf8mb4_general_ci DEFAULT NULL,
  `ck_34b` tinyint(1) DEFAULT NULL,
  `date_34b` varchar(100) CHARACTER SET utf8mb4 COLLATE utf8mb4_general_ci DEFAULT NULL,
  `y_n345` tinyint(1) DEFAULT NULL,
  `name345` varchar(100) CHARACTER SET utf8mb4 COLLATE utf8mb4_general_ci DEFAULT NULL,
  `code345` varchar(100) CHARACTER SET utf8mb4 COLLATE utf8mb4_general_ci DEFAULT NULL,
  `address345` varchar(100) CHARACTER SET utf8mb4 COLLATE utf8mb4_general_ci DEFAULT NULL,
  `ck34c` tinyint(1) DEFAULT NULL,
  `date34c` varchar(100) CHARACTER SET utf8mb4 COLLATE utf8mb4_general_ci DEFAULT NULL,
  `ck_34c` tinyint(1) DEFAULT NULL,
  `date_34c` varchar(100) CHARACTER SET utf8mb4 COLLATE utf8mb4_general_ci DEFAULT NULL,
  `y_n346` tinyint(1) DEFAULT NULL,
  `name346` varchar(100) CHARACTER SET utf8mb4 COLLATE utf8mb4_general_ci DEFAULT NULL,
  `code346` varchar(100) CHARACTER SET utf8mb4 COLLATE utf8mb4_general_ci DEFAULT NULL,
  `address346` varchar(100) CHARACTER SET utf8mb4 COLLATE utf8mb4_general_ci DEFAULT NULL,
  `ck34corther` tinyint(1) DEFAULT NULL,
  `ck34c_orther` tinyint(1) DEFAULT NULL,
  `y_n347` tinyint(1) DEFAULT NULL,
  `name347` varchar(100) CHARACTER SET utf8mb4 COLLATE utf8mb4_general_ci DEFAULT NULL,
  `code347` varchar(100) CHARACTER SET utf8mb4 COLLATE utf8mb4_general_ci DEFAULT NULL,
  `address347` varchar(100) CHARACTER SET utf8mb4 COLLATE utf8mb4_general_ci DEFAULT NULL,
  `txt3426` varchar(100) CHARACTER SET utf8mb4 COLLATE utf8mb4_general_ci DEFAULT NULL,
  `ck34d` tinyint(1) DEFAULT NULL,
  `ck34_d` tinyint(1) DEFAULT NULL,
  `number34d` varchar(100) CHARACTER SET utf8mb4 COLLATE utf8mb4_general_ci DEFAULT NULL,
  `ck341d` tinyint(1) DEFAULT NULL,
  `ck342d2` tinyint(1) DEFAULT NULL,
  `ck3a2` tinyint(1) DEFAULT NULL,
  `date_3a2` varchar(100) CHARACTER SET utf8mb4 COLLATE utf8mb4_general_ci DEFAULT NULL,
  `ck3_a2` tinyint(1) DEFAULT NULL,
  `date3a2` varchar(100) CHARACTER SET utf8mb4 COLLATE utf8mb4_general_ci DEFAULT NULL,
  `y_nc1` tinyint(1) DEFAULT NULL,
  `name34a1` varchar(100) CHARACTER SET utf8mb4 COLLATE utf8mb4_general_ci DEFAULT NULL,
  `code34a1` varchar(100) CHARACTER SET utf8mb4 COLLATE utf8mb4_general_ci DEFAULT NULL,
  `add34a1` varchar(100) CHARACTER SET utf8mb4 COLLATE utf8mb4_general_ci DEFAULT NULL,
  `ck341` tinyint(1) DEFAULT NULL,
  `ck342` tinyint(1) DEFAULT NULL,
  `ck343` tinyint(1) DEFAULT NULL,
  `ck3b2` tinyint(1) DEFAULT NULL,
  `date_3b2` varchar(100) CHARACTER SET utf8mb4 COLLATE utf8mb4_general_ci DEFAULT NULL,
  `ck3_b2` tinyint(1) DEFAULT NULL,
  `date3_b2` varchar(100) CHARACTER SET utf8mb4 COLLATE utf8mb4_general_ci DEFAULT NULL,
  `y_nc2` tinyint(1) DEFAULT NULL,
  `name34a2` varchar(100) CHARACTER SET utf8mb4 COLLATE utf8mb4_general_ci DEFAULT NULL,
  `code34a2` varchar(100) CHARACTER SET utf8mb4 COLLATE utf8mb4_general_ci DEFAULT NULL,
  `add34a2` varchar(100) CHARACTER SET utf8mb4 COLLATE utf8mb4_general_ci DEFAULT NULL,
  `ck344` tinyint(1) DEFAULT NULL,
  `ck345` tinyint(1) DEFAULT NULL,
  `ck346` tinyint(1) DEFAULT NULL,
  `txt346` varchar(100) CHARACTER SET utf8mb4 COLLATE utf8mb4_general_ci DEFAULT NULL,
  `ck3_c2` tinyint(1) DEFAULT NULL,
  `date_c2` varchar(100) CHARACTER SET utf8mb4 COLLATE utf8mb4_general_ci DEFAULT NULL,
  `ck3c2` tinyint(1) DEFAULT NULL,
  `datec2` varchar(100) CHARACTER SET utf8mb4 COLLATE utf8mb4_general_ci DEFAULT NULL,
  `y_nc3` tinyint(1) DEFAULT NULL,
  `name34a3` varchar(100) CHARACTER SET utf8mb4 COLLATE utf8mb4_general_ci DEFAULT NULL,
  `code34a3` varchar(100) CHARACTER SET utf8mb4 COLLATE utf8mb4_general_ci DEFAULT NULL,
  `add34a3` varchar(100) CHARACTER SET utf8mb4 COLLATE utf8mb4_general_ci DEFAULT NULL,
  `ck347` tinyint(1) DEFAULT NULL,
  `ck348` tinyint(1) DEFAULT NULL,
  `ck349` tinyint(1) DEFAULT NULL,
  `txt349` varchar(100) CHARACTER SET utf8mb4 COLLATE utf8mb4_general_ci DEFAULT NULL,
  `ckc2_orther` tinyint(1) DEFAULT NULL,
  `ck2_orther` tinyint(1) DEFAULT NULL,
  `y_nc4` tinyint(1) DEFAULT NULL,
  `name34a4` varchar(100) CHARACTER SET utf8mb4 COLLATE utf8mb4_general_ci DEFAULT NULL,
  `code34a4` varchar(100) CHARACTER SET utf8mb4 COLLATE utf8mb4_general_ci DEFAULT NULL,
  `add34a4` varchar(100) CHARACTER SET utf8mb4 COLLATE utf8mb4_general_ci DEFAULT NULL,
  `txt3450` varchar(100) CHARACTER SET utf8mb4 COLLATE utf8mb4_general_ci DEFAULT NULL,
  `ck44a` tinyint(1) DEFAULT NULL,
  `date44a` varchar(100) CHARACTER SET utf8mb4 COLLATE utf8mb4_general_ci DEFAULT NULL,
  `ck44_a` tinyint(1) DEFAULT NULL,
  `date_44a` varchar(100) CHARACTER SET utf8mb4 COLLATE utf8mb4_general_ci DEFAULT NULL,
  `y_nc5` varchar(1) CHARACTER SET utf8mb4 COLLATE utf8mb4_general_ci DEFAULT NULL,
  `code34a5` varchar(100) CHARACTER SET utf8mb4 COLLATE utf8mb4_general_ci DEFAULT NULL,
  `add34a5` varchar(100) CHARACTER SET utf8mb4 COLLATE utf8mb4_general_ci DEFAULT NULL,
  `ck43c` tinyint(1) DEFAULT NULL,
  `ck43_c` tinyint(1) DEFAULT NULL,
  `ck43_orther` tinyint(1) DEFAULT NULL,
  `ck43orther` tinyint(1) DEFAULT NULL,
  `txt43or` tinyint(1) DEFAULT NULL,
  `code43_orther` varchar(100) CHARACTER SET utf8mb4 COLLATE utf8mb4_general_ci DEFAULT NULL,
  `add43_orther` varchar(100) CHARACTER SET utf8mb4 COLLATE utf8mb4_general_ci DEFAULT NULL,
  `txt43_orther` varchar(100) CHARACTER SET utf8mb4 COLLATE utf8mb4_general_ci DEFAULT NULL,
  `affiliation_and_name44` varchar(100) CHARACTER SET utf8mb4 COLLATE utf8mb4_general_ci DEFAULT NULL,
  `number43` varchar(100) CHARACTER SET utf8mb4 COLLATE utf8mb4_general_ci DEFAULT NULL,
  `txt343` varchar(100) CHARACTER SET utf8mb4 COLLATE utf8mb4_general_ci DEFAULT NULL,
  `affiliation_and_name441` varchar(100) CHARACTER SET utf8mb4 COLLATE utf8mb4_general_ci DEFAULT NULL,
  `ck54` tinyint(1) DEFAULT NULL,
  `txt54` varchar(100) CHARACTER SET utf8mb4 COLLATE utf8mb4_general_ci DEFAULT NULL,
  `ck54a` tinyint(1) DEFAULT NULL,
  `txt54a` varchar(100) CHARACTER SET utf8mb4 COLLATE utf8mb4_general_ci DEFAULT NULL,
  `y_n541` tinyint(1) DEFAULT NULL,
  `name541` varchar(100) CHARACTER SET utf8mb4 COLLATE utf8mb4_general_ci DEFAULT NULL,
  `code541` varchar(100) CHARACTER SET utf8mb4 COLLATE utf8mb4_general_ci DEFAULT NULL,
  `add541` varchar(100) CHARACTER SET utf8mb4 COLLATE utf8mb4_general_ci DEFAULT NULL,
  `ck54b` tinyint(1) DEFAULT NULL,
  `txt54b` varchar(100) CHARACTER SET utf8mb4 COLLATE utf8mb4_general_ci DEFAULT NULL,
  `ck54_b` tinyint(1) DEFAULT NULL,
  `txt54_b` varchar(100) CHARACTER SET utf8mb4 COLLATE utf8mb4_general_ci DEFAULT NULL,
  `y_n542` tinyint(1) DEFAULT NULL,
  `name542` varchar(100) CHARACTER SET utf8mb4 COLLATE utf8mb4_general_ci DEFAULT NULL,
  `code542` varchar(100) CHARACTER SET utf8mb4 COLLATE utf8mb4_general_ci DEFAULT NULL,
  `add542` varchar(100) CHARACTER SET utf8mb4 COLLATE utf8mb4_general_ci DEFAULT NULL,
  `ck54c` tinyint(1) DEFAULT NULL,
  `txt54c` varchar(100) CHARACTER SET utf8mb4 COLLATE utf8mb4_general_ci DEFAULT NULL,
  `ck54_c` tinyint(1) DEFAULT NULL,
  `txt54_c` varchar(100) CHARACTER SET utf8mb4 COLLATE utf8mb4_general_ci DEFAULT NULL,
  `y_n543` tinyint(1) DEFAULT NULL,
  `name543` varchar(100) CHARACTER SET utf8mb4 COLLATE utf8mb4_general_ci DEFAULT NULL,
  `code543` varchar(100) CHARACTER SET utf8mb4 COLLATE utf8mb4_general_ci DEFAULT NULL,
  `add543` varchar(100) CHARACTER SET utf8mb4 COLLATE utf8mb4_general_ci DEFAULT NULL,
  `ck544` tinyint(1) DEFAULT NULL,
  `ck544a` tinyint(1) DEFAULT NULL,
  `y_n544` tinyint(1) DEFAULT NULL,
  `name544` varchar(100) CHARACTER SET utf8mb4 COLLATE utf8mb4_general_ci DEFAULT NULL,
  `code544` varchar(100) CHARACTER SET utf8mb4 COLLATE utf8mb4_general_ci DEFAULT NULL,
  `add544` varchar(100) CHARACTER SET utf8mb4 COLLATE utf8mb4_general_ci DEFAULT NULL,
  `txt5444` varchar(100) CHARACTER SET utf8mb4 COLLATE utf8mb4_general_ci DEFAULT NULL,
  `ck64a` tinyint(1) DEFAULT NULL,
  `ck64_a` tinyint(1) DEFAULT NULL,
  `y_n641` tinyint(1) DEFAULT NULL,
  `date_64a` varchar(100) CHARACTER SET utf8mb4 COLLATE utf8mb4_general_ci DEFAULT NULL,
  `code641` varchar(100) CHARACTER SET utf8mb4 COLLATE utf8mb4_general_ci DEFAULT NULL,
  `address641` varchar(100) CHARACTER SET utf8mb4 COLLATE utf8mb4_general_ci DEFAULT NULL,
  `ck64_orther` tinyint(1) DEFAULT NULL,
  `ck_64orther` tinyint(1) DEFAULT NULL,
  `y_n642` tinyint(1) DEFAULT NULL,
  `code642` varchar(100) CHARACTER SET utf8mb4 COLLATE utf8mb4_general_ci DEFAULT NULL,
  `address642` varchar(100) CHARACTER SET utf8mb4 COLLATE utf8mb4_general_ci DEFAULT NULL,
  `n1_1` varchar(20) CHARACTER SET utf8mb4 COLLATE utf8mb4_general_ci DEFAULT NULL,
  `n1` varchar(20) CHARACTER SET utf8mb4 COLLATE utf8mb4_general_ci DEFAULT NULL,
  `n2_2` varchar(20) CHARACTER SET utf8mb4 COLLATE utf8mb4_general_ci DEFAULT NULL,
  `n2` varchar(20) CHARACTER SET utf8mb4 COLLATE utf8mb4_general_ci DEFAULT NULL,
  `n3_3` varchar(20) CHARACTER SET utf8mb4 COLLATE utf8mb4_general_ci DEFAULT NULL,
  `n3` varchar(20) CHARACTER SET utf8mb4 COLLATE utf8mb4_general_ci DEFAULT NULL,
  `n4_4` varchar(20) CHARACTER SET utf8mb4 COLLATE utf8mb4_general_ci DEFAULT NULL,
  `n4` varchar(20) CHARACTER SET utf8mb4 COLLATE utf8mb4_general_ci DEFAULT NULL,
  `n5_5` varchar(20) CHARACTER SET utf8mb4 COLLATE utf8mb4_general_ci DEFAULT NULL,
  `n_5` varchar(20) CHARACTER SET utf8mb4 COLLATE utf8mb4_general_ci DEFAULT NULL,
  `n6_6` varchar(20) CHARACTER SET utf8mb4 COLLATE utf8mb4_general_ci DEFAULT NULL,
  `n_6` varchar(20) CHARACTER SET utf8mb4 COLLATE utf8mb4_general_ci DEFAULT NULL,
  `n7_7` varchar(20) CHARACTER SET utf8mb4 COLLATE utf8mb4_general_ci DEFAULT NULL,
  `n_7` varchar(20) CHARACTER SET utf8mb4 COLLATE utf8mb4_general_ci DEFAULT NULL,
  `n8_8` varchar(20) CHARACTER SET utf8mb4 COLLATE utf8mb4_general_ci DEFAULT NULL,
  `n_8` varchar(20) CHARACTER SET utf8mb4 COLLATE utf8mb4_general_ci DEFAULT NULL,
  `ck_64d1` tinyint(1) DEFAULT NULL,
  `ck_64d2` tinyint(1) DEFAULT NULL,
  `txt64d2` varchar(20) CHARACTER SET utf8mb4 COLLATE utf8mb4_general_ci DEFAULT NULL,
  `ck_64d3` tinyint(1) DEFAULT NULL,
  `txt64d3` varchar(20) CHARACTER SET utf8mb4 COLLATE utf8mb4_general_ci DEFAULT NULL,
  `ck_64d4` tinyint(1) DEFAULT NULL,
  `txt64d4` varchar(20) CHARACTER SET utf8mb4 COLLATE utf8mb4_general_ci DEFAULT NULL,
  `ck_64e1` tinyint(1) DEFAULT NULL,
  `ck_64e2` tinyint(1) DEFAULT NULL,
  `txt_64e2` varchar(20) CHARACTER SET utf8mb4 COLLATE utf8mb4_general_ci DEFAULT NULL,
  `ck_64e3` tinyint(1) DEFAULT NULL,
  `txt_64e3` varchar(20) CHARACTER SET utf8mb4 COLLATE utf8mb4_general_ci DEFAULT NULL,
  `ck_64e4` tinyint(1) DEFAULT NULL,
  `txt_64e4` varchar(20) CHARACTER SET utf8mb4 COLLATE utf8mb4_general_ci DEFAULT NULL,
  `txt64e5` varchar(50) CHARACTER SET utf8mb4 COLLATE utf8mb4_general_ci DEFAULT NULL,
  `ck64_` tinyint(1) DEFAULT NULL,
  `name641` varchar(100) CHARACTER SET utf8mb4 COLLATE utf8mb4_general_ci DEFAULT NULL,
  `ck_74` tinyint DEFAULT NULL,
  `txt_74` text CHARACTER SET utf8mb4 COLLATE utf8mb4_general_ci,
  `ck74` tinyint DEFAULT NULL,
  `txt74` text CHARACTER SET utf8mb4 COLLATE utf8mb4_general_ci,
  `y_n741` tinyint DEFAULT NULL,
  `name74` text CHARACTER SET utf8mb4 COLLATE utf8mb4_general_ci,
  `code741` text CHARACTER SET utf8mb4 COLLATE utf8mb4_general_ci,
  `add741` text CHARACTER SET utf8mb4 COLLATE utf8mb4_general_ci,
  `ck_orther74` tinyint DEFAULT NULL,
  `ckorther_74` tinyint DEFAULT NULL,
  `y_n742` tinyint DEFAULT NULL,
  `code742` text CHARACTER SET utf8mb4 COLLATE utf8mb4_general_ci,
  `add742` text CHARACTER SET utf8mb4 COLLATE utf8mb4_general_ci,
  `done_txt` text CHARACTER SET utf8mb4 COLLATE utf8mb4_general_ci,
  `ck84` tinyint DEFAULT NULL,
  `txt84` text CHARACTER SET utf8mb4 COLLATE utf8mb4_general_ci,
  `ck_84` tinyint DEFAULT NULL,
  `txt_84` text CHARACTER SET utf8mb4 COLLATE utf8mb4_general_ci,
  `y_n841` tinyint DEFAULT NULL,
  `name841` text CHARACTER SET utf8mb4 COLLATE utf8mb4_general_ci,
  `code841` text CHARACTER SET utf8mb4 COLLATE utf8mb4_general_ci,
  `add841` text CHARACTER SET utf8mb4 COLLATE utf8mb4_general_ci,
  `ck84_b` tinyint DEFAULT NULL,
  `txt84_b` text CHARACTER SET utf8mb4 COLLATE utf8mb4_general_ci,
  `ck_84b` tinyint DEFAULT NULL,
  `txt_84b` text CHARACTER SET utf8mb4 COLLATE utf8mb4_general_ci,
  `y_n842` tinyint DEFAULT NULL,
  `name842` text CHARACTER SET utf8mb4 COLLATE utf8mb4_general_ci,
  `code842` text CHARACTER SET utf8mb4 COLLATE utf8mb4_general_ci,
  `add842` text CHARACTER SET utf8mb4 COLLATE utf8mb4_general_ci,
  `ck84_c` tinyint DEFAULT NULL,
  `txt84_c` text CHARACTER SET utf8mb4 COLLATE utf8mb4_general_ci,
  `ck_84c` tinyint DEFAULT NULL,
  `txt_84c` text CHARACTER SET utf8mb4 COLLATE utf8mb4_general_ci,
  `y_n843` tinyint DEFAULT NULL,
  `name843` text CHARACTER SET utf8mb4 COLLATE utf8mb4_general_ci,
  `code843` text CHARACTER SET utf8mb4 COLLATE utf8mb4_general_ci,
  `add843` text CHARACTER SET utf8mb4 COLLATE utf8mb4_general_ci,
  `ck84_d` tinyint DEFAULT NULL,
  `txt84_d` text CHARACTER SET utf8mb4 COLLATE utf8mb4_general_ci,
  `ck_84d` tinyint DEFAULT NULL,
  `txt_84d` text CHARACTER SET utf8mb4 COLLATE utf8mb4_general_ci,
  `y_n844` tinyint DEFAULT NULL,
  `name844` text CHARACTER SET utf8mb4 COLLATE utf8mb4_general_ci,
  `code844` text CHARACTER SET utf8mb4 COLLATE utf8mb4_general_ci,
  `add844` text CHARACTER SET utf8mb4 COLLATE utf8mb4_general_ci,
  `ck84_e` tinyint DEFAULT NULL,
  `txt84_e` text CHARACTER SET utf8mb4 COLLATE utf8mb4_general_ci,
  `ck_84e` tinyint DEFAULT NULL,
  `txt_84e` text CHARACTER SET utf8mb4 COLLATE utf8mb4_general_ci,
  `ck84f` tinyint(1) DEFAULT NULL,
  `txt84f` varchar(50) CHARACTER SET utf8mb4 COLLATE utf8mb4_general_ci DEFAULT NULL,
  `ck841f` tinyint(1) DEFAULT NULL,
  `ck84g` tinyint(1) DEFAULT NULL,
  `txt84g` varchar(100) CHARACTER SET utf8mb4 COLLATE utf8mb4_general_ci DEFAULT NULL,
  `ck841g` tinyint(1) DEFAULT NULL,
  `txt841g` varchar(50) CHARACTER SET utf8mb4 COLLATE utf8mb4_general_ci DEFAULT NULL,
  `y_n84g` tinyint(1) DEFAULT NULL,
  PRIMARY KEY (`id`)
) ENGINE=InnoDB AUTO_INCREMENT=5 DEFAULT CHARSET=utf8mb4 COLLATE=utf8mb4_general_ci;

--
-- Dumping data for table `et_doc_support_plan_reference`
--

INSERT INTO `et_doc_support_plan_reference` VALUES (1,NULL,NULL,151,NULL,1,5,NULL,NULL,NULL,NULL,NULL,NULL,NULL,NULL,NULL,NULL,NULL,NULL,NULL,NULL,NULL,NULL,NULL,NULL,NULL,NULL,NULL,NULL,NULL,NULL,NULL,NULL,NULL,NULL,NULL,NULL,NULL,NULL,NULL,NULL,NULL,NULL,NULL,NULL,NULL,NULL,NULL,NULL,NULL,NULL,NULL,NULL,NULL,NULL,NULL,NULL,NULL,NULL,NULL,NULL,NULL,NULL,NULL,NULL,NULL,NULL,NULL,NULL,NULL,NULL,NULL,NULL,NULL,NULL,NULL,NULL,NULL,NULL,NULL,NULL,NULL,NULL,NULL,NULL,NULL,NULL,NULL,NULL,NULL,NULL,NULL,NULL,NULL,NULL,NULL,NULL,NULL,NULL,NULL,NULL,NULL,NULL,NULL,NULL,NULL,NULL,NULL,NULL,NULL,NULL,NULL,NULL,NULL,NULL,NULL,NULL,NULL,NULL,NULL,NULL,NULL,NULL,NULL,NULL,NULL,NULL,NULL,NULL,NULL,NULL,NULL,NULL,NULL,NULL,NULL,NULL,NULL,NULL,NULL,NULL,NULL,NULL,NULL,NULL,NULL,NULL,NULL,NULL,NULL,NULL,NULL,NULL,NULL,NULL,NULL,NULL,NULL,NULL,NULL,NULL,NULL,NULL,NULL,NULL,NULL,NULL,NULL,NULL,NULL,NULL,NULL,NULL,NULL,NULL,NULL,NULL,NULL,NULL,NULL,NULL,NULL,NULL,NULL,NULL,NULL,NULL,NULL,NULL,NULL,NULL,NULL,NULL,NULL,NULL,NULL,NULL,NULL,NULL,NULL,NULL,NULL,NULL,NULL,NULL,NULL,NULL,NULL,NULL,NULL,NULL,NULL,NULL,NULL,NULL,NULL,NULL,NULL,NULL,NULL,NULL,NULL,NULL,NULL,NULL,NULL,NULL,NULL,NULL,NULL,NULL,NULL,NULL,NULL,NULL,NULL,NULL,NULL,NULL,NULL,NULL,NULL,NULL,NULL,NULL,NULL,NULL,NULL,NULL,NULL,NULL,NULL,NULL,NULL,NULL,NULL,NULL,NULL,NULL,NULL,NULL,NULL,NULL,NULL,NULL,0,NULL,NULL,NULL,NULL,NULL,NULL,NULL,NULL,NULL,NULL,NULL,NULL,NULL,NULL,NULL,NULL,NULL,NULL,NULL,NULL,NULL,NULL,NULL,NULL,NULL,NULL,NULL,NULL,NULL,NULL,NULL,NULL,NULL,NULL,NULL,NULL,NULL,NULL,NULL,NULL,NULL,NULL,NULL,NULL,NULL,NULL,NULL,NULL,NULL,NULL,NULL,NULL,NULL,NULL,NULL,NULL,NULL,NULL,NULL),(2,NULL,NULL,151,NULL,2,21,'農園 太郎','AAA','男',NULL,'ベトナム','おおの','武村株式会社','124-144','千葉','040-855','24545','千葉','0146215','おおの','AAAAA','社長','2','1',1,'679548','2004-03-25','2025-03-25','ＴＮＡＫ','田中','123-458','千葉','058553','あああああ','AAAAA','11244','GIFU','ぶぶぶ','BBBBB','しゃちょう','３','３',1,'2000-03-26','1994-12-02',2,'あああああ','1111','千葉',1,NULL,1,1,NULL,'実施予定',NULL,'あｈｆｋｌｋ',NULL,1,2,'THUY','３',1,'aaaaa',NULL,NULL,2,NULL,'11111','ABC',1,NULL,1,'NARITA',1,NULL,NULL,NULL,NULL,'1111','ACCVC',1,'HANOI',NULL,NULL,NULL,1,2,NULL,'q1111','ABC',NULL,'インドネシア語','045-789',1,'ｓｄｇｈｈ',NULL,NULL,NULL,'TIEP','1111','CHIBA',1,NULL,NULL,NULL,NULL,'TIEP','1111','ｇｈｊｈｊｋｊｋ',NULL,NULL,NULL,NULL,NULL,'TIEP　あああああああああああああああああああああああああああああああああああ','1111','AAAAA',NULL,1,2,'ああ','1111','ｄｆｊｈｊｊｋ',NULL,NULL,NULL,NULL,NULL,NULL,NULL,'ｓｈｈｈ',NULL,NULL,NULL,'TIEP','1111','CHIBA',1,NULL,NULL,NULL,NULL,1,'あああああâ',NULL,'TIEP','１１１１','CHIBA',NULL,NULL,NULL,NULL,1,NULL,NULL,'あああああ',NULL,'TIEP','1111','CHIBA',NULL,NULL,NULL,NULL,NULL,1,2,'TIEP','1111','CHIBA',NULL,1,'あああ',NULL,NULL,'2','１１１１１','あああ',1,NULL,1,NULL,2,'１１１１１','AAAAA','あああああ','日本語','３',NULL,'あああああ',1,'あああああ',NULL,'ｖｖｖ',1,'あああああ','115','ああああああ',1,'ｖｖｖ',NULL,'ｖｖｖ',1,'vvvv','115','ああああ',1,'ｃｃｖｃｖ',NULL,'ｖｖｖ',1,'vvvv','115','ああああ',1,NULL,1,'vvvv','115','ああああ','１１１１１',NULL,NULL,NULL,NULL,'１１１１１',NULL,NULL,NULL,NULL,'１１１１１',NULL,'12h30','17h30','12h30','17h30','12h30','17h30','12h30','17h30','12h30','17h30','12h30','123','12h30','17h30','12h30','17h30',1,1,'04588',NULL,'あああ」',NULL,'あああ',1,1,NULL,1,NULL,1,NULL,'VIETNAM',0,NULL,1,'aaa',NULL,NULL,NULL,'aa','111','ee',1,NULL,1,'1111','eeeeeee',NULL,1,NULL,NULL,'aa',1,'aaa','１１１１１','eeeeee1111e',1,'aaa',NULL,NULL,2,'aaa','1111','eeeeeee',1,NULL,1,NULL,NULL,'eeeeeee','1111','eeeeeee',1,NULL,NULL,NULL,NULL,'eeeeeee','1111','eeeeeee',1,NULL,1,NULL,NULL,NULL,NULL,1,NULL,NULL,NULL,NULL),(3,NULL,NULL,151,NULL,2,1,NULL,NULL,NULL,NULL,NULL,NULL,NULL,NULL,NULL,NULL,NULL,NULL,NULL,NULL,NULL,NULL,NULL,NULL,NULL,NULL,NULL,NULL,NULL,NULL,NULL,NULL,NULL,NULL,NULL,NULL,NULL,NULL,NULL,NULL,NULL,NULL,NULL,NULL,NULL,NULL,NULL,NULL,NULL,NULL,NULL,NULL,NULL,NULL,NULL,NULL,NULL,NULL,NULL,NULL,NULL,NULL,NULL,NULL,NULL,NULL,NULL,NULL,NULL,NULL,NULL,NULL,NULL,NULL,NULL,NULL,NULL,NULL,NULL,NULL,NULL,NULL,NULL,NULL,NULL,NULL,NULL,NULL,NULL,NULL,NULL,NULL,NULL,NULL,NULL,NULL,NULL,NULL,NULL,NULL,NULL,NULL,NULL,NULL,NULL,NULL,NULL,NULL,NULL,NULL,NULL,NULL,NULL,NULL,NULL,NULL,NULL,NULL,NULL,NULL,NULL,NULL,NULL,NULL,NULL,NULL,NULL,NULL,NULL,NULL,NULL,NULL,NULL,NULL,NULL,NULL,NULL,NULL,NULL,NULL,NULL,NULL,NULL,NULL,NULL,NULL,NULL,NULL,NULL,NULL,NULL,NULL,NULL,NULL,NULL,NULL,NULL,NULL,NULL,NULL,NULL,NULL,NULL,NULL,NULL,NULL,NULL,NULL,NULL,NULL,NULL,NULL,NULL,NULL,NULL,NULL,NULL,NULL,NULL,NULL,NULL,NULL,NULL,NULL,NULL,NULL,NULL,NULL,NULL,NULL,NULL,NULL,NULL,NULL,NULL,NULL,NULL,NULL,NULL,NULL,NULL,NULL,NULL,NULL,NULL,NULL,NULL,NULL,NULL,NULL,NULL,NULL,NULL,NULL,NULL,NULL,NULL,NULL,NULL,NULL,NULL,NULL,NULL,NULL,NULL,NULL,NULL,NULL,NULL,NULL,NULL,NULL,NULL,NULL,NULL,NULL,NULL,NULL,NULL,NULL,NULL,NULL,NULL,NULL,NULL,NULL,NULL,NULL,NULL,NULL,NULL,NULL,NULL,NULL,NULL,NULL,NULL,NULL,NULL,NULL,NULL,NULL,NULL,NULL,NULL,NULL,NULL,NULL,NULL,NULL,NULL,NULL,NULL,NULL,NULL,NULL,NULL,NULL,NULL,NULL,NULL,NULL,NULL,NULL,NULL,NULL,NULL,NULL,NULL,NULL,NULL,NULL,NULL,NULL,NULL,NULL,NULL,NULL,NULL,NULL,NULL,NULL,NULL,NULL,NULL,NULL,NULL,NULL,NULL,NULL,NULL,NULL,NULL,NULL,NULL,NULL,NULL,NULL,NULL,NULL,NULL,NULL,NULL,NULL),(4,NULL,NULL,151,NULL,2,13,'入江省吾','０','男',NULL,'ベトナム','takemuyra','武村','123-452','千葉県稲毛','040-855-4777','333－0831','千葉aaaaaaaaaa','0146215','おおの','大野','代表取締役','2','1',1,'679548','2021-04-15','2025-04-15','ＴＮＡＫ','田中','123-458','千葉','058553','あおやま','青山','11244','岐阜県','takaka','孝雄','しゃちょう','３','１',1,'2025-04-16','2025-04-02',2,'NGUYEN VAN A','1111','千葉',NULL,1,NULL,1,NULL,'実施予定',NULL,NULL,NULL,1,1,'THUY','３',1,'aaaaa',NULL,NULL,1,'Thuy','11111','ABC',1,NULL,1,'NARITA',1,NULL,NULL,1,NULL,'1111','ACCVC',NULL,'HANOI',1,'未定',1,NULL,NULL,NULL,'1111','ABC',NULL,'インドネシア','045-789-4586',1,'ｓｄｇｈｈ',NULL,NULL,2,'TIEP','1111','CHIBA',1,NULL,NULL,NULL,2,NULL,'1111','ｇｈｊｈｊｋｊｋ',1,NULL,NULL,NULL,1,'TIEP','1111','AAAAA',1,NULL,NULL,NULL,'1111','ｄｆｊｈｊｊｋ',NULL,1,NULL,'3',NULL,NULL,1,'ｓｈｈｈ',NULL,NULL,2,'TIEP','１１１１','AAAAA',NULL,NULL,1,1,NULL,NULL,NULL,2,'TIEP','１１１１','AAAAA',1,NULL,1,'aaaaaaaaaaa',1,NULL,NULL,NULL,2,'TIEP','1111','AAAAA',NULL,NULL,1,'電話',1,NULL,1,'THAI','1111','あああ','あああ',1,NULL,NULL,NULL,'2','１１１１１','wwwwwwwwwwwwwwwwww',NULL,NULL,1,NULL,2,'１１１１１','áああああ','AAAAA','日本語','５','aaaaa','あああああ',1,'AAAAA',NULL,NULL,2,'THAI','11','AAAAA',1,'あああああああああああああ',NULL,NULL,2,'THAI','111111','千葉県',1,'あああああ',NULL,NULL,2,'THAI','111111','千葉県',NULL,1,2,'THAI','111111','千葉県',NULL,NULL,1,1,'AAAAA','111111','千葉県',NULL,1,2,'111111','千葉県','9','18','9','18','9','18','9','18','9','18','9','18','9','18',NULL,'18',1,NULL,'456',NULL,'@',NULL,NULL,1,NULL,'456',NULL,'@',NULL,'aa','INDO',NULL,'THAI',1,'aaaa',NULL,NULL,2,'Tie','1111','hanoi',1,NULL,1,'1111','hanoi',NULL,1,'aa',NULL,NULL,1,'Tiep','111','chi ba',1,'aa',NULL,NULL,NULL,'Tiep','111','chi ba',1,'aa',NULL,NULL,NULL,'Tiep','111','chi ba',1,'aaa',NULL,NULL,NULL,'TIEP','111','chi ba',1,'aaa',NULL,NULL,NULL,NULL,1,1,NULL,1,NULL,2);

--
-- Table structure for table `et_doc_support_plan_reference_2`
--

CREATE TABLE `et_doc_support_plan_reference_2` (
  `id_support_plan_reference` bigint DEFAULT NULL,
  `id` bigint NOT NULL AUTO_INCREMENT,
  `name84g` varchar(50) COLLATE utf8mb4_unicode_ci DEFAULT NULL,
  `code84g` varchar(50) COLLATE utf8mb4_unicode_ci DEFAULT NULL,
  `add84g` varchar(50) COLLATE utf8mb4_unicode_ci DEFAULT NULL,
  `ck84gorther` tinyint(1) DEFAULT NULL,
  `ck841gorther` tinyint(1) DEFAULT NULL,
  `y_n84o` tinyint(1) DEFAULT NULL,
  `name84o` varchar(50) COLLATE utf8mb4_unicode_ci DEFAULT NULL,
  `code84o` varchar(50) COLLATE utf8mb4_unicode_ci DEFAULT NULL,
  `add84o` varchar(50) COLLATE utf8mb4_unicode_ci DEFAULT NULL,
  `ck94ab` tinyint(1) DEFAULT NULL,
  `txt94ab` varchar(50) COLLATE utf8mb4_unicode_ci DEFAULT NULL,
  `ck941ab` tinyint(1) DEFAULT NULL,
  `txt941ab` varchar(50) COLLATE utf8mb4_unicode_ci DEFAULT NULL,
  `y_n94ab` tinyint(1) DEFAULT NULL,
  `name941ab` varchar(50) COLLATE utf8mb4_unicode_ci DEFAULT NULL,
  `address941ab` varchar(50) COLLATE utf8mb4_unicode_ci DEFAULT NULL,
  `face94` tinyint(1) DEFAULT NULL,
  `radio94` tinyint(1) DEFAULT NULL,
  `ck94cdo` tinyint(1) DEFAULT NULL,
  `ck941cdo` tinyint(1) DEFAULT NULL,
  `y_n94cdo` tinyint(1) DEFAULT NULL,
  `code94cdo` varchar(50) COLLATE utf8mb4_unicode_ci DEFAULT NULL,
  `add94cdo` varchar(50) COLLATE utf8mb4_unicode_ci DEFAULT NULL,
  `implementation94` varchar(50) COLLATE utf8mb4_unicode_ci DEFAULT NULL,
  `implementation941` varchar(50) COLLATE utf8mb4_unicode_ci DEFAULT NULL,
  `txt841f` varchar(100) COLLATE utf8mb4_unicode_ci DEFAULT NULL,
  `y_n84f` tinyint(1) DEFAULT NULL,
  `name742` varchar(200) COLLATE utf8mb4_unicode_ci DEFAULT NULL,
  `txt64e51` varchar(200) COLLATE utf8mb4_unicode_ci DEFAULT NULL,
  `ck94cd` tinyint(1) DEFAULT NULL,
  `ck941cd` tinyint(1) DEFAULT NULL,
  `txt941cd` varchar(200) COLLATE utf8mb4_unicode_ci DEFAULT NULL,
  `code941ab` varchar(100) COLLATE utf8mb4_unicode_ci DEFAULT NULL,
  `name84f` varchar(200) COLLATE utf8mb4_unicode_ci DEFAULT NULL,
  `code84f` varchar(200) COLLATE utf8mb4_unicode_ci DEFAULT NULL,
  `add84f` varchar(200) COLLATE utf8mb4_unicode_ci DEFAULT NULL,
  `name_specific` varchar(200) COLLATE utf8mb4_unicode_ci NOT NULL,
  `name_person_responsible` varchar(200) COLLATE utf8mb4_unicode_ci DEFAULT NULL,
  `document` varchar(200) COLLATE utf8mb4_unicode_ci DEFAULT NULL,
  `signature` varchar(200) COLLATE utf8mb4_unicode_ci DEFAULT NULL,
  `datesig` date DEFAULT NULL,
  `name941cdo` varchar(200) COLLATE utf8mb4_unicode_ci DEFAULT NULL,
  PRIMARY KEY (`id`)
) ENGINE=InnoDB AUTO_INCREMENT=5 DEFAULT CHARSET=utf8mb4 COLLATE=utf8mb4_unicode_ci;

--
-- Dumping data for table `et_doc_support_plan_reference_2`
--

INSERT INTO `et_doc_support_plan_reference_2` VALUES (2,2,NULL,'１１１１１',NULL,1,NULL,NULL,NULL,'１１１１１',NULL,1,NULL,NULL,NULL,1,NULL,NULL,1,NULL,1,NULL,1,'１１１１１','aaaaaa',NULL,NULL,NULL,NULL,NULL,NULL,NULL,NULL,NULL,NULL,NULL,NULL,NULL,'',NULL,NULL,NULL,NULL,NULL),(3,3,NULL,NULL,NULL,NULL,NULL,NULL,NULL,NULL,NULL,NULL,NULL,NULL,NULL,NULL,NULL,NULL,NULL,NULL,NULL,NULL,NULL,NULL,NULL,NULL,NULL,NULL,NULL,NULL,NULL,NULL,NULL,NULL,NULL,NULL,NULL,NULL,'',NULL,NULL,NULL,NULL,NULL),(4,4,'TIEP','111','chi ba',1,NULL,2,'TIEP','111','chi ba',1,'22222',NULL,NULL,2,'thuyyy','AAAAA',1,NULL,1,NULL,2,'1111','AAAAAA','INDONESIA','ああああああ',NULL,1,NULL,'THUy CHIBA',NULL,1,'AAAAAAAAAA','1111','TIEP','111','uuuuuuuuuuuuuuuu','BBBBBBBBBBBBBB','CCCCCCCCCCCCCCC','DDDDDDDĐ','田中','2025-04-16','thuyyy');

--
-- Table structure for table `et_doc_teaching_techniques`
--

CREATE TABLE `et_doc_teaching_techniques` (
  `id` int NOT NULL AUTO_INCREMENT,
  `staff_cv_id` int NOT NULL,
  `job_content` varchar(255) CHARACTER SET utf8mb4 COLLATE utf8mb4_unicode_ci DEFAULT NULL,
  `year_experience` int DEFAULT NULL,
  `fulltime` tinyint(1) DEFAULT NULL,
  PRIMARY KEY (`id`)
) ENGINE=InnoDB AUTO_INCREMENT=4 DEFAULT CHARSET=utf8mb4 COLLATE=utf8mb4_unicode_ci;

--
-- Dumping data for table `et_doc_teaching_techniques`
--

INSERT INTO `et_doc_teaching_techniques` VALUES (1,1,'job_content 2',3,0),(2,2,'job_content',3,1),(3,3,'job_content',2,0);

--
-- Table structure for table `et_doc_terms_of_employment`
--

CREATE TABLE `et_doc_terms_of_employment` (
  `id` bigint NOT NULL AUTO_INCREMENT,
  `temple` varchar(250) CHARACTER SET utf8mb4 COLLATE utf8mb4_general_ci DEFAULT NULL,
  `name_specific_skills_orgzation` varchar(250) CHARACTER SET utf8mb4 COLLATE utf8mb4_general_ci DEFAULT NULL,
  `location` varchar(250) CHARACTER SET utf8mb4 COLLATE utf8mb4_general_ci DEFAULT NULL,
  `telephone_number` varchar(100) CHARACTER SET utf8mb4 COLLATE utf8mb4_general_ci DEFAULT NULL,
  `representative` varchar(250) CHARACTER SET utf8mb4 COLLATE utf8mb4_general_ci DEFAULT NULL,
  `date_from_date_1` date DEFAULT NULL,
  `date_to_date_1` date DEFAULT NULL,
  `intended_date_entry` date DEFAULT NULL,
  `update_auto` tinyint(1) DEFAULT NULL,
  `may_update` tinyint(1) DEFAULT NULL,
  `my_contract` tinyint(1) DEFAULT NULL,
  `work_volume` tinyint(1) DEFAULT NULL,
  `worker_performance` tinyint(1) DEFAULT NULL,
  `worker_perform` tinyint(1) DEFAULT NULL,
  `company_management` tinyint(1) DEFAULT NULL,
  `progress_work` tinyint(1) DEFAULT NULL,
  `others` tinyint(1) DEFAULT NULL,
  `text_others` varchar(250) CHARACTER SET utf8mb4 COLLATE utf8mb4_general_ci DEFAULT NULL,
  `temple_date` date DEFAULT NULL,
  `direct_hire` tinyint(1) DEFAULT NULL,
  `following_system_start_of_work1` time DEFAULT NULL,
  `business_name1` varchar(250) CHARACTER SET utf8mb4 COLLATE utf8mb4_general_ci DEFAULT NULL,
  `location1` varchar(255) CHARACTER SET utf8mb4 COLLATE utf8mb4_general_ci DEFAULT NULL,
  `contact_address1` varchar(255) CHARACTER SET utf8mb4 COLLATE utf8mb4_general_ci DEFAULT NULL,
  `dis_emp` tinyint(1) DEFAULT NULL,
  `no_change1` tinyint(1) DEFAULT NULL,
  `business_name2` varchar(255) CHARACTER SET utf8mb4 COLLATE utf8mb4_general_ci DEFAULT NULL,
  `location2` varchar(255) CHARACTER SET utf8mb4 COLLATE utf8mb4_general_ci DEFAULT NULL,
  `contact_address2` varchar(255) CHARACTER SET utf8mb4 COLLATE utf8mb4_general_ci DEFAULT NULL,
  `field1` varchar(255) CHARACTER SET utf8mb4 COLLATE utf8mb4_general_ci DEFAULT NULL,
  `business_differen1` varchar(255) CHARACTER SET utf8mb4 COLLATE utf8mb4_general_ci DEFAULT NULL,
  `no_change2` tinyint(1) DEFAULT NULL,
  `field2` varchar(255) CHARACTER SET utf8mb4 COLLATE utf8mb4_general_ci DEFAULT NULL,
  `business_differen2` varchar(255) CHARACTER SET utf8mb4 COLLATE utf8mb4_general_ci DEFAULT NULL,
  `start_of_work_time` time DEFAULT NULL,
  `end_of_work_time` time DEFAULT NULL,
  `scheduled_working_hours_time` time DEFAULT NULL,
  `variable_working` tinyint(1) DEFAULT NULL,
  `variable_working_text` varchar(255) CHARACTER SET utf8mb4 COLLATE utf8mb4_general_ci DEFAULT NULL,
  `working_hours` tinyint(1) DEFAULT NULL,
  `following_system_end_of_work1` time DEFAULT NULL,
  `effective_date1` varchar(250) CHARACTER SET utf8mb4 COLLATE utf8mb4_general_ci DEFAULT NULL,
  `scheduled_working_hours_day1` time DEFAULT NULL,
  `following_system_start_of_work1_1` time DEFAULT NULL,
  `following_system_end_of_work2` time NOT NULL,
  `effective_date2` varchar(250) CHARACTER SET utf8mb4 COLLATE utf8mb4_general_ci DEFAULT NULL,
  `scheduled_working_hours_day2` time DEFAULT NULL,
  `following_system_start_of_work3` time DEFAULT NULL,
  `following_system_end_of_work3` time DEFAULT NULL,
  `effective_date3` varchar(250) CHARACTER SET utf8mb4 COLLATE utf8mb4_general_ci DEFAULT NULL,
  `scheduled_working_hours_day3` time DEFAULT NULL,
  `break_time_minutes` varchar(50) CHARACTER SET utf8mb4 COLLATE utf8mb4_general_ci DEFAULT NULL,
  `working_hours1` int DEFAULT NULL,
  `scheduled_working_days_week` text CHARACTER SET utf8mb4 COLLATE utf8mb4_general_ci,
  `overtime_work_available_have_none` tinyint DEFAULT NULL,
  `every_weekday` varchar(250) CHARACTER SET utf8mb4 COLLATE utf8mb4_general_ci DEFAULT NULL,
  `others_regular_day` varchar(250) CHARACTER SET utf8mb4 COLLATE utf8mb4_general_ci DEFAULT NULL,
  `total_number_holidays_per_year` varchar(50) CHARACTER SET utf8mb4 COLLATE utf8mb4_general_ci DEFAULT NULL,
  `regular_day_day` varchar(100) CHARACTER SET utf8mb4 COLLATE utf8mb4_general_ci DEFAULT NULL,
  `non_regular_week_month` varchar(50) CHARACTER SET utf8mb4 COLLATE utf8mb4_general_ci DEFAULT NULL,
  `non_regular_others_days` varchar(50) CHARACTER SET utf8mb4 COLLATE utf8mb4_general_ci DEFAULT NULL,
  `annual_paid_leave_day` varchar(200) CHARACTER SET utf8mb4 COLLATE utf8mb4_general_ci DEFAULT NULL,
  `months_have_passed` varchar(255) CHARACTER SET utf8mb4 COLLATE utf8mb4_general_ci DEFAULT NULL,
  `annual_paid_leave_have_none` tinyint DEFAULT NULL,
  `paid_leave` varchar(250) CHARACTER SET utf8mb4 COLLATE utf8mb4_general_ci DEFAULT NULL,
  `unpaid` varchar(250) CHARACTER SET utf8mb4 COLLATE utf8mb4_general_ci DEFAULT NULL,
  `monthly_salary1` tinyint(1) DEFAULT NULL,
  `circle1` varchar(250) CHARACTER SET utf8mb4 COLLATE utf8mb4_general_ci DEFAULT NULL,
  `monthly_salary2` tinyint(1) DEFAULT NULL,
  `circle2` varchar(100) CHARACTER SET utf8mb4 COLLATE utf8mb4_general_ci DEFAULT NULL,
  `time_to_give` tinyint(1) DEFAULT NULL,
  `circle3` varchar(100) CHARACTER SET utf8mb4 COLLATE utf8mb4_general_ci DEFAULT NULL,
  `allowance1` varchar(100) CHARACTER SET utf8mb4 COLLATE utf8mb4_general_ci DEFAULT NULL,
  `allowance2` varchar(100) CHARACTER SET utf8mb4 COLLATE utf8mb4_general_ci DEFAULT NULL,
  `allowance3` varchar(100) CHARACTER SET utf8mb4 COLLATE utf8mb4_general_ci DEFAULT NULL,
  `legal_excess_hours` varchar(50) CHARACTER SET utf8mb4 COLLATE utf8mb4_general_ci DEFAULT NULL,
  `legal_excess_month` varchar(50) CHARACTER SET utf8mb4 COLLATE utf8mb4_general_ci DEFAULT NULL,
  `over_the_specified_limit` varchar(50) CHARACTER SET utf8mb4 COLLATE utf8mb4_general_ci DEFAULT NULL,
  `legal_holidays` varchar(250) CHARACTER SET utf8mb4 COLLATE utf8mb4_general_ci DEFAULT NULL,
  `holidays` varchar(100) CHARACTER SET utf8mb4 COLLATE utf8mb4_general_ci DEFAULT NULL,
  `late_night` varchar(100) CHARACTER SET utf8mb4 COLLATE utf8mb4_general_ci DEFAULT NULL,
  `monthly1` tinyint(1) DEFAULT NULL,
  `monthly_day1` varchar(100) CHARACTER SET utf8mb4 COLLATE utf8mb4_general_ci DEFAULT NULL,
  `monthly2` tinyint(1) DEFAULT NULL,
  `monthly_day2` varchar(100) CHARACTER SET utf8mb4 COLLATE utf8mb4_general_ci DEFAULT NULL,
  `monthly3` tinyint(1) DEFAULT NULL,
  `monthly_day3` varchar(100) CHARACTER SET utf8mb4 COLLATE utf8mb4_general_ci DEFAULT NULL,
  `monthly4` tinyint(1) DEFAULT NULL,
  `monthly_day4` varchar(100) CHARACTER SET utf8mb4 COLLATE utf8mb4_general_ci DEFAULT NULL,
  `direct_deposit` tinyint(1) DEFAULT NULL,
  `currency_payment` tinyint(1) DEFAULT NULL,
  `deductions_none_have` tinyint DEFAULT NULL,
  `salary_increase_have1` tinyint(1) DEFAULT NULL,
  `amount_etc1` varchar(100) CHARACTER SET utf8mb4 COLLATE utf8mb4_general_ci DEFAULT NULL,
  `salary_increase_none1` varchar(100) CHARACTER SET utf8mb4 COLLATE utf8mb4_general_ci DEFAULT NULL,
  `salary_increase_have2` tinyint(1) DEFAULT NULL,
  `amount_etc2` varchar(100) CHARACTER SET utf8mb4 COLLATE utf8mb4_general_ci DEFAULT NULL,
  `salary_increase_none2` varchar(100) CHARACTER SET utf8mb4 COLLATE utf8mb4_general_ci DEFAULT NULL,
  `severance_pay_have1` tinyint(1) DEFAULT NULL,
  `amount_etc3` varchar(100) CHARACTER SET utf8mb4 COLLATE utf8mb4_general_ci DEFAULT NULL,
  `salary_increase_none3` varchar(100) CHARACTER SET utf8mb4 COLLATE utf8mb4_general_ci DEFAULT NULL,
  `leave_allowance` tinyint(1) DEFAULT NULL,
  `rate` text CHARACTER SET utf8mb4 COLLATE utf8mb4_general_ci,
  `employee_pension_insurance` tinyint(1) DEFAULT NULL,
  `health_insurance` tinyint(1) DEFAULT NULL,
  `employment_insurance` tinyint(1) DEFAULT NULL,
  `compensation_insurance` tinyint(1) DEFAULT NULL,
  `national_pension` tinyint(1) DEFAULT NULL,
  `national_health_insurance` tinyint(1) DEFAULT NULL,
  `others9` tinyint(1) DEFAULT NULL,
  `text_others9` varchar(255) CHARACTER SET utf8mb4 COLLATE utf8mb4_general_ci DEFAULT NULL,
  `upon_employment_year` int DEFAULT NULL,
  `upon_employment_month` int DEFAULT NULL,
  `health_check_year` int DEFAULT NULL,
  `health_check_month` int DEFAULT NULL,
  `after_that` varchar(100) CHARACTER SET utf8mb4 COLLATE utf8mb4_general_ci DEFAULT NULL,
  `department_name` varchar(100) CHARACTER SET utf8mb4 COLLATE utf8mb4_general_ci DEFAULT NULL,
  `name_position` varchar(100) CHARACTER SET utf8mb4 COLLATE utf8mb4_general_ci DEFAULT NULL,
  `contact_address` varchar(200) CHARACTER SET utf8mb4 COLLATE utf8mb4_general_ci DEFAULT NULL,
  `recipient` varchar(255) CHARACTER SET utf8mb4 COLLATE utf8mb4_general_ci DEFAULT NULL,
  `monthly_salary` tinyint(1) DEFAULT NULL,
  `circle_basic_wage1` int DEFAULT NULL,
  `daily_allowance` tinyint(1) DEFAULT NULL,
  `circle_basic_wage2` int DEFAULT NULL,
  `time_give` tinyint(1) DEFAULT NULL,
  `circle_basic_wage3` int DEFAULT NULL,
  `hourly_rate_wage` int DEFAULT NULL,
  `monthly_amount_wage` int DEFAULT NULL,
  `allowance1_2` varchar(100) CHARACTER SET utf8mb4 COLLATE utf8mb4_general_ci DEFAULT NULL,
  `all_circle_1` varchar(100) CHARACTER SET utf8mb4 COLLATE utf8mb4_general_ci DEFAULT NULL,
  `calculation_method1` varchar(100) CHARACTER SET utf8mb4 COLLATE utf8mb4_general_ci DEFAULT NULL,
  `allowance2_2` varchar(100) CHARACTER SET utf8mb4 COLLATE utf8mb4_general_ci DEFAULT NULL,
  `all_circle_2` varchar(100) CHARACTER SET utf8mb4 COLLATE utf8mb4_general_ci DEFAULT NULL,
  `calculation_method2` varchar(100) CHARACTER SET utf8mb4 COLLATE utf8mb4_general_ci DEFAULT NULL,
  `allowance3_2` varchar(100) CHARACTER SET utf8mb4 COLLATE utf8mb4_general_ci DEFAULT NULL,
  `all_circle_3` varchar(100) CHARACTER SET utf8mb4 COLLATE utf8mb4_general_ci DEFAULT NULL,
  `calculation_method3` varchar(100) CHARACTER SET utf8mb4 COLLATE utf8mb4_general_ci DEFAULT NULL,
  `allowance4` varchar(100) CHARACTER SET utf8mb4 COLLATE utf8mb4_general_ci DEFAULT NULL,
  `all_circle_4` varchar(100) CHARACTER SET utf8mb4 COLLATE utf8mb4_general_ci DEFAULT NULL,
  `calculation_method4` varchar(100) CHARACTER SET utf8mb4 COLLATE utf8mb4_general_ci DEFAULT NULL,
  `allowance5` varchar(100) CHARACTER SET utf8mb4 COLLATE utf8mb4_general_ci DEFAULT NULL,
  `all_circle_5` varchar(100) CHARACTER SET utf8mb4 COLLATE utf8mb4_general_ci DEFAULT NULL,
  `overtime_allowance` varchar(100) CHARACTER SET utf8mb4 COLLATE utf8mb4_general_ci DEFAULT NULL,
  `for_overtime` varchar(100) CHARACTER SET utf8mb4 COLLATE utf8mb4_general_ci DEFAULT NULL,
  `about` varchar(200) CHARACTER SET utf8mb4 COLLATE utf8mb4_general_ci DEFAULT NULL,
  `tax` varchar(100) CHARACTER SET utf8mb4 COLLATE utf8mb4_general_ci DEFAULT NULL,
  `gold` varchar(150) CHARACTER SET utf8mb4 COLLATE utf8mb4_general_ci DEFAULT NULL,
  `about_circle_a` varchar(150) CHARACTER SET utf8mb4 COLLATE utf8mb4_general_ci DEFAULT NULL,
  `social_insurance_premiums` varchar(150) CHARACTER SET utf8mb4 COLLATE utf8mb4_general_ci DEFAULT NULL,
  `about_circle_b` varchar(150) CHARACTER SET utf8mb4 COLLATE utf8mb4_general_ci DEFAULT NULL,
  `employment_insurance_premiums` varchar(150) CHARACTER SET utf8mb4 COLLATE utf8mb4_general_ci DEFAULT NULL,
  `about_circle_c` varchar(150) CHARACTER SET utf8mb4 COLLATE utf8mb4_general_ci DEFAULT NULL,
  `food_expenses` varchar(150) CHARACTER SET utf8mb4 COLLATE utf8mb4_general_ci DEFAULT NULL,
  `about_circle_d` varchar(150) CHARACTER SET utf8mb4 COLLATE utf8mb4_general_ci DEFAULT NULL,
  `residence_fee` varchar(150) CHARACTER SET utf8mb4 COLLATE utf8mb4_general_ci DEFAULT NULL,
  `about_circle_e` varchar(150) CHARACTER SET utf8mb4 COLLATE utf8mb4_general_ci DEFAULT NULL,
  `about_circle_f_1` varchar(150) CHARACTER SET utf8mb4 COLLATE utf8mb4_general_ci DEFAULT NULL,
  `others_f_1` varchar(150) CHARACTER SET utf8mb4 COLLATE utf8mb4_general_ci DEFAULT NULL,
  `about_circle_f_2` text CHARACTER SET utf8mb4 COLLATE utf8mb4_general_ci,
  `others_f_2` text CHARACTER SET utf8mb4 COLLATE utf8mb4_general_ci,
  `about_circle_f_3` text CHARACTER SET utf8mb4 COLLATE utf8mb4_general_ci,
  `others_f_3` text CHARACTER SET utf8mb4 COLLATE utf8mb4_general_ci,
  `about_circle_f_4` text CHARACTER SET utf8mb4 COLLATE utf8mb4_general_ci,
  `others_f_4` varchar(100) CHARACTER SET utf8mb4 COLLATE utf8mb4_general_ci DEFAULT NULL,
  `about_circle_f_5` varchar(100) CHARACTER SET utf8mb4 COLLATE utf8mb4_general_ci DEFAULT NULL,
  `others_f_5` varchar(100) CHARACTER SET utf8mb4 COLLATE utf8mb4_general_ci DEFAULT NULL,
  `about_circle_f_6` varchar(100) CHARACTER SET utf8mb4 COLLATE utf8mb4_general_ci DEFAULT NULL,
  `amount_deducted` varchar(100) CHARACTER SET utf8mb4 COLLATE utf8mb4_general_ci DEFAULT NULL,
  `about_circle_total` varchar(100) CHARACTER SET utf8mb4 COLLATE utf8mb4_general_ci DEFAULT NULL,
  `date_title_1` date DEFAULT NULL,
  `temple_2` varchar(100) CHARACTER SET utf8mb4 COLLATE utf8mb4_general_ci DEFAULT NULL,
  `namespecific_skill_organization_5` varchar(100) CHARACTER SET utf8mb4 COLLATE utf8mb4_general_ci DEFAULT NULL,
  `location_5` varchar(100) CHARACTER SET utf8mb4 COLLATE utf8mb4_general_ci DEFAULT NULL,
  `telephone_number_5` varchar(50) CHARACTER SET utf8mb4 COLLATE utf8mb4_general_ci DEFAULT NULL,
  `title_and_name` varchar(100) CHARACTER SET utf8mb4 COLLATE utf8mb4_general_ci DEFAULT NULL,
  `direct_hire_5` tinyint(1) DEFAULT NULL,
  `business_name_5` varchar(100) CHARACTER SET utf8mb4 COLLATE utf8mb4_general_ci DEFAULT NULL,
  `location_5_1` varchar(100) CHARACTER SET utf8mb4 COLLATE utf8mb4_general_ci DEFAULT NULL,
  `contact_address_5` text CHARACTER SET utf8mb4 COLLATE utf8mb4_general_ci,
  `dispatch_5` tinyint(1) DEFAULT NULL,
  `no_change_5` tinyint(1) DEFAULT NULL,
  `business_name_5_1` text CHARACTER SET utf8mb4 COLLATE utf8mb4_general_ci,
  `location_5_1_2` text CHARACTER SET utf8mb4 COLLATE utf8mb4_general_ci,
  `contact_address_5_1` text CHARACTER SET utf8mb4 COLLATE utf8mb4_general_ci,
  `field_5_1` text CHARACTER SET utf8mb4 COLLATE utf8mb4_general_ci,
  `business_differen_5_1` text CHARACTER SET utf8mb4 COLLATE utf8mb4_general_ci,
  `no_change_possible_5` text CHARACTER SET utf8mb4 COLLATE utf8mb4_general_ci,
  `field_5_2` text CHARACTER SET utf8mb4 COLLATE utf8mb4_general_ci,
  `business_differen_5_2` text CHARACTER SET utf8mb4 COLLATE utf8mb4_general_ci,
  `start_of_work_start1` time DEFAULT NULL,
  `start_of_work_end1` time DEFAULT NULL,
  `scheduled_working_hours_per_day_time` time DEFAULT NULL,
  `variable_working_hours_system` tinyint(1) DEFAULT NULL,
  `variable_working_hours_system_units` text CHARACTER SET utf8mb4 COLLATE utf8mb4_general_ci,
  `as_shift_system` tinyint(1) DEFAULT NULL,
  `start_of_work_as_shift_system1` time DEFAULT NULL,
  `start_of_work_as_shift_system2` time DEFAULT NULL,
  `effective_date_as_shift_system1` time DEFAULT NULL,
  `contact_address_5_1_2` text CHARACTER SET utf8mb4 COLLATE utf8mb4_general_ci,
  `start_of_work_as_shift_system4_1` time DEFAULT NULL,
  `start_of_work_as_shift_system5` time DEFAULT NULL,
  `effective_date_as_shift_system3` time(1) DEFAULT NULL,
  `scheduled_working_as_shift_system3` time DEFAULT NULL,
  `break_time_minutes_1` int DEFAULT NULL,
  `start_of_work_start1_2` time DEFAULT NULL,
  `start_of_work_end1_2` time DEFAULT NULL,
  `scheduled_working_hours_per_day_time_1` time DEFAULT NULL,
  `variable_working_hours_system_1` tinyint(1) DEFAULT NULL,
  `variable_working_hours_system_units_1` text CHARACTER SET utf8mb4 COLLATE utf8mb4_general_ci,
  `as_shift_system_1` tinyint(1) DEFAULT NULL,
  `start_of_work_as_shift_system1_2` text CHARACTER SET utf8mb4 COLLATE utf8mb4_general_ci,
  `start_of_work_as_shift_system2_2` text CHARACTER SET utf8mb4 COLLATE utf8mb4_general_ci,
  `effective_date_as_shift_system1_2` text CHARACTER SET utf8mb4 COLLATE utf8mb4_general_ci,
  `scheduled_working_as_shift_system1` text CHARACTER SET utf8mb4 COLLATE utf8mb4_general_ci,
  `start_of_work_as_shift_system3` text CHARACTER SET utf8mb4 COLLATE utf8mb4_general_ci,
  `start_of_work_as_shift_system4` text CHARACTER SET utf8mb4 COLLATE utf8mb4_general_ci,
  `effective_date_as_shift_system2` text CHARACTER SET utf8mb4 COLLATE utf8mb4_general_ci,
  `scheduled_working_as_shift_system2` text CHARACTER SET utf8mb4 COLLATE utf8mb4_general_ci,
  `scheduled_working_minutes_week` text CHARACTER SET utf8mb4 COLLATE utf8mb4_general_ci,
  `scheduled_working_hours_time_1` text CHARACTER SET utf8mb4 COLLATE utf8mb4_general_ci,
  `scheduled_working_days_1` text CHARACTER SET utf8mb4 COLLATE utf8mb4_general_ci,
  `scheduled_working_days_2` text CHARACTER SET utf8mb4 COLLATE utf8mb4_general_ci,
  `scheduled_working_days_3` text CHARACTER SET utf8mb4 COLLATE utf8mb4_general_ci,
  `work_available_have_none` tinyint DEFAULT NULL,
  `holiday_every_week` text CHARACTER SET utf8mb4 COLLATE utf8mb4_general_ci,
  `holiday_others` text CHARACTER SET utf8mb4 COLLATE utf8mb4_general_ci,
  `total_number_holidays_per_year_1` text CHARACTER SET utf8mb4 COLLATE utf8mb4_general_ci,
  `per_month` varchar(20) CHARACTER SET utf8mb4 COLLATE utf8mb4_general_ci DEFAULT NULL,
  `per_month_others` text CHARACTER SET utf8mb4 COLLATE utf8mb4_general_ci,
  `annual_paid_leave_six_months` text CHARACTER SET utf8mb4 COLLATE utf8mb4_general_ci,
  `six_months_have_none` tinyint DEFAULT NULL,
  `months_have_passed_1` text CHARACTER SET utf8mb4 COLLATE utf8mb4_general_ci,
  `other_holidays_paid_leave` text CHARACTER SET utf8mb4 COLLATE utf8mb4_general_ci,
  `other_holidays_unpaid` text CHARACTER SET utf8mb4 COLLATE utf8mb4_general_ci,
  `basic_wage_monthly_salary` text CHARACTER SET utf8mb4 COLLATE utf8mb4_general_ci,
  `basic_wage_salary` text CHARACTER SET utf8mb4 COLLATE utf8mb4_general_ci,
  `basic_wage_daily_allowance` text CHARACTER SET utf8mb4 COLLATE utf8mb4_general_ci,
  `basic_wage_daily_allowance_salary` text CHARACTER SET utf8mb4 COLLATE utf8mb4_general_ci,
  `basic_wage_time_to_give` text CHARACTER SET utf8mb4 COLLATE utf8mb4_general_ci,
  `various_allowances_1` text CHARACTER SET utf8mb4 COLLATE utf8mb4_general_ci,
  `various_allowances_2` text CHARACTER SET utf8mb4 COLLATE utf8mb4_general_ci,
  `various_allowances_3` text CHARACTER SET utf8mb4 COLLATE utf8mb4_general_ci,
  `legal_excess_60_hours_less` varchar(10) CHARACTER SET utf8mb4 COLLATE utf8mb4_general_ci DEFAULT NULL,
  `legally_exceeded_60_hours_per_month` int DEFAULT NULL,
  `over_the_specified_limit_1` text CHARACTER SET utf8mb4 COLLATE utf8mb4_general_ci,
  `legal_holidays_1` int DEFAULT NULL,
  `non_statutory_holidays` int DEFAULT NULL,
  `late_night_1` int DEFAULT NULL,
  `monthly_wage_deadline_1` tinyint(1) DEFAULT NULL,
  `monthly_wage_day_1` text CHARACTER SET utf8mb4 COLLATE utf8mb4_general_ci,
  `monthly_wage_deadline_2` tinyint(1) DEFAULT NULL,
  `monthly_wage_day_2` text CHARACTER SET utf8mb4 COLLATE utf8mb4_general_ci,
  `monthly_wage_deadline_3` tinyint(1) DEFAULT NULL,
  `monthly_wage_day_3` text CHARACTER SET utf8mb4 COLLATE utf8mb4_general_ci,
  `monthly_wage_deadline_4` tinyint(1) DEFAULT NULL,
  `monthly_wage_day_4` text CHARACTER SET utf8mb4 COLLATE utf8mb4_general_ci,
  `payment_method_direct_deposit` tinyint(1) DEFAULT NULL,
  `payment_method_currency_payment` tinyint(1) DEFAULT NULL,
  `deductions_the_time_have_none` tinyint DEFAULT NULL,
  `salary_increase_have_none` tinyint DEFAULT NULL,
  `amount_etc_1` text CHARACTER SET utf8mb4 COLLATE utf8mb4_general_ci,
  `amount_etc_2` text CHARACTER SET utf8mb4 COLLATE utf8mb4_general_ci,
  `bonus_have_none` tinyint DEFAULT NULL,
  `severance_pay_have_none` tinyint DEFAULT NULL,
  `amount_etc_3` text CHARACTER SET utf8mb4 COLLATE utf8mb4_general_ci,
  `leave_allowance_have` tinyint(1) DEFAULT NULL,
  `leave_allowance_have_text` text CHARACTER SET utf8mb4 COLLATE utf8mb4_general_ci,
  `retir` text CHARACTER SET utf8mb4 COLLATE utf8mb4_general_ci,
  `employee_pension_insurance_1` tinyint(1) DEFAULT NULL,
  `health_insurance_1` tinyint(1) DEFAULT NULL,
  `employment_insurance_1` tinyint(1) DEFAULT NULL,
  `workers_accident_compensation_insurance` tinyint(1) DEFAULT NULL,
  `national_pension_1` tinyint(1) DEFAULT NULL,
  `national_health_insurance_1` tinyint(1) DEFAULT NULL,
  `others_10` tinyint(1) DEFAULT NULL,
  `others_text` text CHARACTER SET utf8mb4 COLLATE utf8mb4_general_ci,
  `at_the_time_of_employment` varchar(10) CHARACTER SET utf8mb4 COLLATE utf8mb4_general_ci DEFAULT NULL,
  `health_check_time` varchar(10) CHARACTER SET utf8mb4 COLLATE utf8mb4_general_ci DEFAULT NULL,
  `conducted_every_after` text CHARACTER SET utf8mb4 COLLATE utf8mb4_general_ci,
  `department_name_9_4` text CHARACTER SET utf8mb4 COLLATE utf8mb4_general_ci,
  `name_position_9_4` text CHARACTER SET utf8mb4 COLLATE utf8mb4_general_ci,
  `contact_address_9_4` text CHARACTER SET utf8mb4 COLLATE utf8mb4_general_ci,
  `work_regulations_9` text CHARACTER SET utf8mb4 COLLATE utf8mb4_general_ci,
  `customer_id` bigint DEFAULT NULL,
  `created_by_id` bigint DEFAULT NULL,
  `created_at` timestamp NOT NULL DEFAULT CURRENT_TIMESTAMP,
  `updated_by_id` bigint DEFAULT NULL,
  `updated_at` timestamp NOT NULL DEFAULT CURRENT_TIMESTAMP,
  `company_id` bigint DEFAULT NULL,
  `basic_wage_time_to_give_salary` text CHARACTER SET utf8mb4 COLLATE utf8mb4_general_ci,
  `updated_count` bigint DEFAULT NULL,
  `date_title_2` date DEFAULT NULL,
  `working_hours3` int DEFAULT NULL,
  `working_minutes3` int DEFAULT NULL,
  `working_hours2` int DEFAULT NULL,
  `working_minutes2` int DEFAULT NULL,
  `working_minutes1` int DEFAULT NULL,
  `working_week` int DEFAULT NULL,
  `working_month` int DEFAULT NULL,
  `working_year` int DEFAULT NULL,
  `per_week_month` varchar(10) CHARACTER SET utf8mb4 COLLATE utf8mb4_general_ci DEFAULT NULL,
  `months_have_passed61` text CHARACTER SET utf8mb4 COLLATE utf8mb4_general_ci,
  `procedures_resignation` varchar(100) CHARACTER SET utf8mb4 COLLATE utf8mb4_general_ci DEFAULT NULL,
  `scheduled_working_hours_year` int DEFAULT NULL,
  `scheduled_working_minutes_year` int DEFAULT NULL,
  `scheduled_working_minutes_month` int DEFAULT NULL,
  `scheduled_working_hours_month` int DEFAULT NULL,
  `scheduled_working_hours_week` int DEFAULT NULL,
  `start_of_work_minutes_1` int DEFAULT NULL,
  `start_of_work_minutes_2` int DEFAULT NULL,
  `scheduled_working_minutes_1` int DEFAULT NULL,
  `start_of_work_minutes_3` int DEFAULT NULL,
  `start_of_work_minutes_4` int DEFAULT NULL,
  `scheduled_working_minutes_2` int DEFAULT NULL,
  `start_of_work_minutes_5` int DEFAULT NULL,
  `start_of_work_minutes_6` int DEFAULT NULL,
  `scheduled_working_minutes_3` int DEFAULT NULL,
  `non_regular_others_days1` varchar(10) CHARACTER SET utf8mb4 COLLATE utf8mb4_general_ci DEFAULT NULL,
  `every_weekday1` int DEFAULT NULL,
  `per_week_month1` int DEFAULT NULL,
  `others_days1` varchar(20) CHARACTER SET utf8mb4 COLLATE utf8mb4_general_ci DEFAULT NULL,
  `months_have_passed611` varchar(10) CHARACTER SET utf8mb4 COLLATE utf8mb4_general_ci DEFAULT NULL,
  `months_have_passed1` varchar(10) CHARACTER SET utf8mb4 COLLATE utf8mb4_general_ci DEFAULT NULL,
  `paid_leave1` varchar(10) CHARACTER SET utf8mb4 COLLATE utf8mb4_general_ci DEFAULT NULL,
  PRIMARY KEY (`id`)
) ENGINE=InnoDB AUTO_INCREMENT=8 DEFAULT CHARSET=utf8mb4 COLLATE=utf8mb4_general_ci;

--
