-- Table structure for table `et_doc_specific_skills_employ_contract`
--

CREATE TABLE `et_doc_specific_skills_employ_contract` (
  `id` bigint NOT NULL AUTO_INCREMENT,
  `specific_skills_affiliation_agency` varchar(255) CHARACTER SET utf8mb4 COLLATE utf8mb4_general_ci DEFAULT NULL,
  `specified_skilled_foreigners` varchar(255) CHARACTER SET utf8mb4 COLLATE utf8mb4_general_ci DEFAULT NULL,
  `date` date DEFAULT NULL,
  `first` varchar(255) CHARACTER SET utf8mb4 COLLATE utf8mb4_general_ci DEFAULT NULL,
  `second` varchar(255) CHARACTER SET utf8mb4 COLLATE utf8mb4_general_ci DEFAULT NULL,
  `created_at` datetime NOT NULL DEFAULT CURRENT_TIMESTAMP,
  `created_by_id` bigint DEFAULT NULL,
  `updated_by_id` bigint DEFAULT NULL,
  `updated_at` datetime NOT NULL DEFAULT CURRENT_TIMESTAMP,
  `company_id` bigint DEFAULT NULL,
  `updated_count` bigint DEFAULT NULL,
  PRIMARY KEY (`id`)
) ENGINE=InnoDB AUTO_INCREMENT=6 DEFAULT CHARSET=utf8mb4 COLLATE=utf8mb4_general_ci;

--
-- Dumping data for table `et_doc_specific_skills_employ_contract`
--

INSERT INTO `et_doc_specific_skills_employ_contract` VALUES (1,'dsfsf','sdfsdf','2024-11-11','123','123','2024-10-29 11:53:57',NULL,NULL,'2024-10-29 11:53:57',1,0),(2,'オオノ会社','タナカ','2024-12-14','ｇふぁｌｈふぁｌｈｆ','ｇｌだｇぁｈｆ','2024-12-14 11:17:42',NULL,NULL,'2024-12-14 11:17:42',1,0),(3,'オオノ会社','タナカ','2025-02-12','ｇふぁｌｈふぁｌｈｆ','ｇｌだｇぁｈｆ','2024-12-31 16:49:37',NULL,151,'2025-02-22 13:37:14',1,1),(4,'オオノ会社','タナカ','2025-03-17','株式会社 入管','法務協同組合','2025-03-17 13:03:11',NULL,151,'2025-03-17 13:06:01',2,1),(5,'田中会社','TRAN　VAN　LAM','2025-04-18','株式会社 入管','法務協同組合','2025-04-19 17:22:00',NULL,NULL,'2025-04-19 17:22:00',2,0);

--
-- Table structure for table `et_doc_specific_skills_employ_contract_vn`
--

CREATE TABLE `et_doc_specific_skills_employ_contract_vn` (
  `id` bigint NOT NULL AUTO_INCREMENT,
  `specific_skills_affiliation_agency` varchar(255) CHARACTER SET utf8mb4 COLLATE utf8mb4_general_ci DEFAULT NULL,
  `specified_skilled_foreigners` varchar(255) CHARACTER SET utf8mb4 COLLATE utf8mb4_general_ci DEFAULT NULL,
  `date` date DEFAULT NULL,
  `first` varchar(255) CHARACTER SET utf8mb4 COLLATE utf8mb4_general_ci DEFAULT NULL,
  `second` varchar(255) CHARACTER SET utf8mb4 COLLATE utf8mb4_general_ci DEFAULT NULL,
  `specific_skills_affiliation_agency_vn` varchar(255) CHARACTER SET utf8mb4 COLLATE utf8mb4_general_ci DEFAULT NULL,
  `specified_skilled_foreigners_vn` varchar(255) CHARACTER SET utf8mb4 COLLATE utf8mb4_general_ci DEFAULT NULL,
  `date_vn` date DEFAULT NULL,
  `first_vn` varchar(255) CHARACTER SET utf8mb4 COLLATE utf8mb4_general_ci DEFAULT NULL,
  `second_vn` varchar(255) CHARACTER SET utf8mb4 COLLATE utf8mb4_general_ci DEFAULT NULL,
  `created_at` datetime NOT NULL DEFAULT CURRENT_TIMESTAMP,
  `created_by_id` bigint DEFAULT NULL,
  `updated_by_id` bigint DEFAULT NULL,
  `updated_at` datetime NOT NULL DEFAULT CURRENT_TIMESTAMP,
  `company_id` bigint DEFAULT NULL,
  `updated_count` bigint DEFAULT NULL,
  PRIMARY KEY (`id`)
) ENGINE=InnoDB AUTO_INCREMENT=6 DEFAULT CHARSET=utf8mb4 COLLATE=utf8mb4_general_ci;

--
-- Dumping data for table `et_doc_specific_skills_employ_contract_vn`
--

INSERT INTO `et_doc_specific_skills_employ_contract_vn` VALUES (5,'オオノ会社','TRAN　VAN　LAM','2025-05-06','オオノ会社','TRAN　VAN　LAM','CONG TY ONO','TRAN　VAN　LAM','2025-05-05','CONG TY ONO','TRAN　VAN　LAM','2025-05-05 12:52:37',NULL,NULL,'2025-05-05 12:52:37',1,0);

--
-- Table structure for table `et_doc_staff_cv`
--

CREATE TABLE `et_doc_staff_cv` (
  `id` bigint unsigned NOT NULL AUTO_INCREMENT,
  `staff_incharge_id` int DEFAULT NULL,
  `staff_instructor_gino_id` int DEFAULT NULL,
  `staff_instuctor_life_id` int DEFAULT NULL,
  `staff_furigana` varchar(255) CHARACTER SET utf8mb4 COLLATE utf8mb4_unicode_ci DEFAULT NULL,
  `staff_name` varchar(255) CHARACTER SET utf8mb4 COLLATE utf8mb4_unicode_ci DEFAULT NULL,
  `staff_birthdate` date DEFAULT NULL,
  `staff_national` varchar(255) CHARACTER SET utf8mb4 COLLATE utf8mb4_unicode_ci DEFAULT NULL,
  `staff_degree` varchar(255) CHARACTER SET utf8mb4 COLLATE utf8mb4_unicode_ci DEFAULT NULL,
  `staff_technical_training` varchar(255) CHARACTER SET utf8mb4 COLLATE utf8mb4_unicode_ci DEFAULT NULL,
  `instructor_furigana` varchar(255) CHARACTER SET utf8mb4 COLLATE utf8mb4_unicode_ci DEFAULT NULL,
  `instructor_name` varchar(255) CHARACTER SET utf8mb4 COLLATE utf8mb4_unicode_ci DEFAULT NULL,
  `instructor_birthdate` date DEFAULT NULL,
  `instructor_national` varchar(255) CHARACTER SET utf8mb4 COLLATE utf8mb4_unicode_ci DEFAULT NULL,
  `instructor_degree` varchar(255) CHARACTER SET utf8mb4 COLLATE utf8mb4_unicode_ci DEFAULT NULL,
  `instructor_technical_training` varchar(255) CHARACTER SET utf8mb4 COLLATE utf8mb4_unicode_ci DEFAULT NULL,
  `life_instructor_furigana` varchar(255) CHARACTER SET utf8mb4 COLLATE utf8mb4_unicode_ci DEFAULT NULL,
  `life_instructor_name` varchar(255) CHARACTER SET utf8mb4 COLLATE utf8mb4_unicode_ci DEFAULT NULL,
  `life_instructor_birthdate` date DEFAULT NULL,
  `life_instructor_national` varchar(255) CHARACTER SET utf8mb4 COLLATE utf8mb4_unicode_ci DEFAULT NULL,
  `life_instructor_degree` varchar(255) CHARACTER SET utf8mb4 COLLATE utf8mb4_unicode_ci DEFAULT NULL,
  `life_instructor_technical_training` varchar(255) CHARACTER SET utf8mb4 COLLATE utf8mb4_unicode_ci DEFAULT NULL,
  `applicant_name` varchar(255) CHARACTER SET utf8mb4 COLLATE utf8mb4_unicode_ci DEFAULT NULL,
  `address` varchar(255) CHARACTER SET utf8mb4 COLLATE utf8mb4_unicode_ci DEFAULT NULL,
  `content_technical` varchar(255) CHARACTER SET utf8mb4 COLLATE utf8mb4_unicode_ci DEFAULT NULL,
  `date` date DEFAULT NULL,
  `sign_staff_name` varchar(255) CHARACTER SET utf8mb4 COLLATE utf8mb4_unicode_ci DEFAULT NULL,
  `sign_instructor_name` varchar(255) CHARACTER SET utf8mb4 COLLATE utf8mb4_unicode_ci DEFAULT NULL,
  `sign_life_instructor_name` varchar(255) CHARACTER SET utf8mb4 COLLATE utf8mb4_unicode_ci DEFAULT NULL,
  `created_at` timestamp NULL DEFAULT NULL,
  `created_by_id` bigint DEFAULT NULL,
  `updated_by_id` bigint DEFAULT NULL,
  `updated_at` timestamp NULL DEFAULT NULL,
  `company_id` bigint NOT NULL,
  `updated_count` int NOT NULL DEFAULT '0',
  PRIMARY KEY (`id`)
) ENGINE=InnoDB AUTO_INCREMENT=4 DEFAULT CHARSET=utf8mb4 COLLATE=utf8mb4_unicode_ci;

--
-- Dumping data for table `et_doc_staff_cv`
--

INSERT INTO `et_doc_staff_cv` VALUES (1,NULL,NULL,NULL,'staff_furigana','staff_name','2024-07-01','staff_national','staff_degree','staff_technical_training','instructor_furigana 2','instructor_name 2','2024-07-04','instructor_national 2','instructor_degree 2','instructor_technical_training 2','life_instructor_furigana 3','life_instructor_name 3','2024-07-05','life_instructor_national 3','life_instructor_degree 3','life_instructor_technical_training 3','applicant_name 3','address 3','content_technical 3','2024-07-06','sign_staff_name 3','sign_instructor_name 3','sign_life_instructor_name 3',NULL,NULL,1,NULL,1,3),(2,NULL,NULL,NULL,'staff_furigana','staff_name','2024-08-02','staff_national','staff_degree','staff_technical_training','instructor_furigana','instructor_name','2024-08-02','instructor_national','instructor_degree','instructor_technical_training','life_instructor_furigana','life_instructor_name','2024-08-08','life_instructor_national','life_instructor_degree','life_instructor_technical_training 3','applicant_name 3','address 3','content_technical 3','2024-08-12','sign_staff_name 3','sign_instructor_name 3','sign_life_instructor_name 3',NULL,NULL,1,NULL,1,6),(3,NULL,NULL,NULL,'staff_furigana','a','2024-09-10','as','ss','sa','123','12','2024-09-11','国籍','資格・免許','技能実習に係る講習の受講歴','ふりがな',NULL,'2024-08-12','国籍（国又は地域）','資格・免許','技能実習に係る講習の受講歴','applicant_name','address','content_technical','2024-09-10','技能実習責任者の氏名','技能実習指導員の氏名','技能実習指導員の氏名',NULL,NULL,1,NULL,1,3);

--
-- Table structure for table `et_doc_staff_cv_filelist`
--

CREATE TABLE `et_doc_staff_cv_filelist` (
  `id` int NOT NULL AUTO_INCREMENT,
  `staff_cv_id` bigint NOT NULL,
  `file` varchar(255) CHARACTER SET utf8mb4 COLLATE utf8mb4_unicode_ci DEFAULT NULL,
  `note` varchar(255) CHARACTER SET utf8mb4 COLLATE utf8mb4_unicode_ci DEFAULT NULL,
  `type` int NOT NULL COMMENT '1 staff, 2 instructor, 3 life_instructor',
  PRIMARY KEY (`id`)
) ENGINE=InnoDB AUTO_INCREMENT=14 DEFAULT CHARSET=utf8mb4 COLLATE=utf8mb4_unicode_ci;

--
-- Dumping data for table `et_doc_staff_cv_filelist`
--

INSERT INTO `et_doc_staff_cv_filelist` VALUES (1,1,'storage/app/public/et_document/doc_staff_cv/reform.png',NULL,1),(2,1,'storage/app/public/et_document/doc_staff_cv/kumiai_jobtype_scope.pdf',NULL,2),(3,1,'storage/app/public/et_document/doc_staff_cv/kokokuhi.png',NULL,3),(4,1,'storage/app/public/et_document/doc_staff_cv/reform.png',NULL,1),(5,1,'storage/app/public/et_document/doc_staff_cv/kumiai_jobtype_scope.pdf',NULL,2),(6,1,'storage/app/public/et_document/doc_staff_cv/kokokuhi.png',NULL,3),(7,1,'storage/app/public/et_document/doc_staff_cv/reform.png',NULL,1),(8,1,'storage/app/public/et_document/doc_staff_cv/kumiai_jobtype_scope.pdf',NULL,2),(9,1,'storage/app/public/et_document/doc_staff_cv/kokokuhi.png',NULL,3),(10,1,'storage/app/public/et_document/doc_staff_cv/doc_staff_cv (1).pdf',NULL,1),(11,2,'storage/app/public/et_document/doc_staff_cv/pic_point_01.png',NULL,1),(12,2,'storage/app/public/et_document/doc_staff_cv/pic_point_03.png',NULL,3),(13,2,'storage/app/public/et_document/doc_staff_cv/checklist.png',NULL,1);

--
-- Table structure for table `et_doc_staff_job_history`
--

CREATE TABLE `et_doc_staff_job_history` (
  `id` int NOT NULL AUTO_INCREMENT,
  `staff_cv_id` bigint NOT NULL,
  `year` varchar(4) COLLATE utf8mb4_unicode_ci DEFAULT NULL,
  `month` varchar(2) COLLATE utf8mb4_unicode_ci DEFAULT NULL,
  `date` int DEFAULT NULL,
  `content` varchar(255) CHARACTER SET utf8mb4 COLLATE utf8mb4_unicode_ci DEFAULT NULL,
  `type` int NOT NULL COMMENT '1 staff, 2 instructor, 3 life_instructor',
  PRIMARY KEY (`id`)
) ENGINE=InnoDB AUTO_INCREMENT=19 DEFAULT CHARSET=utf8mb4 COLLATE=utf8mb4_unicode_ci;

--
-- Dumping data for table `et_doc_staff_job_history`
--

INSERT INTO `et_doc_staff_job_history` VALUES (1,3,'2000','01',1,'test',1),(5,3,'2000','03',1,'life',3),(7,3,'2023','01',2,'test 123',2),(8,3,'2024','01',1,'life2',3),(9,3,'2024','01',2,'life3',3),(16,3,'2001','02',4,'test1',1),(17,3,'2000','03',5,'test2',1),(18,3,'2000','03',3,'test 1234',2);

--
-- Table structure for table `et_doc_supervisor_cv`
--

CREATE TABLE `et_doc_supervisor_cv` (
  `id` int NOT NULL AUTO_INCREMENT,
  `name` varchar(255) CHARACTER SET utf8mb4 COLLATE utf8mb4_unicode_ci DEFAULT NULL,
  `name_furigana` varchar(255) CHARACTER SET utf8mb4 COLLATE utf8mb4_unicode_ci DEFAULT NULL,
  `sex` int DEFAULT NULL COMMENT '1:male, 2:female',
  `birthdate` date DEFAULT NULL,
  `nationality` varchar(255) CHARACTER SET utf8mb4 COLLATE utf8mb4_unicode_ci DEFAULT NULL,
  `postcode` varchar(255) CHARACTER SET utf8mb4 COLLATE utf8mb4_unicode_ci DEFAULT NULL,
  `address` varchar(255) CHARACTER SET utf8mb4 COLLATE utf8mb4_unicode_ci DEFAULT NULL,
  `tel` varchar(255) CHARACTER SET utf8mb4 COLLATE utf8mb4_unicode_ci DEFAULT NULL,
  `company_name` varchar(255) CHARACTER SET utf8mb4 COLLATE utf8mb4_unicode_ci DEFAULT NULL,
  `company_address` varchar(255) CHARACTER SET utf8mb4 COLLATE utf8mb4_unicode_ci DEFAULT NULL,
  `company_postcode` varchar(255) CHARACTER SET utf8mb4 COLLATE utf8mb4_unicode_ci DEFAULT NULL,
  `company_tel` varchar(255) CHARACTER SET utf8mb4 COLLATE utf8mb4_unicode_ci DEFAULT NULL,
  `job_title` varchar(255) CHARACTER SET utf8mb4 COLLATE utf8mb4_unicode_ci DEFAULT NULL,
  `certificate` varchar(255) CHARACTER SET utf8mb4 COLLATE utf8mb4_unicode_ci DEFAULT NULL,
  `job_cv` varchar(255) CHARACTER SET utf8mb4 COLLATE utf8mb4_unicode_ci DEFAULT NULL,
  `job_sermina_cv` varchar(255) CHARACTER SET utf8mb4 COLLATE utf8mb4_unicode_ci DEFAULT NULL,
  `sign_date` date DEFAULT NULL,
  `sign_name` varchar(255) CHARACTER SET utf8mb4 COLLATE utf8mb4_unicode_ci DEFAULT NULL,
  `sign_creator_title` varchar(255) CHARACTER SET utf8mb4 COLLATE utf8mb4_unicode_ci DEFAULT NULL,
  `sign_creator_name` varchar(255) CHARACTER SET utf8mb4 COLLATE utf8mb4_unicode_ci DEFAULT NULL,
  `created_at` timestamp NULL DEFAULT NULL,
  `created_by_id` bigint DEFAULT NULL,
  `updated_at` int DEFAULT NULL,
  `updated_by_id` bigint DEFAULT NULL,
  `company_id` bigint DEFAULT NULL,
  `updated_count` int NOT NULL DEFAULT '0',
  PRIMARY KEY (`id`)
) ENGINE=InnoDB AUTO_INCREMENT=5 DEFAULT CHARSET=utf8mb4 COLLATE=utf8mb4_unicode_ci;

--
-- Dumping data for table `et_doc_supervisor_cv`
--

INSERT INTO `et_doc_supervisor_cv` VALUES (1,'name','name',2,'2024-07-04','test','0999','test address','0123456789','company_name','company_address','postcode','tel','job','certificate','job_cv','cv','2024-07-09','sign_name','sign_name 2','sign_name 3',NULL,NULL,NULL,1,1,1),(2,'name','name_furigana',2,'2024-07-09','nationality','postcode','address','tel','company_name','company_address','company_postcode','company_tel','job_title','certificate','job_cv','job_sermina_cv','2024-07-10','sign_name','sign_creator_title','sign_creator_name',NULL,NULL,NULL,NULL,1,0),(3,'name','name_furigana',1,'2020-01-01','nationality',NULL,NULL,NULL,'company_name','company_address',NULL,NULL,NULL,NULL,NULL,NULL,'2024-08-12','sign_name','sign_creator_title','sign_creator_name',NULL,NULL,NULL,1,1,3),(4,'test','1asdf',1,'2024-09-10','国籍（国又は地域）','12445','住所','電話','勤務先','勤務先住所','郵便番号','電話','役職名','資格・免許','技能実習に係る監理・指導等の経歴','技能実習に係る講習の受講歴','2024-09-11','申請者の名称','作成責任者 役職','作成責任者 氏名',NULL,NULL,NULL,1,1,3);

--
-- Table structure for table `et_doc_supervisor_pledge`
--

CREATE TABLE `et_doc_supervisor_pledge` (
  `id` int NOT NULL AUTO_INCREMENT,
  `name` varchar(255) CHARACTER SET utf8mb4 COLLATE utf8mb4_unicode_ci DEFAULT NULL,
  `address` varchar(255) CHARACTER SET utf8mb4 COLLATE utf8mb4_unicode_ci DEFAULT NULL,
  `sign_date` date DEFAULT NULL,
  `sign_name` varchar(255) CHARACTER SET utf8mb4 COLLATE utf8mb4_unicode_ci DEFAULT NULL,
  `note` varchar(255) CHARACTER SET utf8mb4 COLLATE utf8mb4_unicode_ci DEFAULT NULL,
  `created_at` timestamp NULL DEFAULT NULL,
  `created_by_id` bigint DEFAULT NULL,
  `updated_at` int DEFAULT NULL,
  `updated_by_id` bigint DEFAULT NULL,
  `company_id` bigint DEFAULT NULL,
  `updated_count` int NOT NULL DEFAULT '0',
  PRIMARY KEY (`id`)
) ENGINE=InnoDB AUTO_INCREMENT=3 DEFAULT CHARSET=utf8mb4 COLLATE=utf8mb4_unicode_ci;

--
-- Dumping data for table `et_doc_supervisor_pledge`
--

INSERT INTO `et_doc_supervisor_pledge` VALUES (1,'name','address','2024-07-12','sign_name',NULL,NULL,NULL,NULL,NULL,NULL,0),(2,'test','teset123','2024-09-11','hi',NULL,NULL,NULL,NULL,NULL,NULL,0);

--
-- Table structure for table `et_doc_support_contract`
--

CREATE TABLE `et_doc_support_contract` (
  `id` bigint NOT NULL AUTO_INCREMENT,
  `specific_skills_affiliation_agency` varchar(255) CHARACTER SET utf8mb4 COLLATE utf8mb4_general_ci DEFAULT NULL,
  `registration_support_organization` varchar(255) CHARACTER SET utf8mb4 COLLATE utf8mb4_general_ci DEFAULT NULL,
  `specific_skilled` varchar(255) CHARACTER SET utf8mb4 COLLATE utf8mb4_general_ci DEFAULT NULL,
  `date_form` date DEFAULT NULL,
  `date_to` date DEFAULT NULL,
  `date` date DEFAULT NULL,
  `first` varchar(255) CHARACTER SET utf8mb4 COLLATE utf8mb4_general_ci DEFAULT NULL,
  `second` varchar(255) CHARACTER SET utf8mb4 COLLATE utf8mb4_general_ci DEFAULT NULL,
  `nominal` text CHARACTER SET utf8mb4 COLLATE utf8mb4_general_ci,
  `amount` text CHARACTER SET utf8mb4 COLLATE utf8mb4_general_ci,
  `anytime` text CHARACTER SET utf8mb4 COLLATE utf8mb4_general_ci,
  `regular` text CHARACTER SET utf8mb4 COLLATE utf8mb4_general_ci,
  `customer_id` bigint DEFAULT NULL,
  `created_by_id` bigint DEFAULT NULL,
  `created_at` timestamp NOT NULL DEFAULT CURRENT_TIMESTAMP,
  `updated_by_id` bigint DEFAULT NULL,
  `updated_at` timestamp NOT NULL DEFAULT CURRENT_TIMESTAMP,
  `company_id` bigint DEFAULT NULL,
  `updated_count` bigint DEFAULT NULL,
  `monthly` varchar(255) CHARACTER SET utf8mb4 COLLATE utf8mb4_general_ci DEFAULT NULL,
  `total` varchar(255) CHARACTER SET utf8mb4 COLLATE utf8mb4_general_ci DEFAULT NULL,
  `txt_industry` varchar(255) CHARACTER SET utf8mb4 COLLATE utf8mb4_general_ci DEFAULT NULL,
  PRIMARY KEY (`id`)
) ENGINE=InnoDB AUTO_INCREMENT=4 DEFAULT CHARSET=utf8mb4 COLLATE=utf8mb4_general_ci;

--
-- Dumping data for table `et_doc_support_contract`
--

INSERT INTO `et_doc_support_contract` VALUES (1,'ádasd','ádasd','ádasd','2024-12-17','2024-12-17','2024-12-17','ádasd','ádasd','[\"\\u00e1dasd\",null,null,null,null,\"\\u00e1das\\u0111\",\"\\u00e1dasd\",null,null,null]','[\"\\u00e1dasd\",null,null,\"\\u00e1dasd\",null,\"\\u00e1dasd\",null,null,null,null]','[null,null,null,null,null,null,null,null,null,null]','[\"1\",null,null,\"1\",null,\"1\",null,null,null,null]',NULL,NULL,'2024-12-16 16:35:31',1,'2024-12-16 17:13:52',1,7,'ádafgsfdgdsdfg',NULL,NULL),(2,'田中会社','株式会社 入管','ＫＯＵ ＯＴＵＨＥＩ','2024-12-04','2026-01-14','2025-01-14','ｇふぁｌｈふぁｌｈｆ','法務協同組合','[\"\\u4e8b\\u524d\\u30ac\\u30a4\\u30c0\\u30f3\\u30b9\\u8cbb\\u7528\",\"\\u51fa\\u5165\\u56fd\\u3059\\u308b\\u969b\\u306e\\u9001\\u8fce\",\"\\u8ee2\\u8077\\u652f\\u63f4\",null,null,null,null,null,null,null]','[\"120000\",\"30000\",\"5000\",null,null,null,null,null,null,null]','[\"1\",\"1\",null,null,null,null,null,null,null,null]','[null,null,\"1\",null,null,null,null,null,null,null]',NULL,NULL,'2025-01-02 04:55:39',151,'2025-01-14 07:43:26',1,2,'200000','155000',NULL),(3,'オオノ会社','株式会社 入管','ＫＯＵ ＯＴＵＨＥＩ','2025-03-11','2026-03-10','2025-03-10','ｇふぁｌｈふぁｌｈｆ','法務協同組合','[\"\\u4e8b\\u524d\\u30ac\\u30a4\\u30c0\\u30f3\\u30b9\\u8cbb\\u7528\",\"\\u51fa\\u5165\\u56fd\\u3059\\u308b\\u969b\\u306e\\u9001\\u8fce\",\"\\u8ee2\\u8077\\u652f\\u63f4\",\"aaaa\",\"dfgggg\",\"gsffsfff\",\"ttfggf\",\"hdhdgd\",\"dgdgdg\",\"ssfsffs\"]','[\"3000\",\"30000\",\"5000\",\"5000\",null,\"3000\",\"4000\",\"5000\",\"6000\",\"7000\"]','[\"1\",null,\"1\",\"1\",\"1\",\"1\",null,null,null,null]','[null,null,null,null,null,null,null,\"1\",\"1\",\"1\"]',NULL,NULL,'2025-03-11 08:10:10',151,'2025-03-11 08:45:01',2,5,'200000','68000','外食業');

--
-- Table structure for table `et_doc_support_plan_reference`
--

CREATE TABLE `et_doc_support_plan_reference` (
  `id` bigint NOT NULL AUTO_INCREMENT,
  `created_at` datetime DEFAULT NULL,
  `created_by_id` bigint DEFAULT NULL,
  `updated_by_id` bigint DEFAULT NULL,
  `updated_at` datetime DEFAULT NULL,
  `company_id` bigint NOT NULL,
  `updated_count` int DEFAULT NULL,
  `full_name` text CHARACTER SET utf8mb4 COLLATE utf8mb4_general_ci,
  `orther` text CHARACTER SET utf8mb4 COLLATE utf8mb4_general_ci,
  `gender` varchar(5) CHARACTER SET utf8mb4 COLLATE utf8mb4_general_ci DEFAULT NULL,
  `date_target` date DEFAULT NULL,
  `na_re1` text CHARACTER SET utf8mb4 COLLATE utf8mb4_general_ci,
  `furigana1` text CHARACTER SET utf8mb4 COLLATE utf8mb4_general_ci,
  `name_or_title1` text CHARACTER SET utf8mb4 COLLATE utf8mb4_general_ci,
  `code1` text CHARACTER SET utf8mb4 COLLATE utf8mb4_general_ci,
  `address1` text CHARACTER SET utf8mb4 COLLATE utf8mb4_general_ci,
  `telephone` text CHARACTER SET utf8mb4 COLLATE utf8mb4_general_ci,
  `code2` text CHARACTER SET utf8mb4 COLLATE utf8mb4_general_ci,
  `address2` text CHARACTER SET utf8mb4 COLLATE utf8mb4_general_ci,
  `telephone2` text CHARACTER SET utf8mb4 COLLATE utf8mb4_general_ci,
  `furigana2` varchar(50) CHARACTER SET utf8mb4 COLLATE utf8mb4_general_ci DEFAULT NULL,
  `name_of_title2` varchar(50) CHARACTER SET utf8mb4 COLLATE utf8mb4_general_ci DEFAULT NULL,
  `post1` varchar(50) CHARACTER SET utf8mb4 COLLATE utf8mb4_general_ci DEFAULT NULL,
  `providing_support1` varchar(50) CHARACTER SET utf8mb4 COLLATE utf8mb4_general_ci DEFAULT NULL,
  `number_of_supporters1` varchar(50) CHARACTER SET utf8mb4 COLLATE utf8mb4_general_ci DEFAULT NULL,
  `yes_no1` tinyint(1) DEFAULT NULL,
  `registration_number` varchar(100) CHARACTER SET utf8mb4 COLLATE utf8mb4_general_ci DEFAULT NULL,
  `date23` date DEFAULT NULL,
  `date33` date DEFAULT NULL,
  `furigana34` text CHARACTER SET utf8mb4 COLLATE utf8mb4_general_ci,
  `name_of_title34` text CHARACTER SET utf8mb4 COLLATE utf8mb4_general_ci,
  `code34` text CHARACTER SET utf8mb4 COLLATE utf8mb4_general_ci,
  `address34` text CHARACTER SET utf8mb4 COLLATE utf8mb4_general_ci,
  `tele_phone34` text CHARACTER SET utf8mb4 COLLATE utf8mb4_general_ci,
  `furigana63` text CHARACTER SET utf8mb4 COLLATE utf8mb4_general_ci,
  `name_of_title63` text CHARACTER SET utf8mb4 COLLATE utf8mb4_general_ci,
  `code73` text CHARACTER SET utf8mb4 COLLATE utf8mb4_general_ci,
  `address73` varchar(100) CHARACTER SET utf8mb4 COLLATE utf8mb4_general_ci DEFAULT NULL,
  `furigana83` varchar(100) CHARACTER SET utf8mb4 COLLATE utf8mb4_general_ci DEFAULT NULL,
  `name_of_title83` varchar(100) CHARACTER SET utf8mb4 COLLATE utf8mb4_general_ci DEFAULT NULL,
  `post83` varchar(50) CHARACTER SET utf8mb4 COLLATE utf8mb4_general_ci DEFAULT NULL,
  `providing_support83` varchar(100) CHARACTER SET utf8mb4 COLLATE utf8mb4_general_ci DEFAULT NULL,
  `number_of_support_providers83` varchar(100) CHARACTER SET utf8mb4 COLLATE utf8mb4_general_ci DEFAULT NULL,
  `yes_no83` tinyint(1) DEFAULT NULL,
  `date31` date DEFAULT NULL,
  `date_create` date DEFAULT NULL,
  `y_n41` tinyint(1) DEFAULT NULL,
  `full_name41b` varchar(100) CHARACTER SET utf8mb4 COLLATE utf8mb4_general_ci DEFAULT NULL,
  `code41a` varchar(100) CHARACTER SET utf8mb4 COLLATE utf8mb4_general_ci DEFAULT NULL,
  `address41a` varchar(100) CHARACTER SET utf8mb4 COLLATE utf8mb4_general_ci DEFAULT NULL,
  `ck_face` tinyint(1) DEFAULT NULL,
  `ck_eq` tinyint(1) DEFAULT NULL,
  `ck_orther` tinyint(1) DEFAULT NULL,
  `ck413` tinyint(1) DEFAULT NULL,
  `ck14e` tinyint(1) DEFAULT NULL,
  `date413` varchar(100) CHARACTER SET utf8mb4 COLLATE utf8mb4_general_ci DEFAULT NULL,
  `date14e` varchar(100) CHARACTER SET utf8mb4 COLLATE utf8mb4_general_ci DEFAULT NULL,
  `text_orther` varchar(100) CHARACTER SET utf8mb4 COLLATE utf8mb4_general_ci DEFAULT NULL,
  `ck41k` tinyint(1) DEFAULT NULL,
  `ck_14k` tinyint(1) DEFAULT NULL,
  `y_n14` tinyint(1) DEFAULT NULL,
  `affiliation_and_name` varchar(100) CHARACTER SET utf8mb4 COLLATE utf8mb4_general_ci DEFAULT NULL,
  `total_time` varchar(50) CHARACTER SET utf8mb4 COLLATE utf8mb4_general_ci DEFAULT NULL,
  `ck24` tinyint(1) DEFAULT NULL,
  `date24` varchar(100) CHARACTER SET utf8mb4 COLLATE utf8mb4_general_ci DEFAULT NULL,
  `ck_24` tinyint(1) DEFAULT NULL,
  `date_24` varchar(100) CHARACTER SET utf8mb4 COLLATE utf8mb4_general_ci DEFAULT NULL,
  `y_n341` tinyint(1) DEFAULT NULL,
  `name341` varchar(100) CHARACTER SET utf8mb4 COLLATE utf8mb4_general_ci DEFAULT NULL,
  `code341` varchar(50) CHARACTER SET utf8mb4 COLLATE utf8mb4_general_ci DEFAULT NULL,
  `address341` varchar(100) CHARACTER SET utf8mb4 COLLATE utf8mb4_general_ci DEFAULT NULL,
  `ck3421` tinyint(1) DEFAULT NULL,
  `txt3421` varchar(100) CHARACTER SET utf8mb4 COLLATE utf8mb4_general_ci DEFAULT NULL,
  `ck3422` tinyint(1) DEFAULT NULL,
  `txt3422` varchar(100) CHARACTER SET utf8mb4 COLLATE utf8mb4_general_ci DEFAULT NULL,
  `ck24b` tinyint(1) DEFAULT NULL,
  `ck_24b` tinyint(1) DEFAULT NULL,
  `date24_b` varchar(100) CHARACTER SET utf8mb4 COLLATE utf8mb4_general_ci DEFAULT NULL,
  `y_n342` tinyint(1) DEFAULT NULL,
  `name342` varchar(100) CHARACTER SET utf8mb4 COLLATE utf8mb4_general_ci DEFAULT NULL,
  `code342` varchar(100) CHARACTER SET utf8mb4 COLLATE utf8mb4_general_ci DEFAULT NULL,
  `address342` varchar(100) CHARACTER SET utf8mb4 COLLATE utf8mb4_general_ci DEFAULT NULL,
  `ck3423` tinyint(1) DEFAULT NULL,
  `txt3423` varchar(100) CHARACTER SET utf8mb4 COLLATE utf8mb4_general_ci DEFAULT NULL,
  `ck3424` tinyint(1) DEFAULT NULL,
  `txt3424` varchar(100) CHARACTER SET utf8mb4 COLLATE utf8mb4_general_ci DEFAULT NULL,
  `ck_orther1` tinyint(1) DEFAULT NULL,
  `ck_orther2` tinyint(1) DEFAULT NULL,
  `y_n343` tinyint(1) DEFAULT NULL,
  `name343` varchar(100) CHARACTER SET utf8mb4 COLLATE utf8mb4_general_ci DEFAULT NULL,
  `code343` varchar(100) CHARACTER SET utf8mb4 COLLATE utf8mb4_general_ci DEFAULT NULL,
  `address343` varchar(100) CHARACTER SET utf8mb4 COLLATE utf8mb4_general_ci DEFAULT NULL,
  `txt3425s` varchar(100) CHARACTER SET utf8mb4 COLLATE utf8mb4_general_ci DEFAULT NULL,
  `affiliation_and_name1` varchar(100) CHARACTER SET utf8mb4 COLLATE utf8mb4_general_ci DEFAULT NULL,
  `tele_phone73` varchar(15) CHARACTER SET utf8mb4 COLLATE utf8mb4_general_ci DEFAULT NULL,
  `ck_34` tinyint(1) DEFAULT NULL,
  `date_34` varchar(100) CHARACTER SET utf8mb4 COLLATE utf8mb4_general_ci DEFAULT NULL,
  `ck34` tinyint(1) DEFAULT NULL,
  `date34` varchar(100) CHARACTER SET utf8mb4 COLLATE utf8mb4_general_ci DEFAULT NULL,
  `y_n344` tinyint(1) DEFAULT NULL,
  `name344` varchar(100) CHARACTER SET utf8mb4 COLLATE utf8mb4_general_ci DEFAULT NULL,
  `code344` varchar(100) CHARACTER SET utf8mb4 COLLATE utf8mb4_general_ci DEFAULT NULL,
  `address344` varchar(100) CHARACTER SET utf8mb4 COLLATE utf8mb4_general_ci DEFAULT NULL,
  `ck34b` tinyint(1) DEFAULT NULL,
  `date34b` varchar(100) CHARACTER SET utf8mb4 COLLATE utf8mb4_general_ci DEFAULT NULL,
  `ck_34b` tinyint(1) DEFAULT NULL,
  `date_34b` varchar(100) CHARACTER SET utf8mb4 COLLATE utf8mb4_general_ci DEFAULT NULL,
  `y_n345` tinyint(1) DEFAULT NULL,
  `name345` varchar(100) CHARACTER SET utf8mb4 COLLATE utf8mb4_general_ci DEFAULT NULL,
  `code345` varchar(100) CHARACTER SET utf8mb4 COLLATE utf8mb4_general_ci DEFAULT NULL,
  `address345` varchar(100) CHARACTER SET utf8mb4 COLLATE utf8mb4_general_ci DEFAULT NULL,
  `ck34c` tinyint(1) DEFAULT NULL,
  `date34c` varchar(100) CHARACTER SET utf8mb4 COLLATE utf8mb4_general_ci DEFAULT NULL,
  `ck_34c` tinyint(1) DEFAULT NULL,
  `date_34c` varchar(100) CHARACTER SET utf8mb4 COLLATE utf8mb4_general_ci DEFAULT NULL,
  `y_n346` tinyint(1) DEFAULT NULL,
  `name346` varchar(100) CHARACTER SET utf8mb4 COLLATE utf8mb4_general_ci DEFAULT NULL,
  `code346` varchar(100) CHARACTER SET utf8mb4 COLLATE utf8mb4_general_ci DEFAULT NULL,
  `address346` varchar(100) CHARACTER SET utf8mb4 COLLATE utf8mb4_general_ci DEFAULT NULL,
  `ck34corther` tinyint(1) DEFAULT NULL,
  `ck34c_orther` tinyint(1) DEFAULT NULL,
  `y_n347` tinyint(1) DEFAULT NULL,
  `name347` varchar(100) CHARACTER SET utf8mb4 COLLATE utf8mb4_general_ci DEFAULT NULL,
  `code347` varchar(100) CHARACTER SET utf8mb4 COLLATE utf8mb4_general_ci DEFAULT NULL,
  `address347` varchar(100) CHARACTER SET utf8mb4 COLLATE utf8mb4_general_ci DEFAULT NULL,
  `txt3426` varchar(100) CHARACTER SET utf8mb4 COLLATE utf8mb4_general_ci DEFAULT NULL,
  `ck34d` tinyint(1) DEFAULT NULL,
  `ck34_d` tinyint(1) DEFAULT NULL,
  `number34d` varchar(100) CHARACTER SET utf8mb4 COLLATE utf8mb4_general_ci DEFAULT NULL,
  `ck341d` tinyint(1) DEFAULT NULL,
  `ck342d2` tinyint(1) DEFAULT NULL,
  `ck3a2` tinyint(1) DEFAULT NULL,
  `date_3a2` varchar(100) CHARACTER SET utf8mb4 COLLATE utf8mb4_general_ci DEFAULT NULL,
  `ck3_a2` tinyint(1) DEFAULT NULL,
  `date3a2` varchar(100) CHARACTER SET utf8mb4 COLLATE utf8mb4_general_ci DEFAULT NULL,
  `y_nc1` tinyint(1) DEFAULT NULL,
  `name34a1` varchar(100) CHARACTER SET utf8mb4 COLLATE utf8mb4_general_ci DEFAULT NULL,
  `code34a1` varchar(100) CHARACTER SET utf8mb4 COLLATE utf8mb4_general_ci DEFAULT NULL,
  `add34a1` varchar(100) CHARACTER SET utf8mb4 COLLATE utf8mb4_general_ci DEFAULT NULL,
  `ck341` tinyint(1) DEFAULT NULL,
  `ck342` tinyint(1) DEFAULT NULL,
  `ck343` tinyint(1) DEFAULT NULL,
  `ck3b2` tinyint(1) DEFAULT NULL,
  `date_3b2` varchar(100) CHARACTER SET utf8mb4 COLLATE utf8mb4_general_ci DEFAULT NULL,
  `ck3_b2` tinyint(1) DEFAULT NULL,
  `date3_b2` varchar(100) CHARACTER SET utf8mb4 COLLATE utf8mb4_general_ci DEFAULT NULL,
  `y_nc2` tinyint(1) DEFAULT NULL,
  `name34a2` varchar(100) CHARACTER SET utf8mb4 COLLATE utf8mb4_general_ci DEFAULT NULL,
  `code34a2` varchar(100) CHARACTER SET utf8mb4 COLLATE utf8mb4_general_ci DEFAULT NULL,
  `add34a2` varchar(100) CHARACTER SET utf8mb4 COLLATE utf8mb4_general_ci DEFAULT NULL,
  `ck344` tinyint(1) DEFAULT NULL,
  `ck345` tinyint(1) DEFAULT NULL,
  `ck346` tinyint(1) DEFAULT NULL,
  `txt346` varchar(100) CHARACTER SET utf8mb4 COLLATE utf8mb4_general_ci DEFAULT NULL,
  `ck3_c2` tinyint(1) DEFAULT NULL,
  `date_c2` varchar(100) CHARACTER SET utf8mb4 COLLATE utf8mb4_general_ci DEFAULT NULL,
  `ck3c2` tinyint(1) DEFAULT NULL,
  `datec2` varchar(100) CHARACTER SET utf8mb4 COLLATE utf8mb4_general_ci DEFAULT NULL,
  `y_nc3` tinyint(1) DEFAULT NULL,
  `name34a3` varchar(100) CHARACTER SET utf8mb4 COLLATE utf8mb4_general_ci DEFAULT NULL,
  `code34a3` varchar(100) CHARACTER SET utf8mb4 COLLATE utf8mb4_general_ci DEFAULT NULL,
  `add34a3` varchar(100) CHARACTER SET utf8mb4 COLLATE utf8mb4_general_ci DEFAULT NULL,
  `ck347` tinyint(1) DEFAULT NULL,
  `ck348` tinyint(1) DEFAULT NULL,
  `ck349` tinyint(1) DEFAULT NULL,
  `txt349` varchar(100) CHARACTER SET utf8mb4 COLLATE utf8mb4_general_ci DEFAULT NULL,
  `ckc2_orther` tinyint(1) DEFAULT NULL,
  `ck2_orther` tinyint(1) DEFAULT NULL,
  `y_nc4` tinyint(1) DEFAULT NULL,
  `name34a4` varchar(100) CHARACTER SET utf8mb4 COLLATE utf8mb4_general_ci DEFAULT NULL,
  `code34a4` varchar(100) CHARACTER SET utf8mb4 COLLATE utf8mb4_general_ci DEFAULT NULL,
  `add34a4` varchar(100) CHARACTER SET utf8mb4 COLLATE utf8mb4_general_ci DEFAULT NULL,
  `txt3450` varchar(100) CHARACTER SET utf8mb4 COLLATE utf8mb4_general_ci DEFAULT NULL,
  `ck44a` tinyint(1) DEFAULT NULL,
  `date44a` varchar(100) CHARACTER SET utf8mb4 COLLATE utf8mb4_general_ci DEFAULT NULL,
  `ck44_a` tinyint(1) DEFAULT NULL,
  `date_44a` varchar(100) CHARACTER SET utf8mb4 COLLATE utf8mb4_general_ci DEFAULT NULL,
  `y_nc5` varchar(1) CHARACTER SET utf8mb4 COLLATE utf8mb4_general_ci DEFAULT NULL,
  `code34a5` varchar(100) CHARACTER SET utf8mb4 COLLATE utf8mb4_general_ci DEFAULT NULL,
  `add34a5` varchar(100) CHARACTER SET utf8mb4 COLLATE utf8mb4_general_ci DEFAULT NULL,
  `ck43c` tinyint(1) DEFAULT NULL,
  `ck43_c` tinyint(1) DEFAULT NULL,
  `ck43_orther` tinyint(1) DEFAULT NULL,
  `ck43orther` tinyint(1) DEFAULT NULL,
  `txt43or` tinyint(1) DEFAULT NULL,
  `code43_orther` varchar(100) CHARACTER SET utf8mb4 COLLATE utf8mb4_general_ci DEFAULT NULL,
  `add43_orther` varchar(100) CHARACTER SET utf8mb4 COLLATE utf8mb4_general_ci DEFAULT NULL,
  `txt43_orther` varchar(100) CHARACTER SET utf8mb4 COLLATE utf8mb4_general_ci DEFAULT NULL,
  `affiliation_and_name44` varchar(100) CHARACTER SET utf8mb4 COLLATE utf8mb4_general_ci DEFAULT NULL,
  `number43` varchar(100) CHARACTER SET utf8mb4 COLLATE utf8mb4_general_ci DEFAULT NULL,
  `txt343` varchar(100) CHARACTER SET utf8mb4 COLLATE utf8mb4_general_ci DEFAULT NULL,
  `affiliation_and_name441` varchar(100) CHARACTER SET utf8mb4 COLLATE utf8mb4_general_ci DEFAULT NULL,
  `ck54` tinyint(1) DEFAULT NULL,
  `txt54` varchar(100) CHARACTER SET utf8mb4 COLLATE utf8mb4_general_ci DEFAULT NULL,
  `ck54a` tinyint(1) DEFAULT NULL,
  `txt54a` varchar(100) CHARACTER SET utf8mb4 COLLATE utf8mb4_general_ci DEFAULT NULL,
  `y_n541` tinyint(1) DEFAULT NULL,
  `name541` varchar(100) CHARACTER SET utf8mb4 COLLATE utf8mb4_general_ci DEFAULT NULL,
  `code541` varchar(100) CHARACTER SET utf8mb4 COLLATE utf8mb4_general_ci DEFAULT NULL,
  `add541` varchar(100) CHARACTER SET utf8mb4 COLLATE utf8mb4_general_ci DEFAULT NULL,
  `ck54b` tinyint(1) DEFAULT NULL,
  `txt54b` varchar(100) CHARACTER SET utf8mb4 COLLATE utf8mb4_general_ci DEFAULT NULL,
  `ck54_b` tinyint(1) DEFAULT NULL,
  `txt54_b` varchar(100) CHARACTER SET utf8mb4 COLLATE utf8mb4_general_ci DEFAULT NULL,
  `y_n542` tinyint(1) DEFAULT NULL,
  `name542` varchar(100) CHARACTER SET utf8mb4 COLLATE utf8mb4_general_ci DEFAULT NULL,
  `code542` varchar(100) CHARACTER SET utf8mb4 COLLATE utf8mb4_general_ci DEFAULT NULL,
  `add542` varchar(100) CHARACTER SET utf8mb4 COLLATE utf8mb4_general_ci DEFAULT NULL,
  `ck54c` tinyint(1) DEFAULT NULL,
  `txt54c` varchar(100) CHARACTER SET utf8mb4 COLLATE utf8mb4_general_ci DEFAULT NULL,
  `ck54_c` tinyint(1) DEFAULT NULL,
  `txt54_c` varchar(100) CHARACTER SET utf8mb4 COLLATE utf8mb4_general_ci DEFAULT NULL,
  `y_n543` tinyint(1) DEFAULT NULL,
  `name543` varchar(100) CHARACTER SET utf8mb4 COLLATE utf8mb4_general_ci DEFAULT NULL,
  `code543` varchar(100) CHARACTER SET utf8mb4 COLLATE utf8mb4_general_ci DEFAULT NULL,
  `add543` varchar(100) CHARACTER SET utf8mb4 COLLATE utf8mb4_general_ci DEFAULT NULL,
  `ck544` tinyint(1) DEFAULT NULL,
  `ck544a` tinyint(1) DEFAULT NULL,
  `y_n544` tinyint(1) DEFAULT NULL,
  `name544` varchar(100) CHARACTER SET utf8mb4 COLLATE utf8mb4_general_ci DEFAULT NULL,
  `code544` varchar(100) CHARACTER SET utf8mb4 COLLATE utf8mb4_general_ci DEFAULT NULL,
  `add544` varchar(100) CHARACTER SET utf8mb4 COLLATE utf8mb4_general_ci DEFAULT NULL,
  `txt5444` varchar(100) CHARACTER SET utf8mb4 COLLATE utf8mb4_general_ci DEFAULT NULL,
  `ck64a` tinyint(1) DEFAULT NULL,
  `ck64_a` tinyint(1) DEFAULT NULL,
  `y_n641` tinyint(1) DEFAULT NULL,
  `date_64a` varchar(100) CHARACTER SET utf8mb4 COLLATE utf8mb4_general_ci DEFAULT NULL,
  `code641` varchar(100) CHARACTER SET utf8mb4 COLLATE utf8mb4_general_ci DEFAULT NULL,
  `address641` varchar(100) CHARACTER SET utf8mb4 COLLATE utf8mb4_general_ci DEFAULT NULL,
  `ck64_orther` tinyint(1) DEFAULT NULL,
  `ck_64orther` tinyint(1) DEFAULT NULL,
  `y_n642` tinyint(1) DEFAULT NULL,
  `code642` varchar(100) CHARACTER SET utf8mb4 COLLATE utf8mb4_general_ci DEFAULT NULL,
  `address642` varchar(100) CHARACTER SET utf8mb4 COLLATE utf8mb4_general_ci DEFAULT NULL,
  `n1_1` varchar(20) CHARACTER SET utf8mb4 COLLATE utf8mb4_general_ci DEFAULT NULL,
  `n1` varchar(20) CHARACTER SET utf8mb4 COLLATE utf8mb4_general_ci DEFAULT NULL,
  `n2_2` varchar(20) CHARACTER SET utf8mb4 COLLATE utf8mb4_general_ci DEFAULT NULL,
  `n2` varchar(20) CHARACTER SET utf8mb4 COLLATE utf8mb4_general_ci DEFAULT NULL,
  `n3_3` varchar(20) CHARACTER SET utf8mb4 COLLATE utf8mb4_general_ci DEFAULT NULL,
  `n3` varchar(20) CHARACTER SET utf8mb4 COLLATE utf8mb4_general_ci DEFAULT NULL,
  `n4_4` varchar(20) CHARACTER SET utf8mb4 COLLATE utf8mb4_general_ci DEFAULT NULL,
  `n4` varchar(20) CHARACTER SET utf8mb4 COLLATE utf8mb4_general_ci DEFAULT NULL,
  `n5_5` varchar(20) CHARACTER SET utf8mb4 COLLATE utf8mb4_general_ci DEFAULT NULL,
  `n_5` varchar(20) CHARACTER SET utf8mb4 COLLATE utf8mb4_general_ci DEFAULT NULL,
  `n6_6` varchar(20) CHARACTER SET utf8mb4 COLLATE utf8mb4_general_ci DEFAULT NULL,
  `n_6` varchar(20) CHARACTER SET utf8mb4 COLLATE utf8mb4_general_ci DEFAULT NULL,
  `n7_7` varchar(20) CHARACTER SET utf8mb4 COLLATE utf8mb4_general_ci DEFAULT NULL,
  `n_7` varchar(20) CHARACTER SET utf8mb4 COLLATE utf8mb4_general_ci DEFAULT NULL,
  `n8_8` varchar(20) CHARACTER SET utf8mb4 COLLATE utf8mb4_general_ci DEFAULT NULL,
  `n_8` varchar(20) CHARACTER SET utf8mb4 COLLATE utf8mb4_general_ci DEFAULT NULL,
  `ck_64d1` tinyint(1) DEFAULT NULL,
  `ck_64d2` tinyint(1) DEFAULT NULL,
  `txt64d2` varchar(20) CHARACTER SET utf8mb4 COLLATE utf8mb4_general_ci DEFAULT NULL,
  `ck_64d3` tinyint(1) DEFAULT NULL,
  `txt64d3` varchar(20) CHARACTER SET utf8mb4 COLLATE utf8mb4_general_ci DEFAULT NULL,
  `ck_64d4` tinyint(1) DEFAULT NULL,
  `txt64d4` varchar(20) CHARACTER SET utf8mb4 COLLATE utf8mb4_general_ci DEFAULT NULL,
  `ck_64e1` tinyint(1) DEFAULT NULL,
  `ck_64e2` tinyint(1) DEFAULT NULL,
  `txt_64e2` varchar(20) CHARACTER SET utf8mb4 COLLATE utf8mb4_general_ci DEFAULT NULL,
  `ck_64e3` tinyint(1) DEFAULT NULL,
  `txt_64e3` varchar(20) CHARACTER SET utf8mb4 COLLATE utf8mb4_general_ci DEFAULT NULL,
  `ck_64e4` tinyint(1) DEFAULT NULL,
  `txt_64e4` varchar(20) CHARACTER SET utf8mb4 COLLATE utf8mb4_general_ci DEFAULT NULL,
  `txt64e5` varchar(50) CHARACTER SET utf8mb4 COLLATE utf8mb4_general_ci DEFAULT NULL,
  `ck64_` tinyint(1) DEFAULT NULL,
  `name641` varchar(100) CHARACTER SET utf8mb4 COLLATE utf8mb4_general_ci DEFAULT NULL,
  `ck_74` tinyint DEFAULT NULL,
  `txt_74` text CHARACTER SET utf8mb4 COLLATE utf8mb4_general_ci,
  `ck74` tinyint DEFAULT NULL,
  `txt74` text CHARACTER SET utf8mb4 COLLATE utf8mb4_general_ci,
  `y_n741` tinyint DEFAULT NULL,
  `name74` text CHARACTER SET utf8mb4 COLLATE utf8mb4_general_ci,
  `code741` text CHARACTER SET utf8mb4 COLLATE utf8mb4_general_ci,
  `add741` text CHARACTER SET utf8mb4 COLLATE utf8mb4_general_ci,
  `ck_orther74` tinyint DEFAULT NULL,
  `ckorther_74` tinyint DEFAULT NULL,
  `y_n742` tinyint DEFAULT NULL,
  `code742` text CHARACTER SET utf8mb4 COLLATE utf8mb4_general_ci,
  `add742` text CHARACTER SET utf8mb4 COLLATE utf8mb4_general_ci,
  `done_txt` text CHARACTER SET utf8mb4 COLLATE utf8mb4_general_ci,
  `ck84` tinyint DEFAULT NULL,
  `txt84` text CHARACTER SET utf8mb4 COLLATE utf8mb4_general_ci,
  `ck_84` tinyint DEFAULT NULL,
  `txt_84` text CHARACTER SET utf8mb4 COLLATE utf8mb4_general_ci,
  `y_n841` tinyint DEFAULT NULL,
  `name841` text CHARACTER SET utf8mb4 COLLATE utf8mb4_general_ci,
  `code841` text CHARACTER SET utf8mb4 COLLATE utf8mb4_general_ci,
  `add841` text CHARACTER SET utf8mb4 COLLATE utf8mb4_general_ci,
  `ck84_b` tinyint DEFAULT NULL,
  `txt84_b` text CHARACTER SET utf8mb4 COLLATE utf8mb4_general_ci,
  `ck_84b` tinyint DEFAULT NULL,
  `txt_84b` text CHARACTER SET utf8mb4 COLLATE utf8mb4_general_ci,
  `y_n842` tinyint DEFAULT NULL,
  `name842` text CHARACTER SET utf8mb4 COLLATE utf8mb4_general_ci,
  `code842` text CHARACTER SET utf8mb4 COLLATE utf8mb4_general_ci,
  `add842` text CHARACTER SET utf8mb4 COLLATE utf8mb4_general_ci,
  `ck84_c` tinyint DEFAULT NULL,
  `txt84_c` text CHARACTER SET utf8mb4 COLLATE utf8mb4_general_ci,
  `ck_84c` tinyint DEFAULT NULL,
  `txt_84c` text CHARACTER SET utf8mb4 COLLATE utf8mb4_general_ci,
  `y_n843` tinyint DEFAULT NULL,
  `name843` text CHARACTER SET utf8mb4 COLLATE utf8mb4_general_ci,
  `code843` text CHARACTER SET utf8mb4 COLLATE utf8mb4_general_ci,
  `add843` text CHARACTER SET utf8mb4 COLLATE utf8mb4_general_ci,
  `ck84_d` tinyint DEFAULT NULL,
  `txt84_d` text CHARACTER SET utf8mb4 COLLATE utf8mb4_general_ci,
  `ck_84d` tinyint DEFAULT NULL,
  `txt_84d` text CHARACTER SET utf8mb4 COLLATE utf8mb4_general_ci,
  `y_n844` tinyint DEFAULT NULL,
  `name844` text CHARACTER SET utf8mb4 COLLATE utf8mb4_general_ci,
  `code844` text CHARACTER SET utf8mb4 COLLATE utf8mb4_general_ci,
  `add844` text CHARACTER SET utf8mb4 COLLATE utf8mb4_general_ci,
  `ck84_e` tinyint DEFAULT NULL,
  `txt84_e` text CHARACTER SET utf8mb4 COLLATE utf8mb4_general_ci,
  `ck_84e` tinyint DEFAULT NULL,
  `txt_84e` text CHARACTER SET utf8mb4 COLLATE utf8mb4_general_ci,
  `ck84f` tinyint(1) DEFAULT NULL,
  `txt84f` varchar(50) CHARACTER SET utf8mb4 COLLATE utf8mb4_general_ci DEFAULT NULL,
  `ck841f` tinyint(1) DEFAULT NULL,
  `ck84g` tinyint(1) DEFAULT NULL,
  `txt84g` varchar(100) CHARACTER SET utf8mb4 COLLATE utf8mb4_general_ci DEFAULT NULL,
  `ck841g` tinyint(1) DEFAULT NULL,
  `txt841g` varchar(50) CHARACTER SET utf8mb4 COLLATE utf8mb4_general_ci DEFAULT NULL,
  `y_n84g` tinyint(1) DEFAULT NULL,
  PRIMARY KEY (`id`)
) ENGINE=InnoDB AUTO_INCREMENT=5 DEFAULT CHARSET=utf8mb4 COLLATE=utf8mb4_general_ci;

--
-- Dumping data for table `et_doc_support_plan_reference`
--

INSERT INTO `et_doc_support_plan_reference` VALUES (1,NULL,NULL,151,NULL,1,5,NULL,NULL,NULL,NULL,NULL,NULL,NULL,NULL,NULL,NULL,NULL,NULL,NULL,NULL,NULL,NULL,NULL,NULL,NULL,NULL,NULL,NULL,NULL,NULL,NULL,NULL,NULL,NULL,NULL,NULL,NULL,NULL,NULL,NULL,NULL,NULL,NULL,NULL,NULL,NULL,NULL,NULL,NULL,NULL,NULL,NULL,NULL,NULL,NULL,NULL,NULL,NULL,NULL,NULL,NULL,NULL,NULL,NULL,NULL,NULL,NULL,NULL,NULL,NULL,NULL,NULL,NULL,NULL,NULL,NULL,NULL,NULL,NULL,NULL,NULL,NULL,NULL,NULL,NULL,NULL,NULL,NULL,NULL,NULL,NULL,NULL,NULL,NULL,NULL,NULL,NULL,NULL,NULL,NULL,NULL,NULL,NULL,NULL,NULL,NULL,NULL,NULL,NULL,NULL,NULL,NULL,NULL,NULL,NULL,NULL,NULL,NULL,NULL,NULL,NULL,NULL,NULL,NULL,NULL,NULL,NULL,NULL,NULL,NULL,NULL,NULL,NULL,NULL,NULL,NULL,NULL,NULL,NULL,NULL,NULL,NULL,NULL,NULL,NULL,NULL,NULL,NULL,NULL,NULL,NULL,NULL,NULL,NULL,NULL,NULL,NULL,NULL,NULL,NULL,NULL,NULL,NULL,NULL,NULL,NULL,NULL,NULL,NULL,NULL,NULL,NULL,NULL,NULL,NULL,NULL,NULL,NULL,NULL,NULL,NULL,NULL,NULL,NULL,NULL,NULL,NULL,NULL,NULL,NULL,NULL,NULL,NULL,NULL,NULL,NULL,NULL,NULL,NULL,NULL,NULL,NULL,NULL,NULL,NULL,NULL,NULL,NULL,NULL,NULL,NULL,NULL,NULL,NULL,NULL,NULL,NULL,NULL,NULL,NULL,NULL,NULL,NULL,NULL,NULL,NULL,NULL,NULL,NULL,NULL,NULL,NULL,NULL,NULL,NULL,NULL,NULL,NULL,NULL,NULL,NULL,NULL,NULL,NULL,NULL,NULL,NULL,NULL,NULL,NULL,NULL,NULL,NULL,NULL,NULL,NULL,NULL,NULL,NULL,NULL,NULL,NULL,NULL,NULL,0,NULL,NULL,NULL,NULL,NULL,NULL,NULL,NULL,NULL,NULL,NULL,NULL,NULL,NULL,NULL,NULL,NULL,NULL,NULL,NULL,NULL,NULL,NULL,NULL,NULL,NULL,NULL,NULL,NULL,NULL,NULL,NULL,NULL,NULL,NULL,NULL,NULL,NULL,NULL,NULL,NULL,NULL,NULL,NULL,NULL,NULL,NULL,NULL,NULL,NULL,NULL,NULL,NULL,NULL,NULL,NULL,NULL,NULL,NULL),(2,NULL,NULL,151,NULL,2,21,'農園 太郎','AAA','男',NULL,'ベトナム','おおの','武村株式会社','124-144','千葉','040-855','24545','千葉','0146215','おおの','AAAAA','社長','2','1',1,'679548','2004-03-25','2025-03-25','ＴＮＡＫ','田中','123-458','千葉','058553','あああああ','AAAAA','11244','GIFU','ぶぶぶ','BBBBB','しゃちょう','３','３',1,'2000-03-26','1994-12-02',2,'あああああ','1111','千葉',1,NULL,1,1,NULL,'実施予定',NULL,'あｈｆｋｌｋ',NULL,1,2,'THUY','３',1,'aaaaa',NULL,NULL,2,NULL,'11111','ABC',1,NULL,1,'NARITA',1,NULL,NULL,NULL,NULL,'1111','ACCVC',1,'HANOI',NULL,NULL,NULL,1,2,NULL,'q1111','ABC',NULL,'インドネシア語','045-789',1,'ｓｄｇｈｈ',NULL,NULL,NULL,'TIEP','1111','CHIBA',1,NULL,NULL,NULL,NULL,'TIEP','1111','ｇｈｊｈｊｋｊｋ',NULL,NULL,NULL,NULL,NULL,'TIEP　あああああああああああああああああああああああああああああああああああ','1111','AAAAA',NULL,1,2,'ああ','1111','ｄｆｊｈｊｊｋ',NULL,NULL,NULL,NULL,NULL,NULL,NULL,'ｓｈｈｈ',NULL,NULL,NULL,'TIEP','1111','CHIBA',1,NULL,NULL,NULL,NULL,1,'あああああâ',NULL,'TIEP','１１１１','CHIBA',NULL,NULL,NULL,NULL,1,NULL,NULL,'あああああ',NULL,'TIEP','1111','CHIBA',NULL,NULL,NULL,NULL,NULL,1,2,'TIEP','1111','CHIBA',NULL,1,'あああ',NULL,NULL,'2','１１１１１','あああ',1,NULL,1,NULL,2,'１１１１１','AAAAA','あああああ','日本語','３',NULL,'あああああ',1,'あああああ',NULL,'ｖｖｖ',1,'あああああ','115','ああああああ',1,'ｖｖｖ',NULL,'ｖｖｖ',1,'vvvv','115','ああああ',1,'ｃｃｖｃｖ',NULL,'ｖｖｖ',1,'vvvv','115','ああああ',1,NULL,1,'vvvv','115','ああああ','１１１１１',NULL,NULL,NULL,NULL,'１１１１１',NULL,NULL,NULL,NULL,'１１１１１',NULL,'12h30','17h30','12h30','17h30','12h30','17h30','12h30','17h30','12h30','17h30','12h30','123','12h30','17h30','12h30','17h30',1,1,'04588',NULL,'あああ」',NULL,'あああ',1,1,NULL,1,NULL,1,NULL,'VIETNAM',0,NULL,1,'aaa',NULL,NULL,NULL,'aa','111','ee',1,NULL,1,'1111','eeeeeee',NULL,1,NULL,NULL,'aa',1,'aaa','１１１１１','eeeeee1111e',1,'aaa',NULL,NULL,2,'aaa','1111','eeeeeee',1,NULL,1,NULL,NULL,'eeeeeee','1111','eeeeeee',1,NULL,NULL,NULL,NULL,'eeeeeee','1111','eeeeeee',1,NULL,1,NULL,NULL,NULL,NULL,1,NULL,NULL,NULL,NULL),(3,NULL,NULL,151,NULL,2,1,NULL,NULL,NULL,NULL,NULL,NULL,NULL,NULL,NULL,NULL,NULL,NULL,NULL,NULL,NULL,NULL,NULL,NULL,NULL,NULL,NULL,NULL,NULL,NULL,NULL,NULL,NULL,NULL,NULL,NULL,NULL,NULL,NULL,NULL,NULL,NULL,NULL,NULL,NULL,NULL,NULL,NULL,NULL,NULL,NULL,NULL,NULL,NULL,NULL,NULL,NULL,NULL,NULL,NULL,NULL,NULL,NULL,NULL,NULL,NULL,NULL,NULL,NULL,NULL,NULL,NULL,NULL,NULL,NULL,NULL,NULL,NULL,NULL,NULL,NULL,NULL,NULL,NULL,NULL,NULL,NULL,NULL,NULL,NULL,NULL,NULL,NULL,NULL,NULL,NULL,NULL,NULL,NULL,NULL,NULL,NULL,NULL,NULL,NULL,NULL,NULL,NULL,NULL,NULL,NULL,NULL,NULL,NULL,NULL,NULL,NULL,NULL,NULL,NULL,NULL,NULL,NULL,NULL,NULL,NULL,NULL,NULL,NULL,NULL,NULL,NULL,NULL,NULL,NULL,NULL,NULL,NULL,NULL,NULL,NULL,NULL,NULL,NULL,NULL,NULL,NULL,NULL,NULL,NULL,NULL,NULL,NULL,NULL,NULL,NULL,NULL,NULL,NULL,NULL,NULL,NULL,NULL,NULL,NULL,NULL,NULL,NULL,NULL,NULL,NULL,NULL,NULL,NULL,NULL,NULL,NULL,NULL,NULL,NULL,NULL,NULL,NULL,NULL,NULL,NULL,NULL,NULL,NULL,NULL,NULL,NULL,NULL,NULL,NULL,NULL,NULL,NULL,NULL,NULL,NULL,NULL,NULL,NULL,NULL,NULL,NULL,NULL,NULL,NULL,NULL,NULL,NULL,NULL,NULL,NULL,NULL,NULL,NULL,NULL,NULL,NULL,NULL,NULL,NULL,NULL,NULL,NULL,NULL,NULL,NULL,NULL,NULL,NULL,NULL,NULL,NULL,NULL,NULL,NULL,NULL,NULL,NULL,NULL,NULL,NULL,NULL,NULL,NULL,NULL,NULL,NULL,NULL,NULL,NULL,NULL,NULL,NULL,NULL,NULL,NULL,NULL,NULL,NULL,NULL,NULL,NULL,NULL,NULL,NULL,NULL,NULL,NULL,NULL,NULL,NULL,NULL,NULL,NULL,NULL,NULL,NULL,NULL,NULL,NULL,NULL,NULL,NULL,NULL,NULL,NULL,NULL,NULL,NULL,NULL,NULL,NULL,NULL,NULL,NULL,NULL,NULL,NULL,NULL,NULL,NULL,NULL,NULL,NULL,NULL,NULL,NULL,NULL,NULL,NULL,NULL,NULL,NULL,NULL,NULL,NULL,NULL,NULL,NULL),(4,NULL,NULL,151,NULL,2,13,'入江省吾','０','男',NULL,'ベトナム','takemuyra','武村','123-452','千葉県稲毛','040-855-4777','333－0831','千葉aaaaaaaaaa','0146215','おおの','大野','代表取締役','2','1',1,'679548','2021-04-15','2025-04-15','ＴＮＡＫ','田中','123-458','千葉','058553','あおやま','青山','11244','岐阜県','takaka','孝雄','しゃちょう','３','１',1,'2025-04-16','2025-04-02',2,'NGUYEN VAN A','1111','千葉',NULL,1,NULL,1,NULL,'実施予定',NULL,NULL,NULL,1,1,'THUY','３',1,'aaaaa',NULL,NULL,1,'Thuy','11111','ABC',1,NULL,1,'NARITA',1,NULL,NULL,1,NULL,'1111','ACCVC',NULL,'HANOI',1,'未定',1,NULL,NULL,NULL,'1111','ABC',NULL,'インドネシア','045-789-4586',1,'ｓｄｇｈｈ',NULL,NULL,2,'TIEP','1111','CHIBA',1,NULL,NULL,NULL,2,NULL,'1111','ｇｈｊｈｊｋｊｋ',1,NULL,NULL,NULL,1,'TIEP','1111','AAAAA',1,NULL,NULL,NULL,'1111','ｄｆｊｈｊｊｋ',NULL,1,NULL,'3',NULL,NULL,1,'ｓｈｈｈ',NULL,NULL,2,'TIEP','１１１１','AAAAA',NULL,NULL,1,1,NULL,NULL,NULL,2,'TIEP','１１１１','AAAAA',1,NULL,1,'aaaaaaaaaaa',1,NULL,NULL,NULL,2,'TIEP','1111','AAAAA',NULL,NULL,1,'電話',1,NULL,1,'THAI','1111','あああ','あああ',1,NULL,NULL,NULL,'2','１１１１１','wwwwwwwwwwwwwwwwww',NULL,NULL,1,NULL,2,'１１１１１','áああああ','AAAAA','日本語','５','aaaaa','あああああ',1,'AAAAA',NULL,NULL,2,'THAI','11','AAAAA',1,'あああああああああああああ',NULL,NULL,2,'THAI','111111','千葉県',1,'あああああ',NULL,NULL,2,'THAI','111111','千葉県',NULL,1,2,'THAI','111111','千葉県',NULL,NULL,1,1,'AAAAA','111111','千葉県',NULL,1,2,'111111','千葉県','9','18','9','18','9','18','9','18','9','18','9','18','9','18',NULL,'18',1,NULL,'456',NULL,'@',NULL,NULL,1,NULL,'456',NULL,'@',NULL,'aa','INDO',NULL,'THAI',1,'aaaa',NULL,NULL,2,'Tie','1111','hanoi',1,NULL,1,'1111','hanoi',NULL,1,'aa',NULL,NULL,1,'Tiep','111','chi ba',1,'aa',NULL,NULL,NULL,'Tiep','111','chi ba',1,'aa',NULL,NULL,NULL,'Tiep','111','chi ba',1,'aaa',NULL,NULL,NULL,'TIEP','111','chi ba',1,'aaa',NULL,NULL,NULL,NULL,1,1,NULL,1,NULL,2);

--
-- Table structure for table `et_doc_support_plan_reference_2`
--

CREATE TABLE `et_doc_support_plan_reference_2` (
  `id_support_plan_reference` bigint DEFAULT NULL,
  `id` bigint NOT NULL AUTO_INCREMENT,
  `name84g` varchar(50) COLLATE utf8mb4_unicode_ci DEFAULT NULL,
  `code84g` varchar(50) COLLATE utf8mb4_unicode_ci DEFAULT NULL,
  `add84g` varchar(50) COLLATE utf8mb4_unicode_ci DEFAULT NULL,
  `ck84gorther` tinyint(1) DEFAULT NULL,
  `ck841gorther` tinyint(1) DEFAULT NULL,
  `y_n84o` tinyint(1) DEFAULT NULL,
  `name84o` varchar(50) COLLATE utf8mb4_unicode_ci DEFAULT NULL,
  `code84o` varchar(50) COLLATE utf8mb4_unicode_ci DEFAULT NULL,
  `add84o` varchar(50) COLLATE utf8mb4_unicode_ci DEFAULT NULL,
  `ck94ab` tinyint(1) DEFAULT NULL,
  `txt94ab` varchar(50) COLLATE utf8mb4_unicode_ci DEFAULT NULL,
  `ck941ab` tinyint(1) DEFAULT NULL,
  `txt941ab` varchar(50) COLLATE utf8mb4_unicode_ci DEFAULT NULL,
  `y_n94ab` tinyint(1) DEFAULT NULL,
  `name941ab` varchar(50) COLLATE utf8mb4_unicode_ci DEFAULT NULL,
  `address941ab` varchar(50) COLLATE utf8mb4_unicode_ci DEFAULT NULL,
  `face94` tinyint(1) DEFAULT NULL,
  `radio94` tinyint(1) DEFAULT NULL,
  `ck94cdo` tinyint(1) DEFAULT NULL,
  `ck941cdo` tinyint(1) DEFAULT NULL,
  `y_n94cdo` tinyint(1) DEFAULT NULL,
  `code94cdo` varchar(50) COLLATE utf8mb4_unicode_ci DEFAULT NULL,
  `add94cdo` varchar(50) COLLATE utf8mb4_unicode_ci DEFAULT NULL,
  `implementation94` varchar(50) COLLATE utf8mb4_unicode_ci DEFAULT NULL,
  `implementation941` varchar(50) COLLATE utf8mb4_unicode_ci DEFAULT NULL,
  `txt841f` varchar(100) COLLATE utf8mb4_unicode_ci DEFAULT NULL,
  `y_n84f` tinyint(1) DEFAULT NULL,
  `name742` varchar(200) COLLATE utf8mb4_unicode_ci DEFAULT NULL,
  `txt64e51` varchar(200) COLLATE utf8mb4_unicode_ci DEFAULT NULL,
  `ck94cd` tinyint(1) DEFAULT NULL,
  `ck941cd` tinyint(1) DEFAULT NULL,
  `txt941cd` varchar(200) COLLATE utf8mb4_unicode_ci DEFAULT NULL,
  `code941ab` varchar(100) COLLATE utf8mb4_unicode_ci DEFAULT NULL,
  `name84f` varchar(200) COLLATE utf8mb4_unicode_ci DEFAULT NULL,
  `code84f` varchar(200) COLLATE utf8mb4_unicode_ci DEFAULT NULL,
  `add84f` varchar(200) COLLATE utf8mb4_unicode_ci DEFAULT NULL,
  `name_specific` varchar(200) COLLATE utf8mb4_unicode_ci NOT NULL,
  `name_person_responsible` varchar(200) COLLATE utf8mb4_unicode_ci DEFAULT NULL,
  `document` varchar(200) COLLATE utf8mb4_unicode_ci DEFAULT NULL,
  `signature` varchar(200) COLLATE utf8mb4_unicode_ci DEFAULT NULL,
  `datesig` date DEFAULT NULL,
  `name941cdo` varchar(200) COLLATE utf8mb4_unicode_ci DEFAULT NULL,
  PRIMARY KEY (`id`)
) ENGINE=InnoDB AUTO_INCREMENT=5 DEFAULT CHARSET=utf8mb4 COLLATE=utf8mb4_unicode_ci;

--
-- Dumping data for table `et_doc_support_plan_reference_2`
--

INSERT INTO `et_doc_support_plan_reference_2` VALUES (2,2,NULL,'１１１１１',NULL,1,NULL,NULL,NULL,'１１１１１',NULL,1,NULL,NULL,NULL,1,NULL,NULL,1,NULL,1,NULL,1,'１１１１１','aaaaaa',NULL,NULL,NULL,NULL,NULL,NULL,NULL,NULL,NULL,NULL,NULL,NULL,NULL,'',NULL,NULL,NULL,NULL,NULL),(3,3,NULL,NULL,NULL,NULL,NULL,NULL,NULL,NULL,NULL,NULL,NULL,NULL,NULL,NULL,NULL,NULL,NULL,NULL,NULL,NULL,NULL,NULL,NULL,NULL,NULL,NULL,NULL,NULL,NULL,NULL,NULL,NULL,NULL,NULL,NULL,NULL,'',NULL,NULL,NULL,NULL,NULL),(4,4,'TIEP','111','chi ba',1,NULL,2,'TIEP','111','chi ba',1,'22222',NULL,NULL,2,'thuyyy','AAAAA',1,NULL,1,NULL,2,'1111','AAAAAA','INDONESIA','ああああああ',NULL,1,NULL,'THUy CHIBA',NULL,1,'AAAAAAAAAA','1111','TIEP','111','uuuuuuuuuuuuuuuu','BBBBBBBBBBBBBB','CCCCCCCCCCCCCCC','DDDDDDDĐ','田中','2025-04-16','thuyyy');

--
-- Table structure for table `et_doc_teaching_techniques`
--

CREATE TABLE `et_doc_teaching_techniques` (
  `id` int NOT NULL AUTO_INCREMENT,
  `staff_cv_id` int NOT NULL,
  `job_content` varchar(255) CHARACTER SET utf8mb4 COLLATE utf8mb4_unicode_ci DEFAULT NULL,
  `year_experience` int DEFAULT NULL,
  `fulltime` tinyint(1) DEFAULT NULL,
  PRIMARY KEY (`id`)
) ENGINE=InnoDB AUTO_INCREMENT=4 DEFAULT CHARSET=utf8mb4 COLLATE=utf8mb4_unicode_ci;

--
-- Dumping data for table `et_doc_teaching_techniques`
--

INSERT INTO `et_doc_teaching_techniques` VALUES (1,1,'job_content 2',3,0),(2,2,'job_content',3,1),(3,3,'job_content',2,0);

--
-- Table structure for table `et_doc_terms_of_employment`
--

CREATE TABLE `et_doc_terms_of_employment` (
  `id` bigint NOT NULL AUTO_INCREMENT,
  `customer_id` bigint DEFAULT NULL,
  `created_by_id` bigint DEFAULT NULL,
  `created_at` timestamp NOT NULL DEFAULT CURRENT_TIMESTAMP,
  `updated_by_id` bigint DEFAULT NULL,
  `updated_at` timestamp NOT NULL DEFAULT CURRENT_TIMESTAMP,
  `company_id` bigint DEFAULT NULL,
  `year` varchar(10) COLLATE utf8mb4_general_ci DEFAULT NULL,
  `month` varchar(10) COLLATE utf8mb4_general_ci DEFAULT NULL,
  `day` varchar(10) COLLATE utf8mb4_general_ci DEFAULT NULL,
  `recipient_name` varchar(200) COLLATE utf8mb4_general_ci DEFAULT NULL,
  `organization_name` varchar(200) COLLATE utf8mb4_general_ci DEFAULT NULL,
  `address` varchar(200) COLLATE utf8mb4_general_ci DEFAULT NULL,
  `phone` varchar(20) COLLATE utf8mb4_general_ci DEFAULT NULL,
  `representative_name` varchar(200) COLLATE utf8mb4_general_ci DEFAULT NULL,
  `contract_start_year` varchar(5) COLLATE utf8mb4_general_ci DEFAULT NULL,
  `contract_start_month` varchar(5) COLLATE utf8mb4_general_ci DEFAULT NULL,
  `contract_start_day` varchar(5) COLLATE utf8mb4_general_ci DEFAULT NULL,
  `contract_end_year` varchar(5) COLLATE utf8mb4_general_ci DEFAULT NULL,
  `contract_end_month` varchar(5) COLLATE utf8mb4_general_ci DEFAULT NULL,
  `contract_end_day` varchar(5) COLLATE utf8mb4_general_ci DEFAULT NULL,
  `entry_year` varchar(5) COLLATE utf8mb4_general_ci DEFAULT NULL,
  `entry_month` varchar(5) COLLATE utf8mb4_general_ci DEFAULT NULL,
  `entry_day` varchar(5) COLLATE utf8mb4_general_ci NOT NULL,
  `update_auto` tinyint(1) DEFAULT NULL,
  `update_possible` tinyint(1) DEFAULT NULL,
  `no_update` tinyint(1) DEFAULT NULL,
  `workload_criteria` tinyint(1) DEFAULT NULL,
  `performance_criteria` tinyint(1) DEFAULT NULL,
  `ability_criteria` tinyint(1) DEFAULT NULL,
  `company_status` tinyint(1) DEFAULT NULL,
  `work_progress` tinyint(1) DEFAULT NULL,
  `other_criteria` tinyint(1) DEFAULT NULL,
  `permanent_contract_year` varchar(5) COLLATE utf8mb4_general_ci DEFAULT NULL,
  `permanent_contract_month` varchar(5) COLLATE utf8mb4_general_ci DEFAULT NULL,
  `permanent_contract_day` varchar(5) COLLATE utf8mb4_general_ci DEFAULT NULL,
  `direct_employment` tinyint(1) DEFAULT NULL,
  `direct_office_name` varchar(200) COLLATE utf8mb4_general_ci DEFAULT NULL,
  `direct_office_address` varchar(200) COLLATE utf8mb4_general_ci DEFAULT NULL,
  `direct_office_contact` varchar(200) COLLATE utf8mb4_general_ci DEFAULT NULL,
  `dispatch_employment` tinyint(1) DEFAULT NULL,
  `no_change_possible` tinyint(1) DEFAULT NULL,
  `change_possible` tinyint(1) DEFAULT NULL,
  `dispatch_office_name` varchar(200) COLLATE utf8mb4_general_ci DEFAULT NULL,
  `dispatch_office_address` varchar(200) COLLATE utf8mb4_general_ci DEFAULT NULL,
  `dispatch_office_contact` varchar(200) COLLATE utf8mb4_general_ci DEFAULT NULL,
  `field` varchar(100) COLLATE utf8mb4_general_ci DEFAULT NULL,
  `work_category` varchar(100) COLLATE utf8mb4_general_ci DEFAULT NULL,
  `no_change_possibility` tinyint(1) DEFAULT NULL,
  `change_field` varchar(100) COLLATE utf8mb4_general_ci DEFAULT NULL,
  `change_work_category` varchar(100) COLLATE utf8mb4_general_ci DEFAULT NULL,
  `start_hour` varchar(10) COLLATE utf8mb4_general_ci DEFAULT NULL,
  `start_minute` varchar(10) COLLATE utf8mb4_general_ci DEFAULT NULL,
  `end_hour` varchar(10) COLLATE utf8mb4_general_ci DEFAULT NULL,
  `end_minute` varchar(10) COLLATE utf8mb4_general_ci DEFAULT NULL,
  `working_hours` varchar(10) COLLATE utf8mb4_general_ci DEFAULT NULL,
  `working_minutes` varchar(10) COLLATE utf8mb4_general_ci DEFAULT NULL,
  `irregular_work_hours` tinyint(1) DEFAULT NULL,
  `unit_work_hours` tinyint(1) DEFAULT NULL,
  `shift_work` tinyint(1) DEFAULT NULL,
  `shift_start_hour` varchar(10) COLLATE utf8mb4_general_ci DEFAULT NULL,
  `shift_start_minute` varchar(10) COLLATE utf8mb4_general_ci DEFAULT NULL,
  `shift_end_hour` varchar(10) COLLATE utf8mb4_general_ci DEFAULT NULL,
  `shift_end_minute` varchar(10) COLLATE utf8mb4_general_ci DEFAULT NULL,
  `shift_apply_date` varchar(10) COLLATE utf8mb4_general_ci DEFAULT NULL,
  `shift_working_hours` varchar(10) COLLATE utf8mb4_general_ci DEFAULT NULL,
  `shift_working_minutes` varchar(10) COLLATE utf8mb4_general_ci DEFAULT NULL,
  `shift2_start_hour` varchar(10) COLLATE utf8mb4_general_ci DEFAULT NULL,
  `shift2_start_minute` varchar(10) COLLATE utf8mb4_general_ci DEFAULT NULL,
  `shift2_end_hour` varchar(10) COLLATE utf8mb4_general_ci DEFAULT NULL,
  `shift2_end_minute` varchar(10) COLLATE utf8mb4_general_ci DEFAULT NULL,
  `shift2_apply_date` varchar(10) COLLATE utf8mb4_general_ci DEFAULT NULL,
  `shift2_working_hours` varchar(10) COLLATE utf8mb4_general_ci DEFAULT NULL,
  `shift2_working_minutes` varchar(10) COLLATE utf8mb4_general_ci DEFAULT NULL,
  `shift3_start_hour` varchar(10) COLLATE utf8mb4_general_ci DEFAULT NULL,
  `shift3_start_minute` varchar(10) COLLATE utf8mb4_general_ci DEFAULT NULL,
  `shift3_end_hour` varchar(10) COLLATE utf8mb4_general_ci DEFAULT NULL,
  `shift3_end_minute` varchar(10) COLLATE utf8mb4_general_ci DEFAULT NULL,
  `shift3_apply_date` varchar(10) COLLATE utf8mb4_general_ci DEFAULT NULL,
  `shift3_working_hours` varchar(10) COLLATE utf8mb4_general_ci DEFAULT NULL,
  `shift3_working_minutes` varchar(10) COLLATE utf8mb4_general_ci DEFAULT NULL,
  `break_time` varchar(10) COLLATE utf8mb4_general_ci DEFAULT NULL,
  `break_hours` varchar(10) COLLATE utf8mb4_general_ci DEFAULT NULL,
  `break_minutes` varchar(10) COLLATE utf8mb4_general_ci DEFAULT NULL,
  `working_days` varchar(10) COLLATE utf8mb4_general_ci DEFAULT NULL,
  `working_days_per_week` varchar(10) COLLATE utf8mb4_general_ci DEFAULT NULL,
  `working_days_per_year` varchar(10) COLLATE utf8mb4_general_ci DEFAULT NULL,
  `prescribed_working_days` varchar(10) COLLATE utf8mb4_general_ci DEFAULT NULL,
  `prescribed_working_days_have_none` tinyint(1) DEFAULT NULL,
  `overtime_work_available_have_none` tinyint(1) DEFAULT NULL,
  `regular_holiday_day` varchar(10) COLLATE utf8mb4_general_ci DEFAULT NULL,
  `regular_holiday_other` varchar(10) COLLATE utf8mb4_general_ci DEFAULT NULL,
  `total_holidays` varchar(10) COLLATE utf8mb4_general_ci DEFAULT NULL,
  `irregular_holiday_count` varchar(10) COLLATE utf8mb4_general_ci DEFAULT NULL,
  `irregular_holiday_other` varchar(10) COLLATE utf8mb4_general_ci DEFAULT NULL,
  `rules_article_start1` varchar(10) COLLATE utf8mb4_general_ci DEFAULT NULL,
  `paid_leave_days` varchar(10) COLLATE utf8mb4_general_ci DEFAULT NULL,
  `have_paid_leave` tinyint(1) DEFAULT NULL,
  `no_paid_leave` tinyint(1) DEFAULT NULL,
  `months_before_leave` varchar(10) COLLATE utf8mb4_general_ci DEFAULT NULL,
  `days_of_leave` varchar(10) COLLATE utf8mb4_general_ci DEFAULT NULL,
  `paid_other_leave` tinyint(1) DEFAULT NULL,
  `unpaid_other_leave` tinyint(1) DEFAULT NULL,
  `rule_start_1` varchar(10) COLLATE utf8mb4_general_ci DEFAULT NULL,
  `monthly_salary` tinyint(1) DEFAULT NULL,
  `daily_salary` tinyint(1) DEFAULT NULL,
  `hourly_salary` tinyint(1) DEFAULT NULL,
  `allowance_1` varchar(20) COLLATE utf8mb4_general_ci DEFAULT NULL,
  `allowance_2` varchar(20) COLLATE utf8mb4_general_ci DEFAULT NULL,
  `allowance_3` varchar(20) COLLATE utf8mb4_general_ci DEFAULT NULL,
  `overtime_rate_within_60` varchar(20) COLLATE utf8mb4_general_ci DEFAULT NULL,
  `overtime_rate_over_60` varchar(20) COLLATE utf8mb4_general_ci DEFAULT NULL,
  `prescribed_overtime_rate` varchar(20) COLLATE utf8mb4_general_ci DEFAULT NULL,
  `statutory_holiday_rate` varchar(20) COLLATE utf8mb4_general_ci DEFAULT NULL,
  `non_statutory_holiday_rate` varchar(20) COLLATE utf8mb4_general_ci DEFAULT NULL,
  `night_shift_rate` varchar(20) COLLATE utf8mb4_general_ci DEFAULT NULL,
  `salary_closing_day` varchar(20) COLLATE utf8mb4_general_ci DEFAULT NULL,
  `salary_payment_day` varchar(20) COLLATE utf8mb4_general_ci DEFAULT NULL,
  `bank_transfer` varchar(20) COLLATE utf8mb4_general_ci DEFAULT NULL,
  `cash_payment` varchar(20) COLLATE utf8mb4_general_ci DEFAULT NULL,
  `no_deduction` varchar(20) COLLATE utf8mb4_general_ci DEFAULT NULL,
  `has_deduction` varchar(20) COLLATE utf8mb4_general_ci DEFAULT NULL,
  `has_bonus` tinyint(1) DEFAULT NULL,
  `bonus_detail` varchar(20) COLLATE utf8mb4_general_ci DEFAULT NULL,
  `no_bonus` tinyint(1) DEFAULT NULL,
  `has_raise` tinyint(1) DEFAULT NULL,
  `raise_detail` varchar(20) COLLATE utf8mb4_general_ci DEFAULT NULL,
  `no_raise` tinyint(1) DEFAULT NULL,
  `has_retirement` tinyint(1) DEFAULT NULL,
  `retirement_detail` varchar(20) COLLATE utf8mb4_general_ci DEFAULT NULL,
  `no_retirement` tinyint(1) DEFAULT NULL,
  `has_leave_allowance` tinyint(1) DEFAULT NULL,
  `leave_allowance_rate` varchar(20) COLLATE utf8mb4_general_ci DEFAULT NULL,
  `no_leave_allowance` tinyint(1) DEFAULT NULL,
  `welfare_pension` tinyint(1) DEFAULT NULL,
  `health_insurance` tinyint(1) DEFAULT NULL,
  `employment_insurance` tinyint(1) DEFAULT NULL,
  `workers_compensation` tinyint(1) DEFAULT NULL,
  `national_pension` tinyint(1) DEFAULT NULL,
  `national_health` tinyint(1) DEFAULT NULL,
  `other_insurance` tinyint(1) DEFAULT NULL,
  `initial_checkup_year` varchar(10) COLLATE utf8mb4_general_ci DEFAULT NULL,
  `initial_checkup_month` varchar(10) COLLATE utf8mb4_general_ci DEFAULT NULL,
  `first_checkup_year` varchar(10) COLLATE utf8mb4_general_ci DEFAULT NULL,
  `first_checkup_month` varchar(10) COLLATE utf8mb4_general_ci DEFAULT NULL,
  `checkup_interval` varchar(10) COLLATE utf8mb4_general_ci DEFAULT NULL,
  `department_name` varchar(200) COLLATE utf8mb4_general_ci DEFAULT NULL,
  `manager_name` varchar(100) COLLATE utf8mb4_general_ci DEFAULT NULL,
  `contact_info` varchar(100) COLLATE utf8mb4_general_ci DEFAULT NULL,
  `recipient_signature` varchar(100) COLLATE utf8mb4_general_ci DEFAULT NULL,
  `rules_location` varchar(50) COLLATE utf8mb4_general_ci DEFAULT NULL,
  `monthly_salary1` tinyint(1) DEFAULT NULL,
  `daily_salary1` tinyint(1) DEFAULT NULL,
  `hourly_salary1` tinyint(1) DEFAULT NULL,
  `hourly_rate` varchar(10) COLLATE utf8mb4_general_ci DEFAULT NULL,
  `monthly_rate` varchar(10) COLLATE utf8mb4_general_ci DEFAULT NULL,
  `allowance_a_name` varchar(10) COLLATE utf8mb4_general_ci DEFAULT NULL,
  `allowance_b_name` varchar(10) COLLATE utf8mb4_general_ci DEFAULT NULL,
  `allowance_c_name` varchar(10) COLLATE utf8mb4_general_ci DEFAULT NULL,
  `allowance_d_name` varchar(10) COLLATE utf8mb4_general_ci DEFAULT NULL,
  `fixed_overtime_name` varchar(10) COLLATE utf8mb4_general_ci DEFAULT NULL,
  `overtime_hours` varchar(10) COLLATE utf8mb4_general_ci DEFAULT NULL,
  `total_payment` varchar(10) COLLATE utf8mb4_general_ci DEFAULT NULL,
  `tax_amount` varchar(10) COLLATE utf8mb4_general_ci DEFAULT NULL,
  `social_insurance` varchar(10) COLLATE utf8mb4_general_ci DEFAULT NULL,
  `employment_insurance1` varchar(10) COLLATE utf8mb4_general_ci DEFAULT NULL,
  `food_expense` varchar(10) COLLATE utf8mb4_general_ci DEFAULT NULL,
  `housing_expense` varchar(10) COLLATE utf8mb4_general_ci DEFAULT NULL,
  `utility_expense` varchar(10) COLLATE utf8mb4_general_ci DEFAULT NULL,
  `other_deduction_1_name` varchar(20) COLLATE utf8mb4_general_ci DEFAULT NULL,
  `other_deduction_2_name` varchar(20) COLLATE utf8mb4_general_ci DEFAULT NULL,
  `other_deduction_3_name` varchar(20) COLLATE utf8mb4_general_ci DEFAULT NULL,
  `other_deduction_4_name` varchar(20) COLLATE utf8mb4_general_ci DEFAULT NULL,
  `other_deduction_1_amount` varchar(20) COLLATE utf8mb4_general_ci DEFAULT NULL,
  `other_deduction_2_amount` varchar(20) COLLATE utf8mb4_general_ci DEFAULT NULL,
  `other_deduction_3_amount` varchar(20) COLLATE utf8mb4_general_ci DEFAULT NULL,
  `other_deduction_4_amount` varchar(20) COLLATE utf8mb4_general_ci DEFAULT NULL,
  `total_deduction` varchar(20) COLLATE utf8mb4_general_ci DEFAULT NULL,
  `net_payment` varchar(20) COLLATE utf8mb4_general_ci DEFAULT NULL,
  `permanent_year` varchar(5) COLLATE utf8mb4_general_ci DEFAULT NULL,
  `permanent_month` varchar(5) COLLATE utf8mb4_general_ci DEFAULT NULL,
  `permanent_day` varchar(5) COLLATE utf8mb4_general_ci DEFAULT NULL,
  `permanent_recipient_name` varchar(10) COLLATE utf8mb4_general_ci DEFAULT NULL,
  `permanent_direct_employment` tinyint(1) DEFAULT NULL,
  `permanent_dispatch_employment` tinyint(1) DEFAULT NULL,
  `permanent_no_change` tinyint(1) DEFAULT NULL,
  `permanent_change_possible` tinyint(1) DEFAULT NULL,
  `field1` varchar(30) COLLATE utf8mb4_general_ci DEFAULT NULL,
  `work_category1` varchar(20) COLLATE utf8mb4_general_ci DEFAULT NULL,
  `no_change_possibility1` tinyint(1) DEFAULT NULL,
  `change_field1` varchar(20) COLLATE utf8mb4_general_ci DEFAULT NULL,
  `change_work_category1` varchar(10) COLLATE utf8mb4_general_ci DEFAULT NULL,
  `start_hour1` varchar(10) COLLATE utf8mb4_general_ci DEFAULT NULL,
  `start_minute1` varchar(10) COLLATE utf8mb4_general_ci DEFAULT NULL,
  `end_hour1` varchar(10) COLLATE utf8mb4_general_ci DEFAULT NULL,
  `end_minute1` varchar(10) COLLATE utf8mb4_general_ci DEFAULT NULL,
  `working_hours1` varchar(10) COLLATE utf8mb4_general_ci DEFAULT NULL,
  `working_minutes1` varchar(10) COLLATE utf8mb4_general_ci DEFAULT NULL,
  `irregular_work_hours1` tinyint(1) DEFAULT NULL,
  `unit_work_hours1` tinyint(1) DEFAULT NULL,
  `shift_work1` tinyint(1) DEFAULT NULL,
  `shift1_start_hour` varchar(20) COLLATE utf8mb4_general_ci DEFAULT NULL,
  `shift1_start_minute` varchar(20) COLLATE utf8mb4_general_ci DEFAULT NULL,
  `shift1_end_hour` varchar(20) COLLATE utf8mb4_general_ci DEFAULT NULL,
  `shift1_end_minute` varchar(20) COLLATE utf8mb4_general_ci DEFAULT NULL,
  `shift1_apply_date` varchar(20) COLLATE utf8mb4_general_ci DEFAULT NULL,
  `shift1_hours` varchar(20) COLLATE utf8mb4_general_ci DEFAULT NULL,
  `shift1_minutes` varchar(20) COLLATE utf8mb4_general_ci DEFAULT NULL,
  `shift2_start_hour1` varchar(20) COLLATE utf8mb4_general_ci DEFAULT NULL,
  `shift2_start_minute1` varchar(20) COLLATE utf8mb4_general_ci DEFAULT NULL,
  `shift2_end_hour1` varchar(20) COLLATE utf8mb4_general_ci DEFAULT NULL,
  `shift2_end_minute1` varchar(20) COLLATE utf8mb4_general_ci DEFAULT NULL,
  `shift2_apply_date1` varchar(20) COLLATE utf8mb4_general_ci DEFAULT NULL,
  `shift2_hours1` varchar(20) COLLATE utf8mb4_general_ci DEFAULT NULL,
  `shift3_start_hour1` varchar(20) COLLATE utf8mb4_general_ci DEFAULT NULL,
  `shift3_start_minute1` varchar(20) COLLATE utf8mb4_general_ci DEFAULT NULL,
  `shift3_end_hour1` varchar(20) COLLATE utf8mb4_general_ci DEFAULT NULL,
  `shift3_end_minute1` varchar(20) COLLATE utf8mb4_general_ci DEFAULT NULL,
  `shift3_apply_date1` varchar(20) COLLATE utf8mb4_general_ci DEFAULT NULL,
  `shift3_hours1` varchar(20) COLLATE utf8mb4_general_ci DEFAULT NULL,
  `shift3_minutes1` varchar(20) COLLATE utf8mb4_general_ci DEFAULT NULL,
  `break_time1` varchar(20) COLLATE utf8mb4_general_ci DEFAULT NULL,
  `break_hours1` varchar(20) COLLATE utf8mb4_general_ci DEFAULT NULL,
  `break_minutes1` varchar(20) COLLATE utf8mb4_general_ci DEFAULT NULL,
  `working_days1` varchar(20) COLLATE utf8mb4_general_ci DEFAULT NULL,
  `working_days_per_week1` varchar(20) COLLATE utf8mb4_general_ci DEFAULT NULL,
  `working_days_per_year1` varchar(20) COLLATE utf8mb4_general_ci DEFAULT NULL,
  `prescribed_working_days1` tinyint(1) DEFAULT NULL,
  `prescribed_working_days_yes_no` tinyint(1) DEFAULT NULL,
  `overtime_work_yes_no` tinyint(1) DEFAULT NULL,
  `regular_holiday_day1` varchar(20) COLLATE utf8mb4_general_ci DEFAULT NULL,
  `regular_holiday_other1` varchar(20) COLLATE utf8mb4_general_ci DEFAULT NULL,
  `irregular_holiday_count1` varchar(20) COLLATE utf8mb4_general_ci DEFAULT NULL,
  `irregular_holiday_other1` varchar(20) COLLATE utf8mb4_general_ci DEFAULT NULL,
  PRIMARY KEY (`id`)
) ENGINE=InnoDB DEFAULT CHARSET=utf8mb4 COLLATE=utf8mb4_general_ci;

--
-- Dumping data for table `et_doc_terms_of_employment`
--


--
-- Table structure for table `et_doc_tokutei_job_form`
--

CREATE TABLE `et_doc_tokutei_job_form` (
  `id` bigint NOT NULL AUTO_INCREMENT,
  `company_id` bigint DEFAULT NULL,
  `customer_id` bigint DEFAULT NULL,
  `created_by_id` bigint DEFAULT NULL,
  `created_at` timestamp NOT NULL DEFAULT CURRENT_TIMESTAMP,
  `updated_by_id` bigint DEFAULT NULL,
  `updated_at` timestamp NOT NULL DEFAULT CURRENT_TIMESTAMP,
  `updated_count` bigint DEFAULT NULL,
  `no` varchar(100) DEFAULT NULL,
  `sd_orgz_name` varchar(200) DEFAULT NULL,
  `sch_interview_date` varchar(200) DEFAULT NULL,
  `reg_sp_org_name` varchar(200) DEFAULT NULL,
  `expected_start_date` varchar(200) DEFAULT NULL,
  `job_application` varchar(200) DEFAULT NULL,
  `per` tinyint(1) DEFAULT NULL,
  `zoom` tinyint(1) DEFAULT NULL,
  `doc` tinyint(1) DEFAULT NULL,
  `company_name` varchar(200) DEFAULT NULL,
  `representative` varchar(200) DEFAULT NULL,
  `company_name1` varchar(200) DEFAULT NULL,
  `representative1` varchar(200) DEFAULT NULL,
  `location` varchar(200) DEFAULT NULL,
  `tel` varchar(50) DEFAULT NULL,
  `fax` varchar(50) DEFAULT NULL,
  `main_business_activities` varchar(200) DEFAULT NULL,
  `accepted_job_types` varchar(200) DEFAULT NULL,
  `place_of_employment` varchar(200) DEFAULT NULL,
  `main_work_contents` varchar(200) DEFAULT NULL,
  `number` varchar(100) DEFAULT NULL,
  `number1` varchar(100) DEFAULT NULL,
  `contract_period` varchar(200) DEFAULT NULL,
  `required_qualifications` varchar(200) DEFAULT NULL,
  `other_hopes` varchar(200) DEFAULT NULL,
  `salary` varchar(100) DEFAULT NULL,
  `hourly_wage` varchar(100) DEFAULT NULL,
  `tax12` varchar(100) DEFAULT NULL,
  `social_insurance` varchar(100) DEFAULT NULL,
  `housing_fees` varchar(100) DEFAULT NULL,
  `cost` varchar(100) DEFAULT NULL,
  `important_notes` varchar(100) DEFAULT NULL,
  `on_site` varchar(100) DEFAULT NULL,
  `others` varchar(200) DEFAULT NULL,
  `net_amount` varchar(100) DEFAULT NULL,
  `bonus` varchar(100) DEFAULT NULL,
  `salary_increase` varchar(100) DEFAULT NULL,
  `time_f` varchar(50) DEFAULT NULL,
  `time_t` varchar(50) DEFAULT NULL,
  `rest_time` varchar(50) DEFAULT NULL,
  `avrg_overtime_h` varchar(50) DEFAULT NULL,
  `number_holidays_per_year` varchar(50) DEFAULT NULL,
  `annual_working` varchar(50) DEFAULT NULL,
  `time_wk` varchar(50) DEFAULT NULL,
  `others_wk` varchar(100) DEFAULT NULL,
  `important_notes1` varchar(100) DEFAULT NULL,
  `job_title` varchar(100) DEFAULT NULL,
  `phone` varchar(50) DEFAULT NULL,
  `full_name` varchar(200) DEFAULT NULL,
  `address` varchar(255) CHARACTER SET utf8mb4 COLLATE utf8mb4_0900_ai_ci DEFAULT NULL,
  `company_address` varchar(200) DEFAULT NULL,
  PRIMARY KEY (`id`)
) ENGINE=InnoDB AUTO_INCREMENT=2 DEFAULT CHARSET=utf8mb4 COLLATE=utf8mb4_0900_ai_ci;

--
-- Dumping data for table `et_doc_tokutei_job_form`
--

INSERT INTO `et_doc_tokutei_job_form` VALUES (1,1,NULL,NULL,'2025-04-22 08:43:07',1,'2025-05-01 08:46:56',21,'123456789-1','LABCO','20230303','株式会社AlphaCep','ádasd','2023年10月10日',1,1,1,NULL,'ぐえん　ヴぁん　あ','株式会社ABC','NGUYEN VAN A','千葉県鎌ケ谷市１－１８－２２スカラビル３F','0474-022-022','03-2222-3333','建設','建設','千葉県鎌ケ谷市１－１８－２２スカラビル３F','建設１２３４５','3','4','期間なし','N4以上','dsmsp','100000','2000','30000','5000','7000','9000','12000','14000','16000','18000','20000','21000','22','14','12:00 ~ 13:00','8','3','100','月',NULL,'あいうえお、かきくけこ','事務','07084848455','NGUYEN THI　THANH XUAN','Sakigaoka 2-24-22',NULL);

--
-- Table structure for table `et_doc_trainee_consultation`
--

CREATE TABLE `et_doc_trainee_consultation` (
  `id` int NOT NULL AUTO_INCREMENT,
  `created_at` timestamp NULL DEFAULT NULL,
  `created_by_id` bigint DEFAULT NULL,
  `updated_at` int DEFAULT NULL,
  `updated_by_id` bigint DEFAULT NULL,
  `company_id` bigint DEFAULT NULL,
  `updated_count` int NOT NULL DEFAULT '0',
  PRIMARY KEY (`id`)
) ENGINE=InnoDB AUTO_INCREMENT=2 DEFAULT CHARSET=utf8mb4 COLLATE=utf8mb4_unicode_ci;

--
-- Dumping data for table `et_doc_trainee_consultation`
--

INSERT INTO `et_doc_trainee_consultation` VALUES (1,NULL,NULL,NULL,1,1,4);

--
-- Table structure for table `et_doc_trainee_consultation_detail`
--

CREATE TABLE `et_doc_trainee_consultation_detail` (
  `id` int NOT NULL AUTO_INCREMENT,
  `trainee_consultation_id` int DEFAULT NULL,
  `date` date DEFAULT NULL,
  `trainee_name` varchar(255) CHARACTER SET utf8mb4 COLLATE utf8mb4_unicode_ci DEFAULT NULL,
  `staff_name` varchar(255) CHARACTER SET utf8mb4 COLLATE utf8mb4_unicode_ci DEFAULT NULL,
  `content` varchar(255) CHARACTER SET utf8mb4 COLLATE utf8mb4_unicode_ci DEFAULT NULL,
  `method_content` varchar(255) CHARACTER SET utf8mb4 COLLATE utf8mb4_unicode_ci DEFAULT NULL,
  `method_date` date DEFAULT NULL,
  `method_staff_name` varchar(255) CHARACTER SET utf8mb4 COLLATE utf8mb4_unicode_ci DEFAULT NULL,
  `leader_name` varchar(255) CHARACTER SET utf8mb4 COLLATE utf8mb4_unicode_ci DEFAULT NULL,
  PRIMARY KEY (`id`)
) ENGINE=InnoDB AUTO_INCREMENT=7 DEFAULT CHARSET=utf8mb4 COLLATE=utf8mb4_unicode_ci;

--
-- Dumping data for table `et_doc_trainee_consultation_detail`
--

INSERT INTO `et_doc_trainee_consultation_detail` VALUES (1,1,'2024-07-10','Nguyen A','STAFF NAME','CONTENT','METHOD CONTENT','2024-07-17','METHOD STAFF NAME','LEADER NAME'),(2,1,'2024-07-20','Nguyen B','STAFF NAME2','CONTENT2','METHOD CONTENT2','2024-07-19','METHOD TAFF NAME2','LEADER NAME2'),(3,1,NULL,'c',NULL,'',NULL,NULL,NULL,NULL),(4,1,NULL,'d',NULL,'',NULL,NULL,NULL,NULL),(5,1,NULL,'e',NULL,'',NULL,NULL,NULL,NULL),(6,1,NULL,'f',NULL,'',NULL,NULL,NULL,NULL);

--
-- Table structure for table `et_doc_trainee_declaration`
--

CREATE TABLE `et_doc_trainee_declaration` (
  `id` bigint unsigned NOT NULL AUTO_INCREMENT,
  `national` varchar(255) CHARACTER SET utf8mb4 COLLATE utf8mb4_unicode_ci DEFAULT NULL,
  `jobtype` varchar(255) CHARACTER SET utf8mb4 COLLATE utf8mb4_unicode_ci DEFAULT NULL,
  `date` date DEFAULT NULL,
  `note` text CHARACTER SET utf8mb4 COLLATE utf8mb4_unicode_ci,
  `sign_name` varchar(255) CHARACTER SET utf8mb4 COLLATE utf8mb4_unicode_ci DEFAULT NULL,
  `created_at` timestamp NULL DEFAULT NULL,
  `created_by_id` bigint DEFAULT NULL,
  `updated_by_id` bigint DEFAULT NULL,
  `updated_at` timestamp NULL DEFAULT NULL,
  `company_id` bigint NOT NULL,
  `updated_count` int NOT NULL DEFAULT '0',
  PRIMARY KEY (`id`)
) ENGINE=InnoDB AUTO_INCREMENT=3 DEFAULT CHARSET=utf8mb4 COLLATE=utf8mb4_unicode_ci;

--
-- Dumping data for table `et_doc_trainee_declaration`
--

INSERT INTO `et_doc_trainee_declaration` VALUES (1,'national','jobtype','2024-06-21','note note','NGUYEN DUC TAP',NULL,NULL,1,NULL,1,12),(2,NULL,NULL,NULL,NULL,NULL,NULL,NULL,1,NULL,1,3);

--
-- Table structure for table `et_doc_trainee_list`
--

CREATE TABLE `et_doc_trainee_list` (
  `id` int NOT NULL AUTO_INCREMENT,
  `sign_name` varchar(255) CHARACTER SET utf8mb4 COLLATE utf8mb4_unicode_ci DEFAULT NULL,
  `sign_date` date DEFAULT NULL,
  `sign_name_leader` varchar(255) CHARACTER SET utf8mb4 COLLATE utf8mb4_unicode_ci DEFAULT NULL,
  `created_at` timestamp NULL DEFAULT NULL,
  `created_by_id` bigint DEFAULT NULL,
  `updated_at` int DEFAULT NULL,
  `updated_by_id` bigint DEFAULT NULL,
  `company_id` bigint DEFAULT NULL,
  `updated_count` int NOT NULL DEFAULT '0',
  PRIMARY KEY (`id`)
) ENGINE=InnoDB AUTO_INCREMENT=124 DEFAULT CHARSET=utf8mb4 COLLATE=utf8mb4_unicode_ci;

--
-- Dumping data for table `et_doc_trainee_list`
--

INSERT INTO `et_doc_trainee_list` VALUES (123,'sign_name','2024-08-24','12345678',NULL,NULL,NULL,1,1,3);

--
-- Table structure for table `et_doc_trainee_list_name`
--

CREATE TABLE `et_doc_trainee_list_name` (
  `id` bigint NOT NULL AUTO_INCREMENT,
  `doc_trainee_list_id` bigint NOT NULL,
  `name` varchar(255) CHARACTER SET utf8mb4 COLLATE utf8mb4_unicode_ci DEFAULT NULL,
  `type` varchar(255) CHARACTER SET utf8mb4 COLLATE utf8mb4_unicode_ci DEFAULT NULL,
  `date_from` date DEFAULT NULL,
  `date_to` date DEFAULT NULL,
  `note` varchar(255) CHARACTER SET utf8mb4 COLLATE utf8mb4_unicode_ci DEFAULT NULL,
  PRIMARY KEY (`id`)
) ENGINE=InnoDB AUTO_INCREMENT=3 DEFAULT CHARSET=utf8mb4 COLLATE=utf8mb4_unicode_ci;

--
-- Dumping data for table `et_doc_trainee_list_name`
--

INSERT INTO `et_doc_trainee_list_name` VALUES (2,123,'test','1','2024-08-20','2024-08-14','8');

--
-- Table structure for table `et_doc_trainee_pledge`
--

CREATE TABLE `et_doc_trainee_pledge` (
  `id` bigint unsigned NOT NULL AUTO_INCREMENT,
  `customer_name` varchar(255) CHARACTER SET utf8mb4 COLLATE utf8mb4_unicode_ci DEFAULT NULL,
  `staff_name` varchar(255) CHARACTER SET utf8mb4 COLLATE utf8mb4_unicode_ci DEFAULT NULL,
  `date` date DEFAULT NULL,
  `number_1` int DEFAULT NULL,
  `number_2` int DEFAULT NULL,
  `number_3` int DEFAULT NULL,
  `number_4` int DEFAULT NULL,
  `number_5` int DEFAULT NULL,
  `number_6` int DEFAULT NULL,
  `number_7` int DEFAULT NULL,
  `number_8` int DEFAULT NULL,
  `number_9` int DEFAULT NULL,
  `number_10` int DEFAULT NULL,
  `number_11` int DEFAULT NULL,
  `number_12` int DEFAULT NULL,
  `number_13` int DEFAULT NULL,
  `number_14` int DEFAULT NULL,
  `number_15` int DEFAULT NULL,
  `number_16` int DEFAULT NULL,
  `note` text CHARACTER SET utf8mb4 COLLATE utf8mb4_unicode_ci,
  `created_at` timestamp NULL DEFAULT NULL,
  `created_by_id` bigint DEFAULT NULL,
  `updated_by_id` bigint DEFAULT NULL,
  `updated_at` timestamp NULL DEFAULT NULL,
  `company_id` bigint NOT NULL,
  `updated_count` int NOT NULL DEFAULT '0',
  PRIMARY KEY (`id`)
) ENGINE=InnoDB AUTO_INCREMENT=6 DEFAULT CHARSET=utf8mb4 COLLATE=utf8mb4_unicode_ci;

--
-- Dumping data for table `et_doc_trainee_pledge`
--

INSERT INTO `et_doc_trainee_pledge` VALUES (1,'2','1','2024-05-31',1,1,1,1,1,NULL,NULL,NULL,NULL,NULL,NULL,NULL,NULL,NULL,NULL,NULL,NULL,NULL,NULL,NULL,NULL,1,0),(2,'2','1','2024-07-10',1,1,1,NULL,NULL,NULL,NULL,NULL,NULL,1,1,NULL,NULL,1,NULL,NULL,NULL,NULL,NULL,NULL,NULL,1,0),(3,'test','test 2','2024-07-19',0,0,0,0,0,0,0,0,0,0,0,0,0,0,0,0,NULL,NULL,NULL,NULL,NULL,1,0),(4,'test','staff_name','2024-07-31',1,1,1,1,1,1,1,1,1,1,1,1,1,1,1,1,NULL,NULL,NULL,NULL,NULL,1,0),(5,'株式会社AlphaCep','大越 花蓮','2024-08-08',0,0,0,0,0,0,0,0,0,0,0,0,0,0,0,0,NULL,NULL,NULL,NULL,NULL,1,0);

--
-- Table structure for table `et_doc_trainee_pledge_listname`
--

CREATE TABLE `et_doc_trainee_pledge_listname` (
  `id` bigint unsigned NOT NULL AUTO_INCREMENT,
  `doc_trainee_pledge_id` int DEFAULT NULL,
  `name` varchar(255) CHARACTER SET utf8mb4 COLLATE utf8mb4_unicode_ci DEFAULT NULL,
  `nationality` varchar(255) CHARACTER SET utf8mb4 COLLATE utf8mb4_unicode_ci DEFAULT NULL,
  `created_at` timestamp NULL DEFAULT NULL,
  `updated_at` timestamp NULL DEFAULT NULL,
  PRIMARY KEY (`id`)
) ENGINE=InnoDB AUTO_INCREMENT=13 DEFAULT CHARSET=utf8mb4 COLLATE=utf8mb4_unicode_ci;

--
-- Dumping data for table `et_doc_trainee_pledge_listname`
--

INSERT INTO `et_doc_trainee_pledge_listname` VALUES (2,5,'nguyen van a','アルジェリア',NULL,NULL),(3,5,'nguyen van b','アルジェリア',NULL,NULL),(4,5,'nguyen van c','アルジェリア',NULL,NULL),(5,5,'nguyen van d','オーストラリア',NULL,NULL),(6,5,'nguyen van e','カンボジア',NULL,NULL),(7,5,'大越 花蓮','ブラジル',NULL,NULL),(8,4,'test1','アルゼンチン',NULL,NULL),(9,4,'test2','中国',NULL,NULL),(10,4,'test3','オーストラリア',NULL,NULL),(11,4,'test4','コロンビア',NULL,NULL),(12,4,'test5','中国',NULL,NULL);

--
-- Table structure for table `et_doc_training_certification`
--

CREATE TABLE `et_doc_training_certification` (
  `id` bigint unsigned NOT NULL AUTO_INCREMENT,
  `date` date DEFAULT NULL,
  `customer_name` varchar(255) CHARACTER SET utf8mb4 COLLATE utf8mb4_unicode_ci DEFAULT NULL,
  `company_name` varchar(255) CHARACTER SET utf8mb4 COLLATE utf8mb4_unicode_ci DEFAULT NULL,
  `create_date` date DEFAULT NULL,
  `receipt_number` varchar(255) CHARACTER SET utf8mb4 COLLATE utf8mb4_unicode_ci DEFAULT NULL,
  `customer_director_name` varchar(255) CHARACTER SET utf8mb4 COLLATE utf8mb4_unicode_ci DEFAULT NULL,
  `customer_name_furigana` varchar(255) CHARACTER SET utf8mb4 COLLATE utf8mb4_unicode_ci DEFAULT NULL,
  `customer_postcode` varchar(255) CHARACTER SET utf8mb4 COLLATE utf8mb4_unicode_ci DEFAULT NULL,
  `customer_address` varchar(255) CHARACTER SET utf8mb4 COLLATE utf8mb4_unicode_ci DEFAULT NULL,
  `customer_tel` varchar(255) CHARACTER SET utf8mb4 COLLATE utf8mb4_unicode_ci DEFAULT NULL,
  `customer_director_name_furigana` varchar(255) CHARACTER SET utf8mb4 COLLATE utf8mb4_unicode_ci DEFAULT NULL,
  `customer_company_number` varchar(255) CHARACTER SET utf8mb4 COLLATE utf8mb4_unicode_ci DEFAULT NULL,
  `jobtype_category` varchar(255) CHARACTER SET utf8mb4 COLLATE utf8mb4_unicode_ci DEFAULT NULL,
  `jobtype_name` varchar(255) CHARACTER SET utf8mb4 COLLATE utf8mb4_unicode_ci DEFAULT NULL,
  `work_place_name_furigana` varchar(255) CHARACTER SET utf8mb4 COLLATE utf8mb4_unicode_ci DEFAULT NULL,
  `work_place_name` varchar(255) CHARACTER SET utf8mb4 COLLATE utf8mb4_unicode_ci DEFAULT NULL,
  `work_place_name_address_postcode` varchar(255) CHARACTER SET utf8mb4 COLLATE utf8mb4_unicode_ci DEFAULT NULL,
  `work_place_name_address` varchar(255) CHARACTER SET utf8mb4 COLLATE utf8mb4_unicode_ci DEFAULT NULL,
  `work_place_name_leader_name_furigana` varchar(255) CHARACTER SET utf8mb4 COLLATE utf8mb4_unicode_ci DEFAULT NULL,
  `work_place_name_leader_name` varchar(255) CHARACTER SET utf8mb4 COLLATE utf8mb4_unicode_ci DEFAULT NULL,
  `work_place_name_jobtitle` varchar(255) CHARACTER SET utf8mb4 COLLATE utf8mb4_unicode_ci DEFAULT NULL,
  `training_leader_name_furigana` varchar(255) CHARACTER SET utf8mb4 COLLATE utf8mb4_unicode_ci DEFAULT NULL,
  `training_leader_name` varchar(255) CHARACTER SET utf8mb4 COLLATE utf8mb4_unicode_ci DEFAULT NULL,
  `training_leader_jobtitle` varchar(255) CHARACTER SET utf8mb4 COLLATE utf8mb4_unicode_ci DEFAULT NULL,
  `life_leader_name_furigana` varchar(255) CHARACTER SET utf8mb4 COLLATE utf8mb4_unicode_ci DEFAULT NULL,
  `life_leader_name` varchar(255) CHARACTER SET utf8mb4 COLLATE utf8mb4_unicode_ci DEFAULT NULL,
  `life_leader_jobtitle` varchar(255) CHARACTER SET utf8mb4 COLLATE utf8mb4_unicode_ci DEFAULT NULL,
  `trainee_name_romaji` varchar(255) CHARACTER SET utf8mb4 COLLATE utf8mb4_unicode_ci DEFAULT NULL,
  `trainee_name_kanji` varchar(255) CHARACTER SET utf8mb4 COLLATE utf8mb4_unicode_ci DEFAULT NULL,
  `trainee_nationality` varchar(255) CHARACTER SET utf8mb4 COLLATE utf8mb4_unicode_ci DEFAULT NULL,
  `trainee_birthdate` date DEFAULT NULL,
  `trainee_yearold` int DEFAULT NULL,
  `trainee_sex` int DEFAULT NULL COMMENT '1 男 , 2 女',
  `returncountry_period` varchar(255) CHARACTER SET utf8mb4 COLLATE utf8mb4_unicode_ci DEFAULT NULL,
  `returncountry_period_datefrom` date DEFAULT NULL,
  `returncountry_period_dateto` date DEFAULT NULL,
  `trainee_type` int DEFAULT NULL COMMENT '1 Ａ(第一号企業単独型技能実習); 2 Ｄ(第一号団体監理型技能実習);\r\n3 Ｂ(第二号企業単独型技能実習); 4 Ｅ(第二号団体監理型技能実習);\r\n5 Ｃ(第三号企業単独型技能実習); 6 Ｆ(第三号団体監理型技能実習)',
  `trainee_jobtype_number` varchar(255) CHARACTER SET utf8mb4 COLLATE utf8mb4_unicode_ci DEFAULT NULL,
  `trainee_jobtype_name` varchar(255) CHARACTER SET utf8mb4 COLLATE utf8mb4_unicode_ci DEFAULT NULL,
  `trainee_jobtype_workname` varchar(255) CHARACTER SET utf8mb4 COLLATE utf8mb4_unicode_ci DEFAULT NULL,
  `trainee_jobtype_number_2` varchar(255) CHARACTER SET utf8mb4 COLLATE utf8mb4_unicode_ci DEFAULT NULL,
  `trainee_jobtype_name_2` varchar(255) CHARACTER SET utf8mb4 COLLATE utf8mb4_unicode_ci DEFAULT NULL,
  `trainee_jobtype_workname_2` varchar(255) CHARACTER SET utf8mb4 COLLATE utf8mb4_unicode_ci DEFAULT NULL,
  `trainee_jobtype_other` varchar(255) CHARACTER SET utf8mb4 COLLATE utf8mb4_unicode_ci DEFAULT NULL,
  `training_before_japan` int DEFAULT NULL COMMENT '1:有   2: 無',
  `has_test` int DEFAULT NULL,
  `has_test_name` varchar(255) CHARACTER SET utf8mb4 COLLATE utf8mb4_unicode_ci DEFAULT NULL,
  `has_test_level` varchar(255) CHARACTER SET utf8mb4 COLLATE utf8mb4_unicode_ci DEFAULT NULL,
  `has_evaluate` int DEFAULT NULL,
  `has_evaluate_name` varchar(255) CHARACTER SET utf8mb4 COLLATE utf8mb4_unicode_ci DEFAULT NULL,
  `has_evaluate_level` varchar(255) CHARACTER SET utf8mb4 COLLATE utf8mb4_unicode_ci DEFAULT NULL,
  `has_test_other` int DEFAULT NULL,
  `has_test_content` varchar(255) CHARACTER SET utf8mb4 COLLATE utf8mb4_unicode_ci DEFAULT NULL,
  `has_test_goal` int DEFAULT NULL,
  `has_test_goal_name` varchar(255) CHARACTER SET utf8mb4 COLLATE utf8mb4_unicode_ci DEFAULT NULL,
  `has_test_goal_level` varchar(255) CHARACTER SET utf8mb4 COLLATE utf8mb4_unicode_ci DEFAULT NULL,
  `has_evaluate_goal` int DEFAULT NULL,
  `has_evaluate_goal_name` varchar(255) CHARACTER SET utf8mb4 COLLATE utf8mb4_unicode_ci DEFAULT NULL,
  `has_evaluate_goal_level` varchar(255) CHARACTER SET utf8mb4 COLLATE utf8mb4_unicode_ci DEFAULT NULL,
  `has_test_goal_other` int DEFAULT NULL,
  `has_test_goal_content` varchar(255) CHARACTER SET utf8mb4 COLLATE utf8mb4_unicode_ci DEFAULT NULL,
  `before_step_receipt_number` varchar(255) CHARACTER SET utf8mb4 COLLATE utf8mb4_unicode_ci DEFAULT NULL,
  `extend_period` varchar(255) CHARACTER SET utf8mb4 COLLATE utf8mb4_unicode_ci DEFAULT NULL,
  `extend_period_datefrom` date DEFAULT NULL,
  `extend_period_tofrom` date DEFAULT NULL,
  `extend_period_count_time` int DEFAULT NULL,
  `extend_period_learning_time` time DEFAULT NULL,
  `extend_period_training_time` time DEFAULT NULL,
  `company_license_number` varchar(255) CHARACTER SET utf8mb4 COLLATE utf8mb4_unicode_ci DEFAULT NULL,
  `company_type` int DEFAULT NULL COMMENT '1: 一般監理事業, 2: 特定監理事業',
  `company_name_furigana` varchar(255) CHARACTER SET utf8mb4 COLLATE utf8mb4_unicode_ci DEFAULT NULL,
  `company_postcode` varchar(255) CHARACTER SET utf8mb4 COLLATE utf8mb4_unicode_ci DEFAULT NULL,
  `company_address` varchar(255) CHARACTER SET utf8mb4 COLLATE utf8mb4_unicode_ci DEFAULT NULL,
  `company_tel` varchar(255) CHARACTER SET utf8mb4 COLLATE utf8mb4_unicode_ci DEFAULT NULL,
  `company_director_name` varchar(255) CHARACTER SET utf8mb4 COLLATE utf8mb4_unicode_ci DEFAULT NULL,
  `company_director_name_furigana` varchar(255) CHARACTER SET utf8mb4 COLLATE utf8mb4_unicode_ci DEFAULT NULL,
  `company_leader_name` varchar(255) CHARACTER SET utf8mb4 COLLATE utf8mb4_unicode_ci DEFAULT NULL,
  `company_leader_name_furigana` varchar(255) CHARACTER SET utf8mb4 COLLATE utf8mb4_unicode_ci DEFAULT NULL,
  `company_workplace_name` varchar(255) CHARACTER SET utf8mb4 COLLATE utf8mb4_unicode_ci DEFAULT NULL,
  `company_workplace_name_furigana` varchar(255) CHARACTER SET utf8mb4 COLLATE utf8mb4_unicode_ci DEFAULT NULL,
  `company_workplace_postcode` varchar(255) CHARACTER SET utf8mb4 COLLATE utf8mb4_unicode_ci DEFAULT NULL,
  `company_workplace_address` varchar(255) CHARACTER SET utf8mb4 COLLATE utf8mb4_unicode_ci DEFAULT NULL,
  `plan_created_by_name` varchar(255) CHARACTER SET utf8mb4 COLLATE utf8mb4_unicode_ci DEFAULT NULL,
  `plan_created_by_name_furigana` varchar(255) CHARACTER SET utf8mb4 COLLATE utf8mb4_unicode_ci DEFAULT NULL,
  `sending_agency_name` text CHARACTER SET utf8mb4 COLLATE utf8mb4_unicode_ci,
  `sending_agency_number` text CHARACTER SET utf8mb4 COLLATE utf8mb4_unicode_ci,
  `sending_agency_ref_number` text CHARACTER SET utf8mb4 COLLATE utf8mb4_unicode_ci,
  `salary_type` int DEFAULT NULL COMMENT '1月給, 2 日給, 3 時給',
  `salary_money` int DEFAULT NULL,
  `salary_learning_money` int DEFAULT NULL,
  `note` text CHARACTER SET utf8mb4 COLLATE utf8mb4_unicode_ci,
  `created_at` timestamp NULL DEFAULT NULL,
  `created_by_id` bigint DEFAULT NULL,
  `updated_by_id` bigint DEFAULT NULL,
  `updated_at` timestamp NULL DEFAULT NULL,
  `company_id` bigint NOT NULL,
  `updated_count` int NOT NULL DEFAULT '0',
  `salary_other` int DEFAULT NULL,
  `work_contract_period_type` tinyint(1) DEFAULT NULL COMMENT '1 有,  0 無',
  `work_contract_period_datefrom` date DEFAULT NULL,
  `work_contract_period_dateto` date DEFAULT NULL,
  `work_time_begin` time DEFAULT NULL,
  `work_time_end` time DEFAULT NULL,
  `work_breakoff_begin` time DEFAULT NULL,
  `work_breakoff_end` time DEFAULT NULL,
  `work_year_counttime` int DEFAULT NULL,
  `work_week_counttime` int DEFAULT NULL,
  `holiday_note` text CHARACTER SET utf8mb4 COLLATE utf8mb4_unicode_ci,
  `vacation_note` text CHARACTER SET utf8mb4 COLLATE utf8mb4_unicode_ci,
  `dormitory_note` text CHARACTER SET utf8mb4 COLLATE utf8mb4_unicode_ci,
  `meal_money` int DEFAULT NULL,
  `dormitory_money` int DEFAULT NULL,
  `other_money` int DEFAULT NULL,
  `note_contract` text CHARACTER SET utf8mb4 COLLATE utf8mb4_unicode_ci,
  `note_type` int DEFAULT NULL COMMENT '1 有,  0 無',
  PRIMARY KEY (`id`)
) ENGINE=InnoDB AUTO_INCREMENT=4 DEFAULT CHARSET=utf8mb4 COLLATE=utf8mb4_unicode_ci;

--
-- Dumping data for table `et_doc_training_certification`
--

INSERT INTO `et_doc_training_certification` VALUES (1,'2024-06-16','test',NULL,'2024-06-18','123456','tst','test','test','test','test','tes','tes','test','trst','test',NULL,NULL,NULL,NULL,NULL,NULL,'1342',NULL,NULL,NULL,NULL,NULL,NULL,NULL,NULL,NULL,NULL,NULL,NULL,NULL,NULL,NULL,NULL,NULL,NULL,NULL,NULL,NULL,NULL,NULL,NULL,NULL,NULL,NULL,NULL,NULL,NULL,NULL,NULL,NULL,NULL,NULL,NULL,NULL,NULL,NULL,NULL,NULL,NULL,NULL,NULL,NULL,NULL,NULL,NULL,NULL,NULL,NULL,NULL,NULL,NULL,NULL,NULL,NULL,NULL,NULL,NULL,NULL,NULL,NULL,NULL,NULL,NULL,NULL,NULL,NULL,NULL,NULL,NULL,NULL,1,0,NULL,NULL,NULL,NULL,NULL,NULL,NULL,NULL,NULL,NULL,NULL,NULL,NULL,NULL,NULL,NULL,NULL,NULL),(2,NULL,NULL,NULL,NULL,NULL,NULL,NULL,NULL,NULL,NULL,NULL,NULL,NULL,NULL,NULL,NULL,NULL,NULL,NULL,NULL,NULL,NULL,NULL,NULL,NULL,NULL,NULL,NULL,NULL,NULL,NULL,NULL,NULL,NULL,NULL,NULL,NULL,NULL,NULL,NULL,NULL,NULL,NULL,NULL,NULL,NULL,NULL,NULL,NULL,NULL,NULL,NULL,NULL,NULL,NULL,NULL,NULL,NULL,NULL,NULL,NULL,NULL,NULL,NULL,NULL,NULL,NULL,NULL,NULL,NULL,NULL,NULL,NULL,NULL,NULL,NULL,NULL,NULL,NULL,NULL,NULL,NULL,NULL,NULL,NULL,NULL,NULL,NULL,NULL,NULL,NULL,NULL,NULL,NULL,NULL,1,0,NULL,NULL,NULL,NULL,NULL,NULL,NULL,NULL,NULL,NULL,NULL,NULL,NULL,NULL,NULL,NULL,NULL,NULL),(3,'2024-12-04','666',NULL,'2024-12-07','555','111','777','888','999','100','222','333','100','111','22',NULL,NULL,NULL,NULL,NULL,NULL,NULL,NULL,NULL,NULL,NULL,NULL,NULL,NULL,NULL,NULL,NULL,NULL,NULL,NULL,NULL,NULL,NULL,NULL,NULL,NULL,NULL,NULL,NULL,NULL,NULL,NULL,NULL,NULL,NULL,NULL,NULL,NULL,NULL,NULL,NULL,NULL,NULL,NULL,NULL,NULL,NULL,NULL,NULL,NULL,NULL,NULL,NULL,NULL,NULL,NULL,NULL,NULL,NULL,NULL,NULL,NULL,NULL,NULL,NULL,NULL,NULL,NULL,NULL,NULL,NULL,NULL,NULL,NULL,NULL,NULL,NULL,NULL,NULL,NULL,1,0,NULL,NULL,NULL,NULL,NULL,NULL,NULL,NULL,NULL,NULL,NULL,NULL,NULL,NULL,NULL,NULL,NULL,NULL);

--
-- Table structure for table `et_doc_training_certification_cancel_report`
--

CREATE TABLE `et_doc_training_certification_cancel_report` (
  `id` int NOT NULL AUTO_INCREMENT,
  `date` date DEFAULT NULL,
  `name` varchar(255) CHARACTER SET utf8mb4 COLLATE utf8mb4_unicode_ci DEFAULT NULL,
  `number` varchar(255) CHARACTER SET utf8mb4 COLLATE utf8mb4_unicode_ci DEFAULT NULL,
  `customer_name` varchar(255) CHARACTER SET utf8mb4 COLLATE utf8mb4_unicode_ci DEFAULT NULL,
  `customer_name_furigana` varchar(255) CHARACTER SET utf8mb4 COLLATE utf8mb4_unicode_ci DEFAULT NULL,
  `customer_postcode` varchar(255) CHARACTER SET utf8mb4 COLLATE utf8mb4_unicode_ci DEFAULT NULL,
  `customer_address` varchar(255) CHARACTER SET utf8mb4 COLLATE utf8mb4_unicode_ci DEFAULT NULL,
  `customer_tel` varchar(255) CHARACTER SET utf8mb4 COLLATE utf8mb4_unicode_ci DEFAULT NULL,
  `office_branch_name` varchar(255) CHARACTER SET utf8mb4 COLLATE utf8mb4_unicode_ci DEFAULT NULL,
  `office_branch_name_furigana` varchar(255) CHARACTER SET utf8mb4 COLLATE utf8mb4_unicode_ci DEFAULT NULL,
  `office_branch_postcode` varchar(255) CHARACTER SET utf8mb4 COLLATE utf8mb4_unicode_ci DEFAULT NULL,
  `office_branch_address` varchar(255) CHARACTER SET utf8mb4 COLLATE utf8mb4_unicode_ci DEFAULT NULL,
  `office_branch_tel` varchar(255) CHARACTER SET utf8mb4 COLLATE utf8mb4_unicode_ci DEFAULT NULL,
  `check_1` tinyint(1) DEFAULT NULL,
  `check_2` tinyint(1) DEFAULT NULL,
  `check_3` tinyint(1) DEFAULT NULL,
  `check_4` tinyint(1) DEFAULT NULL,
  `check_5` tinyint(1) DEFAULT NULL,
  `check_6` tinyint(1) DEFAULT NULL,
  `check_7` tinyint(1) DEFAULT NULL,
  `real_content` text CHARACTER SET utf8mb4 COLLATE utf8mb4_unicode_ci,
  `improve_content` text CHARACTER SET utf8mb4 COLLATE utf8mb4_unicode_ci,
  `created_at` timestamp NULL DEFAULT NULL,
  `created_by_id` bigint DEFAULT NULL,
  `updated_at` int DEFAULT NULL,
  `updated_by_id` bigint DEFAULT NULL,
  `company_id` bigint DEFAULT NULL,
  `updated_count` int NOT NULL DEFAULT '0',
  PRIMARY KEY (`id`)
) ENGINE=InnoDB AUTO_INCREMENT=3 DEFAULT CHARSET=utf8mb4 COLLATE=utf8mb4_unicode_ci;

--
-- Dumping data for table `et_doc_training_certification_cancel_report`
--

INSERT INTO `et_doc_training_certification_cancel_report` VALUES (1,'2024-07-09','name','34324342','customer_name','customer_name_furigana','232 ― 1321','customer_address','321 ― 3213 ― 2132','office_branch_name','office_branch_name_furigana','232 ― 4532','office_branch_address','432 ― 4324 ― 1114',1,1,0,1,0,1,1,'real_content','improve_content',NULL,NULL,NULL,NULL,NULL,0),(2,NULL,NULL,NULL,NULL,NULL,NULL,NULL,NULL,NULL,NULL,NULL,NULL,NULL,0,0,0,0,0,0,0,NULL,NULL,NULL,NULL,NULL,NULL,NULL,0);

--
-- Table structure for table `et_doc_training_implementation_scheduler`
--

CREATE TABLE `et_doc_training_implementation_scheduler` (
  `id` int NOT NULL AUTO_INCREMENT,
  `created_at` timestamp NULL DEFAULT NULL,
  `created_by_id` bigint DEFAULT NULL,
  `updated_at` int DEFAULT NULL,
  `updated_by_id` bigint DEFAULT NULL,
  `company_id` bigint DEFAULT NULL,
  `updated_count` int NOT NULL DEFAULT '0',
  PRIMARY KEY (`id`)
) ENGINE=InnoDB AUTO_INCREMENT=4 DEFAULT CHARSET=utf8mb4 COLLATE=utf8mb4_unicode_ci;

--
-- Dumping data for table `et_doc_training_implementation_scheduler`
--

INSERT INTO `et_doc_training_implementation_scheduler` VALUES (1,NULL,NULL,NULL,1,1,8),(2,NULL,NULL,NULL,1,1,2),(3,NULL,NULL,NULL,1,1,2);

--
-- Table structure for table `et_doc_training_instructor_resume`
--

CREATE TABLE `et_doc_training_instructor_resume` (
  `id` int NOT NULL AUTO_INCREMENT,
  `name_furigana` varchar(255) CHARACTER SET utf8mb4 COLLATE utf8mb4_unicode_ci DEFAULT NULL,
  `name` varchar(255) CHARACTER SET utf8mb4 COLLATE utf8mb4_unicode_ci DEFAULT NULL,
  `sex` tinyint(1) DEFAULT NULL COMMENT '1: male, 2:female',
  `birthdate` date DEFAULT NULL,
  `postcode` varchar(255) CHARACTER SET utf8mb4 COLLATE utf8mb4_unicode_ci DEFAULT NULL,
  `address` varchar(255) CHARACTER SET utf8mb4 COLLATE utf8mb4_unicode_ci DEFAULT NULL,
  `tel` varchar(255) CHARACTER SET utf8mb4 COLLATE utf8mb4_unicode_ci DEFAULT NULL,
  `work_name` varchar(255) CHARACTER SET utf8mb4 COLLATE utf8mb4_unicode_ci DEFAULT NULL,
  `work_postcode` varchar(255) CHARACTER SET utf8mb4 COLLATE utf8mb4_unicode_ci DEFAULT NULL,
  `work_address` varchar(255) CHARACTER SET utf8mb4 COLLATE utf8mb4_unicode_ci DEFAULT NULL,
  `work_tel` varchar(255) CHARACTER SET utf8mb4 COLLATE utf8mb4_unicode_ci DEFAULT NULL,
  `business_title` varchar(255) CHARACTER SET utf8mb4 COLLATE utf8mb4_unicode_ci DEFAULT NULL,
  `certificate` varchar(255) CHARACTER SET utf8mb4 COLLATE utf8mb4_unicode_ci DEFAULT NULL,
  `job_resume` varchar(255) CHARACTER SET utf8mb4 COLLATE utf8mb4_unicode_ci DEFAULT NULL,
  `job_resume_old` varchar(255) CHARACTER SET utf8mb4 COLLATE utf8mb4_unicode_ci DEFAULT NULL,
  `sign_date` date DEFAULT NULL,
  `sign_company_name` varchar(255) CHARACTER SET utf8mb4 COLLATE utf8mb4_unicode_ci DEFAULT NULL,
  `sign_director_name` varchar(255) CHARACTER SET utf8mb4 COLLATE utf8mb4_unicode_ci DEFAULT NULL,
  `created_at` timestamp NULL DEFAULT NULL,
  `created_by_id` bigint DEFAULT NULL,
  `updated_at` int DEFAULT NULL,
  `updated_by_id` bigint DEFAULT NULL,
  `company_id` bigint DEFAULT NULL,
  `updated_count` int NOT NULL DEFAULT '0',
  PRIMARY KEY (`id`)
) ENGINE=InnoDB AUTO_INCREMENT=3 DEFAULT CHARSET=utf8mb4 COLLATE=utf8mb4_unicode_ci;

--
-- Dumping data for table `et_doc_training_instructor_resume`
--

INSERT INTO `et_doc_training_instructor_resume` VALUES (1,NULL,NULL,2,NULL,NULL,NULL,NULL,NULL,NULL,NULL,NULL,NULL,NULL,NULL,NULL,NULL,NULL,NULL,NULL,NULL,NULL,1,1,2),(2,NULL,NULL,1,NULL,NULL,NULL,NULL,NULL,NULL,NULL,NULL,NULL,NULL,NULL,NULL,NULL,NULL,NULL,NULL,NULL,NULL,1,1,5);

--
-- Table structure for table `et_doc_training_report_daily`
--

CREATE TABLE `et_doc_training_report_daily` (
  `id` int NOT NULL AUTO_INCREMENT,
  `month` varchar(8) CHARACTER SET utf8mb4 COLLATE utf8mb4_unicode_ci DEFAULT NULL,
  `sign_date` date DEFAULT NULL,
  `company_name` varchar(255) CHARACTER SET utf8mb4 COLLATE utf8mb4_unicode_ci DEFAULT NULL,
  `customer_name` varchar(255) CHARACTER SET utf8mb4 COLLATE utf8mb4_unicode_ci DEFAULT NULL,
  `note` varchar(255) CHARACTER SET utf8mb4 COLLATE utf8mb4_unicode_ci DEFAULT NULL,
  `created_at` timestamp NULL DEFAULT NULL,
  `created_by_id` bigint DEFAULT NULL,
  `updated_at` int DEFAULT NULL,
  `updated_by_id` bigint DEFAULT NULL,
  `company_id` bigint DEFAULT NULL,
  `updated_count` int NOT NULL DEFAULT '0',
  PRIMARY KEY (`id`)
) ENGINE=InnoDB AUTO_INCREMENT=3 DEFAULT CHARSET=utf8mb4 COLLATE=utf8mb4_unicode_ci;

--
-- Dumping data for table `et_doc_training_report_daily`
--

INSERT INTO `et_doc_training_report_daily` VALUES (1,'2024-07','2024-07-16','company_name','customer_name','note',NULL,NULL,NULL,NULL,1,0),(2,'2024-09','2024-09-01','company_name','customer_name','note trainee_declaration trainee_declaration trainee_declaration trainee_declaration trainee_declaration',NULL,NULL,NULL,NULL,1,0);

--
-- Table structure for table `et_doc_training_report_daily_detail`
--

CREATE TABLE `et_doc_training_report_daily_detail` (
  `id` int NOT NULL AUTO_INCREMENT,
  `training_report_daily_id` int DEFAULT NULL,
  `date` date DEFAULT NULL,
  `job_content` varchar(255) CHARACTER SET utf8mb4 COLLATE utf8mb4_unicode_ci DEFAULT NULL,
  `job_content_no` varchar(255) CHARACTER SET utf8mb4 COLLATE utf8mb4_unicode_ci DEFAULT NULL,
  `job_asign_content` varchar(255) CHARACTER SET utf8mb4 COLLATE utf8mb4_unicode_ci DEFAULT NULL,
  `leader_name` varchar(255) CHARACTER SET utf8mb4 COLLATE utf8mb4_unicode_ci DEFAULT NULL,
  PRIMARY KEY (`id`)
) ENGINE=InnoDB AUTO_INCREMENT=3 DEFAULT CHARSET=utf8mb4 COLLATE=utf8mb4_unicode_ci;

--
-- Dumping data for table `et_doc_training_report_daily_detail`
--

INSERT INTO `et_doc_training_report_daily_detail` VALUES (1,1,'2024-07-16','JOB_CONTENT','JOB_CONTENT_NO','JOB_ASIGN_CONTENT','LEADER_NAME'),(2,2,'2024-09-01','JOB_CONTENT','JOB_CONTENT_NO','JOB_ASIGN_CONTENT','LEADER_NAME');

--
-- Table structure for table `et_doc_training_report_daily_name`
--

CREATE TABLE `et_doc_training_report_daily_name` (
  `id` int NOT NULL AUTO_INCREMENT,
  `training_report_daily_id` int DEFAULT NULL,
  `no` int DEFAULT NULL,
  `name` varchar(255) CHARACTER SET utf8mb4 COLLATE utf8mb4_unicode_ci DEFAULT NULL,
  `type` varchar(255) CHARACTER SET utf8mb4 COLLATE utf8mb4_unicode_ci DEFAULT NULL,
  `date_from` date DEFAULT NULL,
  `date_to` date DEFAULT NULL,
  `note` varchar(255) CHARACTER SET utf8mb4 COLLATE utf8mb4_unicode_ci DEFAULT NULL,
  PRIMARY KEY (`id`)
) ENGINE=InnoDB AUTO_INCREMENT=4 DEFAULT CHARSET=utf8mb4 COLLATE=utf8mb4_unicode_ci;

--
-- Dumping data for table `et_doc_training_report_daily_name`
--

INSERT INTO `et_doc_training_report_daily_name` VALUES (1,1,1,'NAME','TYPE','2024-07-25','2024-07-10','test'),(2,2,1,'NAME','TYPE','2024-09-02','2024-09-11','test'),(3,2,NULL,'test','123','2024-09-12','2024-09-12','123');

--
-- Table structure for table `et_doc_trainning_reason`
--

CREATE TABLE `et_doc_trainning_reason` (
  `id` bigint NOT NULL AUTO_INCREMENT,
  `job_type_id` int DEFAULT NULL,
  `test_not_device_note` varchar(255) CHARACTER SET utf8mb4 COLLATE utf8mb4_unicode_ci DEFAULT NULL,
  `reason` text CHARACTER SET utf8mb4 COLLATE utf8mb4_unicode_ci,
  `job_type_id2` int DEFAULT NULL,
  `note` text CHARACTER SET utf8mb4 COLLATE utf8mb4_unicode_ci,
  `created_at` timestamp NULL DEFAULT NULL,
  `created_by_id` bigint DEFAULT NULL,
  `updated_at` timestamp NULL DEFAULT NULL,
  `updated_by_id` bigint DEFAULT NULL,
  `company_id` int DEFAULT NULL,
  `updated_count` int NOT NULL DEFAULT '0',
  `created_by` varchar(254) COLLATE utf8mb4_unicode_ci DEFAULT NULL,
  PRIMARY KEY (`id`)
) ENGINE=InnoDB AUTO_INCREMENT=3 DEFAULT CHARSET=utf8mb4 COLLATE=utf8mb4_unicode_ci;

--
-- Dumping data for table `et_doc_trainning_reason`
--

INSERT INTO `et_doc_trainning_reason` VALUES (1,4,'test_not_device','reason REST\r\nTEST \r\nTEST TEST \r\nTEST TEST TEST TEST \r\nTSET TEST TEST TEST TEST\r\nTSET TEST TEST TEST TESTTSET TEST TEST TEST TESTTSET TEST TEST TEST TEST \r\nTSET TEST TEST TEST TEST',6,'TEST',NULL,NULL,NULL,NULL,NULL,0,NULL),(2,4,'test444','test12345',3,'hi',NULL,NULL,NULL,NULL,NULL,0,'test');

--
-- Table structure for table `et_doc_transfer_declaration`
--

CREATE TABLE `et_doc_transfer_declaration` (
  `id` int NOT NULL AUTO_INCREMENT,
  `transfer_reason_type` int DEFAULT NULL COMMENT '1:技能実習期間の末日が休日であること   2: その他',
  `transfer_reason_note` varchar(255) CHARACTER SET utf8mb4 COLLATE utf8mb4_unicode_ci DEFAULT NULL,
  `deadline_date` date DEFAULT NULL,
  `transfer_date` date DEFAULT NULL,
  `person_type` int DEFAULT NULL COMMENT ' 1: 監理団体,  2:実習実施者',
  `person_name` varchar(255) CHARACTER SET utf8mb4 COLLATE utf8mb4_unicode_ci DEFAULT NULL,
  `sign_date` date DEFAULT NULL,
  `sign_name` varchar(255) CHARACTER SET utf8mb4 COLLATE utf8mb4_unicode_ci DEFAULT NULL,
  `note` varchar(255) CHARACTER SET utf8mb4 COLLATE utf8mb4_unicode_ci DEFAULT NULL,
  `created_at` timestamp NULL DEFAULT NULL,
  `created_by_id` bigint DEFAULT NULL,
  `updated_at` int DEFAULT NULL,
  `updated_by_id` bigint DEFAULT NULL,
  `company_id` bigint DEFAULT NULL,
  `updated_count` int NOT NULL DEFAULT '0',
  PRIMARY KEY (`id`)
) ENGINE=InnoDB AUTO_INCREMENT=4 DEFAULT CHARSET=utf8mb4 COLLATE=utf8mb4_unicode_ci;

--
-- Dumping data for table `et_doc_transfer_declaration`
--

INSERT INTO `et_doc_transfer_declaration` VALUES (1,1,'Noteｖｚｖｚｘｃｖｚｃｖ','2024-05-30','2024-06-01',1,'ｄｄｓｆさｄｆ','2024-05-31','ええええええ',NULL,NULL,NULL,NULL,1,1,2),(2,2,'note  test 12345677890','2024-06-21','2024-06-21',2,'test','2024-06-10','DDANG DINH TIEP',NULL,NULL,NULL,NULL,1,1,5),(3,2,'note nnote','2024-09-01','2024-09-05',1,'test','2024-09-06','sign_name',NULL,NULL,NULL,NULL,1,1,2);

--
-- Table structure for table `et_document`
--

CREATE TABLE `et_document` (
  `id` bigint unsigned NOT NULL AUTO_INCREMENT,
  `uuid` char(36) COLLATE utf8mb4_unicode_ci DEFAULT NULL,
  `company_id` bigint NOT NULL,
  `document_template_id` int DEFAULT NULL,
  `status` tinyint DEFAULT NULL,
  `sys_type` tinyint DEFAULT NULL,
  `type` tinyint DEFAULT NULL,
  `name` varchar(256) CHARACTER SET utf8mb4 COLLATE utf8mb4_unicode_ci DEFAULT NULL,
  `project_id` int DEFAULT NULL,
  `customer_id` bigint DEFAULT NULL,
  `sending_agency_id` bigint unsigned DEFAULT NULL,
  `trainee_id` bigint DEFAULT NULL,
  `form_name` varchar(255) CHARACTER SET utf8mb4 COLLATE utf8mb4_unicode_ci DEFAULT NULL,
  `table_name` varchar(255) CHARACTER SET utf8mb4 COLLATE utf8mb4_unicode_ci DEFAULT NULL,
  `table_record_id` bigint unsigned DEFAULT NULL,
  `report_quarter_no` tinyint(1) DEFAULT NULL,
  `report_quarter_year` varchar(10) CHARACTER SET utf8mb4 COLLATE utf8mb4_unicode_ci DEFAULT NULL,
  `report_between_datefrom` date DEFAULT NULL,
  `report_between_dateto` date DEFAULT NULL,
  `application_date` date DEFAULT NULL,
  `application_no_temp` varchar(255) CHARACTER SET utf8mb4 COLLATE utf8mb4_unicode_ci DEFAULT NULL,
  `application_type` tinyint DEFAULT NULL,
  `application_no` varchar(255) CHARACTER SET utf8mb4 COLLATE utf8mb4_unicode_ci DEFAULT NULL,
  `note` text CHARACTER SET utf8mb4 COLLATE utf8mb4_unicode_ci,
  `created_by_id` bigint DEFAULT NULL,
  `created_on` date DEFAULT NULL,
  `updated_at` timestamp NULL DEFAULT NULL ON UPDATE CURRENT_TIMESTAMP,
  `updated_by_id` bigint DEFAULT NULL,
  `updated_on` date DEFAULT NULL,
  `updated_count` int DEFAULT NULL,
  `created_at` timestamp NOT NULL DEFAULT CURRENT_TIMESTAMP,
  `closed_on` date DEFAULT NULL,
  `lost_note` varchar(255) COLLATE utf8mb4_unicode_ci DEFAULT NULL,
  PRIMARY KEY (`id`) USING BTREE,
  UNIQUE KEY `et_document_uuid_unique` (`uuid`)
) ENGINE=InnoDB AUTO_INCREMENT=460 DEFAULT CHARSET=utf8mb4 COLLATE=utf8mb4_unicode_ci ROW_FORMAT=DYNAMIC;

--
-- Dumping data for table `et_document`
--

INSERT INTO `et_document` VALUES (105,'63a35184-21d0-49fa-8457-17805c126d7a',2,39,2,NULL,2,'test_実習生の履歴書_20240726',NULL,NULL,NULL,1,'doc-certificate',NULL,NULL,NULL,NULL,NULL,NULL,NULL,NULL,NULL,NULL,'参考様式第１－３号',1,'2024-07-26','2025-04-21 17:01:35',1,'2024-12-03',8,'2024-07-25 22:43:50',NULL,NULL),(107,'1af289d3-fdba-4574-a892-c5e9914de556',2,41,NULL,NULL,2,'test_申請者の誓約書',NULL,NULL,NULL,NULL,'doc-certificate',NULL,NULL,NULL,NULL,NULL,NULL,NULL,NULL,NULL,NULL,'第１-２号',1,'2024-07-27','2025-04-21 17:01:35',1,'2024-11-28',1,'2024-07-26 12:36:30',NULL,NULL),(108,'edc9c171-1ce7-46ec-8443-3be64f5a0d25',2,40,NULL,NULL,NULL,'test_申請者概要書_0729',NULL,603,NULL,NULL,'doc-certificate',NULL,NULL,NULL,NULL,NULL,NULL,NULL,NULL,NULL,NULL,'第１-１号',1,'2024-07-29','2025-04-21 17:01:35',NULL,NULL,NULL,'2024-07-28 15:47:50',NULL,NULL),(109,'470d22e4-3147-4c91-a1f8-cce944dd9f01',2,40,NULL,NULL,NULL,'test2_5555555',NULL,603,NULL,NULL,'doc-certificate',NULL,NULL,NULL,NULL,NULL,NULL,NULL,NULL,NULL,NULL,'第１-１号',1,'2024-07-29','2025-04-21 17:01:35',NULL,NULL,NULL,'2024-07-28 15:50:59',NULL,NULL),(110,'3b606f0a-f48f-4aa8-97d6-4ad322b47d17',2,13,0,NULL,1,'test',NULL,603,NULL,NULL,'doc-certificate',NULL,NULL,NULL,NULL,NULL,NULL,NULL,NULL,NULL,NULL,'技能実習計画の認定申請／計画の変更関係',1,'2024-07-29','2025-04-21 17:01:35',1,'2024-07-30',3,'2024-07-28 15:51:54',NULL,NULL),(111,'7eb96809-2d1b-4a4d-8006-28e4d83d52fe',2,40,NULL,NULL,NULL,'test_0730_gaiyo',NULL,603,NULL,NULL,'doc-certificate',NULL,NULL,NULL,NULL,NULL,NULL,NULL,NULL,NULL,NULL,'第１-１号',1,'2024-07-30','2025-04-21 17:01:35',NULL,NULL,NULL,'2024-07-29 13:01:13',NULL,NULL),(113,'a6896974-ec65-438c-a84f-58c80f6e7b7e',2,39,NULL,NULL,NULL,NULL,NULL,NULL,NULL,NULL,'doc-certificate',NULL,NULL,NULL,NULL,NULL,NULL,NULL,NULL,NULL,NULL,'参考様式第１－３号',1,'2024-07-30','2025-04-21 17:01:35',NULL,NULL,NULL,'2024-07-29 15:34:51',NULL,NULL),(114,'547a8af1-b779-4017-8266-fb0045c8c51a',2,41,NULL,NULL,NULL,NULL,NULL,NULL,NULL,NULL,'doc-certificate',NULL,NULL,NULL,NULL,NULL,NULL,NULL,NULL,NULL,NULL,'第１-２号',1,'2024-07-30','2025-04-21 17:01:35',NULL,NULL,NULL,'2024-07-29 15:58:22',NULL,NULL),(124,'c692635d-8017-46bc-8653-54c88765732d',2,24,NULL,NULL,NULL,NULL,NULL,NULL,NULL,NULL,'doc-certificate',NULL,NULL,NULL,NULL,NULL,NULL,NULL,NULL,NULL,NULL,'各種届出・報告関係（実習実施者届／実施状況報告／困難時届／監査報告／事業報告／認定・許可取消し事由報告）',1,'2024-07-30','2025-04-21 17:01:35',NULL,NULL,NULL,'2024-07-29 17:06:43',NULL,NULL),(132,'b4a86e66-b058-417e-9804-b480158fa2e0',2,35,NULL,NULL,NULL,NULL,NULL,NULL,NULL,NULL,'doc-certificate',NULL,NULL,NULL,NULL,NULL,NULL,NULL,NULL,NULL,NULL,'監理責任者の履歴書',1,'2024-07-30','2025-04-21 17:01:35',NULL,NULL,NULL,'2024-07-29 17:09:44',NULL,NULL),(138,'8a14b102-a15f-4f04-be0b-7fba583d946a',2,39,NULL,NULL,NULL,'test',NULL,NULL,NULL,NULL,'doc-certificate',NULL,NULL,NULL,NULL,NULL,NULL,NULL,NULL,NULL,NULL,'参考様式第１－３号',1,'2024-07-30','2025-04-21 17:01:35',NULL,NULL,NULL,'2024-07-29 22:24:07',NULL,NULL),(140,'f3d5cfb3-790b-4e84-a5d0-350749d33fb4',2,40,NULL,NULL,NULL,'test',NULL,603,NULL,NULL,'doc-certificate',NULL,NULL,NULL,NULL,NULL,NULL,NULL,NULL,NULL,NULL,'第１-１号',1,'2024-08-02','2025-04-21 17:01:35',NULL,NULL,NULL,'2024-08-01 19:08:36',NULL,NULL),(142,'6f3718b5-732f-4c86-9f6a-122f71646614',2,42,NULL,NULL,1,'test_技能実習責任者・技能実習指導員・生活指導員の履歴書並びに就任承諾書及び誓約書',NULL,NULL,NULL,NULL,'doc-certificate',NULL,NULL,NULL,NULL,NULL,NULL,NULL,NULL,NULL,NULL,NULL,1,'2024-08-04','2025-04-21 17:01:35',NULL,NULL,NULL,'2024-08-03 13:38:03',NULL,NULL),(143,'ca4c2385-b106-4dc8-b13d-97763b2af88a',2,43,NULL,NULL,1,'test_雇用契約書及び雇用条件書',NULL,NULL,NULL,NULL,'doc-certificate',NULL,NULL,NULL,NULL,NULL,NULL,NULL,NULL,NULL,NULL,NULL,1,'2024-08-04','2025-04-21 17:01:35',NULL,NULL,NULL,'2024-08-04 02:16:29',NULL,NULL),(144,'a27dcdbf-b279-4f21-a266-6216cb9cd02a',2,43,NULL,NULL,1,'test_雇用契約書及び雇用条件書',NULL,NULL,NULL,NULL,'doc-certificate',NULL,NULL,NULL,NULL,NULL,NULL,NULL,NULL,NULL,NULL,NULL,1,'2024-08-04','2025-04-21 17:01:35',NULL,NULL,NULL,'2024-08-04 02:17:15',NULL,NULL),(145,'6e1f71a3-b512-4e06-a433-c1cf88d80ea8',2,39,NULL,NULL,NULL,'test_20240808',NULL,1,NULL,NULL,'doc-certificate',NULL,NULL,NULL,NULL,NULL,NULL,NULL,NULL,NULL,NULL,'testaaaa\r\nb\r\nd\r\nc',1,'2024-08-08','2025-04-21 17:01:35',NULL,NULL,NULL,'2024-08-07 13:27:29',NULL,NULL),(146,'aa6e95bc-ea13-47e6-a112-79c77b3b072f',2,41,1,NULL,1,'test_申請者の誓約書',NULL,603,NULL,NULL,'doc-certificate',NULL,NULL,NULL,NULL,NULL,NULL,NULL,NULL,NULL,NULL,'333\r\nfdsadsf\r\ndầdsf',1,'2024-08-08','2025-04-21 17:01:35',1,'2024-08-08',1,'2024-08-07 18:08:45',NULL,NULL),(147,'454f2751-8f70-4927-8105-be8765c3f6e6',2,42,NULL,NULL,1,'test_aaa',NULL,603,NULL,NULL,'doc-certificate',NULL,NULL,NULL,NULL,NULL,NULL,NULL,NULL,NULL,NULL,'aaf\r\nàdafdas',1,'2024-08-08','2025-04-21 17:01:35',NULL,NULL,NULL,'2024-08-08 02:41:13',NULL,NULL),(148,'3ad4c94e-b9b7-4742-8492-07c7e5d9f671',2,40,NULL,NULL,0,'申請者の概要書',NULL,1185,NULL,NULL,'doc-certificate',NULL,NULL,NULL,NULL,NULL,NULL,NULL,NULL,NULL,NULL,NULL,1,'2024-08-15','2025-04-21 17:01:35',NULL,NULL,NULL,'2024-08-14 08:38:03',NULL,NULL),(149,'e5ea6fd3-ea4f-428b-9199-e98a7dd9c5c2',2,13,2,NULL,NULL,NULL,NULL,NULL,NULL,NULL,'doc-certificate',NULL,NULL,NULL,NULL,NULL,NULL,NULL,NULL,NULL,NULL,NULL,1,'2024-08-16','2025-04-21 17:01:35',1,'2024-11-27',1,'2024-08-16 01:32:14',NULL,NULL),(150,'e215a501-496c-4440-ad9a-c139d0013048',2,44,NULL,NULL,1,NULL,NULL,NULL,NULL,NULL,'doc-certificate',NULL,NULL,NULL,NULL,NULL,NULL,NULL,NULL,NULL,NULL,NULL,1,'2024-08-16','2025-04-21 17:01:35',NULL,NULL,NULL,'2024-08-16 01:39:27',NULL,NULL),(151,'7e58ac3b-be6d-431e-a3db-9b025d9364cc',2,45,NULL,NULL,1,NULL,NULL,NULL,NULL,NULL,'doc-certificate',NULL,NULL,NULL,NULL,NULL,NULL,NULL,NULL,NULL,NULL,NULL,1,'2024-08-16','2025-04-21 17:01:35',NULL,NULL,NULL,'2024-08-16 01:46:33',NULL,NULL),(152,'d6e04e4a-f27d-42f2-9a32-e75e58a660f9',2,46,NULL,NULL,1,NULL,NULL,NULL,NULL,NULL,'doc-certificate',NULL,NULL,NULL,NULL,NULL,NULL,NULL,NULL,NULL,NULL,NULL,1,'2024-08-16','2025-04-21 17:01:35',NULL,NULL,NULL,'2024-08-16 01:59:51',NULL,NULL),(153,'0666597f-5523-4113-9db8-4ea4b89f4915',2,47,NULL,NULL,1,NULL,NULL,NULL,NULL,NULL,'doc-certificate',NULL,NULL,NULL,NULL,NULL,NULL,NULL,NULL,NULL,NULL,NULL,1,'2024-09-01','2025-04-21 17:01:35',NULL,NULL,NULL,'2024-08-31 17:50:12',NULL,NULL),(154,'5d13487f-1cd4-4708-a849-3f2651a3c497',2,48,NULL,NULL,1,NULL,NULL,NULL,NULL,NULL,'doc-certificate',NULL,NULL,NULL,NULL,NULL,NULL,NULL,NULL,NULL,NULL,NULL,1,'2024-09-01','2025-04-21 17:01:35',NULL,NULL,NULL,'2024-08-31 18:31:07',NULL,NULL),(155,'e8fdbcd0-daf2-41e4-9c3e-d2e721bf2854',2,24,NULL,NULL,NULL,NULL,NULL,NULL,NULL,NULL,'doc-certificate',NULL,NULL,NULL,NULL,NULL,NULL,NULL,NULL,NULL,NULL,NULL,1,'2024-09-01','2025-04-21 17:01:35',NULL,NULL,NULL,'2024-08-31 20:03:48',NULL,NULL),(156,'0640ea63-ccb2-4775-bd2a-85b1c572f0a7',2,50,NULL,NULL,1,NULL,NULL,NULL,NULL,NULL,'doc-certificate',NULL,NULL,NULL,NULL,NULL,NULL,NULL,NULL,NULL,NULL,NULL,1,'2024-09-01','2025-04-21 17:01:35',NULL,NULL,NULL,'2024-08-31 22:54:16',NULL,NULL),(157,'413c3dee-2f62-4a08-9386-351db8171278',2,51,NULL,NULL,1,NULL,NULL,NULL,NULL,NULL,'doc-certificate',NULL,NULL,NULL,NULL,NULL,NULL,NULL,NULL,NULL,NULL,NULL,1,'2024-09-01','2025-04-21 17:01:35',NULL,NULL,NULL,'2024-08-31 23:02:30',NULL,NULL),(158,'1ef9e816-ebed-47fd-b59c-a837dc8316b7',2,52,NULL,NULL,1,NULL,NULL,NULL,NULL,NULL,'doc-certificate',NULL,NULL,NULL,NULL,NULL,NULL,NULL,NULL,NULL,NULL,NULL,1,'2024-09-01','2025-04-21 17:01:35',NULL,NULL,NULL,'2024-08-31 23:33:44',NULL,NULL),(159,'98cb04b2-cd0e-4aab-97b1-74a55f2252fb',2,34,NULL,NULL,NULL,NULL,NULL,NULL,NULL,NULL,'doc-certificate',NULL,NULL,NULL,NULL,NULL,NULL,NULL,NULL,NULL,NULL,NULL,1,'2024-09-01','2025-04-21 17:01:35',NULL,NULL,NULL,'2024-08-31 23:50:03',NULL,NULL),(160,'3881c24c-cb00-47a1-b69b-d430a1403838',2,34,NULL,NULL,NULL,NULL,NULL,NULL,NULL,NULL,'doc-certificate',NULL,NULL,NULL,NULL,NULL,NULL,NULL,NULL,NULL,NULL,NULL,1,'2024-09-01','2025-04-21 17:01:35',NULL,NULL,NULL,'2024-08-31 23:52:13',NULL,NULL),(161,'81316c04-2bf3-4143-99b1-1698c7718ad5',2,53,NULL,NULL,1,NULL,NULL,NULL,NULL,NULL,'doc-certificate',NULL,NULL,NULL,NULL,NULL,NULL,NULL,NULL,NULL,NULL,NULL,1,'2024-09-01','2025-04-21 17:01:35',NULL,NULL,NULL,'2024-09-01 01:50:48',NULL,NULL),(162,'c583f3a5-796d-43e4-ae9f-25a50c47be02',2,56,NULL,NULL,1,NULL,NULL,NULL,NULL,NULL,'doc-certificate',NULL,NULL,NULL,NULL,NULL,NULL,NULL,NULL,NULL,NULL,NULL,1,'2024-10-28','2025-04-21 17:01:35',NULL,NULL,NULL,'2024-10-27 15:36:48',NULL,NULL),(163,'b2f50257-f2f1-43a9-a380-ea0102fc6a2d',2,57,NULL,NULL,1,NULL,NULL,NULL,NULL,NULL,'doc-certificate',NULL,NULL,NULL,NULL,NULL,NULL,NULL,NULL,NULL,NULL,NULL,1,'2024-10-28','2025-04-21 17:01:35',NULL,NULL,NULL,'2024-10-27 16:06:44',NULL,NULL),(164,'1f9402a1-5037-44d8-bc0d-901b2a6c3578',2,57,NULL,NULL,1,NULL,NULL,NULL,NULL,NULL,'doc-certificate',NULL,NULL,NULL,NULL,NULL,NULL,NULL,NULL,NULL,NULL,NULL,1,'2024-10-28','2025-04-21 17:01:35',NULL,NULL,NULL,'2024-10-27 16:09:40',NULL,NULL),(165,'9d8f958d-efe7-41a1-b972-eca96ce3e2e5',2,56,NULL,NULL,1,NULL,NULL,NULL,NULL,NULL,'doc-certificate',NULL,NULL,NULL,NULL,NULL,NULL,NULL,NULL,NULL,NULL,NULL,1,'2024-10-28','2025-04-21 17:01:35',NULL,NULL,NULL,'2024-10-27 16:14:49',NULL,NULL),(166,'28582f49-6036-478b-aa99-b8fd4d9e2a11',2,48,NULL,NULL,1,NULL,NULL,NULL,NULL,NULL,'doc-certificate',NULL,NULL,NULL,NULL,NULL,NULL,NULL,NULL,NULL,NULL,NULL,1,'2024-10-28','2025-04-21 17:01:35',NULL,NULL,NULL,'2024-10-27 16:34:08',NULL,NULL),(167,'e4e780cc-234f-408d-8f8b-b2e878e90c15',2,54,NULL,NULL,1,NULL,NULL,NULL,NULL,NULL,'doc-certificate',NULL,NULL,NULL,NULL,NULL,NULL,NULL,NULL,NULL,NULL,NULL,1,'2024-10-28','2025-04-21 17:01:35',NULL,NULL,NULL,'2024-10-27 16:34:46',NULL,NULL),(168,'d8f211c5-16c5-4574-a6a8-bdeb82a34db8',2,58,NULL,NULL,1,NULL,NULL,NULL,NULL,NULL,'doc-certificate',NULL,NULL,NULL,NULL,NULL,NULL,NULL,NULL,NULL,NULL,NULL,1,'2024-10-28','2025-04-21 17:01:35',NULL,NULL,NULL,'2024-10-27 17:46:37',NULL,NULL),(169,'b0b25fcd-afce-4579-ab0d-bf9c144625bb',2,59,NULL,NULL,1,NULL,NULL,NULL,NULL,NULL,'doc-certificate',NULL,NULL,NULL,NULL,NULL,NULL,NULL,NULL,NULL,NULL,NULL,1,'2024-10-31','2025-04-21 17:01:35',NULL,NULL,NULL,'2024-10-30 20:59:43',NULL,NULL),(170,'52250e33-fc54-4789-8cd8-a441cec11130',2,58,NULL,NULL,1,'test_20241118',NULL,NULL,NULL,NULL,'doc-certificate',NULL,NULL,NULL,NULL,NULL,NULL,NULL,NULL,NULL,NULL,NULL,1,'2024-11-18','2025-04-21 17:01:35',NULL,NULL,NULL,'2024-11-17 11:51:40',NULL,NULL),(171,'d6849a15-c731-4f2a-b8fd-1c110b571ec3',2,60,NULL,NULL,1,'特定技能雇用契約の変更に係る届出書',NULL,NULL,NULL,NULL,'doc-certificate',NULL,NULL,NULL,NULL,NULL,NULL,NULL,NULL,NULL,NULL,NULL,1,'2024-11-19','2025-04-21 17:01:35',NULL,NULL,NULL,'2024-11-19 00:09:22',NULL,NULL),(172,'c02dcffe-462e-45e9-bfba-b36c420c223f',2,60,NULL,NULL,1,'技能実習生に関する評価調書',NULL,NULL,NULL,NULL,'doc-certificate',NULL,NULL,NULL,NULL,NULL,NULL,NULL,NULL,NULL,NULL,NULL,1,'2024-11-20','2025-04-21 17:01:35',NULL,NULL,NULL,'2024-11-19 17:42:46',NULL,NULL),(173,'480dc6ef-9131-4f47-a4a0-391a07009a76',2,62,NULL,NULL,1,'技能実習生に関する評価調書',NULL,NULL,NULL,NULL,'doc-certificate',NULL,NULL,NULL,NULL,NULL,NULL,NULL,NULL,NULL,NULL,NULL,1,'2024-11-20','2025-04-21 17:01:35',NULL,NULL,NULL,'2024-11-19 17:48:31',NULL,NULL),(174,'dac639e2-5a16-4830-b4d7-dbc28a487a3a',2,66,NULL,NULL,1,'特定技能外国人の報酬に関する説明書',NULL,NULL,NULL,NULL,'doc-certificate',NULL,NULL,NULL,NULL,NULL,NULL,NULL,NULL,NULL,NULL,NULL,1,'2024-11-20','2025-04-21 17:01:35',NULL,NULL,NULL,'2024-11-19 20:38:45',NULL,NULL),(175,'50072917-f596-43af-bc72-b9cfda67655f',2,68,NULL,NULL,1,'特定技能外国人の報酬に関する説明書',NULL,NULL,NULL,NULL,'doc-certificate',NULL,NULL,NULL,NULL,NULL,NULL,NULL,NULL,NULL,NULL,NULL,1,'2024-11-20','2025-04-21 17:01:35',NULL,NULL,NULL,'2024-11-19 21:05:37',NULL,NULL),(176,'9797810c-9e33-49ed-98a5-eaebc7eb5bd0',2,68,NULL,NULL,1,'特定技能外国人の報酬に関する説明書',NULL,NULL,NULL,NULL,'doc-certificate',NULL,NULL,NULL,NULL,NULL,NULL,NULL,NULL,NULL,NULL,NULL,1,'2024-11-20','2025-04-21 17:01:35',NULL,NULL,NULL,'2024-11-19 22:46:19',NULL,NULL),(177,'fa2d4e6f-0c0c-4ac7-a56b-7515cdea5aca',2,69,NULL,NULL,1,'技能実習生に関する評価調書',NULL,NULL,NULL,NULL,'doc-certificate',NULL,NULL,NULL,NULL,NULL,NULL,NULL,NULL,NULL,NULL,NULL,1,'2024-11-20','2025-04-21 17:01:35',NULL,NULL,NULL,'2024-11-19 23:41:07',NULL,NULL),(178,'29748321-f027-452a-bfef-d3e603b87df9',2,70,NULL,NULL,1,'特定技能雇用契約の終了又は締結に係る届出書',NULL,NULL,NULL,NULL,'doc-certificate',NULL,NULL,NULL,NULL,NULL,NULL,NULL,NULL,NULL,NULL,NULL,1,'2024-11-21','2025-04-21 17:01:35',NULL,NULL,NULL,'2024-11-20 16:23:04',NULL,NULL),(179,'0611645d-ad9e-451c-8f45-1419637c6714',2,71,NULL,NULL,1,'支援委託契約の変更に係る届出書',NULL,NULL,NULL,NULL,'doc-certificate',NULL,NULL,NULL,NULL,NULL,NULL,NULL,NULL,NULL,NULL,NULL,1,'2024-11-21','2025-04-21 17:01:35',NULL,NULL,NULL,'2024-11-20 17:34:46',NULL,NULL),(181,'cae5c0ed-ec93-4108-9a0a-25ee574e494e',2,73,NULL,NULL,1,'http://dev.erpcpanel.com/et-document',NULL,NULL,NULL,NULL,'doc-certificate',NULL,NULL,NULL,NULL,NULL,NULL,NULL,NULL,NULL,NULL,NULL,1,'2024-11-21','2025-04-21 17:01:35',NULL,NULL,NULL,'2024-11-20 21:29:15',NULL,NULL),(182,'ba18b3a2-08a9-4082-bf0a-c9998e20c026',2,74,NULL,NULL,1,'支援実施状況に係る届出書',NULL,NULL,NULL,NULL,'doc-certificate',NULL,NULL,NULL,NULL,NULL,NULL,NULL,NULL,NULL,NULL,NULL,1,'2024-11-21','2025-04-21 17:01:35',NULL,NULL,NULL,'2024-11-20 21:51:38',NULL,NULL),(186,'7709e1b2-f3f3-43ea-862d-208d690081f5',2,78,NULL,NULL,1,'支援実施状況に係る届出書',NULL,NULL,NULL,NULL,'doc-certificate',NULL,NULL,NULL,NULL,NULL,NULL,NULL,NULL,NULL,NULL,NULL,1,'2024-11-22','2025-04-21 17:01:35',NULL,NULL,NULL,'2024-11-21 16:39:38',NULL,NULL),(187,'4ff0490e-2540-4455-9a0f-08af366afb84',2,79,NULL,NULL,1,'支援実施状況に係る届出書',NULL,NULL,NULL,NULL,'doc-certificate',NULL,NULL,NULL,NULL,NULL,NULL,NULL,NULL,NULL,NULL,NULL,1,'2024-11-22','2025-04-21 17:01:35',NULL,NULL,NULL,'2024-11-21 16:43:51',NULL,NULL),(188,'c0c7fc5a-6f30-4137-bca6-1b045faf3781',2,80,NULL,NULL,1,'活動状況に係る届出書',NULL,NULL,NULL,NULL,'doc-certificate',NULL,NULL,NULL,NULL,NULL,NULL,NULL,NULL,NULL,NULL,NULL,1,'2024-11-22','2025-04-21 17:01:35',NULL,NULL,NULL,'2024-11-21 17:08:07',NULL,NULL),(189,'d6f749db-f095-45db-8afa-fb4c16655571',2,81,NULL,NULL,1,'支援業務の再開に係る届出書',NULL,NULL,NULL,NULL,'doc-certificate',NULL,NULL,NULL,NULL,NULL,NULL,NULL,NULL,NULL,NULL,NULL,1,'2024-11-22','2025-04-21 17:01:35',NULL,NULL,NULL,'2024-11-21 17:28:07',NULL,NULL),(191,'e857adda-6719-47eb-804d-1f778d74a6ea',2,83,NULL,NULL,1,'受入れ困難となるに至った経緯に係る説明書',NULL,NULL,NULL,NULL,'doc-certificate',NULL,NULL,NULL,NULL,NULL,NULL,NULL,NULL,NULL,NULL,NULL,1,'2024-11-22','2025-04-21 17:01:35',NULL,NULL,NULL,'2024-11-21 20:58:34',NULL,NULL),(192,'dba83d96-ea76-470b-9234-27fa440ceadf',2,84,NULL,NULL,1,'支援委託契約の変更に係る届出書',NULL,NULL,NULL,NULL,'doc-certificate',NULL,NULL,NULL,NULL,NULL,NULL,NULL,NULL,NULL,NULL,NULL,1,'2024-11-22','2025-04-21 17:01:35',NULL,NULL,NULL,'2024-11-21 22:03:43',NULL,NULL),(193,'16691c85-268f-4400-aafb-391718b21175',2,85,NULL,NULL,1,'活動状況に係る届出書',NULL,NULL,NULL,NULL,'doc-certificate',NULL,NULL,NULL,NULL,NULL,NULL,NULL,NULL,NULL,NULL,NULL,1,'2024-11-22','2025-04-21 17:01:35',NULL,NULL,NULL,'2024-11-21 22:16:14',NULL,NULL),(194,'211dd7e3-85d4-4766-8911-6ed421155788',2,86,NULL,NULL,1,'活動状況に係る届出書',NULL,NULL,NULL,NULL,'doc-certificate',NULL,NULL,NULL,NULL,NULL,NULL,NULL,NULL,NULL,NULL,NULL,1,'2024-11-22','2025-04-21 17:01:35',NULL,NULL,NULL,'2024-11-21 22:19:30',NULL,NULL),(196,'0aafd513-4be8-4dd6-9de7-a85dbaa85f99',2,88,NULL,NULL,1,'受入れ困難となるに至った経緯に係る説明書',NULL,NULL,NULL,NULL,'doc-certificate',NULL,NULL,NULL,NULL,NULL,NULL,NULL,NULL,NULL,NULL,NULL,1,'2024-11-22','2025-04-21 17:01:35',NULL,NULL,NULL,'2024-11-21 22:27:45',NULL,NULL),(197,'dcac4ba0-9bcd-4714-88bc-4456ff7ef878',2,89,NULL,NULL,1,'支援実施状況に係る届出書',NULL,NULL,NULL,NULL,'doc-certificate',NULL,NULL,NULL,NULL,NULL,NULL,NULL,NULL,NULL,NULL,NULL,1,'2024-11-22','2025-04-21 17:01:35',NULL,NULL,NULL,'2024-11-21 22:36:41',NULL,NULL),(198,'7fa20b13-f3f5-4f29-8a8a-01b969f30fd3',2,90,NULL,NULL,1,'特定技能雇用契約の終了又は締結に係る届出書',NULL,NULL,NULL,NULL,'doc-certificate',NULL,NULL,NULL,NULL,NULL,NULL,NULL,NULL,NULL,NULL,NULL,1,'2024-11-22','2025-04-21 17:01:35',NULL,NULL,NULL,'2024-11-21 22:55:48',NULL,NULL),(199,'6dbccfbb-a93f-4ff4-9aef-8b246d907101',2,91,NULL,NULL,1,'特定技能雇用契約に係る届出書（別紙）',NULL,NULL,NULL,NULL,'doc-certificate',NULL,NULL,NULL,NULL,NULL,NULL,NULL,NULL,NULL,NULL,NULL,1,'2024-11-22','2025-04-21 17:01:35',NULL,NULL,NULL,'2024-11-21 23:12:33',NULL,NULL),(200,'fbf7a3df-284c-4d66-bfe4-c6d87e20af0d',2,92,NULL,NULL,1,'特定技能雇用契約に係る届出書（別紙）',NULL,NULL,NULL,NULL,'doc-certificate',NULL,NULL,NULL,NULL,NULL,NULL,NULL,NULL,NULL,NULL,NULL,1,'2024-11-22','2025-04-21 17:01:35',NULL,NULL,NULL,'2024-11-21 23:24:21',NULL,NULL),(201,'c58c458e-d024-446d-80ef-2b0f0ae4306f',2,90,NULL,NULL,1,'特定技能雇用契約の終了又は締結に係る届出書',NULL,NULL,NULL,NULL,'doc-certificate',NULL,NULL,NULL,NULL,NULL,NULL,NULL,NULL,NULL,NULL,NULL,1,'2024-11-26','2025-04-21 17:01:35',NULL,NULL,NULL,'2024-11-25 20:27:40',NULL,NULL),(202,'7598e624-57d1-4768-8cbe-d7fef79523c3',2,93,NULL,NULL,1,'特定技能雇用契約の終了又は締結に係る届出書',NULL,NULL,NULL,NULL,'doc-certificate',NULL,NULL,NULL,NULL,NULL,NULL,NULL,NULL,NULL,NULL,NULL,1,'2024-11-26','2025-04-21 17:01:35',NULL,NULL,NULL,'2024-11-25 20:29:24',NULL,NULL),(203,'0ddbac5a-ac58-4ddd-bb03-5f21736b73a7',2,93,NULL,NULL,1,'特定技能雇用契約の終了又は締結に係る届出書',NULL,NULL,NULL,NULL,'doc-certificate',NULL,NULL,NULL,NULL,NULL,NULL,NULL,NULL,NULL,NULL,NULL,1,'2024-11-26','2025-04-21 17:01:35',NULL,NULL,NULL,'2024-11-25 20:34:18',NULL,NULL),(204,'ad4834dd-c973-417f-af2a-5fb3ec06b107',2,84,NULL,NULL,1,'支援委託契約の変更に係る届出書',NULL,NULL,NULL,NULL,'doc-certificate',NULL,NULL,NULL,NULL,NULL,NULL,NULL,NULL,NULL,NULL,NULL,1,'2024-11-26','2025-04-21 17:01:35',NULL,NULL,NULL,'2024-11-25 21:11:02',NULL,NULL),(205,'cdf02c9f-ffb5-4345-87f3-82792b239c7b',2,94,NULL,NULL,1,NULL,NULL,NULL,NULL,NULL,'doc-certificate',NULL,NULL,NULL,NULL,NULL,NULL,NULL,NULL,NULL,NULL,NULL,1,'2024-11-26','2025-04-21 17:01:35',NULL,NULL,NULL,'2024-11-25 21:47:23',NULL,NULL),(206,'0276e0b6-d1c1-47dd-8792-a111df5a9e95',2,94,NULL,NULL,1,NULL,NULL,NULL,NULL,NULL,'doc-certificate',NULL,NULL,NULL,NULL,NULL,NULL,NULL,NULL,NULL,NULL,NULL,1,'2024-11-26','2025-04-21 17:01:35',NULL,NULL,NULL,'2024-11-26 00:38:19',NULL,NULL),(207,'a9d41ad6-6b59-4e03-977e-87eef0ad9085',2,93,NULL,NULL,1,'支援委託契約の終了又は締結に係る届出書',NULL,NULL,NULL,NULL,'doc-certificate',NULL,NULL,NULL,NULL,NULL,NULL,NULL,NULL,NULL,NULL,NULL,1,'2024-11-27','2025-04-21 17:01:35',NULL,NULL,NULL,'2024-11-26 16:13:50',NULL,NULL),(208,'87015296-50d8-4038-85f1-9234799f7f20',2,95,NULL,NULL,1,'支援実施状況に係る届出書',NULL,NULL,NULL,NULL,'doc-certificate',NULL,NULL,NULL,NULL,NULL,NULL,NULL,NULL,NULL,NULL,NULL,1,'2024-11-27','2025-04-21 17:01:35',NULL,NULL,NULL,'2024-11-26 20:12:42',NULL,NULL),(209,'9849c55b-f203-484c-85a8-5d0684f99709',2,96,NULL,NULL,1,'支援実施状況に係る届出書',NULL,NULL,NULL,NULL,'doc-certificate',NULL,NULL,NULL,NULL,NULL,NULL,NULL,NULL,NULL,NULL,NULL,1,'2024-11-27','2025-04-21 17:01:35',NULL,NULL,NULL,'2024-11-26 20:33:57',NULL,NULL),(210,'9d97fabc-f28c-4da2-b3cd-527aaa8a9508',2,97,NULL,NULL,1,'活動状況に係る届出書',NULL,NULL,NULL,NULL,'doc-certificate',NULL,NULL,NULL,NULL,NULL,NULL,NULL,NULL,NULL,NULL,NULL,1,'2024-11-27','2025-04-21 17:01:35',NULL,NULL,NULL,'2024-11-26 21:38:23',NULL,NULL),(211,'12311754-7950-448d-9c3d-9d72d8752a4c',2,98,NULL,NULL,1,'活動状況に係る届出書',NULL,NULL,NULL,NULL,'doc-certificate',NULL,NULL,NULL,NULL,NULL,NULL,NULL,NULL,NULL,NULL,NULL,1,'2024-11-27','2025-04-21 17:01:35',NULL,NULL,NULL,'2024-11-26 21:49:21',NULL,NULL),(215,'74ec26e8-ea02-4076-a8d3-9c9bee808953',2,13,NULL,NULL,NULL,'test_102133',8,603,NULL,1,'doc-certificate',NULL,NULL,NULL,NULL,NULL,NULL,NULL,NULL,NULL,NULL,NULL,1,'2024-11-27','2025-04-21 17:01:35',NULL,NULL,NULL,'2024-11-26 23:28:41',NULL,NULL),(216,'cc88f35c-259e-457d-a602-f7901b0a03b1',2,22,NULL,NULL,NULL,'fdasfasfasdf',8,605,NULL,2,'doc-certificate',NULL,NULL,NULL,NULL,NULL,NULL,NULL,NULL,NULL,NULL,NULL,1,'2024-11-27','2025-04-21 17:01:35',NULL,NULL,NULL,'2024-11-27 05:21:00',NULL,NULL),(217,'5c1a057f-f540-4e6f-85c7-179bdaf0ac14',2,13,3,NULL,NULL,'testdfadfadfdf',8,603,NULL,NULL,'doc-certificate',NULL,NULL,NULL,NULL,NULL,NULL,NULL,NULL,NULL,NULL,NULL,1,'2024-11-28','2025-04-21 17:01:35',1,'2024-11-29',6,'2024-11-27 23:26:46',NULL,NULL),(218,'c6e752fb-3cd8-42e0-a3e3-8cd5f8709aa6',2,20,7,NULL,NULL,'testdfadfadfdf',8,603,NULL,1,'doc-certificate',NULL,NULL,NULL,NULL,NULL,NULL,NULL,NULL,NULL,NULL,NULL,1,'2024-11-28','2025-04-21 17:01:35',1,'2024-11-28',2,'2024-11-28 00:55:41',NULL,NULL),(219,'2028793b-74d6-4b38-ae89-e16fc047552a',2,13,1,NULL,NULL,'testdfadfadfdf',9,603,NULL,2,'doc-certificate',NULL,NULL,NULL,NULL,NULL,NULL,NULL,NULL,NULL,NULL,NULL,1,'2024-11-28','2025-04-21 17:01:35',1,'2024-11-28',1,'2024-11-28 01:01:11',NULL,NULL),(220,'8a5a40ab-4475-4436-951d-3565f9de8e81',2,13,NULL,NULL,NULL,'adfafsafasdfasdf',9,603,NULL,2,'doc-certificate',NULL,NULL,NULL,NULL,NULL,NULL,NULL,NULL,NULL,NULL,NULL,1,'2024-11-28','2025-04-21 17:01:35',NULL,NULL,NULL,'2024-11-28 01:03:24',NULL,NULL),(221,'a925eb9d-a8fe-4e2a-a47b-c017e5c6b7a8',2,13,NULL,NULL,NULL,NULL,NULL,603,NULL,2,'doc-certificate',NULL,NULL,NULL,NULL,NULL,NULL,NULL,NULL,NULL,NULL,NULL,1,'2024-11-28','2025-04-21 17:01:35',NULL,NULL,NULL,'2024-11-28 01:06:15',NULL,NULL),(222,'aeee34be-c05e-469d-be5b-292c5eff1be3',2,20,NULL,NULL,NULL,'test_20241203',9,603,NULL,1,'doc-certificate',NULL,NULL,NULL,NULL,NULL,NULL,NULL,NULL,NULL,NULL,NULL,1,'2024-12-03','2025-04-21 17:01:35',NULL,NULL,NULL,'2024-12-02 13:56:20',NULL,NULL),(223,'85d7a36a-1137-4e2d-815d-ae933a06083c',2,13,7,NULL,1,'アマゾン、生成AIモデル「Nova」を発表　新たなAI半導体も',74,603,NULL,3,'doc-certificate',NULL,NULL,NULL,NULL,NULL,NULL,NULL,NULL,NULL,NULL,'米アマゾンは3日、生成AI（人工知能）の新たな基盤モデル「Nova（ノバ）」を発表した。AIを利用する際の計算コストを引き下げ、対話型AI「ChatGPT（チャットGPT）」を運営する米オープンAIなどに対抗する。',1,'2024-12-04','2025-04-21 17:01:35',1,'2024-12-04',7,'2024-12-03 16:23:54',NULL,NULL),(224,'64b4f6e4-fc69-4129-b3a3-b9799ee660db',2,102,1,NULL,2,'ABCさんの特定活動申請',73,1206,NULL,2,'doc-certificate',NULL,NULL,NULL,NULL,NULL,NULL,NULL,NULL,NULL,NULL,NULL,150,'2024-12-05','2025-04-21 17:01:35',NULL,NULL,NULL,'2024-12-04 19:12:37',NULL,NULL),(225,'67d7dc10-17e0-4eeb-8cde-86b99b82a23b',2,102,1,NULL,1,'NGUYEN VAN Aさんの特定活動在留資格変更申請',NULL,1206,NULL,1,'doc-certificate',NULL,NULL,NULL,NULL,NULL,NULL,NULL,NULL,NULL,NULL,'○　申請人の在留期間の満了日までに「特定技能１号」への在留資格変更許可申請を行うことが困難である合理的な理由があること\r\n\r\n○　申請に係る受入れ機関において特定技能外国人として在留資格「特定技能１号」に該当する業務に従事するために\r\n　　同在留資格への在留資格変更許可申請を予定していること\r\n\r\n○　申請人が申請に係る受入れ機関との契約に基づいて在留資格「特定技能１号」で従事する予定の業務と同様の業務に従事すること\r\n\r\n○　申請人が特定技能外国人として就労する場合に支払われる予定の報酬と同額であり、\r\n　　かつ、日本人が従事する場合と同等額以上の報酬を受けること\r\n\r\n○　申請人が特定技能外国人として業務に従事するために必要な技能試験及び日本語試験に合格していること\r\n　　※技能実習２号良好修了者等として試験免除となる場合も含む。\r\n\r\n○　申請に係る受入れ機関又は支援委託予定先が申請人の在留中の日常生活等に係る支援を適切に行うことが見込まれること\r\n\r\n○　申請に係る受入れ機関が、申請人を適正に受け入れることが見込まれること',150,'2024-12-05','2025-04-21 17:01:35',150,'2024-12-05',1,'2024-12-04 19:22:06',NULL,NULL),(226,'c9b47f56-5c5e-4b68-a3ab-badc6dcb8bfc',2,57,1,NULL,1,'支援業務の再開に係る届出書',NULL,NULL,NULL,NULL,'doc-certificate',NULL,NULL,NULL,NULL,NULL,NULL,NULL,NULL,NULL,NULL,NULL,1,'2024-12-06','2025-04-21 17:01:35',NULL,NULL,NULL,'2024-12-05 20:10:04',NULL,NULL),(227,'03651c6b-1fd5-4583-8f12-3c6f4f863052',2,103,1,NULL,1,'技能実習生に関する評価調書',NULL,NULL,NULL,NULL,'doc-certificate',NULL,NULL,NULL,NULL,NULL,NULL,NULL,NULL,NULL,NULL,NULL,1,'2024-12-06','2025-04-21 17:01:35',NULL,NULL,NULL,'2024-12-05 21:09:53',NULL,NULL),(228,'51a4a974-1374-4808-8192-1779007f50d3',2,106,1,NULL,1,'特定技能外国人の報酬に関する説明書',NULL,NULL,NULL,NULL,'doc-certificate',NULL,NULL,NULL,NULL,NULL,NULL,NULL,NULL,NULL,NULL,NULL,1,'2024-12-10','2025-04-21 17:01:35',NULL,NULL,NULL,'2024-12-09 19:14:34',NULL,NULL),(235,'fc802ce2-14cc-4a9c-9c50-1d19ae84c120',2,113,1,NULL,1,'受け入れた中長期在留者リスト',NULL,NULL,NULL,NULL,'doc-certificate',NULL,NULL,NULL,NULL,NULL,NULL,NULL,NULL,NULL,NULL,NULL,1,'2024-12-11','2025-04-21 17:01:35',NULL,NULL,NULL,'2024-12-10 21:58:05',NULL,NULL),(236,'1c16691c-5e14-47f5-b8ad-b2cabf499c28',2,114,1,NULL,1,'支援業務の休止又は廃止に係る届出書',NULL,NULL,NULL,NULL,'doc-certificate',NULL,NULL,NULL,NULL,NULL,NULL,NULL,NULL,NULL,NULL,NULL,1,'2024-12-11','2025-04-21 17:01:35',NULL,NULL,NULL,'2024-12-10 22:41:59',NULL,NULL),(237,'d7f8a007-b33d-4708-ad0d-eaf5946a5e60',2,115,1,NULL,1,'生活相談業務を行った中長期在留者リスト',NULL,NULL,NULL,NULL,'doc-certificate',NULL,NULL,NULL,NULL,NULL,NULL,NULL,NULL,NULL,NULL,NULL,1,'2024-12-11','2025-04-21 17:01:35',NULL,NULL,NULL,'2024-12-10 23:42:26',NULL,NULL),(238,'cf4e8ea2-8874-43e4-8b5b-c4723b101b60',2,106,1,NULL,1,'xuan_test_特定技能外国人の報酬に関する説明書',64,605,NULL,NULL,'doc-certificate',NULL,NULL,NULL,NULL,NULL,NULL,NULL,NULL,NULL,NULL,NULL,1,'2024-12-13','2025-04-21 17:01:35',NULL,NULL,NULL,'2024-12-12 17:11:30',NULL,NULL),(239,'09b3b94c-45d6-457a-a923-e3988ae3541d',2,106,1,NULL,1,'test',NULL,605,NULL,NULL,'doc-certificate',NULL,NULL,NULL,NULL,NULL,NULL,NULL,NULL,NULL,NULL,NULL,1,'2024-12-13','2025-04-21 17:01:35',NULL,NULL,NULL,'2024-12-12 17:29:26',NULL,NULL),(240,'9c0bc6fd-b923-471d-8e4d-21f4bb6c44cc',2,204,1,NULL,1,'evaluation_traine',NULL,605,NULL,NULL,'doc-certificate',NULL,NULL,NULL,NULL,NULL,NULL,NULL,NULL,NULL,NULL,NULL,1,'2024-12-13','2025-04-21 17:01:35',NULL,NULL,NULL,'2024-12-12 17:29:26',NULL,NULL),(241,'476f801b-3b89-4847-9fb6-3aa3197e76e3',2,205,1,NULL,1,'explanation_remuneration_specified_skilled_foreign_workers',NULL,605,NULL,NULL,'doc-certificate',NULL,NULL,NULL,NULL,NULL,NULL,NULL,NULL,NULL,NULL,NULL,1,'2024-12-13','2025-04-21 17:01:35',NULL,NULL,NULL,'2024-12-12 17:29:26',NULL,NULL),(242,'d4cc151f-517a-4580-8c98-e406f9723534',2,206,1,NULL,1,'et_doc_specific_skills_employ_contract',NULL,605,NULL,NULL,'doc-certificate',NULL,NULL,NULL,NULL,NULL,NULL,NULL,NULL,NULL,NULL,NULL,1,'2024-12-13','2025-04-21 17:01:35',NULL,NULL,NULL,'2024-12-12 17:29:26',NULL,NULL),(243,'0029b268-dabe-48b5-9b76-660399162420',2,207,1,NULL,1,'et_doc_terms_of_employment',NULL,605,NULL,NULL,'doc-certificate',NULL,NULL,NULL,NULL,NULL,NULL,NULL,NULL,NULL,NULL,NULL,1,'2024-12-13','2025-04-21 17:01:35',NULL,NULL,NULL,'2024-12-12 17:29:26',NULL,NULL),(244,'fc634816-6be8-4de2-9897-baac1f58da75',2,208,1,NULL,1,'explanation_of_collection_costs',NULL,605,NULL,NULL,'doc-certificate',NULL,NULL,NULL,NULL,NULL,NULL,NULL,NULL,NULL,NULL,NULL,1,'2024-12-13','2025-04-21 17:01:35',NULL,NULL,NULL,'2024-12-12 17:29:26',NULL,NULL),(245,'fc65f5de-bafb-4f53-9b2d-a72640c33f36',2,209,1,NULL,1,'skills_transfer_declaration',NULL,605,NULL,NULL,'doc-certificate',NULL,NULL,NULL,NULL,NULL,NULL,NULL,NULL,NULL,NULL,NULL,1,'2024-12-13','2025-04-21 17:06:00',NULL,NULL,NULL,'2024-12-12 17:29:26',NULL,NULL),(246,'17a6ab9a-2441-4269-9824-2938cfe7ac88',2,210,1,NULL,1,'specific__skills_affiliation_agency_profile',NULL,605,NULL,NULL,'doc-certificate',NULL,NULL,NULL,NULL,NULL,NULL,NULL,NULL,NULL,NULL,NULL,1,'2024-12-13','2025-04-21 17:06:00',NULL,NULL,NULL,'2024-12-12 17:29:26',NULL,NULL),(247,'4fc0a908-784d-4836-a165-8814a10d5e71',2,211,1,NULL,1,'list_of_accepted_to_residents',NULL,605,NULL,NULL,'doc-certificate',NULL,NULL,NULL,NULL,NULL,NULL,NULL,NULL,NULL,NULL,NULL,1,'2024-12-13','2025-04-21 17:06:00',NULL,NULL,NULL,'2024-12-12 17:29:26',NULL,NULL),(248,'1f7ad602-d8f4-4b2e-a9ec-e916f2b16c45',2,212,1,NULL,1,'list_received_life_consultation_services',NULL,605,NULL,NULL,'doc-certificate',NULL,NULL,NULL,NULL,NULL,NULL,NULL,NULL,NULL,NULL,NULL,1,'2024-12-13','2025-04-21 17:06:00',NULL,NULL,NULL,'2024-12-12 17:29:26',NULL,NULL),(249,'fa915a39-b70f-4c72-98bf-d3b8a4411c8f',2,213,1,NULL,1,'dispatch_plan',NULL,605,NULL,NULL,'doc-certificate',NULL,NULL,NULL,NULL,NULL,NULL,NULL,NULL,NULL,NULL,NULL,1,'2024-12-13','2025-04-21 17:06:00',NULL,NULL,NULL,'2024-12-12 17:29:26',NULL,NULL),(250,'ea2ac25f-f06f-4d8e-ac18-5a5a5d8f1868',2,214,1,NULL,1,'employment_conditions_statement',NULL,605,NULL,NULL,'doc-certificate',NULL,NULL,NULL,NULL,NULL,NULL,NULL,NULL,NULL,NULL,NULL,1,'2024-12-13','2025-04-21 17:06:00',1,'2024-12-13',12,'2024-12-12 17:29:26',NULL,NULL),(251,'43b8a8ac-7e5f-4c37-871f-f20ab6c92b92',2,116,1,NULL,1,'evaluation_traine',NULL,605,NULL,NULL,'doc-certificate',NULL,NULL,NULL,NULL,NULL,NULL,NULL,NULL,NULL,NULL,'evaluation_traine',1,'2024-12-13','2025-04-21 17:06:00',NULL,NULL,NULL,'2024-12-13 04:07:20',NULL,NULL),(252,'9190f1ed-d497-44dd-bbd0-edd650c3eb35',2,116,1,NULL,1,'test modal',73,603,NULL,NULL,'doc-certificate',NULL,NULL,NULL,NULL,NULL,NULL,NULL,NULL,NULL,NULL,'&aacute;d',1,'2024-12-13','2025-04-21 17:06:00',NULL,NULL,NULL,'2024-12-13 04:36:15',NULL,NULL),(253,'d9e70cf8-ce2f-4b29-8b82-b0be994241f7',2,115,1,NULL,1,'生活相談業務を行った中長期在留者リスト',NULL,NULL,NULL,NULL,'doc-certificate',NULL,NULL,NULL,NULL,NULL,NULL,NULL,NULL,NULL,NULL,NULL,1,'2024-12-13','2025-04-21 17:06:00',NULL,NULL,NULL,'2024-12-13 05:51:37',NULL,NULL),(254,'5a169661-417f-48b2-a5d1-39f18e9e698c',2,117,1,NULL,1,'派遣計画書',NULL,NULL,NULL,NULL,'doc-certificate',NULL,NULL,NULL,NULL,NULL,NULL,NULL,NULL,NULL,NULL,NULL,1,'2024-12-13','2025-04-21 17:06:00',NULL,NULL,NULL,'2024-12-13 05:56:32',NULL,NULL),(255,'6a77ce8a-2f50-456a-8245-04ad77db5bdd',2,118,1,NULL,1,'explanation_remuneration_specified_skilled_foreign_workers',NULL,603,NULL,NULL,'doc-certificate',NULL,NULL,NULL,NULL,NULL,NULL,NULL,NULL,NULL,NULL,'explanation_remuneration_specified_skilled_foreign_workers',1,'2024-12-13','2025-04-21 17:06:00',NULL,NULL,NULL,'2024-12-13 06:23:53',NULL,NULL),(256,'360064f9-fd88-4bdc-829b-018547585238',2,119,1,NULL,1,'特定技能外国人の報酬に関する説明書',NULL,NULL,NULL,NULL,'doc-certificate',NULL,NULL,NULL,NULL,NULL,NULL,NULL,NULL,NULL,NULL,NULL,1,'2024-12-13','2025-04-21 17:06:00',NULL,NULL,NULL,'2024-12-13 06:45:19',NULL,NULL),(257,'cde11340-3e92-427f-8bd2-2dafc4cc55b9',2,116,1,NULL,1,'1',NULL,603,NULL,NULL,'doc-certificate',NULL,NULL,NULL,NULL,NULL,NULL,NULL,NULL,NULL,NULL,'evaluation_traine',1,'2024-12-13','2025-04-21 17:06:00',NULL,NULL,NULL,'2024-12-13 08:12:38',NULL,NULL),(258,'41a9ed25-da5d-45d3-8db2-65f6c58933a6',2,119,1,NULL,1,'特定技能外国人の報酬に関する説明書_testabc',58,603,NULL,NULL,'doc-certificate',NULL,NULL,NULL,NULL,NULL,NULL,NULL,NULL,NULL,NULL,NULL,1,'2024-12-13','2025-04-21 17:06:00',NULL,NULL,NULL,'2024-12-13 13:49:01',NULL,NULL),(259,'84046acd-0bf5-4726-a4e9-0877c78a4e06',2,119,1,NULL,1,'特定技能外国人の報酬に関する説明書_testabc',64,605,NULL,NULL,'doc-certificate',NULL,NULL,NULL,NULL,NULL,NULL,NULL,NULL,NULL,NULL,NULL,1,'2024-12-13','2025-04-21 17:06:00',NULL,NULL,NULL,'2024-12-13 13:50:38',NULL,NULL),(260,'aff396fa-b42e-422c-b74f-843fa3e4536c',2,120,1,NULL,1,'外部監査報告書_test',58,603,NULL,NULL,'doc-certificate',NULL,NULL,NULL,NULL,NULL,NULL,NULL,NULL,NULL,NULL,NULL,1,'2024-12-14','2025-04-21 17:06:00',NULL,NULL,NULL,'2024-12-13 21:32:34',NULL,NULL),(261,'3d498fed-d80b-4c5c-a762-1c97ea6ef5fc',2,121,1,NULL,1,NULL,NULL,603,NULL,NULL,'doc-certificate',NULL,NULL,NULL,NULL,NULL,NULL,NULL,NULL,NULL,NULL,'<div>&nbsp;</div>\r\n<span style=\"font-size:15px\"><span style=\"color:black\">et_doc_specific_skills_employ_contract</span></span>',1,'2024-12-14','2025-04-21 17:06:00',NULL,NULL,NULL,'2024-12-14 02:03:13',NULL,NULL),(262,'c1f2916e-73e0-4425-b469-4d3f9adbc964',2,121,1,NULL,1,'1',NULL,603,NULL,NULL,'doc-certificate',NULL,NULL,NULL,NULL,NULL,NULL,NULL,NULL,NULL,NULL,NULL,1,'2024-12-14','2025-04-21 17:06:00',NULL,NULL,NULL,'2024-12-14 02:06:42',NULL,NULL),(263,'372b811c-d9b6-4e0a-8a7f-9ef08f67e7e8',2,116,1,NULL,1,'test modal',NULL,603,NULL,NULL,'doc-certificate',NULL,NULL,NULL,NULL,NULL,NULL,NULL,NULL,NULL,NULL,NULL,1,'2024-12-14','2025-04-21 17:06:00',NULL,NULL,NULL,'2024-12-14 02:23:57',NULL,NULL),(264,'98254f7a-304d-4615-bd34-c68073eafb31',2,122,1,NULL,1,'et_doc_terms_of_employment',58,603,NULL,NULL,'doc-certificate',NULL,NULL,NULL,NULL,NULL,NULL,NULL,NULL,NULL,NULL,'et_doc_terms_of_employment',1,'2024-12-14','2025-04-21 17:06:00',NULL,NULL,NULL,'2024-12-14 03:14:44',NULL,NULL),(265,'f5a6e996-4548-4040-9c94-eff7cca83447',2,123,1,NULL,1,'explanation_of_collection_costs',NULL,603,NULL,NULL,'doc-certificate',NULL,NULL,NULL,NULL,NULL,NULL,NULL,NULL,NULL,NULL,'<div>&nbsp;</div>\r\n<span style=\"font-size:15px\"><span style=\"color:black\">explanation_of_collection_costs</span></span>',1,'2024-12-14','2025-04-21 17:06:00',NULL,NULL,NULL,'2024-12-14 06:38:17',NULL,NULL),(266,'1f7375b0-6f04-449c-b21a-86895a0978ba',2,124,1,NULL,1,'1',NULL,603,NULL,NULL,'doc-certificate',NULL,NULL,NULL,NULL,NULL,NULL,NULL,NULL,NULL,NULL,'<div>&nbsp;</div>\r\n<span style=\"font-size:15px\"><span style=\"color:black\">skills_transfer_declaration</span></span>',1,'2024-12-14','2025-04-21 17:06:00',NULL,NULL,NULL,'2024-12-14 07:05:22',NULL,NULL),(267,'07108b9f-49da-4994-9913-23546212bf86',2,125,1,NULL,1,'1',NULL,603,NULL,NULL,'doc-certificate',NULL,NULL,NULL,NULL,NULL,NULL,NULL,NULL,NULL,NULL,'specific_skills_affiliation_agency_profile',1,'2024-12-14','2025-04-21 17:06:00',NULL,NULL,NULL,'2024-12-14 08:31:02',NULL,NULL),(268,'9e56aeb1-941f-4f94-858b-88acf67a9af8',2,125,1,NULL,1,NULL,NULL,603,NULL,NULL,'doc-certificate',NULL,NULL,NULL,NULL,NULL,NULL,NULL,NULL,NULL,NULL,NULL,1,'2024-12-14','2025-04-21 17:06:00',NULL,NULL,NULL,'2024-12-14 08:31:59',NULL,NULL),(271,'6803fe00-9895-4fcb-985f-03c752295894',2,128,1,NULL,1,'受け入れた中長期在留者リスト',NULL,NULL,NULL,NULL,'doc-certificate','App\\Models\\EtPreProject',NULL,NULL,NULL,NULL,NULL,NULL,NULL,NULL,NULL,NULL,151,'2024-12-18','2025-04-21 17:06:00',NULL,NULL,NULL,'2024-12-18 06:17:26',NULL,NULL),(272,'b360e274-6a81-4838-925e-2d2490228643',2,129,1,NULL,1,'生活相談業務を行った中長期在留者リスト',NULL,NULL,NULL,NULL,'doc-certificate','App\\Models\\EtPreProject',NULL,NULL,NULL,NULL,NULL,NULL,NULL,NULL,NULL,NULL,151,'2024-12-18','2025-04-21 17:06:00',NULL,NULL,NULL,'2024-12-18 07:28:03',NULL,NULL),(274,'b2e24594-f956-4f92-abde-2734eb32e590',2,131,1,NULL,1,'特定技能外国人の報酬に関する説明書',NULL,NULL,NULL,NULL,'doc-certificate','App\\Models\\EtPreProject',NULL,NULL,NULL,NULL,NULL,NULL,NULL,NULL,NULL,NULL,151,'2024-12-18','2025-04-21 17:06:00',NULL,NULL,NULL,'2024-12-18 09:18:30',NULL,NULL),(275,'cea5f911-372d-48fb-a378-14a37c995f3f',2,132,1,NULL,1,'派遣計画書',NULL,NULL,NULL,NULL,'doc-certificate','App\\Models\\EtPreProject',NULL,NULL,NULL,NULL,NULL,NULL,NULL,NULL,NULL,NULL,151,'2024-12-19','2025-04-21 17:06:00',NULL,NULL,NULL,'2024-12-19 05:25:50',NULL,NULL),(276,'d9d18986-1331-4bae-9448-e0c66eafc120',2,133,1,NULL,1,'就業条件明示書',NULL,NULL,NULL,NULL,'doc-certificate','App\\Models\\EtPreProject',NULL,NULL,NULL,NULL,NULL,NULL,NULL,NULL,NULL,NULL,151,'2024-12-19','2025-04-21 17:06:00',NULL,NULL,NULL,'2024-12-19 05:30:03',NULL,NULL),(278,'1f924cd7-5527-4196-a918-46333f5b1769',2,34,1,NULL,6,'特定技能外国人の報酬に関する説明書lllllllllllllllllllllll',NULL,603,NULL,NULL,'doc-certificate','App\\Models\\EtPreProject',84,NULL,NULL,NULL,NULL,NULL,NULL,NULL,NULL,NULL,1,'2024-12-19','2025-04-21 17:06:00',NULL,NULL,NULL,'2024-12-19 09:30:02',NULL,NULL),(279,'39874737-1c82-4266-8e05-43f71e3ed2b1',2,105,1,NULL,6,'３２３２３',NULL,603,NULL,NULL,'doc-certificate','App\\Models\\EtPreProject',84,NULL,NULL,NULL,NULL,NULL,NULL,NULL,NULL,NULL,1,'2024-12-19','2025-04-21 17:06:00',NULL,NULL,NULL,'2024-12-19 09:32:24',NULL,NULL),(281,'7861b112-1e43-4583-ab73-7f9ade721f07',2,138,1,NULL,1,'支援責任者の履歴書',NULL,NULL,NULL,NULL,'doc-certificate','App\\Models\\EtPreProject',NULL,NULL,NULL,NULL,NULL,NULL,NULL,NULL,NULL,NULL,151,'2024-12-23','2025-04-21 17:06:00',NULL,NULL,NULL,'2024-12-23 05:35:42',NULL,NULL),(282,'7c24eeeb-143f-4dfe-89c2-6e53e42f3bec',2,139,1,NULL,1,'支援担当者の履歴書',NULL,NULL,NULL,NULL,'doc-certificate','App\\Models\\EtPreProject',NULL,NULL,NULL,NULL,NULL,NULL,NULL,NULL,NULL,NULL,151,'2024-12-23','2025-04-21 17:06:00',NULL,NULL,NULL,'2024-12-23 05:40:10',NULL,NULL),(283,'7744060e-d17e-4b7e-941c-5aee17a1c4db',2,140,1,NULL,1,'特定技能所属機関の役員に関する誓約書',NULL,NULL,NULL,NULL,'doc-certificate','App\\Models\\EtPreProject',NULL,NULL,NULL,NULL,NULL,NULL,NULL,NULL,NULL,NULL,151,'2024-12-23','2025-04-21 17:06:00',NULL,NULL,NULL,'2024-12-23 06:02:04',NULL,NULL),(284,'6f06aea4-5a89-4281-b94d-7a2a2cf70bb8',2,141,1,NULL,1,'支援担当者の履歴書',NULL,NULL,NULL,NULL,'doc-certificate','App\\Models\\EtPreProject',NULL,NULL,NULL,NULL,NULL,NULL,NULL,NULL,NULL,NULL,151,'2024-12-23','2025-04-21 17:06:00',NULL,NULL,NULL,'2024-12-23 08:49:38',NULL,NULL),(285,'e43b7e37-43b2-4405-b41d-403140dd62b6',2,143,1,NULL,1,'登録支援機関との支援委託契約に関する説明書',NULL,NULL,NULL,NULL,'doc-certificate','App\\Models\\EtPreProject',NULL,NULL,NULL,NULL,NULL,NULL,NULL,NULL,NULL,NULL,151,'2024-12-24','2025-04-21 17:06:00',NULL,NULL,NULL,'2024-12-24 05:10:32',NULL,NULL),(286,'6faecc60-e241-4511-af2a-cb9f4d901e33',2,143,1,NULL,1,'登録支援機関との支援委託契約に関する説明書',NULL,NULL,NULL,NULL,'doc-certificate','App\\Models\\EtPreProject',NULL,NULL,NULL,NULL,NULL,NULL,NULL,NULL,NULL,NULL,151,'2024-12-24','2025-04-21 17:06:00',NULL,NULL,NULL,'2024-12-24 05:15:49',NULL,NULL),(287,'4f6acd3a-147b-46b1-a842-54a4ff0a68aa',2,143,1,NULL,1,'登録支援機関との支援委託契約に関する説明書',NULL,NULL,NULL,NULL,'doc-certificate','App\\Models\\EtPreProject',NULL,NULL,NULL,NULL,NULL,NULL,NULL,NULL,NULL,NULL,151,'2024-12-24','2025-04-21 17:06:00',NULL,NULL,NULL,'2024-12-24 06:57:07',NULL,NULL),(288,'450e828e-24b0-466e-8363-f286bc239adf',2,144,1,NULL,1,'登録支援機関との支援委託契約に関する説明書',NULL,NULL,NULL,NULL,'doc-certificate','App\\Models\\EtPreProject',NULL,NULL,NULL,NULL,NULL,NULL,NULL,NULL,NULL,NULL,151,'2024-12-24','2025-04-21 17:06:00',NULL,NULL,NULL,'2024-12-24 07:20:28',NULL,NULL),(289,'367e81c2-a151-45f3-9c49-cd34a78a01ad',2,144,1,NULL,1,NULL,NULL,NULL,NULL,NULL,'doc-certificate','App\\Models\\EtPreProject',NULL,NULL,NULL,NULL,NULL,NULL,NULL,NULL,NULL,NULL,1,'2024-12-24','2025-04-21 17:06:00',NULL,NULL,NULL,'2024-12-24 07:52:14',NULL,NULL),(290,'e22686ae-c8a7-48b7-a1c1-b5b49f6e85ce',2,142,1,NULL,1,NULL,NULL,NULL,NULL,NULL,'doc-certificate','App\\Models\\EtPreProject',NULL,NULL,NULL,NULL,NULL,NULL,NULL,NULL,NULL,NULL,1,'2024-12-24','2025-04-21 17:06:00',NULL,NULL,NULL,'2024-12-24 07:54:32',NULL,NULL),(291,'fb0d5182-4092-49b0-96bb-4dcb650d6386',2,142,1,NULL,1,'登録支援機関との支援委託契約に関する説明書',NULL,NULL,NULL,NULL,'doc-certificate','App\\Models\\EtPreProject',NULL,NULL,NULL,NULL,NULL,NULL,NULL,NULL,NULL,NULL,151,'2024-12-24','2025-04-21 17:06:00',NULL,NULL,NULL,'2024-12-24 08:14:41',NULL,NULL),(294,'c8b37d2a-7e2e-43b5-82f4-9f304b58a539',2,146,1,NULL,1,'出入国又は労働に関する法令に関し 不正又は著しく不当な行為（不正行為）に係る届出書',NULL,NULL,NULL,NULL,'doc-certificate','App\\Models\\EtPreProject',NULL,NULL,NULL,NULL,NULL,NULL,NULL,NULL,NULL,NULL,151,'2024-12-30','2025-04-21 17:06:00',NULL,NULL,NULL,'2024-12-30 06:12:10',NULL,NULL),(296,'31701891-8500-4c9f-b75e-7db0773860b3',2,146,1,NULL,1,'出入国又は労働に関する法令に関し 不正又は著しく不当な行為（不正行為）に係る届出書',NULL,NULL,NULL,NULL,'doc-certificate','App\\Models\\EtPreProject',NULL,NULL,NULL,NULL,NULL,NULL,NULL,NULL,NULL,NULL,151,'2024-12-30','2025-04-21 17:06:00',NULL,NULL,NULL,'2024-12-30 08:22:29',NULL,NULL),(297,'0bc458c3-60dc-4f39-8062-b88095a05773',2,116,1,NULL,1,'adasd',NULL,603,NULL,NULL,'doc-certificate','App\\Models\\EtPreProject',NULL,NULL,NULL,NULL,NULL,NULL,NULL,NULL,NULL,'asdasda',1,'2024-12-31','2025-04-21 17:06:00',NULL,NULL,NULL,'2024-12-30 17:34:44',NULL,NULL),(298,'0d66b812-234c-48b5-9eb1-c5edf906e90e',2,44,1,NULL,1,'技能実習生に関する評価調書',NULL,NULL,NULL,NULL,'doc-certificate','App\\Models\\EtPreProject',NULL,NULL,NULL,NULL,NULL,NULL,NULL,NULL,NULL,NULL,151,'2024-12-31','2025-04-21 17:06:00',NULL,NULL,NULL,'2024-12-31 01:40:48',NULL,NULL),(299,'a418a1aa-2618-47f7-ba27-47643c4c339d',2,107,1,NULL,1,'test modal',NULL,605,NULL,NULL,'doc-certificate','App\\Models\\EtPreProject',NULL,NULL,NULL,NULL,NULL,NULL,NULL,NULL,NULL,'asdasdasd',1,'2024-12-31','2025-04-21 17:06:00',NULL,NULL,NULL,'2024-12-31 01:46:30',NULL,NULL),(300,'711f1575-1503-455e-a1c3-a5b37a616c11',2,121,1,NULL,2,'asdasd',NULL,605,NULL,NULL,'doc-certificate','App\\Models\\EtPreProject',NULL,NULL,NULL,NULL,NULL,NULL,NULL,NULL,NULL,'asdasdas',1,'2024-12-31','2025-04-21 17:06:00',NULL,NULL,NULL,'2024-12-31 01:49:06',NULL,NULL),(301,'b91dbf60-1bc5-4388-a924-efea7d3aa342',2,148,1,NULL,1,'支援委託契約に係る届出書（別紙）',NULL,NULL,NULL,NULL,'doc-certificate','App\\Models\\EtPreProject',NULL,NULL,NULL,NULL,NULL,NULL,NULL,NULL,NULL,NULL,151,'2024-12-31','2025-04-21 17:06:00',NULL,NULL,NULL,'2024-12-31 02:23:25',NULL,NULL),(302,'6496e2ce-dec1-42b0-9742-1bc8962e9c8b',2,71,1,NULL,1,'支援委託契約の変更に係る届出書',NULL,NULL,NULL,NULL,'doc-certificate','App\\Models\\EtPreProject',NULL,NULL,NULL,NULL,NULL,NULL,NULL,NULL,NULL,NULL,151,'2024-12-31','2025-04-21 17:06:00',NULL,NULL,NULL,'2024-12-31 02:36:02',NULL,NULL),(303,'725d6b8b-6a5c-4a7e-a1c8-4c81f7d52476',2,149,1,NULL,1,'支援委託契約の終了又は締結に係る届出書',NULL,NULL,NULL,NULL,'doc-certificate','App\\Models\\EtPreProject',NULL,NULL,NULL,NULL,NULL,NULL,NULL,NULL,NULL,NULL,151,'2024-12-31','2025-04-21 17:06:00',NULL,NULL,NULL,'2024-12-31 02:51:16',NULL,NULL),(305,'a5a6914a-a7a2-4c80-895a-b6c09090ee29',2,72,1,NULL,1,'支援実施状況に係る届出書',NULL,NULL,NULL,NULL,'doc-certificate','App\\Models\\EtPreProject',NULL,NULL,NULL,NULL,NULL,NULL,NULL,NULL,NULL,NULL,151,'2024-12-31','2025-04-21 17:06:00',NULL,NULL,NULL,'2024-12-31 04:28:07',NULL,NULL),(306,'a6403455-acc4-41a6-9f41-6e476c438638',2,151,1,NULL,1,'支援実施状況に係る届出書',NULL,NULL,NULL,NULL,'doc-certificate','App\\Models\\EtPreProject',NULL,NULL,NULL,NULL,NULL,NULL,NULL,NULL,NULL,NULL,151,'2024-12-31','2025-04-21 17:06:00',NULL,NULL,NULL,'2024-12-31 04:40:36',NULL,NULL),(307,'fc1adffe-3a0a-4dc6-9154-3600fdfe8f82',2,152,1,NULL,1,'活動状況に係る届出書',NULL,NULL,NULL,NULL,'doc-certificate','App\\Models\\EtPreProject',NULL,NULL,NULL,NULL,NULL,NULL,NULL,NULL,NULL,NULL,151,'2024-12-31','2025-04-21 17:06:00',NULL,NULL,NULL,'2024-12-31 04:55:44',NULL,NULL),(308,'10a985fb-e990-43bd-a0a5-1b2421706549',2,153,1,NULL,1,'支援業務の休止又は廃止に係る届出書',NULL,NULL,NULL,NULL,'doc-certificate','App\\Models\\EtPreProject',NULL,NULL,NULL,NULL,NULL,NULL,NULL,NULL,NULL,NULL,151,'2024-12-31','2025-04-21 17:06:00',NULL,NULL,NULL,'2024-12-31 05:04:20',NULL,NULL),(309,'d1241acc-4ec5-4e50-8444-ccb769829212',2,57,1,NULL,1,'支援業務の再開に係る届出書',NULL,NULL,NULL,NULL,'doc-certificate','App\\Models\\EtPreProject',NULL,NULL,NULL,NULL,NULL,NULL,NULL,NULL,NULL,NULL,151,'2024-12-31','2025-04-21 17:06:00',NULL,NULL,NULL,'2024-12-31 05:25:37',NULL,NULL),(310,'f3fcdb74-bd02-48b5-8d9f-9dbb104df893',2,154,1,NULL,1,'登録事項変更に関する届出書',NULL,NULL,NULL,NULL,'doc-certificate','App\\Models\\EtPreProject',NULL,NULL,NULL,NULL,NULL,NULL,NULL,NULL,NULL,NULL,151,'2024-12-31','2025-04-21 17:06:00',NULL,NULL,NULL,'2024-12-31 07:05:17',NULL,NULL),(311,'1209d82a-1bfc-4656-adc4-71517bb64c7a',2,155,1,NULL,1,'生活オリエンテーションの確認書',NULL,NULL,NULL,NULL,'doc-certificate','App\\Models\\EtPreProject',NULL,NULL,NULL,NULL,NULL,NULL,NULL,NULL,NULL,NULL,151,'2024-12-31','2025-04-21 17:06:00',NULL,NULL,NULL,'2024-12-31 07:15:34',NULL,NULL),(312,'bd81b9fb-382c-4e09-a860-4d97db9cc9c0',2,156,1,NULL,1,'事前ガイダンスの確認書',NULL,NULL,NULL,NULL,'doc-certificate','App\\Models\\EtPreProject',NULL,NULL,NULL,NULL,NULL,NULL,NULL,NULL,NULL,NULL,151,'2024-12-31','2025-04-21 17:06:00',NULL,NULL,NULL,'2024-12-31 07:26:46',NULL,NULL),(314,'69f6df03-7340-432c-8edb-655c428ae771',2,157,1,NULL,1,'支援実施状況に係る届出書3_7',NULL,NULL,NULL,NULL,'doc-certificate','App\\Models\\EtPreProject',NULL,NULL,NULL,NULL,NULL,NULL,NULL,NULL,NULL,NULL,151,'2025-01-01','2025-04-21 17:06:00',NULL,NULL,NULL,'2025-01-01 00:48:18',NULL,NULL),(315,'ba44d6b2-cd97-4fd6-ae40-c70bc6360f18',2,158,1,NULL,1,'支援実施状況に係る届出書4_3',NULL,NULL,NULL,NULL,'doc-certificate','App\\Models\\EtPreProject',NULL,NULL,NULL,NULL,NULL,NULL,NULL,NULL,NULL,NULL,151,'2025-01-01','2025-04-21 17:06:00',NULL,NULL,NULL,'2025-01-01 00:53:05',NULL,NULL),(316,'38134d2e-4aea-4d1e-997e-b9e821b4ea8a',2,159,1,NULL,1,'特定技能雇用契約の終了又は締結に係る届出書（別紙）',NULL,NULL,NULL,NULL,'doc-certificate','App\\Models\\EtPreProject',NULL,NULL,NULL,NULL,NULL,NULL,NULL,NULL,NULL,NULL,151,'2025-01-01','2025-04-21 17:06:00',NULL,NULL,NULL,'2025-01-01 01:05:33',NULL,NULL),(317,'a78d6581-7af3-44dd-825f-396d1b03cc55',2,160,1,NULL,1,'支援委託契約書',NULL,NULL,NULL,NULL,'doc-certificate','App\\Models\\EtPreProject',NULL,NULL,NULL,NULL,NULL,NULL,NULL,NULL,NULL,NULL,151,'2025-01-01','2025-04-21 17:06:00',NULL,NULL,NULL,'2025-01-01 01:41:56',NULL,NULL),(318,'9de99c58-c1ed-4bdd-beb7-3552084bb108',2,161,1,NULL,1,'受入れ困難となるに至った経緯に係る説明書',NULL,NULL,NULL,NULL,'doc-certificate','App\\Models\\EtPreProject',NULL,NULL,NULL,NULL,NULL,NULL,NULL,NULL,NULL,NULL,151,'2025-01-01','2025-04-21 17:06:00',NULL,NULL,NULL,'2025-01-01 02:03:36',NULL,NULL),(319,'9a1c27ac-0d11-419d-9ad4-ed7dd5c7a99c',2,166,1,NULL,NULL,NULL,NULL,NULL,NULL,NULL,'doc-certificate','App\\Models\\EtPreProject',NULL,NULL,NULL,NULL,NULL,NULL,NULL,NULL,NULL,NULL,151,'2025-01-23','2025-04-21 17:06:00',NULL,NULL,NULL,'2025-01-23 01:36:19',NULL,NULL),(320,'18c87014-3e77-4d66-8e2f-d708129bfc5b',2,167,1,NULL,NULL,NULL,NULL,NULL,NULL,NULL,'doc-certificate','App\\Models\\EtPreProject',NULL,NULL,NULL,NULL,NULL,NULL,NULL,NULL,NULL,NULL,151,'2025-01-23','2025-04-21 17:06:00',NULL,NULL,NULL,'2025-01-23 07:44:56',NULL,NULL),(324,'678db5ad-8de8-4630-bb40-8497d9b5ea47',2,169,1,NULL,NULL,NULL,NULL,NULL,NULL,NULL,'doc-certificate','App\\Models\\EtPreProject',NULL,NULL,NULL,NULL,NULL,NULL,NULL,NULL,NULL,NULL,151,'2025-01-28','2025-04-21 17:06:00',NULL,NULL,NULL,'2025-01-28 04:11:01',NULL,NULL),(328,'aa66d59c-3525-4560-889a-8d2039236978',2,171,1,NULL,NULL,'特定技能雇用契約の変更に係る届出書',NULL,NULL,NULL,NULL,'doc-certificate','App\\Models\\EtPreProject',NULL,NULL,NULL,NULL,NULL,NULL,NULL,NULL,NULL,NULL,151,'2025-02-01','2025-04-21 17:06:00',NULL,NULL,NULL,'2025-02-01 05:30:15',NULL,NULL),(330,'476c7c83-dbe7-4d1d-b733-3fb74bb9d7a0',2,172,1,NULL,NULL,'１号特定技能外国人 支援対象者名簿',NULL,NULL,NULL,NULL,'doc-certificate','App\\Models\\EtPreProject',NULL,NULL,NULL,NULL,NULL,NULL,NULL,NULL,NULL,NULL,151,'2025-02-05','2025-04-21 17:06:00',NULL,NULL,NULL,'2025-02-04 16:05:37',NULL,NULL),(331,'b4adf4b9-6271-45ee-ab66-509e25cede71',2,148,1,NULL,NULL,'支援委託契約に係る届出書（別紙）',NULL,NULL,NULL,NULL,'doc-certificate','App\\Models\\EtPreProject',NULL,NULL,NULL,NULL,NULL,NULL,NULL,NULL,NULL,NULL,151,'2025-02-05','2025-04-21 17:06:00',NULL,NULL,NULL,'2025-02-04 16:17:25',NULL,NULL),(332,'3b89483d-d29e-4d67-b422-6affeb955959',2,41,1,NULL,NULL,'申請者の契約書',NULL,NULL,NULL,NULL,'doc-certificate','App\\Models\\EtPreProject',73,NULL,NULL,NULL,NULL,NULL,NULL,NULL,NULL,NULL,151,'2025-02-08','2025-04-21 17:06:00',NULL,NULL,NULL,'2025-02-08 02:24:18',NULL,NULL),(333,'10eaf9f6-4fcd-450b-a4be-0aafc483d463',2,173,1,NULL,NULL,'支援担当者の履歴書_1',NULL,NULL,NULL,NULL,'doc-certificate','App\\Models\\EtPreProject',NULL,NULL,NULL,NULL,NULL,NULL,NULL,NULL,NULL,NULL,151,'2025-02-10','2025-04-21 17:06:00',NULL,NULL,NULL,'2025-02-10 02:33:37',NULL,NULL),(334,'413a3ff4-bbc6-479b-a66d-93d135fa5cf1',2,45,1,NULL,NULL,'在留資格認定証明書交付申請',NULL,NULL,NULL,NULL,'doc-certificate','App\\Models\\EtPreProject',NULL,NULL,NULL,NULL,NULL,NULL,NULL,NULL,NULL,NULL,151,'2025-02-24','2025-04-21 17:06:00',NULL,NULL,NULL,'2025-02-24 02:27:44',NULL,NULL),(335,'05f0fe91-113e-4368-871d-17c52de05a49',2,45,1,NULL,NULL,'test_在留資格認定証明書交付申請書',NULL,NULL,NULL,NULL,'doc-certificate','App\\Models\\EtPreProject',NULL,NULL,NULL,NULL,NULL,NULL,NULL,NULL,NULL,NULL,1,'2025-02-24','2025-04-21 17:06:00',NULL,NULL,NULL,'2025-02-24 02:55:41',NULL,NULL),(336,'3dd92ceb-8980-4210-aa64-7aece8e917b5',2,59,1,NULL,NULL,'test_在留資格認定証明書交付申請書  _22',NULL,NULL,NULL,NULL,'doc-certificate','App\\Models\\EtPreProject',NULL,NULL,NULL,NULL,NULL,NULL,NULL,NULL,NULL,NULL,1,'2025-02-24','2025-04-21 17:06:00',NULL,NULL,NULL,'2025-02-24 02:56:28',NULL,NULL),(338,'bbbdd761-8377-4e7d-90af-852c036c995b',2,177,1,NULL,NULL,'支援委託契約に係る届出書（別紙）3_3',NULL,NULL,NULL,NULL,'doc-certificate','App\\Models\\EtPreProject',NULL,NULL,NULL,NULL,NULL,NULL,NULL,NULL,NULL,NULL,151,'2025-02-24','2025-04-21 17:06:00',NULL,NULL,NULL,'2025-02-24 06:44:52',NULL,NULL),(343,'185f9c97-723a-4ad7-833b-d23608b83912',2,181,1,NULL,NULL,'支援委託契約に係る届出書（別紙）',NULL,NULL,NULL,NULL,'doc-certificate','App\\Models\\EtPreProject',NULL,NULL,NULL,NULL,NULL,NULL,NULL,NULL,NULL,NULL,151,'2025-03-03','2025-04-21 17:06:00',NULL,NULL,NULL,'2025-03-03 06:12:49',NULL,NULL),(352,'ce56e6f8-4858-4c0d-8acd-85891bb5212b',2,NULL,1,NULL,3,'履歴事項全部証明書',NULL,1220,NULL,NULL,NULL,NULL,NULL,NULL,NULL,NULL,NULL,NULL,NULL,NULL,NULL,NULL,150,'2025-03-07','2025-04-21 17:06:00',150,'2025-03-07',1,'2025-03-07 05:27:06',NULL,NULL),(354,'3fedbf44-8d21-45b6-9937-662cdde758e9',2,184,1,NULL,NULL,'受入れ・活動状況に係る届出 書',NULL,NULL,NULL,NULL,'doc-certificate',NULL,NULL,NULL,NULL,NULL,NULL,NULL,NULL,NULL,NULL,NULL,151,'2025-03-13','2025-04-21 17:06:00',NULL,NULL,NULL,'2025-03-13 01:56:17',NULL,NULL),(355,'789459bf-4802-4352-ae48-6f2f66eb6b7c',2,185,1,NULL,NULL,'特定技能雇用契約書_Vietnam',NULL,NULL,NULL,NULL,'doc-certificate',NULL,NULL,NULL,NULL,NULL,NULL,NULL,NULL,NULL,NULL,NULL,151,'2025-03-17','2025-04-21 17:06:00',NULL,NULL,NULL,'2025-03-17 02:53:34',NULL,NULL),(356,'f8fd8645-381f-45eb-b5d3-a0dd80eca252',2,39,1,NULL,NULL,'test',NULL,1206,NULL,NULL,'doc-certificate',NULL,NULL,NULL,NULL,NULL,NULL,NULL,NULL,NULL,NULL,NULL,150,'2025-03-23','2025-04-21 17:06:00',NULL,NULL,NULL,'2025-03-22 22:36:15',NULL,NULL),(357,'de64d1cc-e3ae-4ad1-a18e-dcac49bd2632',2,13,1,NULL,NULL,'test333',NULL,1206,NULL,NULL,'doc-certificate',NULL,NULL,NULL,NULL,NULL,NULL,NULL,NULL,NULL,NULL,NULL,150,'2025-03-23','2025-04-21 17:06:00',NULL,NULL,NULL,'2025-03-22 22:36:37',NULL,NULL),(362,'3cb679f5-f0f9-452e-b948-9094e755764a',2,187,1,NULL,NULL,'相談記録書',NULL,NULL,NULL,NULL,'doc-certificate',NULL,NULL,NULL,NULL,NULL,NULL,NULL,NULL,NULL,NULL,NULL,151,'2025-03-29','2025-04-21 17:06:00',151,NULL,NULL,'2025-03-29 06:36:02',NULL,NULL),(365,'6f4d3866-4709-4f25-b4fd-7426e4897aa9',2,179,1,NULL,1,'定期報告_test_20250329',NULL,NULL,NULL,NULL,'doc-certificate',NULL,NULL,NULL,NULL,NULL,NULL,NULL,NULL,NULL,NULL,NULL,150,NULL,'2025-04-21 17:06:00',150,'2025-03-30',1,'2025-03-29 07:05:59',NULL,NULL),(366,'d7f760df-01a5-4cea-aa1c-dc49479b2f55',2,179,1,NULL,1,'定期報告_test_2_20250329',NULL,NULL,NULL,NULL,'doc-certificate',NULL,NULL,NULL,NULL,NULL,NULL,NULL,NULL,NULL,NULL,NULL,150,NULL,'2025-04-21 17:06:00',150,'2025-03-31',1,'2025-03-29 07:08:52',NULL,NULL),(367,'42607ce6-b8cc-42b6-9c9e-4bfad022cd01',2,188,1,NULL,NULL,'転職支援実施報告書',NULL,NULL,NULL,NULL,'doc-certificate',NULL,NULL,NULL,NULL,NULL,NULL,NULL,NULL,NULL,NULL,NULL,151,NULL,'2025-04-21 17:06:00',151,NULL,NULL,'2025-03-29 07:59:10',NULL,NULL),(368,'a5309292-b8f9-4b59-9046-e88fd2d4a8f1',2,189,1,NULL,NULL,'支援未実施に係る理由書',NULL,NULL,NULL,NULL,'doc-certificate',NULL,NULL,NULL,NULL,NULL,NULL,NULL,NULL,NULL,NULL,NULL,151,NULL,'2025-04-21 17:06:00',151,NULL,NULL,'2025-03-29 09:13:58',NULL,NULL),(369,'03067afa-20ed-4247-9b8e-7688069fe77a',2,288,1,NULL,NULL,'支援実施状況に係る届出書4_3',NULL,NULL,NULL,NULL,'doc-certificate',NULL,NULL,NULL,NULL,NULL,NULL,NULL,NULL,NULL,NULL,NULL,117,NULL,'2025-04-21 17:06:00',117,NULL,NULL,'2025-04-03 04:48:30',NULL,NULL),(370,'be97b524-c729-4e28-b524-db3f7b18ce9c',2,314,1,NULL,NULL,'支援実施状況に係る届出書【登録支援機関用】',NULL,NULL,NULL,NULL,'doc-certificate',NULL,NULL,NULL,NULL,NULL,NULL,NULL,NULL,NULL,NULL,NULL,151,NULL,'2025-04-21 17:06:00',151,NULL,NULL,'2025-04-03 05:40:50',NULL,NULL),(371,'15091122-e9c0-40a8-b2fe-6547d21c5e90',2,315,1,NULL,NULL,'１号特定技能外国人支援対象者名簿',NULL,NULL,NULL,NULL,'doc-certificate',NULL,NULL,NULL,NULL,NULL,NULL,NULL,NULL,NULL,NULL,NULL,151,NULL,'2025-04-21 17:06:00',151,NULL,NULL,'2025-04-03 06:50:19',NULL,NULL),(386,'05d9490c-b6b1-449b-85ee-4be3abe8603a',2,566,1,NULL,NULL,'定期面談報告書（監督者用）',NULL,NULL,NULL,NULL,'doc-certificate',NULL,NULL,NULL,NULL,NULL,NULL,NULL,NULL,NULL,NULL,NULL,151,NULL,'2025-04-21 17:06:00',151,NULL,NULL,'2025-04-07 01:53:21',NULL,NULL),(388,'4a05e38b-db20-4c3c-aef0-196ec32eef93',2,567,1,NULL,NULL,'定期面談報告書（１号特定技能外国人用）',NULL,NULL,NULL,NULL,'doc-certificate',NULL,NULL,NULL,NULL,NULL,NULL,NULL,NULL,NULL,NULL,NULL,151,NULL,'2025-04-21 17:06:00',151,NULL,NULL,'2025-04-07 02:00:44',NULL,NULL),(391,'0901bcf7-de31-41b3-9f34-7af46fdad68e',2,1032,1,1,NULL,'島田建工株式会社_定期報告書_Q1_2025',NULL,1220,NULL,NULL,'doc-certificate',NULL,NULL,1,'2025','2025-04-01','2025-04-15',NULL,NULL,NULL,NULL,NULL,150,NULL,'2025-04-21 17:06:00',150,NULL,NULL,'2025-04-07 11:44:34',NULL,NULL),(395,'0f830bd4-3359-49df-af69-3f8f5cf3b5ff',2,2023,1,NULL,NULL,'１号特定技能外国人支援対象者名簿',NULL,NULL,NULL,NULL,'doc-certificate',NULL,NULL,NULL,NULL,NULL,NULL,NULL,NULL,NULL,NULL,NULL,151,NULL,'2025-04-21 17:06:00',151,NULL,NULL,'2025-04-12 02:36:52',NULL,NULL),(396,'8f1f886d-ec11-48cf-9e8b-c95d6547f5e2',2,2023,1,NULL,NULL,'１号特定技能外国人支援対象者名簿',NULL,NULL,NULL,NULL,'doc-certificate',NULL,NULL,NULL,NULL,NULL,NULL,NULL,NULL,NULL,NULL,NULL,151,NULL,'2025-04-21 17:06:00',151,NULL,NULL,'2025-04-12 02:48:30',NULL,NULL),(399,'f26ec87a-cd98-485f-ac97-5b352afbd043',2,2025,1,NULL,NULL,'特定技能外国人の受入れ状況・報酬の支払状況',NULL,NULL,NULL,NULL,'doc-certificate',NULL,NULL,NULL,NULL,NULL,NULL,NULL,NULL,NULL,NULL,NULL,151,NULL,'2025-04-21 17:06:00',151,NULL,NULL,'2025-04-12 03:21:20',NULL,NULL),(400,'f7e14f2c-cf60-4d9a-a2d3-ddbfd61addce',2,NULL,1,NULL,NULL,'3001531株式会社きむら家協議会加入証',NULL,1210,NULL,NULL,NULL,NULL,NULL,NULL,NULL,NULL,NULL,NULL,NULL,NULL,NULL,NULL,150,NULL,'2025-04-21 17:06:00',150,NULL,NULL,'2025-04-12 09:14:54',NULL,NULL),(401,'140c7b73-08df-4bae-a869-ae4c80e59a3c',2,NULL,1,NULL,NULL,'新規 テキスト ドキュメント',NULL,1211,NULL,NULL,NULL,NULL,NULL,NULL,NULL,NULL,NULL,NULL,NULL,NULL,NULL,NULL,150,NULL,'2025-04-21 17:06:00',150,NULL,NULL,'2025-04-14 04:13:53',NULL,NULL),(405,'1b3ed829-646a-4fef-9554-7e98e0ab7d5c',2,2028,1,NULL,NULL,'１号特定技能外国人支援計画書',NULL,NULL,NULL,NULL,'doc-certificate',NULL,NULL,NULL,NULL,NULL,NULL,NULL,NULL,NULL,NULL,NULL,151,NULL,'2025-04-21 17:06:00',151,NULL,NULL,'2025-04-16 03:45:53',NULL,NULL),(406,'0d09634d-055d-4034-8c4b-6cb55bd8e8e3',2,2028,1,NULL,NULL,'１号特定技能外国人支援計画書',NULL,NULL,NULL,NULL,'doc-certificate',NULL,NULL,NULL,NULL,NULL,NULL,NULL,NULL,NULL,NULL,NULL,151,NULL,'2025-04-21 17:01:35',151,NULL,NULL,'2025-04-16 03:50:55',NULL,NULL),(407,'c128aad2-5a7b-47d6-ad97-25be5f5693a9',2,2028,1,NULL,NULL,'１号特定技能外国人支援計画書',NULL,NULL,NULL,NULL,'doc-certificate',NULL,NULL,NULL,NULL,NULL,NULL,NULL,NULL,NULL,NULL,NULL,151,NULL,'2025-04-21 17:01:35',151,NULL,NULL,'2025-04-16 03:52:09',NULL,NULL),(408,'4b3a33f4-eb86-4b63-a701-a564d6f2c1ba',2,2030,1,NULL,NULL,'雇用条件書（別紙「賃金の支払」を含む。）',NULL,NULL,NULL,NULL,'doc-certificate',NULL,NULL,NULL,NULL,NULL,NULL,NULL,NULL,NULL,NULL,NULL,151,NULL,'2025-04-21 17:01:35',151,NULL,NULL,'2025-04-17 02:44:59',NULL,NULL),(409,'fd031d92-10b8-495a-916f-0c994b8dddc0',2,2031,1,NULL,NULL,'雇用の経緯に係る説明書',NULL,NULL,NULL,NULL,'doc-certificate',NULL,NULL,NULL,NULL,NULL,NULL,NULL,NULL,NULL,NULL,NULL,151,NULL,'2025-04-21 17:01:35',151,NULL,NULL,'2025-04-17 09:33:47',NULL,NULL),(410,'aca249ba-7ba1-4c05-93df-932d6e9a4b21',2,2274,1,NULL,NULL,'申請人名簿',NULL,NULL,NULL,NULL,'doc-certificate',NULL,NULL,NULL,NULL,NULL,NULL,NULL,NULL,NULL,NULL,NULL,151,NULL,'2025-04-21 17:01:35',151,NULL,NULL,'2025-04-19 07:21:49',NULL,NULL),(412,'35ccf3ab-ffb6-43cc-a08b-6b10ac689c1c',2,2215,1,NULL,NULL,'特定技能外国人の報酬に関する説明書',NULL,NULL,NULL,NULL,'doc-certificate',NULL,NULL,NULL,NULL,NULL,NULL,NULL,NULL,NULL,NULL,NULL,151,NULL,'2025-04-21 17:01:35',151,NULL,NULL,'2025-04-19 08:02:55',NULL,NULL),(413,'c8564d40-9509-45e4-be47-709684514c27',2,2275,1,NULL,NULL,'特定技能外国人の報酬に関する説明書',NULL,NULL,NULL,NULL,'doc-certificate',NULL,NULL,NULL,NULL,NULL,NULL,NULL,NULL,NULL,NULL,NULL,151,NULL,'2025-04-21 17:01:35',151,NULL,NULL,'2025-04-19 08:04:48',NULL,NULL),(414,'3fd426a6-486f-4efd-b16e-bc3588275666',2,2276,1,NULL,NULL,'特定技能雇用契約書',NULL,NULL,NULL,NULL,'doc-certificate',NULL,NULL,NULL,NULL,NULL,NULL,NULL,NULL,NULL,NULL,NULL,151,NULL,'2025-04-21 17:01:35',151,NULL,NULL,'2025-04-19 08:20:47',NULL,NULL),(415,'a5f8aee2-fbc5-4f36-9c79-003ce672434c',2,2277,1,NULL,NULL,'徴収費用の説明書',NULL,NULL,NULL,NULL,'doc-certificate',NULL,NULL,NULL,NULL,NULL,NULL,NULL,NULL,NULL,NULL,NULL,151,NULL,'2025-04-21 17:01:35',151,NULL,NULL,'2025-04-19 08:34:31',NULL,NULL),(416,'913e924c-cfb8-4e9e-8bf4-8fb32ca3ba9c',2,2278,1,NULL,NULL,'技能移転に係る申告書',NULL,NULL,NULL,NULL,'doc-certificate',NULL,NULL,NULL,NULL,NULL,NULL,NULL,NULL,NULL,NULL,NULL,151,NULL,'2025-04-21 17:01:35',151,NULL,NULL,'2025-04-19 09:00:43',NULL,NULL),(417,'461b507c-5700-4981-b87d-0d89a6cd0702',2,2279,1,NULL,NULL,'特定技能所属機関概要書',NULL,NULL,NULL,NULL,'doc-certificate',NULL,NULL,NULL,NULL,NULL,NULL,NULL,NULL,NULL,NULL,NULL,151,NULL,'2025-04-21 17:01:35',151,NULL,NULL,'2025-04-19 09:12:55',NULL,NULL),(418,'710685bf-fb62-4b71-ba9d-90e76e779cf7',1,2280,1,NULL,NULL,'特定技能外国人の受入れ状況・報酬の支払状況',NULL,NULL,NULL,NULL,'doc-certificate',NULL,NULL,NULL,NULL,NULL,NULL,NULL,NULL,NULL,NULL,NULL,1,NULL,'2025-04-21 17:01:35',1,NULL,NULL,'2025-04-20 01:28:54',NULL,NULL),(419,'7d7b7f44-6380-49d3-8fe7-3ede02228bfb',2,NULL,6,NULL,NULL,'技能実習修了証明書',NULL,1226,NULL,NULL,NULL,NULL,NULL,NULL,NULL,NULL,NULL,NULL,NULL,NULL,NULL,NULL,150,NULL,'2025-04-21 17:01:35',150,'2025-04-20',1,'2025-04-20 09:45:05',NULL,NULL),(420,'5a1ff5a2-d2ad-4e1a-8607-b186a66e7f26',2,NULL,6,NULL,NULL,'技能検定試験_合格通知（とび）',NULL,1226,NULL,NULL,NULL,NULL,NULL,NULL,NULL,NULL,NULL,NULL,NULL,NULL,NULL,NULL,150,NULL,'2025-04-21 17:01:35',150,'2025-04-20',1,'2025-04-20 10:22:30',NULL,NULL),(422,'4f502a6a-fbf3-41e8-bb62-deef3dd41465',2,NULL,6,NULL,NULL,'技能実習生の履歴書',NULL,1226,NULL,NULL,NULL,NULL,NULL,NULL,NULL,NULL,NULL,NULL,NULL,NULL,NULL,NULL,150,NULL,'2025-04-21 17:01:35',150,'2025-04-20',1,'2025-04-20 11:58:06',NULL,NULL),(425,'9ebba64a-0c6a-492f-8066-ea803086a8f6',2,2283,1,NULL,NULL,'特定技能外国人の受入れ状況・報酬の支払状況',NULL,NULL,NULL,NULL,'doc-certificate',NULL,NULL,NULL,NULL,NULL,NULL,NULL,NULL,NULL,NULL,NULL,151,NULL,'2025-04-22 02:10:59',151,NULL,NULL,'2025-04-22 02:10:59',NULL,NULL),(426,'9ebc027f-e076-49b7-96e9-715cb9c81ebb',2,2172,1,NULL,NULL,'技能実習生に関する評価調書',NULL,NULL,NULL,NULL,'doc-certificate',NULL,NULL,NULL,NULL,NULL,NULL,NULL,NULL,NULL,NULL,NULL,151,NULL,'2025-04-22 06:28:49',151,NULL,NULL,'2025-04-22 06:28:49',NULL,NULL),(427,'9ebc20bf-87cf-4d6c-a7c0-7afa3f47451a',1,2284,1,NULL,NULL,'特定技能求人票',NULL,NULL,NULL,NULL,'doc-certificate',NULL,NULL,NULL,NULL,NULL,NULL,NULL,NULL,NULL,NULL,NULL,1,NULL,'2025-04-22 07:53:24',1,NULL,NULL,'2025-04-22 07:53:24',NULL,NULL),(428,'9ec1d293-647e-4608-a891-e07e91a3725c',2,NULL,1,NULL,NULL,'在留カード＿２０２５年４月（表）',NULL,1193,NULL,NULL,NULL,NULL,NULL,NULL,NULL,NULL,NULL,NULL,NULL,NULL,NULL,NULL,151,NULL,'2025-04-25 03:49:47',151,NULL,NULL,'2025-04-25 03:49:47',NULL,NULL),(429,'9ec1d849-17e7-4031-bb64-ab1b27cbd034',2,NULL,1,NULL,NULL,'在留カード＿２０２５年４月（表）',NULL,1193,NULL,NULL,NULL,NULL,NULL,NULL,NULL,NULL,NULL,NULL,NULL,NULL,NULL,NULL,151,NULL,'2025-04-25 04:05:45',151,NULL,NULL,'2025-04-25 04:05:45',NULL,NULL),(430,'9ec1d85c-3876-40ac-934d-59253b4767f5',2,NULL,1,NULL,NULL,'パスポート１',NULL,1193,NULL,NULL,NULL,NULL,NULL,NULL,NULL,NULL,NULL,NULL,NULL,NULL,NULL,NULL,151,NULL,'2025-04-25 04:05:57',151,NULL,NULL,'2025-04-25 04:05:57',NULL,NULL),(431,'9ec1d876-595e-4856-a043-b3f7a0e877f0',2,NULL,1,NULL,NULL,'パスポート2',NULL,1193,NULL,NULL,NULL,NULL,NULL,NULL,NULL,NULL,NULL,NULL,NULL,NULL,NULL,NULL,151,NULL,'2025-04-25 04:06:15',151,NULL,NULL,'2025-04-25 04:06:15',NULL,NULL),(432,'9ec1d883-b852-4de3-a763-62777c78c14e',2,NULL,1,NULL,NULL,'令和6年の納税証明書',NULL,1193,NULL,NULL,NULL,NULL,NULL,NULL,NULL,NULL,NULL,NULL,NULL,NULL,NULL,NULL,151,NULL,'2025-04-25 04:06:23',151,NULL,NULL,'2025-04-25 04:06:23',NULL,NULL),(433,'9ec1d8a1-dca4-42da-87f9-9d9ceb964e66',2,NULL,1,NULL,NULL,'納税証明書',NULL,1193,NULL,NULL,NULL,NULL,NULL,NULL,NULL,NULL,NULL,NULL,NULL,NULL,NULL,NULL,151,NULL,'2025-04-25 04:06:43',151,NULL,NULL,'2025-04-25 04:06:43',NULL,NULL),(434,'9ec1d8ba-fb73-4d9a-b8bc-e8a6034e2bde',2,NULL,1,NULL,NULL,'住民票＿２０２５年４月',NULL,1193,NULL,NULL,NULL,NULL,NULL,NULL,NULL,NULL,NULL,NULL,NULL,NULL,NULL,NULL,151,NULL,'2025-04-25 04:07:00',151,NULL,NULL,'2025-04-25 04:07:00',NULL,NULL),(435,'9ec1d8d0-210a-48cb-afd6-d591c495b246',2,NULL,1,NULL,NULL,'令和5年の源泉徴収票',NULL,1193,NULL,NULL,NULL,NULL,NULL,NULL,NULL,NULL,NULL,NULL,NULL,NULL,NULL,NULL,151,NULL,'2025-04-25 04:07:13',151,NULL,NULL,'2025-04-25 04:07:13',NULL,NULL),(436,'9ec55bb6-3d69-4810-8204-9b2d6919b1ca',2,NULL,6,NULL,3,'業務委託申込書',NULL,1229,NULL,NULL,NULL,NULL,NULL,NULL,NULL,NULL,NULL,NULL,NULL,NULL,NULL,NULL,150,NULL,'2025-04-26 23:01:52',150,'2025-04-27',2,'2025-04-26 22:00:44',NULL,NULL),(437,'9ec56ef0-6f7b-4116-9459-ecc3838c2e2d',2,NULL,6,NULL,3,'個人情報に関連する同意書',NULL,1229,NULL,NULL,NULL,NULL,NULL,NULL,NULL,NULL,NULL,NULL,NULL,NULL,NULL,NULL,150,NULL,'2025-04-26 23:02:48',150,'2025-04-27',2,'2025-04-26 22:54:29',NULL,NULL),(438,'9ec7925a-5fa6-4b4c-9d3a-6c53b46b0888',2,NULL,1,NULL,NULL,'申請人の書類リスト_Galang',NULL,1210,NULL,NULL,NULL,NULL,NULL,NULL,NULL,NULL,NULL,NULL,NULL,NULL,NULL,NULL,151,NULL,'2025-04-28 00:25:10',151,NULL,NULL,'2025-04-28 00:25:10',NULL,NULL),(439,'9ec7927e-8acd-4d1f-8995-6dabfcb066e9',2,NULL,1,NULL,NULL,'申請人の書類リスト_sefan',NULL,1210,NULL,NULL,NULL,NULL,NULL,NULL,NULL,NULL,NULL,NULL,NULL,NULL,NULL,NULL,151,NULL,'2025-04-28 00:25:34',151,NULL,NULL,'2025-04-28 00:25:34',NULL,NULL),(440,'9ec79296-fb5c-4da6-a833-97cba2cfbb0e',2,NULL,1,NULL,NULL,'所属機関用のリスト',NULL,1210,NULL,NULL,NULL,NULL,NULL,NULL,NULL,NULL,NULL,NULL,NULL,NULL,NULL,NULL,151,NULL,'2025-04-28 00:25:50',151,NULL,NULL,'2025-04-28 00:25:50',NULL,NULL),(441,'9ec792af-5da4-4213-bac7-c055d1567678',2,NULL,1,NULL,NULL,'分野の書類リスト',NULL,1210,NULL,NULL,NULL,NULL,NULL,NULL,NULL,NULL,NULL,NULL,NULL,NULL,NULL,NULL,151,NULL,'2025-04-28 00:26:06',151,NULL,NULL,'2025-04-28 00:26:06',NULL,NULL),(442,'9ecbe10f-4f73-425c-b1d2-88ce6f02ff95',1,13,1,NULL,1,'技能実習計画認定申請',NULL,NULL,NULL,NULL,'doc-certificate',NULL,NULL,NULL,NULL,NULL,NULL,NULL,NULL,NULL,NULL,NULL,1,NULL,'2025-04-30 03:48:34',1,NULL,NULL,'2025-04-30 03:48:34',NULL,NULL),(443,'9ecfce36-084c-4d09-9918-c4aeb884de6f',2,NULL,1,NULL,NULL,'申請受付票_KHAI',NULL,NULL,NULL,NULL,NULL,NULL,NULL,NULL,NULL,NULL,NULL,NULL,NULL,NULL,NULL,NULL,150,NULL,'2025-05-02 02:39:10',150,NULL,NULL,'2025-05-02 02:39:10',NULL,NULL),(444,'9ecfd0cd-4caf-4c95-b4c4-8caf606ad9ec',2,NULL,1,NULL,NULL,'申請受付票_HUNG',NULL,NULL,NULL,NULL,NULL,NULL,NULL,NULL,NULL,NULL,NULL,NULL,NULL,NULL,NULL,NULL,150,NULL,'2025-05-02 02:46:25',150,NULL,NULL,'2025-05-02 02:46:25',NULL,NULL),(445,'9ecfd157-5e1f-40b2-88c4-724929feecd9',2,NULL,1,NULL,NULL,'申請受付票_HO_3名',NULL,1229,NULL,NULL,NULL,NULL,NULL,NULL,NULL,NULL,NULL,NULL,NULL,NULL,NULL,NULL,150,NULL,'2025-05-02 02:47:55',150,NULL,NULL,'2025-05-02 02:47:55',NULL,NULL),(446,'9ecfd19d-3572-4cc4-9dd0-2db574103207',2,NULL,1,NULL,NULL,'申請受付票_HO_3名',NULL,1229,NULL,NULL,NULL,NULL,NULL,NULL,NULL,NULL,NULL,NULL,NULL,NULL,NULL,NULL,150,NULL,'2025-05-02 02:48:41',150,NULL,NULL,'2025-05-02 02:48:41',NULL,NULL),(447,'9ecfd3b9-0d70-4752-b8dc-f8ce11c565c1',2,NULL,1,NULL,NULL,'申請受付票_HO_3名',NULL,1229,NULL,NULL,NULL,NULL,NULL,NULL,NULL,NULL,NULL,NULL,NULL,NULL,NULL,NULL,150,NULL,'2025-05-02 02:54:35',150,NULL,NULL,'2025-05-02 02:54:35',NULL,NULL),(448,'9ecfd3fd-7ce4-4374-9b1d-1224093897fd',2,NULL,1,NULL,NULL,'申請受付票_CUU',NULL,NULL,NULL,NULL,NULL,NULL,NULL,NULL,NULL,NULL,NULL,NULL,NULL,NULL,NULL,NULL,150,NULL,'2025-05-02 02:55:20',150,NULL,NULL,'2025-05-02 02:55:20',NULL,NULL),(449,'9ed5c1ea-171d-47dc-abe6-104ea4cc602d',1,3139,1,NULL,NULL,'在留資格認定証明書交付申請書',NULL,NULL,NULL,NULL,'doc-certificate',NULL,NULL,NULL,NULL,NULL,NULL,NULL,NULL,NULL,NULL,NULL,1,NULL,'2025-05-05 01:39:45',1,NULL,NULL,'2025-05-05 01:39:45',NULL,NULL),(450,'9ed5d690-a40e-4ade-b0ee-e9bc8f1c4ce9',2,NULL,1,NULL,NULL,'新規 テキスト ドキュメント',NULL,1210,NULL,NULL,NULL,NULL,NULL,NULL,NULL,NULL,NULL,NULL,NULL,NULL,NULL,NULL,151,NULL,'2025-05-05 02:37:30',151,NULL,NULL,'2025-05-05 02:37:30',NULL,NULL),(451,'9ed5f046-38aa-40d7-882c-d2a90e213e00',1,3140,1,NULL,NULL,'特定技能雇用契約書_Vietnam',NULL,NULL,NULL,NULL,'doc-certificate',NULL,NULL,NULL,NULL,NULL,NULL,NULL,NULL,NULL,NULL,NULL,1,NULL,'2025-05-05 03:49:23',1,NULL,NULL,'2025-05-05 03:49:23',NULL,NULL),(452,'9ed5f3f8-54c5-4cbf-addb-12d73f2d474c',2,NULL,1,NULL,NULL,'キューさんの健康診断書 (1)',NULL,NULL,NULL,NULL,NULL,NULL,NULL,NULL,NULL,NULL,NULL,NULL,NULL,NULL,NULL,NULL,150,NULL,'2025-05-05 03:59:43',150,NULL,NULL,'2025-05-05 03:59:43',NULL,NULL),(453,'9ed5f482-0e41-49b2-acf1-5eb3441c04b4',2,NULL,1,NULL,NULL,'令和6年年末調整結果通知__6889486',NULL,NULL,NULL,NULL,NULL,NULL,NULL,NULL,NULL,NULL,NULL,NULL,NULL,NULL,NULL,NULL,150,NULL,'2025-05-05 04:01:13',150,NULL,NULL,'2025-05-05 04:01:13',NULL,NULL),(454,'9ed5f4a0-68e2-4651-9bb8-c816654fbb57',2,NULL,1,NULL,NULL,'源泉徴収票令和6年度__6889488',NULL,NULL,NULL,NULL,NULL,NULL,NULL,NULL,NULL,NULL,NULL,NULL,NULL,NULL,NULL,NULL,150,NULL,'2025-05-05 04:01:33',150,NULL,NULL,'2025-05-05 04:01:33',NULL,NULL),(455,'9ed5f4d2-467b-4fb5-a54d-949bfc2cb8a2',2,NULL,1,NULL,NULL,'技能実習生終了証明書',NULL,NULL,NULL,NULL,NULL,NULL,NULL,NULL,NULL,NULL,NULL,NULL,NULL,NULL,NULL,NULL,150,NULL,'2025-05-05 04:02:06',150,NULL,NULL,'2025-05-05 04:02:06',NULL,NULL),(456,'9ed5f4e5-483c-48ea-8b09-dbc82ecb5cc3',2,NULL,1,NULL,NULL,'技能実習生終了証明書',NULL,NULL,NULL,NULL,NULL,NULL,NULL,NULL,NULL,NULL,NULL,NULL,NULL,NULL,NULL,NULL,150,NULL,'2025-05-05 04:02:18',150,NULL,NULL,'2025-05-05 04:02:18',NULL,NULL),(457,'9ed7e656-9a5f-4843-af95-09ba8128a627',1,108,1,NULL,NULL,'雇用条件書（別紙「賃金の支払」を含む。）',NULL,NULL,NULL,NULL,'doc-certificate',NULL,NULL,NULL,NULL,NULL,NULL,NULL,NULL,NULL,NULL,NULL,1,NULL,'2025-05-06 03:13:15',1,NULL,NULL,'2025-05-06 03:13:15',NULL,NULL),(458,'9ed9ab70-d5cd-4ad9-b289-349d2d32fef0',2,3262,1,NULL,0,'申請する技能実習計画の対象となる技能実習生の名簿(企業単独型・団体監理型共通)',NULL,1233,NULL,NULL,'doc-certificate',NULL,NULL,NULL,NULL,NULL,NULL,NULL,NULL,NULL,NULL,NULL,151,NULL,'2025-05-07 00:20:13',151,NULL,NULL,'2025-05-07 00:20:13',NULL,NULL),(459,'9edf5a72-ae18-4ab1-a951-fc0c8b78d365',2,3262,1,NULL,0,'申請する技能実習計画の対象となる技能実習生の名簿(企業単独型・団体監理型共通)',NULL,1229,NULL,NULL,'doc-certificate',NULL,NULL,NULL,NULL,NULL,NULL,NULL,NULL,NULL,NULL,NULL,150,NULL,'2025-05-09 20:08:43',150,NULL,NULL,'2025-05-09 20:08:43',NULL,NULL);

--
-- Table structure for table `et_document_attribute`
--

CREATE TABLE `et_document_attribute` (
  `document_attribute_id` bigint unsigned NOT NULL AUTO_INCREMENT,
  `document_template_id` bigint DEFAULT NULL,
  `seq_no` int DEFAULT NULL,
  `attribute_name` varchar(254) CHARACTER SET utf8mb4 COLLATE utf8mb4_unicode_ci DEFAULT NULL,
  `attribute_value` varchar(254) CHARACTER SET utf8mb4 COLLATE utf8mb4_unicode_ci DEFAULT NULL,
  `created_by_id` bigint DEFAULT NULL,
  `created_at` timestamp NULL DEFAULT NULL,
  `updated_by_id` bigint DEFAULT NULL,
  `updated_at` timestamp NULL DEFAULT NULL,
  `updated_count` int DEFAULT NULL,
  `company_id` bigint NOT NULL,
  `document_set_name` varchar(191) CHARACTER SET utf8mb4 COLLATE utf8mb4_unicode_ci DEFAULT NULL,
  `type_gino_1` tinyint(1) DEFAULT NULL,
  `type_gino_2` tinyint(1) DEFAULT NULL,
  `note` text CHARACTER SET utf8mb4 COLLATE utf8mb4_unicode_ci,
  `gino_check_type` tinyint(1) DEFAULT NULL,
  `gino_check_note` text CHARACTER SET utf8mb4 COLLATE utf8mb4_unicode_ci,
  PRIMARY KEY (`document_attribute_id`)
) ENGINE=InnoDB DEFAULT CHARSET=utf8mb4 COLLATE=utf8mb4_unicode_ci;

--
-- Dumping data for table `et_document_attribute`
--


--
-- Table structure for table `et_document_file`
--

CREATE TABLE `et_document_file` (
  `id` bigint unsigned NOT NULL AUTO_INCREMENT,
  `document_id` bigint DEFAULT NULL,
  `file_id` bigint DEFAULT NULL,
  `project_id` bigint DEFAULT NULL,
  `customer_id` bigint DEFAULT NULL,
  `note` text CHARACTER SET utf8mb4 COLLATE utf8mb4_unicode_ci,
  `created_by_id` bigint DEFAULT NULL,
  `created_at` timestamp NULL DEFAULT NULL,
  `updated_by_id` bigint DEFAULT NULL,
  `updated_at` timestamp NULL DEFAULT NULL,
  `updated_count` int DEFAULT NULL,
  `company_id` bigint NOT NULL,
  PRIMARY KEY (`id`)
) ENGINE=InnoDB AUTO_INCREMENT=2561 DEFAULT CHARSET=utf8mb4 COLLATE=utf8mb4_unicode_ci;

--
-- Dumping data for table `et_document_file`
--

INSERT INTO `et_document_file` VALUES (1,6,3,NULL,NULL,NULL,1,'2024-04-25 10:33:46',NULL,'2024-04-25 10:33:46',NULL,1),(2,NULL,4,NULL,NULL,NULL,1,'2024-04-26 03:11:13',NULL,'2024-04-26 03:11:13',NULL,1),(3,NULL,5,NULL,NULL,NULL,1,'2024-04-26 03:11:58',NULL,'2024-04-26 03:11:58',NULL,1),(4,NULL,6,NULL,NULL,NULL,1,'2024-04-26 03:12:29',NULL,'2024-04-26 03:12:29',NULL,1),(5,NULL,7,NULL,NULL,NULL,1,'2024-04-26 03:13:37',NULL,'2024-04-26 03:13:37',NULL,1),(6,11,8,71,NULL,NULL,1,'2024-04-26 22:35:20',NULL,'2024-04-26 22:35:20',NULL,1),(7,11,9,71,NULL,NULL,1,'2024-04-26 22:36:39',NULL,'2024-04-26 22:36:39',NULL,1),(8,11,10,71,NULL,NULL,1,'2024-04-26 22:36:39',NULL,'2024-04-26 22:36:39',NULL,1),(9,11,11,71,NULL,NULL,1,'2024-04-26 22:36:39',NULL,'2024-04-26 22:36:39',NULL,1),(10,12,12,57,NULL,NULL,1,'2024-04-28 23:20:26',NULL,'2024-04-28 23:20:26',NULL,1),(11,13,13,71,NULL,NULL,1,'2024-04-28 23:45:02',NULL,'2024-04-28 23:45:02',NULL,1),(12,14,14,71,NULL,NULL,1,'2024-04-29 00:20:02',NULL,'2024-04-29 00:20:02',NULL,1),(13,14,15,71,NULL,NULL,1,'2024-04-29 00:20:02',NULL,'2024-04-29 00:20:02',NULL,1),(14,14,16,71,NULL,NULL,1,'2024-04-29 00:20:02',NULL,'2024-04-29 00:20:02',NULL,1),(15,14,17,71,NULL,NULL,1,'2024-04-29 00:20:02',NULL,'2024-04-29 00:20:02',NULL,1),(16,14,18,71,NULL,NULL,1,'2024-04-29 00:20:02',NULL,'2024-04-29 00:20:02',NULL,1),(17,14,19,71,NULL,NULL,1,'2024-04-29 00:20:02',NULL,'2024-04-29 00:20:02',NULL,1),(18,14,20,71,NULL,NULL,1,'2024-04-29 00:20:02',NULL,'2024-04-29 00:20:02',NULL,1),(19,14,21,71,NULL,NULL,1,'2024-04-29 00:20:02',NULL,'2024-04-29 00:20:02',NULL,1),(20,14,22,71,NULL,NULL,1,'2024-04-29 00:20:02',NULL,'2024-04-29 00:20:02',NULL,1),(21,14,23,71,NULL,NULL,1,'2024-04-29 00:20:02',NULL,'2024-04-29 00:20:02',NULL,1),(22,14,24,71,NULL,NULL,1,'2024-04-29 00:20:02',NULL,'2024-04-29 00:20:02',NULL,1),(23,14,25,71,NULL,NULL,1,'2024-04-29 00:20:02',NULL,'2024-04-29 00:20:02',NULL,1),(24,14,26,71,NULL,NULL,1,'2024-04-29 00:20:02',NULL,'2024-04-29 00:20:02',NULL,1),(25,14,27,71,NULL,NULL,1,'2024-04-29 00:20:02',NULL,'2024-04-29 00:20:02',NULL,1),(26,14,28,71,NULL,NULL,1,'2024-04-29 00:20:02',NULL,'2024-04-29 00:20:02',NULL,1),(27,14,29,71,NULL,NULL,1,'2024-04-29 00:20:02',NULL,'2024-04-29 00:20:02',NULL,1),(28,14,30,71,NULL,NULL,1,'2024-04-29 00:20:02',NULL,'2024-04-29 00:20:02',NULL,1),(29,14,31,71,NULL,NULL,1,'2024-04-29 00:20:02',NULL,'2024-04-29 00:20:02',NULL,1),(30,14,32,71,NULL,NULL,1,'2024-04-29 00:20:02',NULL,'2024-04-29 00:20:02',NULL,1),(31,14,33,71,NULL,NULL,1,'2024-04-29 00:20:02',NULL,'2024-04-29 00:20:02',NULL,1),(32,14,34,71,NULL,NULL,1,'2024-04-29 00:20:02',NULL,'2024-04-29 00:20:02',NULL,1),(33,14,35,71,NULL,NULL,1,'2024-04-29 00:20:02',NULL,'2024-04-29 00:20:02',NULL,1),(34,14,36,71,NULL,NULL,1,'2024-04-29 00:20:02',NULL,'2024-04-29 00:20:02',NULL,1),(35,14,37,71,NULL,NULL,1,'2024-04-29 00:20:02',NULL,'2024-04-29 00:20:02',NULL,1),(36,14,38,71,NULL,NULL,1,'2024-04-29 00:20:02',NULL,'2024-04-29 00:20:02',NULL,1),(37,14,39,71,NULL,NULL,1,'2024-04-29 00:20:02',NULL,'2024-04-29 00:20:02',NULL,1),(38,14,40,71,NULL,NULL,1,'2024-04-29 00:20:02',NULL,'2024-04-29 00:20:02',NULL,1),(39,14,41,71,NULL,NULL,1,'2024-04-29 00:20:02',NULL,'2024-04-29 00:20:02',NULL,1),(40,14,42,71,NULL,NULL,1,'2024-04-29 00:20:02',NULL,'2024-04-29 00:20:02',NULL,1),(41,14,43,71,NULL,NULL,1,'2024-04-29 00:20:02',NULL,'2024-04-29 00:20:02',NULL,1),(42,14,44,71,NULL,NULL,1,'2024-04-29 00:20:02',NULL,'2024-04-29 00:20:02',NULL,1),(43,14,45,71,NULL,NULL,1,'2024-04-29 00:20:02',NULL,'2024-04-29 00:20:02',NULL,1),(44,14,46,71,NULL,NULL,1,'2024-04-29 00:20:02',NULL,'2024-04-29 00:20:02',NULL,1),(45,14,47,71,NULL,NULL,1,'2024-04-29 00:20:02',NULL,'2024-04-29 00:20:02',NULL,1),(46,14,48,71,NULL,NULL,1,'2024-04-29 00:20:02',NULL,'2024-04-29 00:20:02',NULL,1),(47,14,49,71,NULL,NULL,1,'2024-04-29 00:20:02',NULL,'2024-04-29 00:20:02',NULL,1),(48,14,50,71,NULL,NULL,1,'2024-04-29 00:20:02',NULL,'2024-04-29 00:20:02',NULL,1),(49,14,51,71,NULL,NULL,1,'2024-04-29 00:20:02',NULL,'2024-04-29 00:20:02',NULL,1),(50,15,52,54,NULL,NULL,1,'2024-04-29 00:53:54',NULL,'2024-04-29 00:53:54',NULL,1),(51,15,53,54,NULL,NULL,1,'2024-04-29 00:53:54',NULL,'2024-04-29 00:53:54',NULL,1),(52,15,54,54,NULL,NULL,1,'2024-04-29 00:53:54',NULL,'2024-04-29 00:53:54',NULL,1),(53,15,55,54,NULL,NULL,1,'2024-04-29 00:53:54',NULL,'2024-04-29 00:53:54',NULL,1),(54,15,56,54,NULL,NULL,1,'2024-04-29 00:53:54',NULL,'2024-04-29 00:53:54',NULL,1),(55,15,57,54,NULL,NULL,1,'2024-04-29 00:53:54',NULL,'2024-04-29 00:53:54',NULL,1),(56,15,58,54,NULL,NULL,1,'2024-04-29 00:53:54',NULL,'2024-04-29 00:53:54',NULL,1),(57,15,59,54,NULL,NULL,1,'2024-04-29 00:53:54',NULL,'2024-04-29 00:53:54',NULL,1),(58,15,60,54,NULL,NULL,1,'2024-04-29 00:53:54',NULL,'2024-04-29 00:53:54',NULL,1),(59,15,61,54,NULL,NULL,1,'2024-04-29 00:53:54',NULL,'2024-04-29 00:53:54',NULL,1),(60,15,62,54,NULL,NULL,1,'2024-04-29 00:53:54',NULL,'2024-04-29 00:53:54',NULL,1),(61,15,63,54,NULL,NULL,1,'2024-04-29 00:53:54',NULL,'2024-04-29 00:53:54',NULL,1),(62,15,64,54,NULL,NULL,1,'2024-04-29 00:53:55',NULL,'2024-04-29 00:53:55',NULL,1),(63,15,65,54,NULL,NULL,1,'2024-04-29 00:53:55',NULL,'2024-04-29 00:53:55',NULL,1),(64,15,66,54,NULL,NULL,1,'2024-04-29 00:53:55',NULL,'2024-04-29 00:53:55',NULL,1),(65,15,67,54,NULL,NULL,1,'2024-04-29 00:53:55',NULL,'2024-04-29 00:53:55',NULL,1),(66,15,68,54,NULL,NULL,1,'2024-04-29 00:53:55',NULL,'2024-04-29 00:53:55',NULL,1),(67,15,69,54,NULL,NULL,1,'2024-04-29 00:53:55',NULL,'2024-04-29 00:53:55',NULL,1),(68,15,70,54,NULL,NULL,1,'2024-04-29 00:53:55',NULL,'2024-04-29 00:53:55',NULL,1),(69,15,71,54,NULL,NULL,1,'2024-04-29 00:53:55',NULL,'2024-04-29 00:53:55',NULL,1),(70,15,72,54,NULL,NULL,1,'2024-04-29 00:53:55',NULL,'2024-04-29 00:53:55',NULL,1),(71,15,73,54,NULL,NULL,1,'2024-04-29 00:53:55',NULL,'2024-04-29 00:53:55',NULL,1),(72,15,74,54,NULL,NULL,1,'2024-04-29 00:53:55',NULL,'2024-04-29 00:53:55',NULL,1),(73,15,75,54,NULL,NULL,1,'2024-04-29 00:53:55',NULL,'2024-04-29 00:53:55',NULL,1),(74,15,76,54,NULL,NULL,1,'2024-04-29 00:53:55',NULL,'2024-04-29 00:53:55',NULL,1),(75,15,77,54,NULL,NULL,1,'2024-04-29 00:53:55',NULL,'2024-04-29 00:53:55',NULL,1),(76,15,78,54,NULL,NULL,1,'2024-04-29 00:53:55',NULL,'2024-04-29 00:53:55',NULL,1),(77,15,79,54,NULL,NULL,1,'2024-04-29 00:53:55',NULL,'2024-04-29 00:53:55',NULL,1),(78,15,80,54,NULL,NULL,1,'2024-04-29 00:53:55',NULL,'2024-04-29 00:53:55',NULL,1),(79,15,81,54,NULL,NULL,1,'2024-04-29 00:53:55',NULL,'2024-04-29 00:53:55',NULL,1),(80,15,82,54,NULL,NULL,1,'2024-04-29 00:53:55',NULL,'2024-04-29 00:53:55',NULL,1),(81,15,83,54,NULL,NULL,1,'2024-04-29 00:53:55',NULL,'2024-04-29 00:53:55',NULL,1),(82,15,84,54,NULL,NULL,1,'2024-04-29 00:53:55',NULL,'2024-04-29 00:53:55',NULL,1),(83,15,85,54,NULL,NULL,1,'2024-04-29 00:53:55',NULL,'2024-04-29 00:53:55',NULL,1),(84,15,86,54,NULL,NULL,1,'2024-04-29 00:53:55',NULL,'2024-04-29 00:53:55',NULL,1),(85,15,87,54,NULL,NULL,1,'2024-04-29 00:53:55',NULL,'2024-04-29 00:53:55',NULL,1),(86,15,88,54,NULL,NULL,1,'2024-04-29 00:53:55',NULL,'2024-04-29 00:53:55',NULL,1),(87,15,89,54,NULL,NULL,1,'2024-04-29 00:53:55',NULL,'2024-04-29 00:53:55',NULL,1),(88,16,90,71,NULL,NULL,1,'2024-04-29 01:46:48',NULL,'2024-04-29 01:46:48',NULL,1),(89,16,91,71,NULL,NULL,1,'2024-04-29 01:46:48',NULL,'2024-04-29 01:46:48',NULL,1),(90,16,92,71,NULL,NULL,1,'2024-04-29 01:46:48',NULL,'2024-04-29 01:46:48',NULL,1),(91,16,93,71,NULL,NULL,1,'2024-04-29 01:46:48',NULL,'2024-04-29 01:46:48',NULL,1),(92,16,94,71,NULL,NULL,1,'2024-04-29 01:46:48',NULL,'2024-04-29 01:46:48',NULL,1),(93,16,95,71,NULL,NULL,1,'2024-04-29 01:46:48',NULL,'2024-04-29 01:46:48',NULL,1),(94,16,96,71,NULL,NULL,1,'2024-04-29 01:46:48',NULL,'2024-04-29 01:46:48',NULL,1),(95,16,98,71,NULL,NULL,1,'2024-04-29 01:46:48',NULL,'2024-04-29 01:46:48',NULL,1),(96,17,97,71,NULL,NULL,1,'2024-04-29 01:46:48',NULL,'2024-04-29 01:46:48',NULL,1),(97,16,99,71,NULL,NULL,1,'2024-04-29 01:46:48',NULL,'2024-04-29 01:46:48',NULL,1),(98,17,100,71,NULL,NULL,1,'2024-04-29 01:46:48',NULL,'2024-04-29 01:46:48',NULL,1),(99,16,101,71,NULL,NULL,1,'2024-04-29 01:46:48',NULL,'2024-04-29 01:46:48',NULL,1),(100,17,102,71,NULL,NULL,1,'2024-04-29 01:46:48',NULL,'2024-04-29 01:46:48',NULL,1),(101,16,103,71,NULL,NULL,1,'2024-04-29 01:46:48',NULL,'2024-04-29 01:46:48',NULL,1),(102,17,104,71,NULL,NULL,1,'2024-04-29 01:46:48',NULL,'2024-04-29 01:46:48',NULL,1),(103,16,105,71,NULL,NULL,1,'2024-04-29 01:46:48',NULL,'2024-04-29 01:46:48',NULL,1),(104,17,106,71,NULL,NULL,1,'2024-04-29 01:46:48',NULL,'2024-04-29 01:46:48',NULL,1),(105,16,107,71,NULL,NULL,1,'2024-04-29 01:46:48',NULL,'2024-04-29 01:46:48',NULL,1),(106,17,108,71,NULL,NULL,1,'2024-04-29 01:46:48',NULL,'2024-04-29 01:46:48',NULL,1),(107,16,109,71,NULL,NULL,1,'2024-04-29 01:46:48',NULL,'2024-04-29 01:46:48',NULL,1),(108,17,110,71,NULL,NULL,1,'2024-04-29 01:46:48',NULL,'2024-04-29 01:46:48',NULL,1),(109,16,111,71,NULL,NULL,1,'2024-04-29 01:46:48',NULL,'2024-04-29 01:46:48',NULL,1),(110,17,112,71,NULL,NULL,1,'2024-04-29 01:46:48',NULL,'2024-04-29 01:46:48',NULL,1),(111,16,113,71,NULL,NULL,1,'2024-04-29 01:46:48',NULL,'2024-04-29 01:46:48',NULL,1),(112,17,114,71,NULL,NULL,1,'2024-04-29 01:46:48',NULL,'2024-04-29 01:46:48',NULL,1),(113,16,115,71,NULL,NULL,1,'2024-04-29 01:46:48',NULL,'2024-04-29 01:46:48',NULL,1),(114,17,116,71,NULL,NULL,1,'2024-04-29 01:46:48',NULL,'2024-04-29 01:46:48',NULL,1),(115,17,117,71,NULL,NULL,1,'2024-04-29 01:46:48',NULL,'2024-04-29 01:46:48',NULL,1),(116,16,118,71,NULL,NULL,1,'2024-04-29 01:46:48',NULL,'2024-04-29 01:46:48',NULL,1),(117,17,119,71,NULL,NULL,1,'2024-04-29 01:46:48',NULL,'2024-04-29 01:46:48',NULL,1),(118,16,120,71,NULL,NULL,1,'2024-04-29 01:46:48',NULL,'2024-04-29 01:46:48',NULL,1),(119,17,121,71,NULL,NULL,1,'2024-04-29 01:46:48',NULL,'2024-04-29 01:46:48',NULL,1),(120,16,122,71,NULL,NULL,1,'2024-04-29 01:46:48',NULL,'2024-04-29 01:46:48',NULL,1),(121,17,123,71,NULL,NULL,1,'2024-04-29 01:46:48',NULL,'2024-04-29 01:46:48',NULL,1),(122,16,124,71,NULL,NULL,1,'2024-04-29 01:46:48',NULL,'2024-04-29 01:46:48',NULL,1),(123,17,125,71,NULL,NULL,1,'2024-04-29 01:46:48',NULL,'2024-04-29 01:46:48',NULL,1),(124,16,126,71,NULL,NULL,1,'2024-04-29 01:46:48',NULL,'2024-04-29 01:46:48',NULL,1),(125,17,127,71,NULL,NULL,1,'2024-04-29 01:46:48',NULL,'2024-04-29 01:46:48',NULL,1),(126,16,128,71,NULL,NULL,1,'2024-04-29 01:46:48',NULL,'2024-04-29 01:46:48',NULL,1),(127,17,129,71,NULL,NULL,1,'2024-04-29 01:46:48',NULL,'2024-04-29 01:46:48',NULL,1),(128,16,130,71,NULL,NULL,1,'2024-04-29 01:46:48',NULL,'2024-04-29 01:46:48',NULL,1),(129,17,131,71,NULL,NULL,1,'2024-04-29 01:46:48',NULL,'2024-04-29 01:46:48',NULL,1),(130,16,132,71,NULL,NULL,1,'2024-04-29 01:46:48',NULL,'2024-04-29 01:46:48',NULL,1),(131,17,133,71,NULL,NULL,1,'2024-04-29 01:46:48',NULL,'2024-04-29 01:46:48',NULL,1),(132,16,134,71,NULL,NULL,1,'2024-04-29 01:46:48',NULL,'2024-04-29 01:46:48',NULL,1),(133,17,135,71,NULL,NULL,1,'2024-04-29 01:46:48',NULL,'2024-04-29 01:46:48',NULL,1),(134,16,136,71,NULL,NULL,1,'2024-04-29 01:46:48',NULL,'2024-04-29 01:46:48',NULL,1),(135,17,137,71,NULL,NULL,1,'2024-04-29 01:46:48',NULL,'2024-04-29 01:46:48',NULL,1),(136,16,138,71,NULL,NULL,1,'2024-04-29 01:46:48',NULL,'2024-04-29 01:46:48',NULL,1),(137,17,139,71,NULL,NULL,1,'2024-04-29 01:46:48',NULL,'2024-04-29 01:46:48',NULL,1),(138,16,140,71,NULL,NULL,1,'2024-04-29 01:46:48',NULL,'2024-04-29 01:46:48',NULL,1),(139,17,141,71,NULL,NULL,1,'2024-04-29 01:46:48',NULL,'2024-04-29 01:46:48',NULL,1),(140,17,142,71,NULL,NULL,1,'2024-04-29 01:46:48',NULL,'2024-04-29 01:46:48',NULL,1),(141,16,143,71,NULL,NULL,1,'2024-04-29 01:46:48',NULL,'2024-04-29 01:46:48',NULL,1),(142,17,144,71,NULL,NULL,1,'2024-04-29 01:46:48',NULL,'2024-04-29 01:46:48',NULL,1),(143,16,145,71,NULL,NULL,1,'2024-04-29 01:46:48',NULL,'2024-04-29 01:46:48',NULL,1),(144,16,146,71,NULL,NULL,1,'2024-04-29 01:46:48',NULL,'2024-04-29 01:46:48',NULL,1),(145,17,147,71,NULL,NULL,1,'2024-04-29 01:46:48',NULL,'2024-04-29 01:46:48',NULL,1),(146,16,148,71,NULL,NULL,1,'2024-04-29 01:46:48',NULL,'2024-04-29 01:46:48',NULL,1),(147,17,149,71,NULL,NULL,1,'2024-04-29 01:46:48',NULL,'2024-04-29 01:46:48',NULL,1),(148,16,150,71,NULL,NULL,1,'2024-04-29 01:46:48',NULL,'2024-04-29 01:46:48',NULL,1),(149,17,151,71,NULL,NULL,1,'2024-04-29 01:46:48',NULL,'2024-04-29 01:46:48',NULL,1),(150,16,152,71,NULL,NULL,1,'2024-04-29 01:46:48',NULL,'2024-04-29 01:46:48',NULL,1),(151,17,153,71,NULL,NULL,1,'2024-04-29 01:46:48',NULL,'2024-04-29 01:46:48',NULL,1),(152,16,154,71,NULL,NULL,1,'2024-04-29 01:46:48',NULL,'2024-04-29 01:46:48',NULL,1),(153,17,155,71,NULL,NULL,1,'2024-04-29 01:46:48',NULL,'2024-04-29 01:46:48',NULL,1),(154,16,156,71,NULL,NULL,1,'2024-04-29 01:46:48',NULL,'2024-04-29 01:46:48',NULL,1),(155,17,157,71,NULL,NULL,1,'2024-04-29 01:46:48',NULL,'2024-04-29 01:46:48',NULL,1),(156,16,158,71,NULL,NULL,1,'2024-04-29 01:46:48',NULL,'2024-04-29 01:46:48',NULL,1),(157,17,159,71,NULL,NULL,1,'2024-04-29 01:46:48',NULL,'2024-04-29 01:46:48',NULL,1),(158,17,160,71,NULL,NULL,1,'2024-04-29 01:46:48',NULL,'2024-04-29 01:46:48',NULL,1),(159,17,161,71,NULL,NULL,1,'2024-04-29 01:46:48',NULL,'2024-04-29 01:46:48',NULL,1),(160,17,162,71,NULL,NULL,1,'2024-04-29 01:46:48',NULL,'2024-04-29 01:46:48',NULL,1),(161,17,163,71,NULL,NULL,1,'2024-04-29 01:46:48',NULL,'2024-04-29 01:46:48',NULL,1),(162,17,164,71,NULL,NULL,1,'2024-04-29 01:46:48',NULL,'2024-04-29 01:46:48',NULL,1),(163,17,165,71,NULL,NULL,1,'2024-04-29 01:46:48',NULL,'2024-04-29 01:46:48',NULL,1),(164,18,166,59,NULL,NULL,1,'2024-04-29 02:00:53',NULL,'2024-04-29 02:00:53',NULL,1),(165,18,167,59,NULL,NULL,1,'2024-04-29 02:00:53',NULL,'2024-04-29 02:00:53',NULL,1),(166,18,168,59,NULL,NULL,1,'2024-04-29 02:00:53',NULL,'2024-04-29 02:00:53',NULL,1),(167,18,169,59,NULL,NULL,1,'2024-04-29 02:00:53',NULL,'2024-04-29 02:00:53',NULL,1),(168,18,170,59,NULL,NULL,1,'2024-04-29 02:00:53',NULL,'2024-04-29 02:00:53',NULL,1),(169,18,171,59,NULL,NULL,1,'2024-04-29 02:00:53',NULL,'2024-04-29 02:00:53',NULL,1),(170,18,172,59,NULL,NULL,1,'2024-04-29 02:00:53',NULL,'2024-04-29 02:00:53',NULL,1),(171,18,173,59,NULL,NULL,1,'2024-04-29 02:00:53',NULL,'2024-04-29 02:00:53',NULL,1),(172,18,174,59,NULL,NULL,1,'2024-04-29 02:00:53',NULL,'2024-04-29 02:00:53',NULL,1),(173,18,175,59,NULL,NULL,1,'2024-04-29 02:00:53',NULL,'2024-04-29 02:00:53',NULL,1),(174,18,176,59,NULL,NULL,1,'2024-04-29 02:00:53',NULL,'2024-04-29 02:00:53',NULL,1),(175,18,177,59,NULL,NULL,1,'2024-04-29 02:00:53',NULL,'2024-04-29 02:00:53',NULL,1),(176,18,178,59,NULL,NULL,1,'2024-04-29 02:00:53',NULL,'2024-04-29 02:00:53',NULL,1),(177,18,179,59,NULL,NULL,1,'2024-04-29 02:00:53',NULL,'2024-04-29 02:00:53',NULL,1),(178,18,180,59,NULL,NULL,1,'2024-04-29 02:00:53',NULL,'2024-04-29 02:00:53',NULL,1),(179,18,181,59,NULL,NULL,1,'2024-04-29 02:00:53',NULL,'2024-04-29 02:00:53',NULL,1),(180,18,182,59,NULL,NULL,1,'2024-04-29 02:00:53',NULL,'2024-04-29 02:00:53',NULL,1),(181,18,183,59,NULL,NULL,1,'2024-04-29 02:00:53',NULL,'2024-04-29 02:00:53',NULL,1),(182,18,184,59,NULL,NULL,1,'2024-04-29 02:00:53',NULL,'2024-04-29 02:00:53',NULL,1),(183,18,185,59,NULL,NULL,1,'2024-04-29 02:00:53',NULL,'2024-04-29 02:00:53',NULL,1),(184,18,186,59,NULL,NULL,1,'2024-04-29 02:00:53',NULL,'2024-04-29 02:00:53',NULL,1),(185,18,187,59,NULL,NULL,1,'2024-04-29 02:00:53',NULL,'2024-04-29 02:00:53',NULL,1),(186,18,188,59,NULL,NULL,1,'2024-04-29 02:00:53',NULL,'2024-04-29 02:00:53',NULL,1),(187,18,189,59,NULL,NULL,1,'2024-04-29 02:00:53',NULL,'2024-04-29 02:00:53',NULL,1),(188,18,190,59,NULL,NULL,1,'2024-04-29 02:00:53',NULL,'2024-04-29 02:00:53',NULL,1),(189,18,191,59,NULL,NULL,1,'2024-04-29 02:00:53',NULL,'2024-04-29 02:00:53',NULL,1),(190,18,192,59,NULL,NULL,1,'2024-04-29 02:00:53',NULL,'2024-04-29 02:00:53',NULL,1),(191,18,193,59,NULL,NULL,1,'2024-04-29 02:00:53',NULL,'2024-04-29 02:00:53',NULL,1),(192,18,194,59,NULL,NULL,1,'2024-04-29 02:00:53',NULL,'2024-04-29 02:00:53',NULL,1),(193,18,195,59,NULL,NULL,1,'2024-04-29 02:00:53',NULL,'2024-04-29 02:00:53',NULL,1),(194,18,196,59,NULL,NULL,1,'2024-04-29 02:00:53',NULL,'2024-04-29 02:00:53',NULL,1),(195,18,197,59,NULL,NULL,1,'2024-04-29 02:00:53',NULL,'2024-04-29 02:00:53',NULL,1),(196,18,198,59,NULL,NULL,1,'2024-04-29 02:00:53',NULL,'2024-04-29 02:00:53',NULL,1),(197,18,199,59,NULL,NULL,1,'2024-04-29 02:00:53',NULL,'2024-04-29 02:00:53',NULL,1),(198,18,200,59,NULL,NULL,1,'2024-04-29 02:00:53',NULL,'2024-04-29 02:00:53',NULL,1),(199,18,201,59,NULL,NULL,1,'2024-04-29 02:00:53',NULL,'2024-04-29 02:00:53',NULL,1),(200,18,202,59,NULL,NULL,1,'2024-04-29 02:00:53',NULL,'2024-04-29 02:00:53',NULL,1),(201,18,203,59,NULL,NULL,1,'2024-04-29 02:00:53',NULL,'2024-04-29 02:00:53',NULL,1),(202,20,204,56,NULL,NULL,1,'2024-04-29 02:38:35',NULL,'2024-04-29 02:38:35',NULL,1),(203,20,205,56,NULL,NULL,1,'2024-04-29 02:38:35',NULL,'2024-04-29 02:38:35',NULL,1),(204,20,206,56,NULL,NULL,1,'2024-04-29 02:38:35',NULL,'2024-04-29 02:38:35',NULL,1),(205,20,207,56,NULL,NULL,1,'2024-04-29 02:38:35',NULL,'2024-04-29 02:38:35',NULL,1),(206,20,208,56,NULL,NULL,1,'2024-04-29 02:38:35',NULL,'2024-04-29 02:38:35',NULL,1),(207,20,209,56,NULL,NULL,1,'2024-04-29 02:38:35',NULL,'2024-04-29 02:38:35',NULL,1),(208,20,210,56,NULL,NULL,1,'2024-04-29 02:38:35',NULL,'2024-04-29 02:38:35',NULL,1),(209,20,211,56,NULL,NULL,1,'2024-04-29 02:38:35',NULL,'2024-04-29 02:38:35',NULL,1),(210,20,212,56,NULL,NULL,1,'2024-04-29 02:38:35',NULL,'2024-04-29 02:38:35',NULL,1),(211,20,213,56,NULL,NULL,1,'2024-04-29 02:38:35',NULL,'2024-04-29 02:38:35',NULL,1),(212,20,214,56,NULL,NULL,1,'2024-04-29 02:38:35',NULL,'2024-04-29 02:38:35',NULL,1),(213,20,215,56,NULL,NULL,1,'2024-04-29 02:38:35',NULL,'2024-04-29 02:38:35',NULL,1),(214,20,216,56,NULL,NULL,1,'2024-04-29 02:38:35',NULL,'2024-04-29 02:38:35',NULL,1),(215,20,217,56,NULL,NULL,1,'2024-04-29 02:38:35',NULL,'2024-04-29 02:38:35',NULL,1),(216,20,218,56,NULL,NULL,1,'2024-04-29 02:38:35',NULL,'2024-04-29 02:38:35',NULL,1),(217,20,219,56,NULL,NULL,1,'2024-04-29 02:38:35',NULL,'2024-04-29 02:38:35',NULL,1),(218,20,220,56,NULL,NULL,1,'2024-04-29 02:38:35',NULL,'2024-04-29 02:38:35',NULL,1),(219,20,221,56,NULL,NULL,1,'2024-04-29 02:38:35',NULL,'2024-04-29 02:38:35',NULL,1),(220,20,222,56,NULL,NULL,1,'2024-04-29 02:38:35',NULL,'2024-04-29 02:38:35',NULL,1),(221,20,223,56,NULL,NULL,1,'2024-04-29 02:38:35',NULL,'2024-04-29 02:38:35',NULL,1),(222,20,224,56,NULL,NULL,1,'2024-04-29 02:38:35',NULL,'2024-04-29 02:38:35',NULL,1),(223,20,225,56,NULL,NULL,1,'2024-04-29 02:38:35',NULL,'2024-04-29 02:38:35',NULL,1),(224,20,226,56,NULL,NULL,1,'2024-04-29 02:38:35',NULL,'2024-04-29 02:38:35',NULL,1),(225,20,227,56,NULL,NULL,1,'2024-04-29 02:38:35',NULL,'2024-04-29 02:38:35',NULL,1),(226,20,228,56,NULL,NULL,1,'2024-04-29 02:38:35',NULL,'2024-04-29 02:38:35',NULL,1),(227,20,229,56,NULL,NULL,1,'2024-04-29 02:38:35',NULL,'2024-04-29 02:38:35',NULL,1),(228,20,230,56,NULL,NULL,1,'2024-04-29 02:38:35',NULL,'2024-04-29 02:38:35',NULL,1),(229,20,231,56,NULL,NULL,1,'2024-04-29 02:38:35',NULL,'2024-04-29 02:38:35',NULL,1),(230,20,232,56,NULL,NULL,1,'2024-04-29 02:38:35',NULL,'2024-04-29 02:38:35',NULL,1),(231,20,233,56,NULL,NULL,1,'2024-04-29 02:38:35',NULL,'2024-04-29 02:38:35',NULL,1),(232,20,234,56,NULL,NULL,1,'2024-04-29 02:38:35',NULL,'2024-04-29 02:38:35',NULL,1),(233,20,235,56,NULL,NULL,1,'2024-04-29 02:38:35',NULL,'2024-04-29 02:38:35',NULL,1),(234,20,236,56,NULL,NULL,1,'2024-04-29 02:38:35',NULL,'2024-04-29 02:38:35',NULL,1),(235,20,237,56,NULL,NULL,1,'2024-04-29 02:38:35',NULL,'2024-04-29 02:38:35',NULL,1),(236,20,238,56,NULL,NULL,1,'2024-04-29 02:38:35',NULL,'2024-04-29 02:38:35',NULL,1),(237,20,239,56,NULL,NULL,1,'2024-04-29 02:38:35',NULL,'2024-04-29 02:38:35',NULL,1),(238,20,240,56,NULL,NULL,1,'2024-04-29 02:38:35',NULL,'2024-04-29 02:38:35',NULL,1),(239,20,241,56,NULL,NULL,1,'2024-04-29 02:38:35',NULL,'2024-04-29 02:38:35',NULL,1),(240,20,242,56,NULL,NULL,1,'2024-04-29 02:38:35',NULL,'2024-04-29 02:38:35',NULL,1),(241,21,243,56,NULL,NULL,1,'2024-04-29 03:20:15',NULL,'2024-04-29 03:20:15',NULL,1),(242,21,244,56,NULL,NULL,1,'2024-04-29 03:20:15',NULL,'2024-04-29 03:20:15',NULL,1),(243,21,245,56,NULL,NULL,1,'2024-04-29 03:20:15',NULL,'2024-04-29 03:20:15',NULL,1),(244,21,246,56,NULL,NULL,1,'2024-04-29 03:20:15',NULL,'2024-04-29 03:20:15',NULL,1),(245,21,247,56,NULL,NULL,1,'2024-04-29 03:20:15',NULL,'2024-04-29 03:20:15',NULL,1),(246,21,248,56,NULL,NULL,1,'2024-04-29 03:20:15',NULL,'2024-04-29 03:20:15',NULL,1),(247,21,249,56,NULL,NULL,1,'2024-04-29 03:20:15',NULL,'2024-04-29 03:20:15',NULL,1),(248,21,250,56,NULL,NULL,1,'2024-04-29 03:20:15',NULL,'2024-04-29 03:20:15',NULL,1),(249,21,251,56,NULL,NULL,1,'2024-04-29 03:20:15',NULL,'2024-04-29 03:20:15',NULL,1),(250,21,252,56,NULL,NULL,1,'2024-04-29 03:20:15',NULL,'2024-04-29 03:20:15',NULL,1),(251,21,253,56,NULL,NULL,1,'2024-04-29 03:20:15',NULL,'2024-04-29 03:20:15',NULL,1),(252,21,254,56,NULL,NULL,1,'2024-04-29 03:20:15',NULL,'2024-04-29 03:20:15',NULL,1),(253,21,255,56,NULL,NULL,1,'2024-04-29 03:20:15',NULL,'2024-04-29 03:20:15',NULL,1),(254,21,256,56,NULL,NULL,1,'2024-04-29 03:20:15',NULL,'2024-04-29 03:20:15',NULL,1),(255,21,257,56,NULL,NULL,1,'2024-04-29 03:20:15',NULL,'2024-04-29 03:20:15',NULL,1),(256,21,258,56,NULL,NULL,1,'2024-04-29 03:20:15',NULL,'2024-04-29 03:20:15',NULL,1),(257,21,259,56,NULL,NULL,1,'2024-04-29 03:20:15',NULL,'2024-04-29 03:20:15',NULL,1),(258,21,260,56,NULL,NULL,1,'2024-04-29 03:20:15',NULL,'2024-04-29 03:20:15',NULL,1),(259,21,261,56,NULL,NULL,1,'2024-04-29 03:20:15',NULL,'2024-04-29 03:20:15',NULL,1),(260,21,262,56,NULL,NULL,1,'2024-04-29 03:20:15',NULL,'2024-04-29 03:20:15',NULL,1),(261,21,263,56,NULL,NULL,1,'2024-04-29 03:20:15',NULL,'2024-04-29 03:20:15',NULL,1),(262,21,264,56,NULL,NULL,1,'2024-04-29 03:20:15',NULL,'2024-04-29 03:20:15',NULL,1),(263,21,265,56,NULL,NULL,1,'2024-04-29 03:20:15',NULL,'2024-04-29 03:20:15',NULL,1),(264,21,266,56,NULL,NULL,1,'2024-04-29 03:20:15',NULL,'2024-04-29 03:20:15',NULL,1),(265,21,267,56,NULL,NULL,1,'2024-04-29 03:20:15',NULL,'2024-04-29 03:20:15',NULL,1),(266,21,268,56,NULL,NULL,1,'2024-04-29 03:20:15',NULL,'2024-04-29 03:20:15',NULL,1),(267,21,269,56,NULL,NULL,1,'2024-04-29 03:20:15',NULL,'2024-04-29 03:20:15',NULL,1),(268,21,270,56,NULL,NULL,1,'2024-04-29 03:20:15',NULL,'2024-04-29 03:20:15',NULL,1),(269,21,271,56,NULL,NULL,1,'2024-04-29 03:20:15',NULL,'2024-04-29 03:20:15',NULL,1),(270,21,272,56,NULL,NULL,1,'2024-04-29 03:20:15',NULL,'2024-04-29 03:20:15',NULL,1),(271,21,273,56,NULL,NULL,1,'2024-04-29 03:20:15',NULL,'2024-04-29 03:20:15',NULL,1),(272,21,274,56,NULL,NULL,1,'2024-04-29 03:20:15',NULL,'2024-04-29 03:20:15',NULL,1),(273,21,275,56,NULL,NULL,1,'2024-04-29 03:20:15',NULL,'2024-04-29 03:20:15',NULL,1),(274,21,276,56,NULL,NULL,1,'2024-04-29 03:20:15',NULL,'2024-04-29 03:20:15',NULL,1),(275,21,277,56,NULL,NULL,1,'2024-04-29 03:20:15',NULL,'2024-04-29 03:20:15',NULL,1),(276,21,278,56,NULL,NULL,1,'2024-04-29 03:20:15',NULL,'2024-04-29 03:20:15',NULL,1),(277,21,279,56,NULL,NULL,1,'2024-04-29 03:20:15',NULL,'2024-04-29 03:20:15',NULL,1),(278,21,280,56,NULL,NULL,1,'2024-04-29 03:20:15',NULL,'2024-04-29 03:20:15',NULL,1),(279,21,281,56,NULL,NULL,1,'2024-04-29 03:20:15',NULL,'2024-04-29 03:20:15',NULL,1),(603,46,610,71,NULL,NULL,1,'2024-06-24 22:40:51',NULL,'2024-06-24 22:40:51',NULL,1),(604,46,611,71,NULL,NULL,1,'2024-06-24 22:40:51',NULL,'2024-06-24 22:40:51',NULL,1),(605,46,612,71,NULL,NULL,1,'2024-06-24 22:40:51',NULL,'2024-06-24 22:40:51',NULL,1),(606,46,613,71,NULL,NULL,1,'2024-06-24 22:40:51',NULL,'2024-06-24 22:40:51',NULL,1),(607,46,614,71,NULL,NULL,1,'2024-06-24 22:40:51',NULL,'2024-06-24 22:40:51',NULL,1),(608,46,615,71,NULL,NULL,1,'2024-06-24 22:40:51',NULL,'2024-06-24 22:40:51',NULL,1),(609,46,616,71,NULL,NULL,1,'2024-06-24 22:40:51',NULL,'2024-06-24 22:40:51',NULL,1),(610,46,617,71,NULL,NULL,1,'2024-06-24 22:40:51',NULL,'2024-06-24 22:40:51',NULL,1),(611,46,618,71,NULL,NULL,1,'2024-06-24 22:40:51',NULL,'2024-06-24 22:40:51',NULL,1),(612,46,619,71,NULL,NULL,1,'2024-06-24 22:40:51',NULL,'2024-06-24 22:40:51',NULL,1),(613,46,620,71,NULL,NULL,1,'2024-06-24 22:40:51',NULL,'2024-06-24 22:40:51',NULL,1),(614,46,621,71,NULL,NULL,1,'2024-06-24 22:40:51',NULL,'2024-06-24 22:40:51',NULL,1),(615,46,622,71,NULL,NULL,1,'2024-06-24 22:40:51',NULL,'2024-06-24 22:40:51',NULL,1),(616,46,623,71,NULL,NULL,1,'2024-06-24 22:40:51',NULL,'2024-06-24 22:40:51',NULL,1),(617,46,624,71,NULL,NULL,1,'2024-06-24 22:40:51',NULL,'2024-06-24 22:40:51',NULL,1),(618,46,625,71,NULL,NULL,1,'2024-06-24 22:40:51',NULL,'2024-06-24 22:40:51',NULL,1),(619,46,626,71,NULL,NULL,1,'2024-06-24 22:40:51',NULL,'2024-06-24 22:40:51',NULL,1),(620,46,627,71,NULL,NULL,1,'2024-06-24 22:40:51',NULL,'2024-06-24 22:40:51',NULL,1),(621,46,628,71,NULL,NULL,1,'2024-06-24 22:40:51',NULL,'2024-06-24 22:40:51',NULL,1),(622,46,629,71,NULL,NULL,1,'2024-06-24 22:40:51',NULL,'2024-06-24 22:40:51',NULL,1),(623,46,630,71,NULL,NULL,1,'2024-06-24 22:40:51',NULL,'2024-06-24 22:40:51',NULL,1),(624,46,631,71,NULL,NULL,1,'2024-06-24 22:40:51',NULL,'2024-06-24 22:40:51',NULL,1),(625,46,632,71,NULL,NULL,1,'2024-06-24 22:40:51',NULL,'2024-06-24 22:40:51',NULL,1),(626,46,633,71,NULL,NULL,1,'2024-06-24 22:40:51',NULL,'2024-06-24 22:40:51',NULL,1),(627,46,634,71,NULL,NULL,1,'2024-06-24 22:40:51',NULL,'2024-06-24 22:40:51',NULL,1),(628,46,635,71,NULL,NULL,1,'2024-06-24 22:40:52',NULL,'2024-06-24 22:40:52',NULL,1),(629,46,636,71,NULL,NULL,1,'2024-06-24 22:40:52',NULL,'2024-06-24 22:40:52',NULL,1),(630,46,637,71,NULL,NULL,1,'2024-06-24 22:40:52',NULL,'2024-06-24 22:40:52',NULL,1),(631,46,638,71,NULL,NULL,1,'2024-06-24 22:40:52',NULL,'2024-06-24 22:40:52',NULL,1),(632,46,639,71,NULL,NULL,1,'2024-06-24 22:40:52',NULL,'2024-06-24 22:40:52',NULL,1),(633,46,640,71,NULL,NULL,1,'2024-06-24 22:40:52',NULL,'2024-06-24 22:40:52',NULL,1),(634,46,641,71,NULL,NULL,1,'2024-06-24 22:40:52',NULL,'2024-06-24 22:40:52',NULL,1),(635,46,642,71,NULL,NULL,1,'2024-06-24 22:40:52',NULL,'2024-06-24 22:40:52',NULL,1),(636,46,643,71,NULL,NULL,1,'2024-06-24 22:40:52',NULL,'2024-06-24 22:40:52',NULL,1),(637,46,644,71,NULL,NULL,1,'2024-06-24 22:40:52',NULL,'2024-06-24 22:40:52',NULL,1),(638,46,645,71,NULL,NULL,1,'2024-06-24 22:40:52',NULL,'2024-06-24 22:40:52',NULL,1),(639,46,646,71,NULL,NULL,1,'2024-06-24 22:40:52',NULL,'2024-06-24 22:40:52',NULL,1),(640,46,647,71,NULL,NULL,1,'2024-06-24 22:40:52',NULL,'2024-06-24 22:40:52',NULL,1),(641,46,648,71,NULL,NULL,1,'2024-06-24 22:40:52',NULL,'2024-06-24 22:40:52',NULL,1),(642,46,649,71,NULL,NULL,1,'2024-06-24 22:40:52',NULL,'2024-06-24 22:40:52',NULL,1),(643,46,650,71,NULL,NULL,1,'2024-06-24 22:40:52',NULL,'2024-06-24 22:40:52',NULL,1),(644,46,651,71,NULL,NULL,1,'2024-06-24 22:40:52',NULL,'2024-06-24 22:40:52',NULL,1),(645,46,652,71,NULL,NULL,1,'2024-06-24 22:40:52',NULL,'2024-06-24 22:40:52',NULL,1),(646,46,653,71,NULL,NULL,1,'2024-06-24 22:40:52',NULL,'2024-06-24 22:40:52',NULL,1),(647,46,654,71,NULL,NULL,1,'2024-06-24 22:40:52',NULL,'2024-06-24 22:40:52',NULL,1),(648,46,655,71,NULL,NULL,1,'2024-06-24 22:40:52',NULL,'2024-06-24 22:40:52',NULL,1),(649,47,656,71,NULL,NULL,1,'2024-06-24 22:48:30',NULL,'2024-06-24 22:48:30',NULL,1),(650,47,657,71,NULL,NULL,1,'2024-06-24 22:48:30',NULL,'2024-06-24 22:48:30',NULL,1),(651,47,658,71,NULL,NULL,1,'2024-06-24 22:48:30',NULL,'2024-06-24 22:48:30',NULL,1),(652,47,659,71,NULL,NULL,1,'2024-06-24 22:48:30',NULL,'2024-06-24 22:48:30',NULL,1),(653,47,660,71,NULL,NULL,1,'2024-06-24 22:48:30',NULL,'2024-06-24 22:48:30',NULL,1),(654,47,661,71,NULL,NULL,1,'2024-06-24 22:48:30',NULL,'2024-06-24 22:48:30',NULL,1),(655,47,662,71,NULL,NULL,1,'2024-06-24 22:48:30',NULL,'2024-06-24 22:48:30',NULL,1),(656,47,663,71,NULL,NULL,1,'2024-06-24 22:48:30',NULL,'2024-06-24 22:48:30',NULL,1),(657,47,664,71,NULL,NULL,1,'2024-06-24 22:48:30',NULL,'2024-06-24 22:48:30',NULL,1),(658,47,665,71,NULL,NULL,1,'2024-06-24 22:48:30',NULL,'2024-06-24 22:48:30',NULL,1),(659,47,666,71,NULL,NULL,1,'2024-06-24 22:48:30',NULL,'2024-06-24 22:48:30',NULL,1),(660,47,667,71,NULL,NULL,1,'2024-06-24 22:48:30',NULL,'2024-06-24 22:48:30',NULL,1),(661,47,668,71,NULL,NULL,1,'2024-06-24 22:48:30',NULL,'2024-06-24 22:48:30',NULL,1),(662,47,669,71,NULL,NULL,1,'2024-06-24 22:48:30',NULL,'2024-06-24 22:48:30',NULL,1),(663,47,670,71,NULL,NULL,1,'2024-06-24 22:48:30',NULL,'2024-06-24 22:48:30',NULL,1),(664,47,671,71,NULL,NULL,1,'2024-06-24 22:48:30',NULL,'2024-06-24 22:48:30',NULL,1),(665,47,672,71,NULL,NULL,1,'2024-06-24 22:48:30',NULL,'2024-06-24 22:48:30',NULL,1),(666,47,673,71,NULL,NULL,1,'2024-06-24 22:48:30',NULL,'2024-06-24 22:48:30',NULL,1),(667,47,674,71,NULL,NULL,1,'2024-06-24 22:48:30',NULL,'2024-06-24 22:48:30',NULL,1),(668,47,675,71,NULL,NULL,1,'2024-06-24 22:48:30',NULL,'2024-06-24 22:48:30',NULL,1),(669,47,676,71,NULL,NULL,1,'2024-06-24 22:48:30',NULL,'2024-06-24 22:48:30',NULL,1),(670,47,677,71,NULL,NULL,1,'2024-06-24 22:48:30',NULL,'2024-06-24 22:48:30',NULL,1),(671,47,678,71,NULL,NULL,1,'2024-06-24 22:48:30',NULL,'2024-06-24 22:48:30',NULL,1),(672,47,679,71,NULL,NULL,1,'2024-06-24 22:48:30',NULL,'2024-06-24 22:48:30',NULL,1),(673,47,680,71,NULL,NULL,1,'2024-06-24 22:48:30',NULL,'2024-06-24 22:48:30',NULL,1),(674,47,681,71,NULL,NULL,1,'2024-06-24 22:48:30',NULL,'2024-06-24 22:48:30',NULL,1),(675,47,682,71,NULL,NULL,1,'2024-06-24 22:48:30',NULL,'2024-06-24 22:48:30',NULL,1),(676,47,683,71,NULL,NULL,1,'2024-06-24 22:48:30',NULL,'2024-06-24 22:48:30',NULL,1),(677,47,684,71,NULL,NULL,1,'2024-06-24 22:48:30',NULL,'2024-06-24 22:48:30',NULL,1),(678,47,685,71,NULL,NULL,1,'2024-06-24 22:48:30',NULL,'2024-06-24 22:48:30',NULL,1),(679,47,686,71,NULL,NULL,1,'2024-06-24 22:48:30',NULL,'2024-06-24 22:48:30',NULL,1),(680,47,687,71,NULL,NULL,1,'2024-06-24 22:48:30',NULL,'2024-06-24 22:48:30',NULL,1),(681,47,688,71,NULL,NULL,1,'2024-06-24 22:48:30',NULL,'2024-06-24 22:48:30',NULL,1),(682,47,689,71,NULL,NULL,1,'2024-06-24 22:48:30',NULL,'2024-06-24 22:48:30',NULL,1),(683,47,690,71,NULL,NULL,1,'2024-06-24 22:48:30',NULL,'2024-06-24 22:48:30',NULL,1),(684,47,691,71,NULL,NULL,1,'2024-06-24 22:48:30',NULL,'2024-06-24 22:48:30',NULL,1),(685,47,692,71,NULL,NULL,1,'2024-06-24 22:48:30',NULL,'2024-06-24 22:48:30',NULL,1),(686,47,693,71,NULL,NULL,1,'2024-06-24 22:48:30',NULL,'2024-06-24 22:48:30',NULL,1),(687,47,694,71,NULL,NULL,1,'2024-06-24 22:48:30',NULL,'2024-06-24 22:48:30',NULL,1),(688,47,695,71,NULL,NULL,1,'2024-06-24 22:48:30',NULL,'2024-06-24 22:48:30',NULL,1),(689,47,696,71,NULL,NULL,1,'2024-06-24 22:48:30',NULL,'2024-06-24 22:48:30',NULL,1),(690,47,697,71,NULL,NULL,1,'2024-06-24 22:48:30',NULL,'2024-06-24 22:48:30',NULL,1),(691,47,698,71,NULL,NULL,1,'2024-06-24 22:48:30',NULL,'2024-06-24 22:48:30',NULL,1),(692,47,699,71,NULL,NULL,1,'2024-06-24 22:48:30',NULL,'2024-06-24 22:48:30',NULL,1),(693,47,700,71,NULL,NULL,1,'2024-06-24 22:48:30',NULL,'2024-06-24 22:48:30',NULL,1),(694,47,701,71,NULL,NULL,1,'2024-06-24 22:48:30',NULL,'2024-06-24 22:48:30',NULL,1),(695,47,702,71,NULL,NULL,1,'2024-06-24 22:48:30',NULL,'2024-06-24 22:48:30',NULL,1),(696,49,703,71,NULL,NULL,1,'2024-06-25 01:23:14',NULL,'2024-06-25 01:23:14',NULL,1),(697,50,704,71,NULL,NULL,1,'2024-06-25 01:39:11',NULL,'2024-06-25 01:39:11',NULL,1),(698,50,705,71,NULL,NULL,1,'2024-06-25 01:39:11',NULL,'2024-06-25 01:39:11',NULL,1),(699,50,706,71,NULL,NULL,1,'2024-06-25 01:39:11',NULL,'2024-06-25 01:39:11',NULL,1),(700,50,707,71,NULL,NULL,1,'2024-06-25 01:39:12',NULL,'2024-06-25 01:39:12',NULL,1),(701,50,708,71,NULL,NULL,1,'2024-06-25 01:39:12',NULL,'2024-06-25 01:39:12',NULL,1),(702,50,709,71,NULL,NULL,1,'2024-06-25 01:39:12',NULL,'2024-06-25 01:39:12',NULL,1),(703,50,710,71,NULL,NULL,1,'2024-06-25 01:39:12',NULL,'2024-06-25 01:39:12',NULL,1),(704,50,711,71,NULL,NULL,1,'2024-06-25 01:39:12',NULL,'2024-06-25 01:39:12',NULL,1),(705,50,712,71,NULL,NULL,1,'2024-06-25 01:39:12',NULL,'2024-06-25 01:39:12',NULL,1),(706,50,713,71,NULL,NULL,1,'2024-06-25 01:39:12',NULL,'2024-06-25 01:39:12',NULL,1),(707,50,714,71,NULL,NULL,1,'2024-06-25 01:39:12',NULL,'2024-06-25 01:39:12',NULL,1),(708,50,715,71,NULL,NULL,1,'2024-06-25 01:39:12',NULL,'2024-06-25 01:39:12',NULL,1),(709,50,716,71,NULL,NULL,1,'2024-06-25 01:39:12',NULL,'2024-06-25 01:39:12',NULL,1),(710,50,717,71,NULL,NULL,1,'2024-06-25 01:39:12',NULL,'2024-06-25 01:39:12',NULL,1),(711,50,718,71,NULL,NULL,1,'2024-06-25 01:39:12',NULL,'2024-06-25 01:39:12',NULL,1),(712,50,719,71,NULL,NULL,1,'2024-06-25 01:39:12',NULL,'2024-06-25 01:39:12',NULL,1),(713,50,720,71,NULL,NULL,1,'2024-06-25 01:39:12',NULL,'2024-06-25 01:39:12',NULL,1),(714,50,721,71,NULL,NULL,1,'2024-06-25 01:39:12',NULL,'2024-06-25 01:39:12',NULL,1),(715,50,722,71,NULL,NULL,1,'2024-06-25 01:39:12',NULL,'2024-06-25 01:39:12',NULL,1),(716,50,723,71,NULL,NULL,1,'2024-06-25 01:39:12',NULL,'2024-06-25 01:39:12',NULL,1),(717,50,724,71,NULL,NULL,1,'2024-06-25 01:39:12',NULL,'2024-06-25 01:39:12',NULL,1),(718,50,725,71,NULL,NULL,1,'2024-06-25 01:39:12',NULL,'2024-06-25 01:39:12',NULL,1),(719,50,726,71,NULL,NULL,1,'2024-06-25 01:39:12',NULL,'2024-06-25 01:39:12',NULL,1),(720,50,727,71,NULL,NULL,1,'2024-06-25 01:39:12',NULL,'2024-06-25 01:39:12',NULL,1),(721,50,728,71,NULL,NULL,1,'2024-06-25 01:39:12',NULL,'2024-06-25 01:39:12',NULL,1),(722,50,729,71,NULL,NULL,1,'2024-06-25 01:39:12',NULL,'2024-06-25 01:39:12',NULL,1),(723,50,730,71,NULL,NULL,1,'2024-06-25 01:39:12',NULL,'2024-06-25 01:39:12',NULL,1),(724,50,731,71,NULL,NULL,1,'2024-06-25 01:39:12',NULL,'2024-06-25 01:39:12',NULL,1),(725,50,732,71,NULL,NULL,1,'2024-06-25 01:39:12',NULL,'2024-06-25 01:39:12',NULL,1),(726,50,733,71,NULL,NULL,1,'2024-06-25 01:39:12',NULL,'2024-06-25 01:39:12',NULL,1),(727,50,734,71,NULL,NULL,1,'2024-06-25 01:39:12',NULL,'2024-06-25 01:39:12',NULL,1),(728,50,735,71,NULL,NULL,1,'2024-06-25 01:39:12',NULL,'2024-06-25 01:39:12',NULL,1),(729,50,736,71,NULL,NULL,1,'2024-06-25 01:39:12',NULL,'2024-06-25 01:39:12',NULL,1),(730,50,737,71,NULL,NULL,1,'2024-06-25 01:39:12',NULL,'2024-06-25 01:39:12',NULL,1),(731,50,738,71,NULL,NULL,1,'2024-06-25 01:39:12',NULL,'2024-06-25 01:39:12',NULL,1),(732,50,739,71,NULL,NULL,1,'2024-06-25 01:39:12',NULL,'2024-06-25 01:39:12',NULL,1),(733,50,740,71,NULL,NULL,1,'2024-06-25 01:39:12',NULL,'2024-06-25 01:39:12',NULL,1),(734,50,741,71,NULL,NULL,1,'2024-06-25 01:39:12',NULL,'2024-06-25 01:39:12',NULL,1),(735,50,742,71,NULL,NULL,1,'2024-06-25 01:39:12',NULL,'2024-06-25 01:39:12',NULL,1),(736,50,743,71,NULL,NULL,1,'2024-06-25 01:39:12',NULL,'2024-06-25 01:39:12',NULL,1),(737,50,744,71,NULL,NULL,1,'2024-06-25 01:39:12',NULL,'2024-06-25 01:39:12',NULL,1),(738,50,745,71,NULL,NULL,1,'2024-06-25 01:39:12',NULL,'2024-06-25 01:39:12',NULL,1),(739,50,746,71,NULL,NULL,1,'2024-06-25 01:39:12',NULL,'2024-06-25 01:39:12',NULL,1),(740,50,747,71,NULL,NULL,1,'2024-06-25 01:39:12',NULL,'2024-06-25 01:39:12',NULL,1),(741,50,748,71,NULL,NULL,1,'2024-06-25 01:39:12',NULL,'2024-06-25 01:39:12',NULL,1),(742,50,749,71,NULL,NULL,1,'2024-06-25 01:39:12',NULL,'2024-06-25 01:39:12',NULL,1),(743,51,750,71,NULL,NULL,1,'2024-06-25 22:24:08',NULL,'2024-06-25 22:24:08',NULL,1),(744,51,751,71,NULL,NULL,1,'2024-06-25 22:24:08',NULL,'2024-06-25 22:24:08',NULL,1),(745,51,752,71,NULL,NULL,1,'2024-06-25 22:24:08',NULL,'2024-06-25 22:24:08',NULL,1),(1196,91,1203,71,NULL,NULL,1,'2024-07-06 12:57:22',NULL,'2024-07-06 12:57:22',NULL,1),(1197,91,1204,71,NULL,NULL,1,'2024-07-06 12:57:22',NULL,'2024-07-06 12:57:22',NULL,1),(1198,91,1205,71,NULL,NULL,1,'2024-07-06 12:57:22',NULL,'2024-07-06 12:57:22',NULL,1),(1199,91,1206,71,NULL,NULL,1,'2024-07-06 12:57:22',NULL,'2024-07-06 12:57:22',NULL,1),(1200,91,1207,71,NULL,NULL,1,'2024-07-06 12:57:22',NULL,'2024-07-06 12:57:22',NULL,1),(1201,91,1208,71,NULL,NULL,1,'2024-07-06 12:57:22',NULL,'2024-07-06 12:57:22',NULL,1),(1202,91,1209,71,NULL,NULL,1,'2024-07-06 12:57:22',NULL,'2024-07-06 12:57:22',NULL,1),(1203,91,1210,71,NULL,NULL,1,'2024-07-06 12:57:22',NULL,'2024-07-06 12:57:22',NULL,1),(1204,91,1211,71,NULL,NULL,1,'2024-07-06 12:57:22',NULL,'2024-07-06 12:57:22',NULL,1),(1205,91,1212,71,NULL,NULL,1,'2024-07-06 12:57:22',NULL,'2024-07-06 12:57:22',NULL,1),(1206,91,1213,71,NULL,NULL,1,'2024-07-06 12:57:22',NULL,'2024-07-06 12:57:22',NULL,1),(1207,91,1214,71,NULL,NULL,1,'2024-07-06 12:57:22',NULL,'2024-07-06 12:57:22',NULL,1),(1208,91,1215,71,NULL,NULL,1,'2024-07-06 12:57:22',NULL,'2024-07-06 12:57:22',NULL,1),(1209,91,1216,71,NULL,NULL,1,'2024-07-06 12:57:22',NULL,'2024-07-06 12:57:22',NULL,1),(1210,91,1217,71,NULL,NULL,1,'2024-07-06 12:57:22',NULL,'2024-07-06 12:57:22',NULL,1),(1211,91,1218,71,NULL,NULL,1,'2024-07-06 12:57:22',NULL,'2024-07-06 12:57:22',NULL,1),(1212,91,1219,71,NULL,NULL,1,'2024-07-06 12:57:22',NULL,'2024-07-06 12:57:22',NULL,1),(1213,91,1220,71,NULL,NULL,1,'2024-07-06 12:57:22',NULL,'2024-07-06 12:57:22',NULL,1),(1214,91,1221,71,NULL,NULL,1,'2024-07-06 12:57:22',NULL,'2024-07-06 12:57:22',NULL,1),(1215,91,1222,71,NULL,NULL,1,'2024-07-06 12:57:22',NULL,'2024-07-06 12:57:22',NULL,1),(1216,91,1223,71,NULL,NULL,1,'2024-07-06 12:57:22',NULL,'2024-07-06 12:57:22',NULL,1),(1217,91,1224,71,NULL,NULL,1,'2024-07-06 12:57:22',NULL,'2024-07-06 12:57:22',NULL,1),(1218,91,1225,71,NULL,NULL,1,'2024-07-06 12:57:22',NULL,'2024-07-06 12:57:22',NULL,1),(1219,91,1226,71,NULL,NULL,1,'2024-07-06 12:57:22',NULL,'2024-07-06 12:57:22',NULL,1),(1220,91,1227,71,NULL,NULL,1,'2024-07-06 12:57:22',NULL,'2024-07-06 12:57:22',NULL,1),(1221,91,1228,71,NULL,NULL,1,'2024-07-06 12:57:22',NULL,'2024-07-06 12:57:22',NULL,1),(1222,91,1229,71,NULL,NULL,1,'2024-07-06 12:57:22',NULL,'2024-07-06 12:57:22',NULL,1),(1256,95,1263,71,NULL,NULL,1,'2024-07-06 20:31:31',NULL,'2024-07-06 20:31:31',NULL,1),(1257,95,1264,71,NULL,NULL,1,'2024-07-06 20:31:31',NULL,'2024-07-06 20:31:31',NULL,1),(1258,95,1265,71,NULL,NULL,1,'2024-07-06 20:31:31',NULL,'2024-07-06 20:31:31',NULL,1),(1259,95,1266,71,NULL,NULL,1,'2024-07-06 20:31:31',NULL,'2024-07-06 20:31:31',NULL,1),(1260,95,1267,71,NULL,NULL,1,'2024-07-06 20:31:31',NULL,'2024-07-06 20:31:31',NULL,1),(1261,95,1268,71,NULL,NULL,1,'2024-07-06 20:31:31',NULL,'2024-07-06 20:31:31',NULL,1),(1262,95,1269,71,NULL,NULL,1,'2024-07-06 20:31:31',NULL,'2024-07-06 20:31:31',NULL,1),(1263,95,1270,71,NULL,NULL,1,'2024-07-06 20:31:31',NULL,'2024-07-06 20:31:31',NULL,1),(1264,95,1271,71,NULL,NULL,1,'2024-07-06 20:31:31',NULL,'2024-07-06 20:31:31',NULL,1),(1265,95,1272,71,NULL,NULL,1,'2024-07-06 20:31:31',NULL,'2024-07-06 20:31:31',NULL,1),(1266,95,1273,71,NULL,NULL,1,'2024-07-06 20:31:31',NULL,'2024-07-06 20:31:31',NULL,1),(1267,95,1274,71,NULL,NULL,1,'2024-07-06 20:31:31',NULL,'2024-07-06 20:31:31',NULL,1),(1268,95,1275,71,NULL,NULL,1,'2024-07-06 20:31:31',NULL,'2024-07-06 20:31:31',NULL,1),(1270,95,1277,71,NULL,NULL,1,'2024-07-08 17:26:15',NULL,'2024-07-08 17:26:15',NULL,1),(1278,98,1287,71,NULL,NULL,1,'2024-07-11 20:38:30',NULL,'2024-07-11 20:38:30',NULL,1),(1279,99,1288,71,NULL,NULL,1,'2024-07-13 06:38:17',NULL,'2024-07-13 06:38:17',NULL,1),(1280,99,1289,71,NULL,NULL,1,'2024-07-15 16:26:13',NULL,'2024-07-15 16:26:13',NULL,1),(1281,99,1290,71,NULL,NULL,1,'2024-07-15 18:03:01',NULL,'2024-07-15 18:03:01',NULL,1),(1282,99,1291,71,NULL,NULL,1,'2024-07-15 18:14:11',NULL,'2024-07-15 18:14:11',NULL,1),(1283,100,1292,NULL,NULL,NULL,1,'2024-07-18 19:45:09',NULL,'2024-07-18 19:45:09',NULL,1),(1284,100,1293,NULL,NULL,NULL,1,'2024-07-18 19:45:09',NULL,'2024-07-18 19:45:09',NULL,1),(1285,100,1294,NULL,NULL,NULL,1,'2024-07-18 19:45:09',NULL,'2024-07-18 19:45:09',NULL,1),(1286,100,1295,NULL,NULL,NULL,1,'2024-07-18 19:45:09',NULL,'2024-07-18 19:45:09',NULL,1),(1287,101,1296,NULL,NULL,NULL,1,'2024-07-19 21:05:21',NULL,'2024-07-19 21:05:21',NULL,1),(1288,101,1297,NULL,NULL,NULL,1,'2024-07-19 21:05:21',NULL,'2024-07-19 21:05:21',NULL,1),(1289,101,1298,NULL,NULL,NULL,1,'2024-07-19 21:05:21',NULL,'2024-07-19 21:05:21',NULL,1),(1290,101,1299,NULL,NULL,NULL,1,'2024-07-19 21:05:21',NULL,'2024-07-19 21:05:21',NULL,1),(1291,102,1300,NULL,NULL,NULL,1,'2024-07-19 21:15:33',NULL,'2024-07-19 21:15:33',NULL,1),(1292,102,1301,NULL,NULL,NULL,1,'2024-07-19 21:15:33',NULL,'2024-07-19 21:15:33',NULL,1),(1293,102,1302,NULL,NULL,NULL,1,'2024-07-19 21:15:33',NULL,'2024-07-19 21:15:33',NULL,1),(1294,102,1303,NULL,NULL,NULL,1,'2024-07-19 21:15:33',NULL,'2024-07-19 21:15:33',NULL,1),(1295,103,1305,NULL,NULL,NULL,1,'2024-07-22 12:50:05',NULL,'2024-07-22 12:50:05',NULL,1),(1296,103,1306,NULL,NULL,NULL,1,'2024-07-22 12:50:05',NULL,'2024-07-22 12:50:05',NULL,1),(1297,103,1307,NULL,NULL,NULL,1,'2024-07-22 12:50:05',NULL,'2024-07-22 12:50:05',NULL,1),(1298,103,1308,NULL,NULL,NULL,1,'2024-07-22 12:50:05',NULL,'2024-07-22 12:50:05',NULL,1),(1299,103,1309,NULL,NULL,NULL,1,'2024-07-22 12:50:06',NULL,'2024-07-22 12:50:06',NULL,1),(1300,103,1310,NULL,NULL,NULL,1,'2024-07-22 12:50:06',NULL,'2024-07-22 12:50:06',NULL,1),(1301,103,1311,NULL,NULL,NULL,1,'2024-07-22 12:50:06',NULL,'2024-07-22 12:50:06',NULL,1),(1302,103,1312,NULL,NULL,NULL,1,'2024-07-22 12:50:06',NULL,'2024-07-22 12:50:06',NULL,1),(1303,103,1313,NULL,NULL,NULL,1,'2024-07-22 12:50:06',NULL,'2024-07-22 12:50:06',NULL,1),(1304,103,1314,NULL,NULL,NULL,1,'2024-07-22 12:50:06',NULL,'2024-07-22 12:50:06',NULL,1),(1305,103,1315,NULL,NULL,NULL,1,'2024-07-22 12:50:06',NULL,'2024-07-22 12:50:06',NULL,1),(1306,103,1316,NULL,NULL,NULL,1,'2024-07-22 12:50:06',NULL,'2024-07-22 12:50:06',NULL,1),(1307,103,1317,NULL,NULL,NULL,1,'2024-07-22 12:50:06',NULL,'2024-07-22 12:50:06',NULL,1),(1308,103,1318,NULL,NULL,NULL,1,'2024-07-22 12:50:06',NULL,'2024-07-22 12:50:06',NULL,1),(1309,103,1319,NULL,NULL,NULL,1,'2024-07-22 12:50:06',NULL,'2024-07-22 12:50:06',NULL,1),(1310,103,1320,NULL,NULL,NULL,1,'2024-07-22 12:50:06',NULL,'2024-07-22 12:50:06',NULL,1),(1311,103,1321,NULL,NULL,NULL,1,'2024-07-22 12:50:06',NULL,'2024-07-22 12:50:06',NULL,1),(1312,103,1322,NULL,NULL,NULL,1,'2024-07-22 12:50:06',NULL,'2024-07-22 12:50:06',NULL,1),(1313,103,1323,NULL,NULL,NULL,1,'2024-07-22 12:50:06',NULL,'2024-07-22 12:50:06',NULL,1),(1314,103,1324,NULL,NULL,NULL,1,'2024-07-22 12:50:06',NULL,'2024-07-22 12:50:06',NULL,1),(1315,103,1325,NULL,NULL,NULL,1,'2024-07-22 12:50:06',NULL,'2024-07-22 12:50:06',NULL,1),(1316,103,1326,NULL,NULL,NULL,1,'2024-07-22 12:50:06',NULL,'2024-07-22 12:50:06',NULL,1),(1317,103,1327,NULL,NULL,NULL,1,'2024-07-22 12:50:06',NULL,'2024-07-22 12:50:06',NULL,1),(1318,103,1328,NULL,NULL,NULL,1,'2024-07-22 12:50:06',NULL,'2024-07-22 12:50:06',NULL,1),(1319,103,1329,NULL,NULL,NULL,1,'2024-07-22 12:50:06',NULL,'2024-07-22 12:50:06',NULL,1),(1320,103,1330,NULL,NULL,NULL,1,'2024-07-22 12:50:06',NULL,'2024-07-22 12:50:06',NULL,1),(1321,103,1331,NULL,NULL,NULL,1,'2024-07-22 12:50:06',NULL,'2024-07-22 12:50:06',NULL,1),(1322,103,1332,NULL,NULL,NULL,1,'2024-07-22 12:50:06',NULL,'2024-07-22 12:50:06',NULL,1),(1323,103,1333,NULL,NULL,NULL,1,'2024-07-22 12:50:06',NULL,'2024-07-22 12:50:06',NULL,1),(1324,103,1334,NULL,NULL,NULL,1,'2024-07-22 12:50:06',NULL,'2024-07-22 12:50:06',NULL,1),(1325,103,1335,NULL,NULL,NULL,1,'2024-07-22 12:50:06',NULL,'2024-07-22 12:50:06',NULL,1),(1326,103,1336,NULL,NULL,NULL,1,'2024-07-22 12:50:06',NULL,'2024-07-22 12:50:06',NULL,1),(1327,103,1337,NULL,NULL,NULL,1,'2024-07-22 12:50:06',NULL,'2024-07-22 12:50:06',NULL,1),(1328,103,1338,NULL,NULL,NULL,1,'2024-07-22 12:50:06',NULL,'2024-07-22 12:50:06',NULL,1),(1329,103,1339,NULL,NULL,NULL,1,'2024-07-22 12:50:06',NULL,'2024-07-22 12:50:06',NULL,1),(1330,103,1340,NULL,NULL,NULL,1,'2024-07-22 12:50:06',NULL,'2024-07-22 12:50:06',NULL,1),(1331,103,1341,NULL,NULL,NULL,1,'2024-07-22 12:50:06',NULL,'2024-07-22 12:50:06',NULL,1),(1332,103,1342,NULL,NULL,NULL,1,'2024-07-22 12:50:06',NULL,'2024-07-22 12:50:06',NULL,1),(1333,103,1343,NULL,NULL,NULL,1,'2024-07-22 12:50:06',NULL,'2024-07-22 12:50:06',NULL,1),(1334,103,1344,NULL,NULL,NULL,1,'2024-07-22 12:50:06',NULL,'2024-07-22 12:50:06',NULL,1),(1335,103,1345,NULL,NULL,NULL,1,'2024-07-22 12:50:06',NULL,'2024-07-22 12:50:06',NULL,1),(1336,103,1346,NULL,NULL,NULL,1,'2024-07-22 12:50:06',NULL,'2024-07-22 12:50:06',NULL,1),(1337,103,1347,NULL,NULL,NULL,1,'2024-07-22 12:50:06',NULL,'2024-07-22 12:50:06',NULL,1),(1338,103,1348,NULL,NULL,NULL,1,'2024-07-22 12:50:06',NULL,'2024-07-22 12:50:06',NULL,1),(1339,103,1349,NULL,NULL,NULL,1,'2024-07-22 12:50:06',NULL,'2024-07-22 12:50:06',NULL,1),(1340,103,1350,NULL,NULL,NULL,1,'2024-07-22 12:50:06',NULL,'2024-07-22 12:50:06',NULL,1),(1341,103,1351,NULL,NULL,NULL,1,'2024-07-22 12:50:06',NULL,'2024-07-22 12:50:06',NULL,1),(1342,103,1352,NULL,NULL,NULL,1,'2024-07-22 12:50:06',NULL,'2024-07-22 12:50:06',NULL,1),(1343,103,1353,NULL,NULL,NULL,1,'2024-07-22 12:50:06',NULL,'2024-07-22 12:50:06',NULL,1),(1344,103,1354,NULL,NULL,NULL,1,'2024-07-22 12:50:06',NULL,'2024-07-22 12:50:06',NULL,1),(1345,103,1355,NULL,NULL,NULL,1,'2024-07-22 12:50:06',NULL,'2024-07-22 12:50:06',NULL,1),(1350,105,1361,NULL,NULL,NULL,1,'2024-07-26 07:43:50',NULL,'2024-07-26 07:43:50',NULL,1),(1352,107,1363,NULL,NULL,NULL,1,'2024-07-26 21:36:30',NULL,'2024-07-26 21:36:30',NULL,1),(1353,108,1364,NULL,NULL,NULL,1,'2024-07-29 00:47:50',NULL,'2024-07-29 00:47:50',NULL,1),(1354,109,1365,NULL,NULL,NULL,1,'2024-07-29 00:50:59',NULL,'2024-07-29 00:50:59',NULL,1),(1355,110,1366,NULL,NULL,NULL,1,'2024-07-29 00:51:54',NULL,'2024-07-29 00:51:54',NULL,1),(1356,110,1367,NULL,NULL,NULL,1,'2024-07-29 00:51:54',NULL,'2024-07-29 00:51:54',NULL,1),(1357,110,1368,NULL,NULL,NULL,1,'2024-07-29 00:51:54',NULL,'2024-07-29 00:51:54',NULL,1),(1358,110,1369,NULL,NULL,NULL,1,'2024-07-29 00:51:54',NULL,'2024-07-29 00:51:54',NULL,1),(1359,110,1370,NULL,NULL,NULL,1,'2024-07-29 00:51:54',NULL,'2024-07-29 00:51:54',NULL,1),(1360,110,1371,NULL,NULL,NULL,1,'2024-07-29 00:51:54',NULL,'2024-07-29 00:51:54',NULL,1),(1361,110,1372,NULL,NULL,NULL,1,'2024-07-29 00:51:54',NULL,'2024-07-29 00:51:54',NULL,1),(1362,110,1373,NULL,NULL,NULL,1,'2024-07-29 00:51:54',NULL,'2024-07-29 00:51:54',NULL,1),(1363,110,1374,NULL,NULL,NULL,1,'2024-07-29 00:51:54',NULL,'2024-07-29 00:51:54',NULL,1),(1364,110,1375,NULL,NULL,NULL,1,'2024-07-29 00:51:54',NULL,'2024-07-29 00:51:54',NULL,1),(1365,110,1376,NULL,NULL,NULL,1,'2024-07-29 00:51:54',NULL,'2024-07-29 00:51:54',NULL,1),(1366,110,1377,NULL,NULL,NULL,1,'2024-07-29 00:51:54',NULL,'2024-07-29 00:51:54',NULL,1),(1367,110,1378,NULL,NULL,NULL,1,'2024-07-29 00:51:54',NULL,'2024-07-29 00:51:54',NULL,1),(1368,110,1379,NULL,NULL,NULL,1,'2024-07-29 00:51:54',NULL,'2024-07-29 00:51:54',NULL,1),(1369,110,1380,NULL,NULL,NULL,1,'2024-07-29 00:51:54',NULL,'2024-07-29 00:51:54',NULL,1),(1370,110,1381,NULL,NULL,NULL,1,'2024-07-29 00:51:54',NULL,'2024-07-29 00:51:54',NULL,1),(1371,110,1382,NULL,NULL,NULL,1,'2024-07-29 00:51:54',NULL,'2024-07-29 00:51:54',NULL,1),(1372,110,1383,NULL,NULL,NULL,1,'2024-07-29 00:51:54',NULL,'2024-07-29 00:51:54',NULL,1),(1373,110,1384,NULL,NULL,NULL,1,'2024-07-29 00:51:54',NULL,'2024-07-29 00:51:54',NULL,1),(1374,110,1385,NULL,NULL,NULL,1,'2024-07-29 00:51:54',NULL,'2024-07-29 00:51:54',NULL,1),(1375,110,1386,NULL,NULL,NULL,1,'2024-07-29 00:51:54',NULL,'2024-07-29 00:51:54',NULL,1),(1376,110,1387,NULL,NULL,NULL,1,'2024-07-29 00:51:54',NULL,'2024-07-29 00:51:54',NULL,1),(1377,110,1388,NULL,NULL,NULL,1,'2024-07-29 00:51:54',NULL,'2024-07-29 00:51:54',NULL,1),(1378,110,1389,NULL,NULL,NULL,1,'2024-07-29 00:51:54',NULL,'2024-07-29 00:51:54',NULL,1),(1379,110,1390,NULL,NULL,NULL,1,'2024-07-29 00:51:54',NULL,'2024-07-29 00:51:54',NULL,1),(1380,110,1391,NULL,NULL,NULL,1,'2024-07-29 00:51:54',NULL,'2024-07-29 00:51:54',NULL,1),(1381,110,1392,NULL,NULL,NULL,1,'2024-07-29 00:51:54',NULL,'2024-07-29 00:51:54',NULL,1),(1382,110,1393,NULL,NULL,NULL,1,'2024-07-29 00:51:54',NULL,'2024-07-29 00:51:54',NULL,1),(1383,110,1394,NULL,NULL,NULL,1,'2024-07-29 00:51:54',NULL,'2024-07-29 00:51:54',NULL,1),(1384,110,1395,NULL,NULL,NULL,1,'2024-07-29 00:51:54',NULL,'2024-07-29 00:51:54',NULL,1),(1385,110,1396,NULL,NULL,NULL,1,'2024-07-29 00:51:54',NULL,'2024-07-29 00:51:54',NULL,1),(1386,110,1397,NULL,NULL,NULL,1,'2024-07-29 00:51:54',NULL,'2024-07-29 00:51:54',NULL,1),(1387,110,1398,NULL,NULL,NULL,1,'2024-07-29 00:51:54',NULL,'2024-07-29 00:51:54',NULL,1),(1388,110,1399,NULL,NULL,NULL,1,'2024-07-29 00:51:54',NULL,'2024-07-29 00:51:54',NULL,1),(1389,110,1400,NULL,NULL,NULL,1,'2024-07-29 00:51:54',NULL,'2024-07-29 00:51:54',NULL,1),(1390,110,1401,NULL,NULL,NULL,1,'2024-07-29 00:51:54',NULL,'2024-07-29 00:51:54',NULL,1),(1391,110,1402,NULL,NULL,NULL,1,'2024-07-29 00:51:54',NULL,'2024-07-29 00:51:54',NULL,1),(1392,110,1403,NULL,NULL,NULL,1,'2024-07-29 00:51:54',NULL,'2024-07-29 00:51:54',NULL,1),(1393,110,1404,NULL,NULL,NULL,1,'2024-07-29 00:51:54',NULL,'2024-07-29 00:51:54',NULL,1),(1394,110,1405,NULL,NULL,NULL,1,'2024-07-29 00:51:54',NULL,'2024-07-29 00:51:54',NULL,1),(1395,110,1406,NULL,NULL,NULL,1,'2024-07-29 00:51:54',NULL,'2024-07-29 00:51:54',NULL,1),(1396,110,1407,NULL,NULL,NULL,1,'2024-07-29 00:51:54',NULL,'2024-07-29 00:51:54',NULL,1),(1397,110,1408,NULL,NULL,NULL,1,'2024-07-29 00:51:54',NULL,'2024-07-29 00:51:54',NULL,1),(1398,110,1409,NULL,NULL,NULL,1,'2024-07-29 00:51:54',NULL,'2024-07-29 00:51:54',NULL,1),(1399,110,1410,NULL,NULL,NULL,1,'2024-07-29 00:51:54',NULL,'2024-07-29 00:51:54',NULL,1),(1400,110,1411,NULL,NULL,NULL,1,'2024-07-29 00:51:54',NULL,'2024-07-29 00:51:54',NULL,1),(1401,110,1412,NULL,NULL,NULL,1,'2024-07-29 00:51:54',NULL,'2024-07-29 00:51:54',NULL,1),(1402,110,1413,NULL,NULL,NULL,1,'2024-07-29 00:51:54',NULL,'2024-07-29 00:51:54',NULL,1),(1403,110,1414,NULL,NULL,NULL,1,'2024-07-29 00:51:54',NULL,'2024-07-29 00:51:54',NULL,1),(1404,110,1415,NULL,NULL,NULL,1,'2024-07-29 00:51:54',NULL,'2024-07-29 00:51:54',NULL,1),(1405,110,1416,NULL,NULL,NULL,1,'2024-07-29 00:51:54',NULL,'2024-07-29 00:51:54',NULL,1),(1406,111,1417,NULL,NULL,NULL,1,'2024-07-29 22:01:13',NULL,'2024-07-29 22:01:13',NULL,1),(1408,113,1419,NULL,NULL,NULL,1,'2024-07-30 00:34:51',NULL,'2024-07-30 00:34:51',NULL,1),(1409,114,1420,NULL,NULL,NULL,1,'2024-07-30 00:58:22',NULL,'2024-07-30 00:58:22',NULL,1),(1516,132,1527,NULL,NULL,NULL,1,'2024-07-30 02:09:44',NULL,'2024-07-30 02:09:44',NULL,1),(1517,132,1528,NULL,NULL,NULL,1,'2024-07-30 02:09:44',NULL,'2024-07-30 02:09:44',NULL,1),(1518,132,1529,NULL,NULL,NULL,1,'2024-07-30 02:09:44',NULL,'2024-07-30 02:09:44',NULL,1),(1519,132,1530,NULL,NULL,NULL,1,'2024-07-30 02:09:44',NULL,'2024-07-30 02:09:44',NULL,1),(1520,132,1531,NULL,NULL,NULL,1,'2024-07-30 02:09:44',NULL,'2024-07-30 02:09:44',NULL,1),(1521,132,1532,NULL,NULL,NULL,1,'2024-07-30 02:09:44',NULL,'2024-07-30 02:09:44',NULL,1),(1522,132,1533,NULL,NULL,NULL,1,'2024-07-30 02:09:44',NULL,'2024-07-30 02:09:44',NULL,1),(1523,132,1534,NULL,NULL,NULL,1,'2024-07-30 02:09:44',NULL,'2024-07-30 02:09:44',NULL,1),(1524,132,1535,NULL,NULL,NULL,1,'2024-07-30 02:09:44',NULL,'2024-07-30 02:09:44',NULL,1),(1525,132,1536,NULL,NULL,NULL,1,'2024-07-30 02:09:44',NULL,'2024-07-30 02:09:44',NULL,1),(1526,132,1537,NULL,NULL,NULL,1,'2024-07-30 02:09:44',NULL,'2024-07-30 02:09:44',NULL,1),(1527,132,1538,NULL,NULL,NULL,1,'2024-07-30 02:09:44',NULL,'2024-07-30 02:09:44',NULL,1),(1528,132,1539,NULL,NULL,NULL,1,'2024-07-30 02:09:44',NULL,'2024-07-30 02:09:44',NULL,1),(1529,132,1540,NULL,NULL,NULL,1,'2024-07-30 02:09:44',NULL,'2024-07-30 02:09:44',NULL,1),(1577,138,1588,NULL,NULL,NULL,1,'2024-07-30 07:24:07',NULL,'2024-07-30 07:24:07',NULL,1),(1629,140,1640,NULL,NULL,NULL,1,'2024-08-02 04:08:36',NULL,'2024-08-02 04:08:36',NULL,1),(1630,142,1642,NULL,NULL,NULL,1,'2024-08-03 22:38:03',NULL,'2024-08-03 22:38:03',NULL,1),(1631,144,1643,NULL,NULL,NULL,1,'2024-08-04 11:17:15',NULL,'2024-08-04 11:17:15',NULL,1),(1632,145,1644,NULL,NULL,NULL,1,'2024-08-07 22:27:29',NULL,'2024-08-07 22:27:29',NULL,1),(1633,146,1645,NULL,NULL,NULL,1,'2024-08-08 03:08:45',NULL,'2024-08-08 03:08:45',NULL,1),(1634,147,1646,NULL,NULL,NULL,1,'2024-08-08 11:41:13',NULL,'2024-08-08 11:41:13',NULL,1),(1635,148,1647,NULL,NULL,NULL,1,'2024-08-14 17:38:03',NULL,'2024-08-14 17:38:03',NULL,1),(1636,149,1648,NULL,NULL,NULL,1,'2024-08-16 10:32:14',NULL,'2024-08-16 10:32:14',NULL,1),(1637,149,1649,NULL,NULL,NULL,1,'2024-08-16 10:32:14',NULL,'2024-08-16 10:32:14',NULL,1),(1638,149,1650,NULL,NULL,NULL,1,'2024-08-16 10:32:14',NULL,'2024-08-16 10:32:14',NULL,1),(1639,149,1651,NULL,NULL,NULL,1,'2024-08-16 10:32:14',NULL,'2024-08-16 10:32:14',NULL,1),(1640,149,1652,NULL,NULL,NULL,1,'2024-08-16 10:32:14',NULL,'2024-08-16 10:32:14',NULL,1),(1641,149,1653,NULL,NULL,NULL,1,'2024-08-16 10:32:14',NULL,'2024-08-16 10:32:14',NULL,1),(1642,149,1654,NULL,NULL,NULL,1,'2024-08-16 10:32:14',NULL,'2024-08-16 10:32:14',NULL,1),(1643,149,1655,NULL,NULL,NULL,1,'2024-08-16 10:32:14',NULL,'2024-08-16 10:32:14',NULL,1),(1644,149,1656,NULL,NULL,NULL,1,'2024-08-16 10:32:14',NULL,'2024-08-16 10:32:14',NULL,1),(1645,149,1657,NULL,NULL,NULL,1,'2024-08-16 10:32:14',NULL,'2024-08-16 10:32:14',NULL,1),(1646,149,1658,NULL,NULL,NULL,1,'2024-08-16 10:32:14',NULL,'2024-08-16 10:32:14',NULL,1),(1647,149,1659,NULL,NULL,NULL,1,'2024-08-16 10:32:14',NULL,'2024-08-16 10:32:14',NULL,1),(1648,149,1660,NULL,NULL,NULL,1,'2024-08-16 10:32:14',NULL,'2024-08-16 10:32:14',NULL,1),(1649,149,1661,NULL,NULL,NULL,1,'2024-08-16 10:32:14',NULL,'2024-08-16 10:32:14',NULL,1),(1650,149,1662,NULL,NULL,NULL,1,'2024-08-16 10:32:14',NULL,'2024-08-16 10:32:14',NULL,1),(1651,149,1663,NULL,NULL,NULL,1,'2024-08-16 10:32:14',NULL,'2024-08-16 10:32:14',NULL,1),(1652,149,1664,NULL,NULL,NULL,1,'2024-08-16 10:32:14',NULL,'2024-08-16 10:32:14',NULL,1),(1653,149,1665,NULL,NULL,NULL,1,'2024-08-16 10:32:14',NULL,'2024-08-16 10:32:14',NULL,1),(1654,149,1666,NULL,NULL,NULL,1,'2024-08-16 10:32:14',NULL,'2024-08-16 10:32:14',NULL,1),(1655,149,1667,NULL,NULL,NULL,1,'2024-08-16 10:32:14',NULL,'2024-08-16 10:32:14',NULL,1),(1656,149,1668,NULL,NULL,NULL,1,'2024-08-16 10:32:14',NULL,'2024-08-16 10:32:14',NULL,1),(1657,149,1669,NULL,NULL,NULL,1,'2024-08-16 10:32:14',NULL,'2024-08-16 10:32:14',NULL,1),(1658,149,1670,NULL,NULL,NULL,1,'2024-08-16 10:32:14',NULL,'2024-08-16 10:32:14',NULL,1),(1659,149,1671,NULL,NULL,NULL,1,'2024-08-16 10:32:14',NULL,'2024-08-16 10:32:14',NULL,1),(1660,149,1672,NULL,NULL,NULL,1,'2024-08-16 10:32:14',NULL,'2024-08-16 10:32:14',NULL,1),(1661,149,1673,NULL,NULL,NULL,1,'2024-08-16 10:32:14',NULL,'2024-08-16 10:32:14',NULL,1),(1662,149,1674,NULL,NULL,NULL,1,'2024-08-16 10:32:14',NULL,'2024-08-16 10:32:14',NULL,1),(1663,149,1675,NULL,NULL,NULL,1,'2024-08-16 10:32:14',NULL,'2024-08-16 10:32:14',NULL,1),(1664,149,1676,NULL,NULL,NULL,1,'2024-08-16 10:32:14',NULL,'2024-08-16 10:32:14',NULL,1),(1665,149,1677,NULL,NULL,NULL,1,'2024-08-16 10:32:14',NULL,'2024-08-16 10:32:14',NULL,1),(1666,149,1678,NULL,NULL,NULL,1,'2024-08-16 10:32:14',NULL,'2024-08-16 10:32:14',NULL,1),(1667,149,1679,NULL,NULL,NULL,1,'2024-08-16 10:32:14',NULL,'2024-08-16 10:32:14',NULL,1),(1668,149,1680,NULL,NULL,NULL,1,'2024-08-16 10:32:14',NULL,'2024-08-16 10:32:14',NULL,1),(1669,149,1681,NULL,NULL,NULL,1,'2024-08-16 10:32:14',NULL,'2024-08-16 10:32:14',NULL,1),(1670,149,1682,NULL,NULL,NULL,1,'2024-08-16 10:32:14',NULL,'2024-08-16 10:32:14',NULL,1),(1671,149,1683,NULL,NULL,NULL,1,'2024-08-16 10:32:14',NULL,'2024-08-16 10:32:14',NULL,1),(1672,149,1684,NULL,NULL,NULL,1,'2024-08-16 10:32:14',NULL,'2024-08-16 10:32:14',NULL,1),(1673,149,1685,NULL,NULL,NULL,1,'2024-08-16 10:32:14',NULL,'2024-08-16 10:32:14',NULL,1),(1674,149,1686,NULL,NULL,NULL,1,'2024-08-16 10:32:14',NULL,'2024-08-16 10:32:14',NULL,1),(1675,149,1687,NULL,NULL,NULL,1,'2024-08-16 10:32:14',NULL,'2024-08-16 10:32:14',NULL,1),(1676,149,1688,NULL,NULL,NULL,1,'2024-08-16 10:32:14',NULL,'2024-08-16 10:32:14',NULL,1),(1677,149,1689,NULL,NULL,NULL,1,'2024-08-16 10:32:14',NULL,'2024-08-16 10:32:14',NULL,1),(1678,149,1690,NULL,NULL,NULL,1,'2024-08-16 10:32:14',NULL,'2024-08-16 10:32:14',NULL,1),(1679,149,1691,NULL,NULL,NULL,1,'2024-08-16 10:32:14',NULL,'2024-08-16 10:32:14',NULL,1),(1680,149,1692,NULL,NULL,NULL,1,'2024-08-16 10:32:14',NULL,'2024-08-16 10:32:14',NULL,1),(1681,149,1693,NULL,NULL,NULL,1,'2024-08-16 10:32:14',NULL,'2024-08-16 10:32:14',NULL,1),(1682,149,1694,NULL,NULL,NULL,1,'2024-08-16 10:32:14',NULL,'2024-08-16 10:32:14',NULL,1),(1683,149,1695,NULL,NULL,NULL,1,'2024-08-16 10:32:14',NULL,'2024-08-16 10:32:14',NULL,1),(1684,149,1696,NULL,NULL,NULL,1,'2024-08-16 10:32:14',NULL,'2024-08-16 10:32:14',NULL,1),(1685,149,1697,NULL,NULL,NULL,1,'2024-08-16 10:32:14',NULL,'2024-08-16 10:32:14',NULL,1),(1686,149,1698,NULL,NULL,NULL,1,'2024-08-16 10:32:14',NULL,'2024-08-16 10:32:14',NULL,1),(1687,150,1699,NULL,NULL,NULL,1,'2024-08-16 10:39:27',NULL,'2024-08-16 10:39:27',NULL,1),(1688,151,1700,NULL,NULL,NULL,1,'2024-08-16 10:46:33',NULL,'2024-08-16 10:46:33',NULL,1),(1689,152,1701,NULL,NULL,NULL,1,'2024-08-16 10:59:51',NULL,'2024-08-16 10:59:51',NULL,1),(1690,153,1713,NULL,NULL,NULL,1,'2024-09-01 02:50:12',NULL,'2024-09-01 02:50:12',NULL,1),(1691,154,1714,NULL,NULL,NULL,1,'2024-09-01 03:31:07',NULL,'2024-09-01 03:31:07',NULL,1),(1692,156,1715,NULL,NULL,NULL,1,'2024-09-01 07:54:16',NULL,'2024-09-01 07:54:16',NULL,1),(1693,157,1716,NULL,NULL,NULL,1,'2024-09-01 08:02:30',NULL,'2024-09-01 08:02:30',NULL,1),(1694,158,1719,NULL,NULL,NULL,1,'2024-09-01 08:33:44',NULL,'2024-09-01 08:33:44',NULL,1),(1695,160,1720,NULL,NULL,NULL,1,'2024-09-01 08:52:13',NULL,'2024-09-01 08:52:13',NULL,1),(1696,161,1721,NULL,NULL,NULL,1,'2024-09-01 10:50:48',NULL,'2024-09-01 10:50:48',NULL,1),(1698,162,1781,NULL,NULL,NULL,1,'2024-10-28 00:36:48',NULL,'2024-10-28 00:36:48',NULL,1),(1699,164,1782,NULL,NULL,NULL,1,'2024-10-28 01:09:40',NULL,'2024-10-28 01:09:40',NULL,1),(1700,165,1783,NULL,NULL,NULL,1,'2024-10-28 01:14:49',NULL,'2024-10-28 01:14:49',NULL,1),(1701,166,1784,NULL,NULL,NULL,1,'2024-10-28 01:34:08',NULL,'2024-10-28 01:34:08',NULL,1),(1702,167,1785,NULL,NULL,NULL,1,'2024-10-28 01:34:46',NULL,'2024-10-28 01:34:46',NULL,1),(1703,168,1786,NULL,NULL,NULL,1,'2024-10-28 02:46:37',NULL,'2024-10-28 02:46:37',NULL,1),(1704,169,1790,NULL,NULL,NULL,1,'2024-10-31 05:59:43',NULL,'2024-10-31 05:59:43',NULL,1),(1705,170,1807,NULL,NULL,NULL,1,'2024-11-17 20:51:40',NULL,'2024-11-17 20:51:40',NULL,1),(1706,171,1808,NULL,NULL,NULL,1,'2024-11-19 09:09:22',NULL,'2024-11-19 09:09:22',NULL,1),(1707,172,1809,NULL,NULL,NULL,1,'2024-11-20 02:42:46',NULL,'2024-11-20 02:42:46',NULL,1),(1708,173,1810,NULL,NULL,NULL,1,'2024-11-20 02:48:31',NULL,'2024-11-20 02:48:31',NULL,1),(1709,176,1811,NULL,NULL,NULL,1,'2024-11-20 07:46:19',NULL,'2024-11-20 07:46:19',NULL,1),(1710,176,1812,NULL,NULL,NULL,1,'2024-11-20 07:46:19',NULL,'2024-11-20 07:46:19',NULL,1),(1711,177,1813,NULL,NULL,NULL,1,'2024-11-20 08:41:07',NULL,'2024-11-20 08:41:07',NULL,1),(1712,177,1814,NULL,NULL,NULL,1,'2024-11-20 08:41:07',NULL,'2024-11-20 08:41:07',NULL,1),(1713,178,1815,NULL,NULL,NULL,1,'2024-11-21 01:23:04',NULL,'2024-11-21 01:23:04',NULL,1),(1714,179,1816,NULL,NULL,NULL,1,'2024-11-21 02:34:47',NULL,'2024-11-21 02:34:47',NULL,1),(1716,181,1818,NULL,NULL,NULL,1,'2024-11-21 06:29:15',NULL,'2024-11-21 06:29:15',NULL,1),(1717,182,1819,NULL,NULL,NULL,1,'2024-11-21 06:51:38',NULL,'2024-11-21 06:51:38',NULL,1),(1718,183,1820,NULL,NULL,NULL,1,'2024-11-21 07:11:18',NULL,'2024-11-21 07:11:18',NULL,1),(1719,184,1821,NULL,NULL,NULL,1,'2024-11-21 07:37:13',NULL,'2024-11-21 07:37:13',NULL,1),(1720,185,1822,NULL,NULL,NULL,1,'2024-11-21 08:42:27',NULL,'2024-11-21 08:42:27',NULL,1),(1721,186,1823,NULL,NULL,NULL,1,'2024-11-22 01:39:38',NULL,'2024-11-22 01:39:38',NULL,1),(1722,187,1824,NULL,NULL,NULL,1,'2024-11-22 01:43:51',NULL,'2024-11-22 01:43:51',NULL,1),(1723,188,1825,NULL,NULL,NULL,1,'2024-11-22 02:08:07',NULL,'2024-11-22 02:08:07',NULL,1),(1724,189,1826,NULL,NULL,NULL,1,'2024-11-22 02:28:07',NULL,'2024-11-22 02:28:07',NULL,1),(1726,191,1828,NULL,NULL,NULL,1,'2024-11-22 05:58:34',NULL,'2024-11-22 05:58:34',NULL,1),(1727,192,1829,NULL,NULL,NULL,1,'2024-11-22 07:03:44',NULL,'2024-11-22 07:03:44',NULL,1),(1728,193,1830,NULL,NULL,NULL,1,'2024-11-22 07:16:14',NULL,'2024-11-22 07:16:14',NULL,1),(1729,194,1831,NULL,NULL,NULL,1,'2024-11-22 07:19:30',NULL,'2024-11-22 07:19:30',NULL,1),(1731,196,1833,NULL,NULL,NULL,1,'2024-11-22 07:27:45',NULL,'2024-11-22 07:27:45',NULL,1),(1732,197,1834,NULL,NULL,NULL,1,'2024-11-22 07:36:41',NULL,'2024-11-22 07:36:41',NULL,1),(1733,198,1835,NULL,NULL,NULL,1,'2024-11-22 07:55:48',NULL,'2024-11-22 07:55:48',NULL,1),(1734,199,1836,NULL,NULL,NULL,1,'2024-11-22 08:12:33',NULL,'2024-11-22 08:12:33',NULL,1),(1735,200,1837,NULL,NULL,NULL,1,'2024-11-22 08:24:21',NULL,'2024-11-22 08:24:21',NULL,1),(1736,201,1839,NULL,NULL,NULL,1,'2024-11-26 05:27:40',NULL,'2024-11-26 05:27:40',NULL,1),(1737,202,1840,NULL,NULL,NULL,1,'2024-11-26 05:29:24',NULL,'2024-11-26 05:29:24',NULL,1),(1738,203,1841,NULL,NULL,NULL,1,'2024-11-26 05:34:18',NULL,'2024-11-26 05:34:18',NULL,1),(1739,204,1842,NULL,NULL,NULL,1,'2024-11-26 06:11:02',NULL,'2024-11-26 06:11:02',NULL,1),(1740,205,1843,NULL,NULL,NULL,1,'2024-11-26 06:47:23',NULL,'2024-11-26 06:47:23',NULL,1),(1741,206,1844,NULL,NULL,NULL,1,'2024-11-26 09:38:19',NULL,'2024-11-26 09:38:19',NULL,1),(1742,207,1845,NULL,NULL,NULL,1,'2024-11-27 01:13:51',NULL,'2024-11-27 01:13:51',NULL,1),(1743,208,1846,NULL,NULL,NULL,1,'2024-11-27 05:12:42',NULL,'2024-11-27 05:12:42',NULL,1),(1744,209,1847,NULL,NULL,NULL,1,'2024-11-27 05:33:57',NULL,'2024-11-27 05:33:57',NULL,1),(1745,210,1848,NULL,NULL,NULL,1,'2024-11-27 06:38:23',NULL,'2024-11-27 06:38:23',NULL,1),(1746,211,1849,NULL,NULL,NULL,1,'2024-11-27 06:49:21',NULL,'2024-11-27 06:49:21',NULL,1),(1747,212,1850,NULL,NULL,NULL,1,'2024-11-27 07:18:50',NULL,'2024-11-27 07:18:50',NULL,1),(1749,214,1852,NULL,NULL,NULL,1,'2024-11-27 07:35:00',NULL,'2024-11-27 07:35:00',NULL,1),(1750,215,1853,NULL,NULL,NULL,1,'2024-11-27 08:28:41',NULL,'2024-11-27 08:28:41',NULL,1),(1751,215,1854,NULL,NULL,NULL,1,'2024-11-27 08:28:41',NULL,'2024-11-27 08:28:41',NULL,1),(1752,215,1855,NULL,NULL,NULL,1,'2024-11-27 08:28:41',NULL,'2024-11-27 08:28:41',NULL,1),(1753,215,1856,NULL,NULL,NULL,1,'2024-11-27 08:28:41',NULL,'2024-11-27 08:28:41',NULL,1),(1754,215,1857,NULL,NULL,NULL,1,'2024-11-27 08:28:41',NULL,'2024-11-27 08:28:41',NULL,1),(1755,215,1858,NULL,NULL,NULL,1,'2024-11-27 08:28:41',NULL,'2024-11-27 08:28:41',NULL,1),(1756,215,1859,NULL,NULL,NULL,1,'2024-11-27 08:28:41',NULL,'2024-11-27 08:28:41',NULL,1),(1757,215,1860,NULL,NULL,NULL,1,'2024-11-27 08:28:41',NULL,'2024-11-27 08:28:41',NULL,1),(1758,215,1861,NULL,NULL,NULL,1,'2024-11-27 08:28:41',NULL,'2024-11-27 08:28:41',NULL,1),(1759,215,1862,NULL,NULL,NULL,1,'2024-11-27 08:28:41',NULL,'2024-11-27 08:28:41',NULL,1),(1760,215,1863,NULL,NULL,NULL,1,'2024-11-27 08:28:41',NULL,'2024-11-27 08:28:41',NULL,1),(1761,215,1864,NULL,NULL,NULL,1,'2024-11-27 08:28:41',NULL,'2024-11-27 08:28:41',NULL,1),(1762,215,1865,NULL,NULL,NULL,1,'2024-11-27 08:28:41',NULL,'2024-11-27 08:28:41',NULL,1),(1763,215,1866,NULL,NULL,NULL,1,'2024-11-27 08:28:41',NULL,'2024-11-27 08:28:41',NULL,1),(1764,215,1867,NULL,NULL,NULL,1,'2024-11-27 08:28:41',NULL,'2024-11-27 08:28:41',NULL,1),(1765,215,1868,NULL,NULL,NULL,1,'2024-11-27 08:28:41',NULL,'2024-11-27 08:28:41',NULL,1),(1766,215,1869,NULL,NULL,NULL,1,'2024-11-27 08:28:41',NULL,'2024-11-27 08:28:41',NULL,1),(1767,215,1870,NULL,NULL,NULL,1,'2024-11-27 08:28:41',NULL,'2024-11-27 08:28:41',NULL,1),(1768,215,1871,NULL,NULL,NULL,1,'2024-11-27 08:28:41',NULL,'2024-11-27 08:28:41',NULL,1),(1769,215,1872,NULL,NULL,NULL,1,'2024-11-27 08:28:41',NULL,'2024-11-27 08:28:41',NULL,1),(1770,215,1873,NULL,NULL,NULL,1,'2024-11-27 08:28:41',NULL,'2024-11-27 08:28:41',NULL,1),(1771,215,1874,NULL,NULL,NULL,1,'2024-11-27 08:28:41',NULL,'2024-11-27 08:28:41',NULL,1),(1772,215,1875,NULL,NULL,NULL,1,'2024-11-27 08:28:41',NULL,'2024-11-27 08:28:41',NULL,1),(1773,215,1876,NULL,NULL,NULL,1,'2024-11-27 08:28:41',NULL,'2024-11-27 08:28:41',NULL,1),(1774,215,1877,NULL,NULL,NULL,1,'2024-11-27 08:28:41',NULL,'2024-11-27 08:28:41',NULL,1),(1775,215,1878,NULL,NULL,NULL,1,'2024-11-27 08:28:41',NULL,'2024-11-27 08:28:41',NULL,1),(1776,215,1879,NULL,NULL,NULL,1,'2024-11-27 08:28:41',NULL,'2024-11-27 08:28:41',NULL,1),(1777,215,1880,NULL,NULL,NULL,1,'2024-11-27 08:28:41',NULL,'2024-11-27 08:28:41',NULL,1),(1778,215,1881,NULL,NULL,NULL,1,'2024-11-27 08:28:41',NULL,'2024-11-27 08:28:41',NULL,1),(1779,215,1882,NULL,NULL,NULL,1,'2024-11-27 08:28:41',NULL,'2024-11-27 08:28:41',NULL,1),(1780,215,1883,NULL,NULL,NULL,1,'2024-11-27 08:28:41',NULL,'2024-11-27 08:28:41',NULL,1),(1781,215,1884,NULL,NULL,NULL,1,'2024-11-27 08:28:41',NULL,'2024-11-27 08:28:41',NULL,1),(1782,215,1885,NULL,NULL,NULL,1,'2024-11-27 08:28:41',NULL,'2024-11-27 08:28:41',NULL,1),(1783,215,1886,NULL,NULL,NULL,1,'2024-11-27 08:28:41',NULL,'2024-11-27 08:28:41',NULL,1),(1784,215,1887,NULL,NULL,NULL,1,'2024-11-27 08:28:41',NULL,'2024-11-27 08:28:41',NULL,1),(1785,215,1888,NULL,NULL,NULL,1,'2024-11-27 08:28:41',NULL,'2024-11-27 08:28:41',NULL,1),(1786,215,1889,NULL,NULL,NULL,1,'2024-11-27 08:28:41',NULL,'2024-11-27 08:28:41',NULL,1),(1787,215,1890,NULL,NULL,NULL,1,'2024-11-27 08:28:41',NULL,'2024-11-27 08:28:41',NULL,1),(1788,215,1891,NULL,NULL,NULL,1,'2024-11-27 08:28:41',NULL,'2024-11-27 08:28:41',NULL,1),(1789,215,1892,NULL,NULL,NULL,1,'2024-11-27 08:28:41',NULL,'2024-11-27 08:28:41',NULL,1),(1790,215,1893,NULL,NULL,NULL,1,'2024-11-27 08:28:41',NULL,'2024-11-27 08:28:41',NULL,1),(1791,215,1894,NULL,NULL,NULL,1,'2024-11-27 08:28:41',NULL,'2024-11-27 08:28:41',NULL,1),(1792,215,1895,NULL,NULL,NULL,1,'2024-11-27 08:28:41',NULL,'2024-11-27 08:28:41',NULL,1),(1793,215,1896,NULL,NULL,NULL,1,'2024-11-27 08:28:41',NULL,'2024-11-27 08:28:41',NULL,1),(1794,215,1897,NULL,NULL,NULL,1,'2024-11-27 08:28:41',NULL,'2024-11-27 08:28:41',NULL,1),(1795,215,1898,NULL,NULL,NULL,1,'2024-11-27 08:28:41',NULL,'2024-11-27 08:28:41',NULL,1),(1796,215,1899,NULL,NULL,NULL,1,'2024-11-27 08:28:41',NULL,'2024-11-27 08:28:41',NULL,1),(1797,215,1900,NULL,NULL,NULL,1,'2024-11-27 08:28:41',NULL,'2024-11-27 08:28:41',NULL,1),(1798,215,1901,NULL,NULL,NULL,1,'2024-11-27 08:28:41',NULL,'2024-11-27 08:28:41',NULL,1),(1799,215,1902,NULL,NULL,NULL,1,'2024-11-27 08:28:41',NULL,'2024-11-27 08:28:41',NULL,1),(1800,215,1903,NULL,NULL,NULL,1,'2024-11-27 08:28:41',NULL,'2024-11-27 08:28:41',NULL,1),(1801,215,1904,NULL,NULL,NULL,1,'2024-11-27 08:28:41',NULL,'2024-11-27 08:28:41',NULL,1),(1802,215,1905,NULL,NULL,NULL,1,'2024-11-27 08:28:41',NULL,'2024-11-27 08:28:41',NULL,1),(1803,217,1906,NULL,NULL,NULL,1,'2024-11-28 08:26:46',NULL,'2024-11-28 08:26:46',NULL,1),(1804,217,1907,NULL,NULL,NULL,1,'2024-11-28 08:26:46',NULL,'2024-11-28 08:26:46',NULL,1),(1805,217,1908,NULL,NULL,NULL,1,'2024-11-28 08:26:46',NULL,'2024-11-28 08:26:46',NULL,1),(1806,217,1909,NULL,NULL,NULL,1,'2024-11-28 08:26:46',NULL,'2024-11-28 08:26:46',NULL,1),(1807,217,1910,NULL,NULL,NULL,1,'2024-11-28 08:26:46',NULL,'2024-11-28 08:26:46',NULL,1),(1808,217,1911,NULL,NULL,NULL,1,'2024-11-28 08:26:46',NULL,'2024-11-28 08:26:46',NULL,1),(1809,217,1912,NULL,NULL,NULL,1,'2024-11-28 08:26:46',NULL,'2024-11-28 08:26:46',NULL,1),(1810,217,1913,NULL,NULL,NULL,1,'2024-11-28 08:26:46',NULL,'2024-11-28 08:26:46',NULL,1),(1811,217,1914,NULL,NULL,NULL,1,'2024-11-28 08:26:46',NULL,'2024-11-28 08:26:46',NULL,1),(1812,217,1915,NULL,NULL,NULL,1,'2024-11-28 08:26:46',NULL,'2024-11-28 08:26:46',NULL,1),(1813,217,1916,NULL,NULL,NULL,1,'2024-11-28 08:26:46',NULL,'2024-11-28 08:26:46',NULL,1),(1814,217,1917,NULL,NULL,NULL,1,'2024-11-28 08:26:46',NULL,'2024-11-28 08:26:46',NULL,1),(1815,217,1918,NULL,NULL,NULL,1,'2024-11-28 08:26:46',NULL,'2024-11-28 08:26:46',NULL,1),(1816,217,1919,NULL,NULL,NULL,1,'2024-11-28 08:26:46',NULL,'2024-11-28 08:26:46',NULL,1),(1817,217,1920,NULL,NULL,NULL,1,'2024-11-28 08:26:46',NULL,'2024-11-28 08:26:46',NULL,1),(1818,217,1921,NULL,NULL,NULL,1,'2024-11-28 08:26:46',NULL,'2024-11-28 08:26:46',NULL,1),(1819,217,1922,NULL,NULL,NULL,1,'2024-11-28 08:26:47',NULL,'2024-11-28 08:26:47',NULL,1),(1820,217,1923,NULL,NULL,NULL,1,'2024-11-28 08:26:47',NULL,'2024-11-28 08:26:47',NULL,1),(1821,217,1924,NULL,NULL,NULL,1,'2024-11-28 08:26:47',NULL,'2024-11-28 08:26:47',NULL,1),(1822,217,1925,NULL,NULL,NULL,1,'2024-11-28 08:26:47',NULL,'2024-11-28 08:26:47',NULL,1),(1823,217,1926,NULL,NULL,NULL,1,'2024-11-28 08:26:47',NULL,'2024-11-28 08:26:47',NULL,1),(1824,217,1927,NULL,NULL,NULL,1,'2024-11-28 08:26:47',NULL,'2024-11-28 08:26:47',NULL,1),(1825,217,1928,NULL,NULL,NULL,1,'2024-11-28 08:26:47',NULL,'2024-11-28 08:26:47',NULL,1),(1826,217,1929,NULL,NULL,NULL,1,'2024-11-28 08:26:47',NULL,'2024-11-28 08:26:47',NULL,1),(1827,217,1930,NULL,NULL,NULL,1,'2024-11-28 08:26:47',NULL,'2024-11-28 08:26:47',NULL,1),(1828,217,1931,NULL,NULL,NULL,1,'2024-11-28 08:26:47',NULL,'2024-11-28 08:26:47',NULL,1),(1829,217,1932,NULL,NULL,NULL,1,'2024-11-28 08:26:47',NULL,'2024-11-28 08:26:47',NULL,1),(1830,217,1933,NULL,NULL,NULL,1,'2024-11-28 08:26:47',NULL,'2024-11-28 08:26:47',NULL,1),(1831,217,1934,NULL,NULL,NULL,1,'2024-11-28 08:26:47',NULL,'2024-11-28 08:26:47',NULL,1),(1832,217,1935,NULL,NULL,NULL,1,'2024-11-28 08:26:47',NULL,'2024-11-28 08:26:47',NULL,1),(1833,217,1936,NULL,NULL,NULL,1,'2024-11-28 08:26:47',NULL,'2024-11-28 08:26:47',NULL,1),(1834,217,1937,NULL,NULL,NULL,1,'2024-11-28 08:26:47',NULL,'2024-11-28 08:26:47',NULL,1),(1835,217,1938,NULL,NULL,NULL,1,'2024-11-28 08:26:47',NULL,'2024-11-28 08:26:47',NULL,1),(1836,217,1939,NULL,NULL,NULL,1,'2024-11-28 08:26:47',NULL,'2024-11-28 08:26:47',NULL,1),(1837,217,1940,NULL,NULL,NULL,1,'2024-11-28 08:26:47',NULL,'2024-11-28 08:26:47',NULL,1),(1838,217,1941,NULL,NULL,NULL,1,'2024-11-28 08:26:47',NULL,'2024-11-28 08:26:47',NULL,1),(1839,217,1942,NULL,NULL,NULL,1,'2024-11-28 08:26:47',NULL,'2024-11-28 08:26:47',NULL,1),(1840,217,1943,NULL,NULL,NULL,1,'2024-11-28 08:26:47',NULL,'2024-11-28 08:26:47',NULL,1),(1841,217,1944,NULL,NULL,NULL,1,'2024-11-28 08:26:47',NULL,'2024-11-28 08:26:47',NULL,1),(1842,217,1945,NULL,NULL,NULL,1,'2024-11-28 08:26:47',NULL,'2024-11-28 08:26:47',NULL,1),(1843,217,1946,NULL,NULL,NULL,1,'2024-11-28 08:26:47',NULL,'2024-11-28 08:26:47',NULL,1),(1844,217,1947,NULL,NULL,NULL,1,'2024-11-28 08:26:47',NULL,'2024-11-28 08:26:47',NULL,1),(1845,217,1948,NULL,NULL,NULL,1,'2024-11-28 08:26:47',NULL,'2024-11-28 08:26:47',NULL,1),(1846,217,1949,NULL,NULL,NULL,1,'2024-11-28 08:26:47',NULL,'2024-11-28 08:26:47',NULL,1),(1847,217,1950,NULL,NULL,NULL,1,'2024-11-28 08:26:47',NULL,'2024-11-28 08:26:47',NULL,1),(1848,217,1951,NULL,NULL,NULL,1,'2024-11-28 08:26:47',NULL,'2024-11-28 08:26:47',NULL,1),(1849,217,1952,NULL,NULL,NULL,1,'2024-11-28 08:26:47',NULL,'2024-11-28 08:26:47',NULL,1),(1850,217,1953,NULL,NULL,NULL,1,'2024-11-28 08:26:47',NULL,'2024-11-28 08:26:47',NULL,1),(1851,217,1954,NULL,NULL,NULL,1,'2024-11-28 08:26:47',NULL,'2024-11-28 08:26:47',NULL,1),(1852,217,1955,NULL,NULL,NULL,1,'2024-11-28 08:26:47',NULL,'2024-11-28 08:26:47',NULL,1),(1853,217,1956,NULL,NULL,NULL,1,'2024-11-28 08:26:47',NULL,'2024-11-28 08:26:47',NULL,1),(1854,217,1957,NULL,NULL,NULL,1,'2024-11-28 08:26:47',NULL,'2024-11-28 08:26:47',NULL,1),(1855,217,1958,NULL,NULL,NULL,1,'2024-11-28 08:26:47',NULL,'2024-11-28 08:26:47',NULL,1),(1856,219,1959,NULL,NULL,NULL,1,'2024-11-28 10:01:11',NULL,'2024-11-28 10:01:11',NULL,1),(1857,219,1960,NULL,NULL,NULL,1,'2024-11-28 10:01:11',NULL,'2024-11-28 10:01:11',NULL,1),(1858,219,1961,NULL,NULL,NULL,1,'2024-11-28 10:01:11',NULL,'2024-11-28 10:01:11',NULL,1),(1859,219,1962,NULL,NULL,NULL,1,'2024-11-28 10:01:11',NULL,'2024-11-28 10:01:11',NULL,1),(1860,219,1963,NULL,NULL,NULL,1,'2024-11-28 10:01:11',NULL,'2024-11-28 10:01:11',NULL,1),(1861,219,1964,NULL,NULL,NULL,1,'2024-11-28 10:01:11',NULL,'2024-11-28 10:01:11',NULL,1),(1862,219,1965,NULL,NULL,NULL,1,'2024-11-28 10:01:11',NULL,'2024-11-28 10:01:11',NULL,1),(1863,219,1966,NULL,NULL,NULL,1,'2024-11-28 10:01:11',NULL,'2024-11-28 10:01:11',NULL,1),(1864,219,1967,NULL,NULL,NULL,1,'2024-11-28 10:01:11',NULL,'2024-11-28 10:01:11',NULL,1),(1865,219,1968,NULL,NULL,NULL,1,'2024-11-28 10:01:11',NULL,'2024-11-28 10:01:11',NULL,1),(1866,219,1969,NULL,NULL,NULL,1,'2024-11-28 10:01:11',NULL,'2024-11-28 10:01:11',NULL,1),(1867,219,1970,NULL,NULL,NULL,1,'2024-11-28 10:01:11',NULL,'2024-11-28 10:01:11',NULL,1),(1868,219,1971,NULL,NULL,NULL,1,'2024-11-28 10:01:11',NULL,'2024-11-28 10:01:11',NULL,1),(1869,219,1972,NULL,NULL,NULL,1,'2024-11-28 10:01:11',NULL,'2024-11-28 10:01:11',NULL,1),(1870,219,1973,NULL,NULL,NULL,1,'2024-11-28 10:01:11',NULL,'2024-11-28 10:01:11',NULL,1),(1871,219,1974,NULL,NULL,NULL,1,'2024-11-28 10:01:11',NULL,'2024-11-28 10:01:11',NULL,1),(1872,219,1975,NULL,NULL,NULL,1,'2024-11-28 10:01:11',NULL,'2024-11-28 10:01:11',NULL,1),(1873,219,1976,NULL,NULL,NULL,1,'2024-11-28 10:01:11',NULL,'2024-11-28 10:01:11',NULL,1),(1874,219,1977,NULL,NULL,NULL,1,'2024-11-28 10:01:11',NULL,'2024-11-28 10:01:11',NULL,1),(1875,219,1978,NULL,NULL,NULL,1,'2024-11-28 10:01:11',NULL,'2024-11-28 10:01:11',NULL,1),(1876,219,1979,NULL,NULL,NULL,1,'2024-11-28 10:01:11',NULL,'2024-11-28 10:01:11',NULL,1),(1877,219,1980,NULL,NULL,NULL,1,'2024-11-28 10:01:11',NULL,'2024-11-28 10:01:11',NULL,1),(1878,219,1981,NULL,NULL,NULL,1,'2024-11-28 10:01:11',NULL,'2024-11-28 10:01:11',NULL,1),(1879,219,1982,NULL,NULL,NULL,1,'2024-11-28 10:01:11',NULL,'2024-11-28 10:01:11',NULL,1),(1880,219,1983,NULL,NULL,NULL,1,'2024-11-28 10:01:11',NULL,'2024-11-28 10:01:11',NULL,1),(1881,219,1984,NULL,NULL,NULL,1,'2024-11-28 10:01:11',NULL,'2024-11-28 10:01:11',NULL,1),(1882,219,1985,NULL,NULL,NULL,1,'2024-11-28 10:01:11',NULL,'2024-11-28 10:01:11',NULL,1),(1883,219,1986,NULL,NULL,NULL,1,'2024-11-28 10:01:11',NULL,'2024-11-28 10:01:11',NULL,1),(1884,219,1987,NULL,NULL,NULL,1,'2024-11-28 10:01:11',NULL,'2024-11-28 10:01:11',NULL,1),(1885,219,1988,NULL,NULL,NULL,1,'2024-11-28 10:01:11',NULL,'2024-11-28 10:01:11',NULL,1),(1886,219,1989,NULL,NULL,NULL,1,'2024-11-28 10:01:11',NULL,'2024-11-28 10:01:11',NULL,1),(1887,219,1990,NULL,NULL,NULL,1,'2024-11-28 10:01:11',NULL,'2024-11-28 10:01:11',NULL,1),(1888,219,1991,NULL,NULL,NULL,1,'2024-11-28 10:01:11',NULL,'2024-11-28 10:01:11',NULL,1),(1889,219,1992,NULL,NULL,NULL,1,'2024-11-28 10:01:12',NULL,'2024-11-28 10:01:12',NULL,1),(1890,219,1993,NULL,NULL,NULL,1,'2024-11-28 10:01:12',NULL,'2024-11-28 10:01:12',NULL,1),(1891,219,1994,NULL,NULL,NULL,1,'2024-11-28 10:01:12',NULL,'2024-11-28 10:01:12',NULL,1),(1892,219,1995,NULL,NULL,NULL,1,'2024-11-28 10:01:12',NULL,'2024-11-28 10:01:12',NULL,1),(1893,219,1996,NULL,NULL,NULL,1,'2024-11-28 10:01:12',NULL,'2024-11-28 10:01:12',NULL,1),(1894,219,1997,NULL,NULL,NULL,1,'2024-11-28 10:01:12',NULL,'2024-11-28 10:01:12',NULL,1),(1895,219,1998,NULL,NULL,NULL,1,'2024-11-28 10:01:12',NULL,'2024-11-28 10:01:12',NULL,1),(1896,219,1999,NULL,NULL,NULL,1,'2024-11-28 10:01:12',NULL,'2024-11-28 10:01:12',NULL,1),(1897,219,2000,NULL,NULL,NULL,1,'2024-11-28 10:01:12',NULL,'2024-11-28 10:01:12',NULL,1),(1898,219,2001,NULL,NULL,NULL,1,'2024-11-28 10:01:12',NULL,'2024-11-28 10:01:12',NULL,1),(1899,219,2002,NULL,NULL,NULL,1,'2024-11-28 10:01:12',NULL,'2024-11-28 10:01:12',NULL,1),(1900,219,2003,NULL,NULL,NULL,1,'2024-11-28 10:01:12',NULL,'2024-11-28 10:01:12',NULL,1),(1901,219,2004,NULL,NULL,NULL,1,'2024-11-28 10:01:12',NULL,'2024-11-28 10:01:12',NULL,1),(1902,219,2005,NULL,NULL,NULL,1,'2024-11-28 10:01:12',NULL,'2024-11-28 10:01:12',NULL,1),(1903,219,2006,NULL,NULL,NULL,1,'2024-11-28 10:01:12',NULL,'2024-11-28 10:01:12',NULL,1),(1904,219,2007,NULL,NULL,NULL,1,'2024-11-28 10:01:12',NULL,'2024-11-28 10:01:12',NULL,1),(1905,219,2008,NULL,NULL,NULL,1,'2024-11-28 10:01:12',NULL,'2024-11-28 10:01:12',NULL,1),(1906,219,2009,NULL,NULL,NULL,1,'2024-11-28 10:01:12',NULL,'2024-11-28 10:01:12',NULL,1),(1907,219,2010,NULL,NULL,NULL,1,'2024-11-28 10:01:12',NULL,'2024-11-28 10:01:12',NULL,1),(1908,219,2011,NULL,NULL,NULL,1,'2024-11-28 10:01:12',NULL,'2024-11-28 10:01:12',NULL,1),(1909,220,2012,NULL,NULL,NULL,1,'2024-11-28 10:03:24',NULL,'2024-11-28 10:03:24',NULL,1),(1910,220,2013,NULL,NULL,NULL,1,'2024-11-28 10:03:24',NULL,'2024-11-28 10:03:24',NULL,1),(1911,220,2014,NULL,NULL,NULL,1,'2024-11-28 10:03:24',NULL,'2024-11-28 10:03:24',NULL,1),(1912,220,2015,NULL,NULL,NULL,1,'2024-11-28 10:03:24',NULL,'2024-11-28 10:03:24',NULL,1),(1913,220,2016,NULL,NULL,NULL,1,'2024-11-28 10:03:24',NULL,'2024-11-28 10:03:24',NULL,1),(1914,220,2017,NULL,NULL,NULL,1,'2024-11-28 10:03:24',NULL,'2024-11-28 10:03:24',NULL,1),(1915,220,2018,NULL,NULL,NULL,1,'2024-11-28 10:03:24',NULL,'2024-11-28 10:03:24',NULL,1),(1916,220,2019,NULL,NULL,NULL,1,'2024-11-28 10:03:24',NULL,'2024-11-28 10:03:24',NULL,1),(1917,220,2020,NULL,NULL,NULL,1,'2024-11-28 10:03:24',NULL,'2024-11-28 10:03:24',NULL,1),(1918,220,2021,NULL,NULL,NULL,1,'2024-11-28 10:03:24',NULL,'2024-11-28 10:03:24',NULL,1),(1919,220,2022,NULL,NULL,NULL,1,'2024-11-28 10:03:24',NULL,'2024-11-28 10:03:24',NULL,1),(1920,220,2023,NULL,NULL,NULL,1,'2024-11-28 10:03:24',NULL,'2024-11-28 10:03:24',NULL,1),(1921,220,2024,NULL,NULL,NULL,1,'2024-11-28 10:03:24',NULL,'2024-11-28 10:03:24',NULL,1),(1922,220,2025,NULL,NULL,NULL,1,'2024-11-28 10:03:24',NULL,'2024-11-28 10:03:24',NULL,1),(1923,220,2026,NULL,NULL,NULL,1,'2024-11-28 10:03:24',NULL,'2024-11-28 10:03:24',NULL,1),(1924,220,2027,NULL,NULL,NULL,1,'2024-11-28 10:03:24',NULL,'2024-11-28 10:03:24',NULL,1),(1925,220,2028,NULL,NULL,NULL,1,'2024-11-28 10:03:24',NULL,'2024-11-28 10:03:24',NULL,1),(1926,220,2029,NULL,NULL,NULL,1,'2024-11-28 10:03:24',NULL,'2024-11-28 10:03:24',NULL,1),(1927,220,2030,NULL,NULL,NULL,1,'2024-11-28 10:03:24',NULL,'2024-11-28 10:03:24',NULL,1),(1928,220,2031,NULL,NULL,NULL,1,'2024-11-28 10:03:24',NULL,'2024-11-28 10:03:24',NULL,1),(1929,220,2032,NULL,NULL,NULL,1,'2024-11-28 10:03:24',NULL,'2024-11-28 10:03:24',NULL,1),(1930,220,2033,NULL,NULL,NULL,1,'2024-11-28 10:03:24',NULL,'2024-11-28 10:03:24',NULL,1),(1931,220,2034,NULL,NULL,NULL,1,'2024-11-28 10:03:24',NULL,'2024-11-28 10:03:24',NULL,1),(1932,220,2035,NULL,NULL,NULL,1,'2024-11-28 10:03:24',NULL,'2024-11-28 10:03:24',NULL,1),(1933,220,2036,NULL,NULL,NULL,1,'2024-11-28 10:03:24',NULL,'2024-11-28 10:03:24',NULL,1),(1934,220,2037,NULL,NULL,NULL,1,'2024-11-28 10:03:24',NULL,'2024-11-28 10:03:24',NULL,1),(1935,220,2038,NULL,NULL,NULL,1,'2024-11-28 10:03:24',NULL,'2024-11-28 10:03:24',NULL,1),(1936,220,2039,NULL,NULL,NULL,1,'2024-11-28 10:03:24',NULL,'2024-11-28 10:03:24',NULL,1),(1937,220,2040,NULL,NULL,NULL,1,'2024-11-28 10:03:24',NULL,'2024-11-28 10:03:24',NULL,1),(1938,220,2041,NULL,NULL,NULL,1,'2024-11-28 10:03:24',NULL,'2024-11-28 10:03:24',NULL,1),(1939,220,2042,NULL,NULL,NULL,1,'2024-11-28 10:03:24',NULL,'2024-11-28 10:03:24',NULL,1),(1940,220,2043,NULL,NULL,NULL,1,'2024-11-28 10:03:24',NULL,'2024-11-28 10:03:24',NULL,1),(1941,220,2044,NULL,NULL,NULL,1,'2024-11-28 10:03:24',NULL,'2024-11-28 10:03:24',NULL,1),(1942,220,2045,NULL,NULL,NULL,1,'2024-11-28 10:03:24',NULL,'2024-11-28 10:03:24',NULL,1),(1943,220,2046,NULL,NULL,NULL,1,'2024-11-28 10:03:24',NULL,'2024-11-28 10:03:24',NULL,1),(1944,220,2047,NULL,NULL,NULL,1,'2024-11-28 10:03:24',NULL,'2024-11-28 10:03:24',NULL,1),(1945,220,2048,NULL,NULL,NULL,1,'2024-11-28 10:03:24',NULL,'2024-11-28 10:03:24',NULL,1),(1946,220,2049,NULL,NULL,NULL,1,'2024-11-28 10:03:24',NULL,'2024-11-28 10:03:24',NULL,1),(1947,220,2050,NULL,NULL,NULL,1,'2024-11-28 10:03:24',NULL,'2024-11-28 10:03:24',NULL,1),(1948,220,2051,NULL,NULL,NULL,1,'2024-11-28 10:03:24',NULL,'2024-11-28 10:03:24',NULL,1),(1949,220,2052,NULL,NULL,NULL,1,'2024-11-28 10:03:24',NULL,'2024-11-28 10:03:24',NULL,1),(1950,220,2053,NULL,NULL,NULL,1,'2024-11-28 10:03:24',NULL,'2024-11-28 10:03:24',NULL,1),(1951,220,2054,NULL,NULL,NULL,1,'2024-11-28 10:03:24',NULL,'2024-11-28 10:03:24',NULL,1),(1952,220,2055,NULL,NULL,NULL,1,'2024-11-28 10:03:24',NULL,'2024-11-28 10:03:24',NULL,1),(1953,220,2056,NULL,NULL,NULL,1,'2024-11-28 10:03:25',NULL,'2024-11-28 10:03:25',NULL,1),(1954,220,2057,NULL,NULL,NULL,1,'2024-11-28 10:03:25',NULL,'2024-11-28 10:03:25',NULL,1),(1955,220,2058,NULL,NULL,NULL,1,'2024-11-28 10:03:25',NULL,'2024-11-28 10:03:25',NULL,1),(1956,220,2059,NULL,NULL,NULL,1,'2024-11-28 10:03:25',NULL,'2024-11-28 10:03:25',NULL,1),(1957,220,2060,NULL,NULL,NULL,1,'2024-11-28 10:03:25',NULL,'2024-11-28 10:03:25',NULL,1),(1958,220,2061,NULL,NULL,NULL,1,'2024-11-28 10:03:25',NULL,'2024-11-28 10:03:25',NULL,1),(1959,220,2062,NULL,NULL,NULL,1,'2024-11-28 10:03:25',NULL,'2024-11-28 10:03:25',NULL,1),(1960,220,2063,NULL,NULL,NULL,1,'2024-11-28 10:03:25',NULL,'2024-11-28 10:03:25',NULL,1),(1961,220,2064,NULL,NULL,NULL,1,'2024-11-28 10:03:25',NULL,'2024-11-28 10:03:25',NULL,1),(1962,221,2065,NULL,NULL,NULL,1,'2024-11-28 10:06:15',NULL,'2024-11-28 10:06:15',NULL,1),(1963,221,2066,NULL,NULL,NULL,1,'2024-11-28 10:06:15',NULL,'2024-11-28 10:06:15',NULL,1),(1964,221,2067,NULL,NULL,NULL,1,'2024-11-28 10:06:15',NULL,'2024-11-28 10:06:15',NULL,1),(1965,221,2068,NULL,NULL,NULL,1,'2024-11-28 10:06:15',NULL,'2024-11-28 10:06:15',NULL,1),(1966,221,2069,NULL,NULL,NULL,1,'2024-11-28 10:06:15',NULL,'2024-11-28 10:06:15',NULL,1),(1967,221,2070,NULL,NULL,NULL,1,'2024-11-28 10:06:15',NULL,'2024-11-28 10:06:15',NULL,1),(1968,221,2071,NULL,NULL,NULL,1,'2024-11-28 10:06:15',NULL,'2024-11-28 10:06:15',NULL,1),(1969,221,2072,NULL,NULL,NULL,1,'2024-11-28 10:06:15',NULL,'2024-11-28 10:06:15',NULL,1),(1970,221,2073,NULL,NULL,NULL,1,'2024-11-28 10:06:15',NULL,'2024-11-28 10:06:15',NULL,1),(1971,221,2074,NULL,NULL,NULL,1,'2024-11-28 10:06:15',NULL,'2024-11-28 10:06:15',NULL,1),(1972,221,2075,NULL,NULL,NULL,1,'2024-11-28 10:06:15',NULL,'2024-11-28 10:06:15',NULL,1),(1973,221,2076,NULL,NULL,NULL,1,'2024-11-28 10:06:15',NULL,'2024-11-28 10:06:15',NULL,1),(1974,221,2077,NULL,NULL,NULL,1,'2024-11-28 10:06:15',NULL,'2024-11-28 10:06:15',NULL,1),(1975,221,2078,NULL,NULL,NULL,1,'2024-11-28 10:06:15',NULL,'2024-11-28 10:06:15',NULL,1),(1976,221,2079,NULL,NULL,NULL,1,'2024-11-28 10:06:15',NULL,'2024-11-28 10:06:15',NULL,1),(1977,221,2080,NULL,NULL,NULL,1,'2024-11-28 10:06:15',NULL,'2024-11-28 10:06:15',NULL,1),(1978,221,2081,NULL,NULL,NULL,1,'2024-11-28 10:06:15',NULL,'2024-11-28 10:06:15',NULL,1),(1979,221,2082,NULL,NULL,NULL,1,'2024-11-28 10:06:15',NULL,'2024-11-28 10:06:15',NULL,1),(1980,221,2083,NULL,NULL,NULL,1,'2024-11-28 10:06:15',NULL,'2024-11-28 10:06:15',NULL,1),(1981,221,2084,NULL,NULL,NULL,1,'2024-11-28 10:06:15',NULL,'2024-11-28 10:06:15',NULL,1),(1982,221,2085,NULL,NULL,NULL,1,'2024-11-28 10:06:15',NULL,'2024-11-28 10:06:15',NULL,1),(1983,221,2086,NULL,NULL,NULL,1,'2024-11-28 10:06:15',NULL,'2024-11-28 10:06:15',NULL,1),(1984,221,2087,NULL,NULL,NULL,1,'2024-11-28 10:06:15',NULL,'2024-11-28 10:06:15',NULL,1),(1985,221,2088,NULL,NULL,NULL,1,'2024-11-28 10:06:15',NULL,'2024-11-28 10:06:15',NULL,1),(1986,221,2089,NULL,NULL,NULL,1,'2024-11-28 10:06:15',NULL,'2024-11-28 10:06:15',NULL,1),(1987,221,2090,NULL,NULL,NULL,1,'2024-11-28 10:06:15',NULL,'2024-11-28 10:06:15',NULL,1),(1988,221,2091,NULL,NULL,NULL,1,'2024-11-28 10:06:15',NULL,'2024-11-28 10:06:15',NULL,1),(1989,221,2092,NULL,NULL,NULL,1,'2024-11-28 10:06:15',NULL,'2024-11-28 10:06:15',NULL,1),(1990,221,2093,NULL,NULL,NULL,1,'2024-11-28 10:06:15',NULL,'2024-11-28 10:06:15',NULL,1),(1991,221,2094,NULL,NULL,NULL,1,'2024-11-28 10:06:15',NULL,'2024-11-28 10:06:15',NULL,1),(1992,221,2095,NULL,NULL,NULL,1,'2024-11-28 10:06:15',NULL,'2024-11-28 10:06:15',NULL,1),(1993,221,2096,NULL,NULL,NULL,1,'2024-11-28 10:06:15',NULL,'2024-11-28 10:06:15',NULL,1),(1994,221,2097,NULL,NULL,NULL,1,'2024-11-28 10:06:15',NULL,'2024-11-28 10:06:15',NULL,1),(1995,221,2098,NULL,NULL,NULL,1,'2024-11-28 10:06:15',NULL,'2024-11-28 10:06:15',NULL,1),(1996,221,2099,NULL,NULL,NULL,1,'2024-11-28 10:06:15',NULL,'2024-11-28 10:06:15',NULL,1),(1997,221,2100,NULL,NULL,NULL,1,'2024-11-28 10:06:15',NULL,'2024-11-28 10:06:15',NULL,1),(1998,221,2101,NULL,NULL,NULL,1,'2024-11-28 10:06:15',NULL,'2024-11-28 10:06:15',NULL,1),(1999,221,2102,NULL,NULL,NULL,1,'2024-11-28 10:06:15',NULL,'2024-11-28 10:06:15',NULL,1),(2000,221,2103,NULL,NULL,NULL,1,'2024-11-28 10:06:15',NULL,'2024-11-28 10:06:15',NULL,1),(2001,221,2104,NULL,NULL,NULL,1,'2024-11-28 10:06:15',NULL,'2024-11-28 10:06:15',NULL,1),(2002,221,2105,NULL,NULL,NULL,1,'2024-11-28 10:06:15',NULL,'2024-11-28 10:06:15',NULL,1),(2003,221,2106,NULL,NULL,NULL,1,'2024-11-28 10:06:15',NULL,'2024-11-28 10:06:15',NULL,1),(2004,221,2107,NULL,NULL,NULL,1,'2024-11-28 10:06:15',NULL,'2024-11-28 10:06:15',NULL,1),(2005,221,2108,NULL,NULL,NULL,1,'2024-11-28 10:06:15',NULL,'2024-11-28 10:06:15',NULL,1),(2006,221,2109,NULL,NULL,NULL,1,'2024-11-28 10:06:15',NULL,'2024-11-28 10:06:15',NULL,1),(2007,221,2110,NULL,NULL,NULL,1,'2024-11-28 10:06:15',NULL,'2024-11-28 10:06:15',NULL,1),(2008,221,2111,NULL,NULL,NULL,1,'2024-11-28 10:06:15',NULL,'2024-11-28 10:06:15',NULL,1),(2009,221,2112,NULL,NULL,NULL,1,'2024-11-28 10:06:15',NULL,'2024-11-28 10:06:15',NULL,1),(2010,221,2113,NULL,NULL,NULL,1,'2024-11-28 10:06:15',NULL,'2024-11-28 10:06:15',NULL,1),(2011,221,2114,NULL,NULL,NULL,1,'2024-11-28 10:06:15',NULL,'2024-11-28 10:06:15',NULL,1),(2012,221,2115,NULL,NULL,NULL,1,'2024-11-28 10:06:15',NULL,'2024-11-28 10:06:15',NULL,1),(2013,221,2116,NULL,NULL,NULL,1,'2024-11-28 10:06:15',NULL,'2024-11-28 10:06:15',NULL,1),(2014,221,2117,NULL,NULL,NULL,1,'2024-11-28 10:06:15',NULL,'2024-11-28 10:06:15',NULL,1),(2018,223,2136,NULL,NULL,NULL,1,'2024-12-04 01:23:54',NULL,'2024-12-04 01:23:54',NULL,1),(2019,223,2137,NULL,NULL,NULL,1,'2024-12-04 01:23:54',NULL,'2024-12-04 01:23:54',NULL,1),(2020,223,2138,NULL,NULL,NULL,1,'2024-12-04 01:23:54',NULL,'2024-12-04 01:23:54',NULL,1),(2021,223,2139,NULL,NULL,NULL,1,'2024-12-04 01:23:54',NULL,'2024-12-04 01:23:54',NULL,1),(2022,223,2140,NULL,NULL,NULL,1,'2024-12-04 01:23:54',NULL,'2024-12-04 01:23:54',NULL,1),(2023,223,2141,NULL,NULL,NULL,1,'2024-12-04 01:23:54',NULL,'2024-12-04 01:23:54',NULL,1),(2024,223,2142,NULL,NULL,NULL,1,'2024-12-04 01:23:54',NULL,'2024-12-04 01:23:54',NULL,1),(2025,223,2143,NULL,NULL,NULL,1,'2024-12-04 01:23:54',NULL,'2024-12-04 01:23:54',NULL,1),(2026,223,2144,NULL,NULL,NULL,1,'2024-12-04 01:23:54',NULL,'2024-12-04 01:23:54',NULL,1),(2027,223,2145,NULL,NULL,NULL,1,'2024-12-04 01:23:54',NULL,'2024-12-04 01:23:54',NULL,1),(2028,223,2146,NULL,NULL,NULL,1,'2024-12-04 01:23:54',NULL,'2024-12-04 01:23:54',NULL,1),(2029,223,2147,NULL,NULL,NULL,1,'2024-12-04 01:23:54',NULL,'2024-12-04 01:23:54',NULL,1),(2030,223,2148,NULL,NULL,NULL,1,'2024-12-04 01:23:54',NULL,'2024-12-04 01:23:54',NULL,1),(2031,223,2149,NULL,NULL,NULL,1,'2024-12-04 01:23:54',NULL,'2024-12-04 01:23:54',NULL,1),(2032,223,2150,NULL,NULL,NULL,1,'2024-12-04 01:23:54',NULL,'2024-12-04 01:23:54',NULL,1),(2033,223,2151,NULL,NULL,NULL,1,'2024-12-04 01:23:54',NULL,'2024-12-04 01:23:54',NULL,1),(2034,223,2152,NULL,NULL,NULL,1,'2024-12-04 01:23:54',NULL,'2024-12-04 01:23:54',NULL,1),(2035,223,2153,NULL,NULL,NULL,1,'2024-12-04 01:23:54',NULL,'2024-12-04 01:23:54',NULL,1),(2036,223,2154,NULL,NULL,NULL,1,'2024-12-04 01:23:54',NULL,'2024-12-04 01:23:54',NULL,1),(2037,223,2155,NULL,NULL,NULL,1,'2024-12-04 01:23:54',NULL,'2024-12-04 01:23:54',NULL,1),(2038,223,2156,NULL,NULL,NULL,1,'2024-12-04 01:23:54',NULL,'2024-12-04 01:23:54',NULL,1),(2039,223,2157,NULL,NULL,NULL,1,'2024-12-04 01:23:54',NULL,'2024-12-04 01:23:54',NULL,1),(2040,223,2158,NULL,NULL,NULL,1,'2024-12-04 01:23:54',NULL,'2024-12-04 01:23:54',NULL,1),(2041,223,2159,NULL,NULL,NULL,1,'2024-12-04 01:23:54',NULL,'2024-12-04 01:23:54',NULL,1),(2042,223,2160,NULL,NULL,NULL,1,'2024-12-04 01:23:54',NULL,'2024-12-04 01:23:54',NULL,1),(2043,223,2161,NULL,NULL,NULL,1,'2024-12-04 01:23:54',NULL,'2024-12-04 01:23:54',NULL,1),(2044,223,2162,NULL,NULL,NULL,1,'2024-12-04 01:23:54',NULL,'2024-12-04 01:23:54',NULL,1),(2045,223,2163,NULL,NULL,NULL,1,'2024-12-04 01:23:54',NULL,'2024-12-04 01:23:54',NULL,1),(2046,223,2164,NULL,NULL,NULL,1,'2024-12-04 01:23:54',NULL,'2024-12-04 01:23:54',NULL,1),(2047,223,2165,NULL,NULL,NULL,1,'2024-12-04 01:23:54',NULL,'2024-12-04 01:23:54',NULL,1),(2048,223,2166,NULL,NULL,NULL,1,'2024-12-04 01:23:54',NULL,'2024-12-04 01:23:54',NULL,1),(2049,223,2167,NULL,NULL,NULL,1,'2024-12-04 01:23:54',NULL,'2024-12-04 01:23:54',NULL,1),(2050,223,2168,NULL,NULL,NULL,1,'2024-12-04 01:23:54',NULL,'2024-12-04 01:23:54',NULL,1),(2051,223,2169,NULL,NULL,NULL,1,'2024-12-04 01:23:54',NULL,'2024-12-04 01:23:54',NULL,1),(2052,223,2170,NULL,NULL,NULL,1,'2024-12-04 01:23:55',NULL,'2024-12-04 01:23:55',NULL,1),(2053,223,2171,NULL,NULL,NULL,1,'2024-12-04 01:23:55',NULL,'2024-12-04 01:23:55',NULL,1),(2054,223,2172,NULL,NULL,NULL,1,'2024-12-04 01:23:55',NULL,'2024-12-04 01:23:55',NULL,1),(2055,223,2173,NULL,NULL,NULL,1,'2024-12-04 01:23:55',NULL,'2024-12-04 01:23:55',NULL,1),(2056,223,2174,NULL,NULL,NULL,1,'2024-12-04 01:23:55',NULL,'2024-12-04 01:23:55',NULL,1),(2057,223,2175,NULL,NULL,NULL,1,'2024-12-04 01:23:55',NULL,'2024-12-04 01:23:55',NULL,1),(2058,223,2176,NULL,NULL,NULL,1,'2024-12-04 01:23:55',NULL,'2024-12-04 01:23:55',NULL,1),(2059,223,2177,NULL,NULL,NULL,1,'2024-12-04 01:23:55',NULL,'2024-12-04 01:23:55',NULL,1),(2060,223,2178,NULL,NULL,NULL,1,'2024-12-04 01:23:55',NULL,'2024-12-04 01:23:55',NULL,1),(2061,223,2179,NULL,NULL,NULL,1,'2024-12-04 01:23:55',NULL,'2024-12-04 01:23:55',NULL,1),(2062,223,2180,NULL,NULL,NULL,1,'2024-12-04 01:23:55',NULL,'2024-12-04 01:23:55',NULL,1),(2063,223,2181,NULL,NULL,NULL,1,'2024-12-04 01:23:55',NULL,'2024-12-04 01:23:55',NULL,1),(2064,223,2182,NULL,NULL,NULL,1,'2024-12-04 01:23:55',NULL,'2024-12-04 01:23:55',NULL,1),(2065,223,2183,NULL,NULL,NULL,1,'2024-12-04 01:23:55',NULL,'2024-12-04 01:23:55',NULL,1),(2066,223,2184,NULL,NULL,NULL,1,'2024-12-04 01:23:55',NULL,'2024-12-04 01:23:55',NULL,1),(2067,223,2185,NULL,NULL,NULL,1,'2024-12-04 01:23:55',NULL,'2024-12-04 01:23:55',NULL,1),(2068,223,2186,NULL,NULL,NULL,NULL,'2024-12-04 02:45:03',NULL,'2024-12-04 02:45:03',NULL,1),(2069,209,2187,NULL,NULL,NULL,NULL,'2024-12-04 04:43:59',NULL,'2024-12-04 04:43:59',NULL,1),(2070,225,2203,NULL,NULL,NULL,150,'2024-12-05 04:22:06',NULL,'2024-12-05 04:22:06',NULL,1),(2071,225,2204,NULL,NULL,NULL,150,'2024-12-05 04:22:06',NULL,'2024-12-05 04:22:06',NULL,1),(2072,225,2205,NULL,NULL,NULL,150,'2024-12-05 04:22:06',NULL,'2024-12-05 04:22:06',NULL,1),(2073,225,2206,NULL,NULL,NULL,150,'2024-12-05 04:22:06',NULL,'2024-12-05 04:22:06',NULL,1),(2074,225,2207,NULL,NULL,NULL,150,'2024-12-05 04:22:06',NULL,'2024-12-05 04:22:06',NULL,1),(2075,225,2208,NULL,NULL,NULL,150,'2024-12-05 04:22:06',NULL,'2024-12-05 04:22:06',NULL,1),(2076,225,2209,NULL,NULL,NULL,150,'2024-12-05 04:22:07',NULL,'2024-12-05 04:22:07',NULL,1),(2077,225,2210,NULL,NULL,NULL,150,'2024-12-05 04:22:07',NULL,'2024-12-05 04:22:07',NULL,1),(2078,226,2213,NULL,NULL,NULL,1,'2024-12-06 05:10:04',NULL,'2024-12-06 05:10:04',NULL,1),(2079,227,2214,NULL,NULL,NULL,1,'2024-12-06 06:09:53',NULL,'2024-12-06 06:09:53',NULL,1),(2080,228,2215,NULL,NULL,NULL,1,'2024-12-10 04:14:34',NULL,'2024-12-10 04:14:34',NULL,1),(2081,229,2216,NULL,NULL,NULL,1,'2024-12-11 04:58:03',NULL,'2024-12-11 04:58:03',NULL,1),(2082,230,2217,NULL,NULL,NULL,1,'2024-12-11 05:14:13',NULL,'2024-12-11 05:14:13',NULL,1),(2083,231,2218,NULL,NULL,NULL,1,'2024-12-11 05:27:15',NULL,'2024-12-11 05:27:15',NULL,1),(2084,232,2219,NULL,NULL,NULL,1,'2024-12-11 05:52:14',NULL,'2024-12-11 05:52:14',NULL,1),(2085,233,2220,NULL,NULL,NULL,1,'2024-12-11 06:06:46',NULL,'2024-12-11 06:06:46',NULL,1),(2086,234,2221,NULL,NULL,NULL,1,'2024-12-11 06:10:13',NULL,'2024-12-11 06:10:13',NULL,1),(2087,235,2222,NULL,NULL,NULL,1,'2024-12-11 06:58:05',NULL,'2024-12-11 06:58:05',NULL,1),(2088,236,2223,NULL,NULL,NULL,1,'2024-12-11 07:41:59',NULL,'2024-12-11 07:41:59',NULL,1),(2089,237,2224,NULL,NULL,NULL,1,'2024-12-11 08:42:26',NULL,'2024-12-11 08:42:26',NULL,1),(2090,238,2229,NULL,NULL,NULL,1,'2024-12-13 02:11:30',NULL,'2024-12-13 02:11:30',NULL,1),(2091,239,2236,NULL,NULL,NULL,1,'2024-12-13 02:29:26',NULL,'2024-12-13 02:29:26',NULL,1),(2092,252,2237,NULL,NULL,NULL,1,'2024-12-13 04:36:15',NULL,'2024-12-13 04:36:15',NULL,1),(2093,254,2238,NULL,NULL,NULL,1,'2024-12-13 05:56:32',NULL,'2024-12-13 05:56:32',NULL,1),(2094,255,2239,NULL,NULL,NULL,1,'2024-12-13 06:23:53',NULL,'2024-12-13 06:23:53',NULL,1),(2095,256,2241,NULL,NULL,NULL,1,'2024-12-13 06:45:19',NULL,'2024-12-13 06:45:19',NULL,1),(2096,257,2243,NULL,NULL,NULL,1,'2024-12-13 08:12:38',NULL,'2024-12-13 08:12:38',NULL,1),(2097,259,2244,NULL,NULL,NULL,1,'2024-12-13 13:50:38',NULL,'2024-12-13 13:50:38',NULL,1),(2098,260,2245,NULL,NULL,NULL,1,'2024-12-13 21:32:34',NULL,'2024-12-13 21:32:34',NULL,1),(2099,261,2246,NULL,NULL,NULL,1,'2024-12-14 02:03:13',NULL,'2024-12-14 02:03:13',NULL,1),(2100,262,2247,NULL,NULL,NULL,1,'2024-12-14 02:06:42',NULL,'2024-12-14 02:06:42',NULL,1),(2101,263,2248,NULL,NULL,NULL,1,'2024-12-14 02:23:57',NULL,'2024-12-14 02:23:57',NULL,1),(2102,264,2249,NULL,NULL,NULL,1,'2024-12-14 03:14:44',NULL,'2024-12-14 03:14:44',NULL,1),(2103,265,2250,NULL,NULL,NULL,1,'2024-12-14 06:38:17',NULL,'2024-12-14 06:38:17',NULL,1),(2104,266,2251,NULL,NULL,NULL,1,'2024-12-14 07:05:22',NULL,'2024-12-14 07:05:22',NULL,1),(2105,267,2252,NULL,NULL,NULL,1,'2024-12-14 08:31:02',NULL,'2024-12-14 08:31:02',NULL,1),(2106,268,2253,NULL,NULL,NULL,1,'2024-12-14 08:31:59',NULL,'2024-12-14 08:31:59',NULL,1),(2107,269,2258,NULL,NULL,NULL,151,'2024-12-18 01:40:32',NULL,'2024-12-18 01:40:32',NULL,1),(2108,270,2259,NULL,NULL,NULL,151,'2024-12-18 05:45:30',NULL,'2024-12-18 05:45:30',NULL,1),(2109,271,2260,NULL,NULL,NULL,151,'2024-12-18 06:17:26',NULL,'2024-12-18 06:17:26',NULL,1),(2110,272,2261,NULL,NULL,NULL,151,'2024-12-18 07:28:03',NULL,'2024-12-18 07:28:03',NULL,1),(2111,273,2262,NULL,NULL,NULL,151,'2024-12-18 09:04:11',NULL,'2024-12-18 09:04:11',NULL,1),(2112,274,2263,NULL,NULL,NULL,151,'2024-12-18 09:18:30',NULL,'2024-12-18 09:18:30',NULL,1),(2113,275,2264,NULL,NULL,NULL,151,'2024-12-19 05:25:50',NULL,'2024-12-19 05:25:50',NULL,1),(2114,276,2265,NULL,NULL,NULL,151,'2024-12-19 05:30:03',NULL,'2024-12-19 05:30:03',NULL,1),(2115,277,2266,NULL,NULL,NULL,151,'2024-12-19 06:06:01',NULL,'2024-12-19 06:06:01',NULL,1),(2116,278,2267,NULL,NULL,NULL,1,'2024-12-19 09:30:02',NULL,'2024-12-19 09:30:02',NULL,1),(2117,280,2268,NULL,NULL,NULL,151,'2024-12-20 01:17:45',NULL,'2024-12-20 01:17:45',NULL,1),(2118,281,2314,NULL,NULL,NULL,151,'2024-12-23 05:35:42',NULL,'2024-12-23 05:35:42',NULL,1),(2119,282,2315,NULL,NULL,NULL,151,'2024-12-23 05:40:10',NULL,'2024-12-23 05:40:10',NULL,1),(2120,283,2316,NULL,NULL,NULL,151,'2024-12-23 06:02:04',NULL,'2024-12-23 06:02:04',NULL,1),(2121,284,2317,NULL,NULL,NULL,151,'2024-12-23 08:49:38',NULL,'2024-12-23 08:49:38',NULL,1),(2122,287,2318,NULL,NULL,NULL,151,'2024-12-24 06:57:07',NULL,'2024-12-24 06:57:07',NULL,1),(2123,290,2319,NULL,NULL,NULL,1,'2024-12-24 07:54:32',NULL,'2024-12-24 07:54:32',NULL,1),(2124,290,2320,NULL,NULL,NULL,1,'2024-12-24 07:54:32',NULL,'2024-12-24 07:54:32',NULL,1),(2125,105,2321,NULL,NULL,NULL,NULL,'2024-12-24 08:12:26',NULL,'2024-12-24 08:12:26',NULL,1),(2126,291,2322,NULL,NULL,NULL,151,'2024-12-24 08:14:41',NULL,'2024-12-24 08:14:41',NULL,1),(2127,291,2323,NULL,NULL,NULL,151,'2024-12-24 08:14:41',NULL,'2024-12-24 08:14:41',NULL,1),(2128,109,2324,NULL,NULL,NULL,NULL,'2024-12-24 17:12:44',NULL,'2024-12-24 17:12:44',NULL,1),(2129,109,2325,NULL,NULL,NULL,NULL,'2024-12-24 17:12:52',NULL,'2024-12-24 17:12:52',NULL,1),(2130,111,2326,NULL,NULL,NULL,NULL,'2024-12-24 17:13:22',NULL,'2024-12-24 17:13:22',NULL,1),(2132,296,2340,NULL,NULL,NULL,151,'2024-12-30 08:22:29',NULL,'2024-12-30 08:22:29',NULL,1),(2133,297,2343,NULL,NULL,NULL,1,'2024-12-30 17:34:44',NULL,'2024-12-30 17:34:44',NULL,1),(2134,298,2344,NULL,NULL,NULL,151,'2024-12-31 01:40:48',NULL,'2024-12-31 01:40:48',NULL,1),(2135,298,2345,NULL,NULL,NULL,151,'2024-12-31 01:40:48',NULL,'2024-12-31 01:40:48',NULL,1),(2136,300,2346,NULL,NULL,NULL,1,'2024-12-31 01:49:06',NULL,'2024-12-31 01:49:06',NULL,1),(2137,301,2347,NULL,NULL,NULL,151,'2024-12-31 02:23:25',NULL,'2024-12-31 02:23:25',NULL,1),(2138,303,2348,NULL,NULL,NULL,151,'2024-12-31 02:51:16',NULL,'2024-12-31 02:51:16',NULL,1),(2139,304,2349,NULL,NULL,NULL,151,'2024-12-31 04:19:27',NULL,'2024-12-31 04:19:27',NULL,1),(2140,306,2350,NULL,NULL,NULL,151,'2024-12-31 04:40:36',NULL,'2024-12-31 04:40:36',NULL,1),(2141,307,2351,NULL,NULL,NULL,151,'2024-12-31 04:55:44',NULL,'2024-12-31 04:55:44',NULL,1),(2142,308,2352,NULL,NULL,NULL,151,'2024-12-31 05:04:20',NULL,'2024-12-31 05:04:20',NULL,1),(2143,309,2353,NULL,NULL,NULL,151,'2024-12-31 05:25:37',NULL,'2024-12-31 05:25:37',NULL,1),(2144,310,2354,NULL,NULL,NULL,151,'2024-12-31 07:05:17',NULL,'2024-12-31 07:05:17',NULL,1),(2145,311,2355,NULL,NULL,NULL,151,'2024-12-31 07:15:34',NULL,'2024-12-31 07:15:34',NULL,1),(2146,312,2356,NULL,NULL,NULL,151,'2024-12-31 07:26:46',NULL,'2024-12-31 07:26:46',NULL,1),(2147,313,2357,NULL,NULL,NULL,151,'2024-12-31 07:45:25',NULL,'2024-12-31 07:45:25',NULL,1),(2148,314,2358,NULL,NULL,NULL,151,'2025-01-01 00:48:18',NULL,'2025-01-01 00:48:18',NULL,1),(2149,315,2359,NULL,NULL,NULL,151,'2025-01-01 00:53:05',NULL,'2025-01-01 00:53:05',NULL,1),(2150,316,2360,NULL,NULL,NULL,151,'2025-01-01 01:05:33',NULL,'2025-01-01 01:05:33',NULL,1),(2151,317,2361,NULL,NULL,NULL,151,'2025-01-01 01:41:56',NULL,'2025-01-01 01:41:56',NULL,1),(2152,318,2362,NULL,NULL,NULL,151,'2025-01-01 02:03:36',NULL,'2025-01-01 02:03:36',NULL,1),(2153,319,2395,NULL,NULL,NULL,151,'2025-01-23 01:36:19',NULL,'2025-01-23 01:36:19',NULL,1),(2154,320,2396,NULL,NULL,NULL,151,'2025-01-23 07:44:56',NULL,'2025-01-23 07:44:56',NULL,1),(2155,321,2397,NULL,NULL,NULL,151,'2025-01-23 07:45:29',NULL,'2025-01-23 07:45:29',NULL,1),(2156,322,2401,NULL,NULL,NULL,151,'2025-01-27 01:36:17',NULL,'2025-01-27 01:36:17',NULL,1),(2157,323,2402,NULL,NULL,NULL,151,'2025-01-27 01:41:30',NULL,'2025-01-27 01:41:30',NULL,1),(2158,323,2403,NULL,NULL,NULL,NULL,'2025-01-27 01:41:56',NULL,'2025-01-27 01:41:56',NULL,1),(2159,324,2404,NULL,NULL,NULL,151,'2025-01-28 04:11:01',NULL,'2025-01-28 04:11:01',NULL,1),(2160,325,2405,NULL,NULL,NULL,151,'2025-01-28 04:11:33',NULL,'2025-01-28 04:11:33',NULL,1),(2162,327,2407,NULL,NULL,NULL,151,'2025-01-30 01:14:35',NULL,'2025-01-30 01:14:35',NULL,1),(2163,328,2410,NULL,NULL,NULL,151,'2025-02-01 05:30:15',NULL,'2025-02-01 05:30:15',NULL,1),(2164,329,2413,NULL,NULL,NULL,151,'2025-02-04 15:25:39',NULL,'2025-02-04 15:25:39',NULL,1),(2165,330,2414,NULL,NULL,NULL,151,'2025-02-04 16:05:37',NULL,'2025-02-04 16:05:37',NULL,1),(2166,331,2415,NULL,NULL,NULL,151,'2025-02-04 16:17:25',NULL,'2025-02-04 16:17:25',NULL,1),(2167,332,2425,NULL,NULL,NULL,151,'2025-02-08 02:24:19',NULL,'2025-02-08 02:24:19',NULL,1),(2168,333,2426,NULL,NULL,NULL,151,'2025-02-10 02:33:37',NULL,'2025-02-10 02:33:37',NULL,1),(2169,334,2428,NULL,NULL,NULL,151,'2025-02-24 02:27:44',NULL,'2025-02-24 02:27:44',NULL,1),(2170,334,2429,NULL,NULL,NULL,NULL,'2025-02-24 02:28:18',NULL,'2025-02-24 02:28:18',NULL,1),(2171,335,2430,NULL,NULL,NULL,1,'2025-02-24 02:55:41',NULL,'2025-02-24 02:55:41',NULL,1),(2172,336,2431,NULL,NULL,NULL,1,'2025-02-24 02:56:28',NULL,'2025-02-24 02:56:28',NULL,1),(2173,337,2432,NULL,NULL,NULL,151,'2025-02-24 06:27:38',NULL,'2025-02-24 06:27:38',NULL,1),(2174,338,2433,NULL,NULL,NULL,151,'2025-02-24 06:44:52',NULL,'2025-02-24 06:44:52',NULL,1),(2175,340,2434,NULL,NULL,NULL,151,'2025-02-24 07:48:09',NULL,'2025-02-24 07:48:09',NULL,1),(2176,340,2435,NULL,NULL,NULL,151,'2025-02-24 07:48:09',NULL,'2025-02-24 07:48:09',NULL,1),(2177,340,2436,NULL,NULL,NULL,151,'2025-02-24 07:48:09',NULL,'2025-02-24 07:48:09',NULL,1),(2178,340,2437,NULL,NULL,NULL,151,'2025-02-24 07:48:09',NULL,'2025-02-24 07:48:09',NULL,1),(2179,340,2438,NULL,NULL,NULL,151,'2025-02-24 07:48:09',NULL,'2025-02-24 07:48:09',NULL,1),(2180,340,2439,NULL,NULL,NULL,151,'2025-02-24 07:48:09',NULL,'2025-02-24 07:48:09',NULL,1),(2181,340,2440,NULL,NULL,NULL,151,'2025-02-24 07:48:09',NULL,'2025-02-24 07:48:09',NULL,1),(2182,340,2441,NULL,NULL,NULL,151,'2025-02-24 07:48:09',NULL,'2025-02-24 07:48:09',NULL,1),(2183,340,2442,NULL,NULL,NULL,151,'2025-02-24 07:48:09',NULL,'2025-02-24 07:48:09',NULL,1),(2184,340,2443,NULL,NULL,NULL,151,'2025-02-24 07:48:09',NULL,'2025-02-24 07:48:09',NULL,1),(2185,340,2444,NULL,NULL,NULL,151,'2025-02-24 07:48:09',NULL,'2025-02-24 07:48:09',NULL,1),(2186,340,2445,NULL,NULL,NULL,151,'2025-02-24 07:48:09',NULL,'2025-02-24 07:48:09',NULL,1),(2187,340,2446,NULL,NULL,NULL,151,'2025-02-24 07:48:09',NULL,'2025-02-24 07:48:09',NULL,1),(2188,340,2447,NULL,NULL,NULL,151,'2025-02-24 07:48:09',NULL,'2025-02-24 07:48:09',NULL,1),(2189,340,2448,NULL,NULL,NULL,151,'2025-02-24 07:48:09',NULL,'2025-02-24 07:48:09',NULL,1),(2190,340,2449,NULL,NULL,NULL,151,'2025-02-24 07:48:09',NULL,'2025-02-24 07:48:09',NULL,1),(2191,340,2450,NULL,NULL,NULL,151,'2025-02-24 07:48:09',NULL,'2025-02-24 07:48:09',NULL,1),(2192,340,2451,NULL,NULL,NULL,151,'2025-02-24 07:48:09',NULL,'2025-02-24 07:48:09',NULL,1),(2193,340,2452,NULL,NULL,NULL,151,'2025-02-24 07:48:09',NULL,'2025-02-24 07:48:09',NULL,1),(2194,340,2453,NULL,NULL,NULL,151,'2025-02-24 07:48:09',NULL,'2025-02-24 07:48:09',NULL,1),(2195,340,2454,NULL,NULL,NULL,151,'2025-02-24 07:48:09',NULL,'2025-02-24 07:48:09',NULL,1),(2196,340,2455,NULL,NULL,NULL,151,'2025-02-24 07:48:09',NULL,'2025-02-24 07:48:09',NULL,1),(2197,340,2456,NULL,NULL,NULL,151,'2025-02-24 07:48:10',NULL,'2025-02-24 07:48:10',NULL,1),(2198,340,2457,NULL,NULL,NULL,151,'2025-02-24 07:48:10',NULL,'2025-02-24 07:48:10',NULL,1),(2199,340,2458,NULL,NULL,NULL,151,'2025-02-24 07:48:10',NULL,'2025-02-24 07:48:10',NULL,1),(2200,340,2459,NULL,NULL,NULL,151,'2025-02-24 07:48:10',NULL,'2025-02-24 07:48:10',NULL,1),(2201,340,2460,NULL,NULL,NULL,151,'2025-02-24 07:48:10',NULL,'2025-02-24 07:48:10',NULL,1),(2202,340,2461,NULL,NULL,NULL,151,'2025-02-24 07:48:10',NULL,'2025-02-24 07:48:10',NULL,1),(2203,340,2462,NULL,NULL,NULL,151,'2025-02-24 07:48:10',NULL,'2025-02-24 07:48:10',NULL,1),(2204,340,2463,NULL,NULL,NULL,151,'2025-02-24 07:48:10',NULL,'2025-02-24 07:48:10',NULL,1),(2205,340,2464,NULL,NULL,NULL,151,'2025-02-24 07:48:10',NULL,'2025-02-24 07:48:10',NULL,1),(2206,340,2465,NULL,NULL,NULL,151,'2025-02-24 07:48:10',NULL,'2025-02-24 07:48:10',NULL,1),(2207,340,2466,NULL,NULL,NULL,151,'2025-02-24 07:48:10',NULL,'2025-02-24 07:48:10',NULL,1),(2208,340,2467,NULL,NULL,NULL,151,'2025-02-24 07:48:10',NULL,'2025-02-24 07:48:10',NULL,1),(2209,340,2468,NULL,NULL,NULL,151,'2025-02-24 07:48:10',NULL,'2025-02-24 07:48:10',NULL,1),(2210,340,2469,NULL,NULL,NULL,151,'2025-02-24 07:48:10',NULL,'2025-02-24 07:48:10',NULL,1),(2211,340,2470,NULL,NULL,NULL,151,'2025-02-24 07:48:10',NULL,'2025-02-24 07:48:10',NULL,1),(2212,340,2471,NULL,NULL,NULL,151,'2025-02-24 07:48:10',NULL,'2025-02-24 07:48:10',NULL,1),(2213,340,2472,NULL,NULL,NULL,151,'2025-02-24 07:48:10',NULL,'2025-02-24 07:48:10',NULL,1),(2214,340,2473,NULL,NULL,NULL,151,'2025-02-24 07:48:10',NULL,'2025-02-24 07:48:10',NULL,1),(2215,340,2474,NULL,NULL,NULL,151,'2025-02-24 07:48:10',NULL,'2025-02-24 07:48:10',NULL,1),(2216,340,2475,NULL,NULL,NULL,151,'2025-02-24 07:48:10',NULL,'2025-02-24 07:48:10',NULL,1),(2217,340,2476,NULL,NULL,NULL,151,'2025-02-24 07:48:10',NULL,'2025-02-24 07:48:10',NULL,1),(2218,340,2477,NULL,NULL,NULL,151,'2025-02-24 07:48:10',NULL,'2025-02-24 07:48:10',NULL,1),(2219,340,2478,NULL,NULL,NULL,151,'2025-02-24 07:48:10',NULL,'2025-02-24 07:48:10',NULL,1),(2220,340,2479,NULL,NULL,NULL,151,'2025-02-24 07:48:10',NULL,'2025-02-24 07:48:10',NULL,1),(2221,340,2480,NULL,NULL,NULL,151,'2025-02-24 07:48:10',NULL,'2025-02-24 07:48:10',NULL,1),(2222,340,2481,NULL,NULL,NULL,151,'2025-02-24 07:48:10',NULL,'2025-02-24 07:48:10',NULL,1),(2223,340,2482,NULL,NULL,NULL,151,'2025-02-24 07:48:10',NULL,'2025-02-24 07:48:10',NULL,1),(2224,340,2483,NULL,NULL,NULL,151,'2025-02-24 07:48:10',NULL,'2025-02-24 07:48:10',NULL,1),(2225,340,2484,NULL,NULL,NULL,151,'2025-02-24 07:48:10',NULL,'2025-02-24 07:48:10',NULL,1),(2228,343,2490,NULL,NULL,NULL,151,'2025-03-03 06:12:49',NULL,'2025-03-03 06:12:49',NULL,2),(2231,346,2494,NULL,NULL,NULL,151,'2025-03-04 13:43:23',NULL,'2025-03-04 13:43:23',NULL,2),(2237,352,2503,NULL,NULL,NULL,150,'2025-03-07 05:27:07',NULL,'2025-03-07 05:27:07',NULL,2),(2239,280,2505,NULL,NULL,NULL,NULL,'2025-03-11 03:14:32',NULL,'2025-03-11 03:14:32',NULL,2),(2240,271,2506,NULL,NULL,NULL,NULL,'2025-03-11 03:27:03',NULL,'2025-03-11 03:27:03',NULL,2),(2241,280,2507,NULL,NULL,NULL,NULL,'2025-03-11 06:18:01',NULL,'2025-03-11 06:18:01',NULL,1),(2242,274,2508,NULL,NULL,NULL,NULL,'2025-03-11 06:20:44',NULL,'2025-03-11 06:20:44',NULL,1),(2243,274,2509,NULL,NULL,NULL,NULL,'2025-03-11 06:31:48',NULL,'2025-03-11 06:31:48',NULL,2),(2244,310,2510,NULL,NULL,NULL,NULL,'2025-03-11 07:21:30',NULL,'2025-03-11 07:21:30',NULL,2),(2245,310,2511,NULL,NULL,NULL,NULL,'2025-03-11 07:29:35',NULL,'2025-03-11 07:29:35',NULL,1),(2246,318,2512,NULL,NULL,NULL,NULL,'2025-03-11 07:36:03',NULL,'2025-03-11 07:36:03',NULL,1),(2247,312,2513,NULL,NULL,NULL,NULL,'2025-03-11 07:59:09',NULL,'2025-03-11 07:59:09',NULL,2),(2248,317,2514,NULL,NULL,NULL,NULL,'2025-03-11 08:04:45',NULL,'2025-03-11 08:04:45',NULL,2),(2249,317,2515,NULL,NULL,NULL,NULL,'2025-03-11 08:17:00',NULL,'2025-03-11 08:17:00',NULL,1),(2250,318,2516,NULL,NULL,NULL,NULL,'2025-03-11 08:50:56',NULL,'2025-03-11 08:50:56',NULL,2),(2251,276,2517,NULL,NULL,NULL,NULL,'2025-03-12 01:27:36',NULL,'2025-03-12 01:27:36',NULL,2),(2252,276,2518,NULL,NULL,NULL,NULL,'2025-03-12 03:27:40',NULL,'2025-03-12 03:27:40',NULL,1),(2253,333,2519,NULL,NULL,NULL,NULL,'2025-03-12 07:26:31',NULL,'2025-03-12 07:26:31',NULL,2),(2254,333,2520,NULL,NULL,NULL,NULL,'2025-03-12 07:59:09',NULL,'2025-03-12 07:59:09',NULL,1),(2255,354,2521,NULL,NULL,NULL,151,'2025-03-13 01:56:17',NULL,'2025-03-13 01:56:17',NULL,2),(2256,354,2522,NULL,NULL,NULL,NULL,'2025-03-13 02:40:01',NULL,'2025-03-13 02:40:01',NULL,1),(2257,355,2527,NULL,NULL,NULL,151,'2025-03-17 02:53:34',NULL,'2025-03-17 02:53:34',NULL,2),(2258,273,2530,NULL,NULL,NULL,NULL,'2025-03-18 01:33:48',NULL,'2025-03-18 01:33:48',NULL,2),(2259,329,2533,NULL,NULL,NULL,NULL,'2025-03-20 05:15:59',NULL,'2025-03-20 05:15:59',NULL,2),(2260,325,2535,NULL,NULL,NULL,NULL,'2025-03-20 05:27:19',NULL,'2025-03-20 05:27:19',NULL,2),(2261,356,2544,NULL,NULL,NULL,150,'2025-03-22 22:36:15',NULL,'2025-03-22 22:36:15',NULL,2),(2262,357,2545,NULL,NULL,NULL,150,'2025-03-22 22:36:37',NULL,'2025-03-22 22:36:37',NULL,2),(2263,357,2546,NULL,NULL,NULL,150,'2025-03-22 22:36:37',NULL,'2025-03-22 22:36:37',NULL,2),(2264,357,2547,NULL,NULL,NULL,150,'2025-03-22 22:36:37',NULL,'2025-03-22 22:36:37',NULL,2),(2265,357,2548,NULL,NULL,NULL,150,'2025-03-22 22:36:37',NULL,'2025-03-22 22:36:37',NULL,2),(2266,357,2549,NULL,NULL,NULL,150,'2025-03-22 22:36:37',NULL,'2025-03-22 22:36:37',NULL,2),(2267,357,2550,NULL,NULL,NULL,150,'2025-03-22 22:36:37',NULL,'2025-03-22 22:36:37',NULL,2),(2268,357,2551,NULL,NULL,NULL,150,'2025-03-22 22:36:37',NULL,'2025-03-22 22:36:37',NULL,2),(2269,357,2552,NULL,NULL,NULL,150,'2025-03-22 22:36:37',NULL,'2025-03-22 22:36:37',NULL,2),(2270,357,2553,NULL,NULL,NULL,150,'2025-03-22 22:36:37',NULL,'2025-03-22 22:36:37',NULL,2),(2271,357,2554,NULL,NULL,NULL,150,'2025-03-22 22:36:37',NULL,'2025-03-22 22:36:37',NULL,2),(2272,357,2555,NULL,NULL,NULL,150,'2025-03-22 22:36:37',NULL,'2025-03-22 22:36:37',NULL,2),(2273,357,2556,NULL,NULL,NULL,150,'2025-03-22 22:36:37',NULL,'2025-03-22 22:36:37',NULL,2),(2274,357,2557,NULL,NULL,NULL,150,'2025-03-22 22:36:37',NULL,'2025-03-22 22:36:37',NULL,2),(2275,357,2558,NULL,NULL,NULL,150,'2025-03-22 22:36:37',NULL,'2025-03-22 22:36:37',NULL,2),(2276,357,2559,NULL,NULL,NULL,150,'2025-03-22 22:36:37',NULL,'2025-03-22 22:36:37',NULL,2),(2277,357,2560,NULL,NULL,NULL,150,'2025-03-22 22:36:37',NULL,'2025-03-22 22:36:37',NULL,2),(2278,357,2561,NULL,NULL,NULL,150,'2025-03-22 22:36:37',NULL,'2025-03-22 22:36:37',NULL,2),(2279,357,2562,NULL,NULL,NULL,150,'2025-03-22 22:36:37',NULL,'2025-03-22 22:36:37',NULL,2),(2280,357,2563,NULL,NULL,NULL,150,'2025-03-22 22:36:37',NULL,'2025-03-22 22:36:37',NULL,2),(2281,357,2564,NULL,NULL,NULL,150,'2025-03-22 22:36:37',NULL,'2025-03-22 22:36:37',NULL,2),(2282,357,2565,NULL,NULL,NULL,150,'2025-03-22 22:36:37',NULL,'2025-03-22 22:36:37',NULL,2),(2283,357,2566,NULL,NULL,NULL,150,'2025-03-22 22:36:37',NULL,'2025-03-22 22:36:37',NULL,2),(2284,357,2567,NULL,NULL,NULL,150,'2025-03-22 22:36:37',NULL,'2025-03-22 22:36:37',NULL,2),(2285,357,2568,NULL,NULL,NULL,150,'2025-03-22 22:36:37',NULL,'2025-03-22 22:36:37',NULL,2),(2286,357,2569,NULL,NULL,NULL,150,'2025-03-22 22:36:37',NULL,'2025-03-22 22:36:37',NULL,2),(2287,357,2570,NULL,NULL,NULL,150,'2025-03-22 22:36:37',NULL,'2025-03-22 22:36:37',NULL,2),(2288,357,2571,NULL,NULL,NULL,150,'2025-03-22 22:36:37',NULL,'2025-03-22 22:36:37',NULL,2),(2289,357,2572,NULL,NULL,NULL,150,'2025-03-22 22:36:37',NULL,'2025-03-22 22:36:37',NULL,2),(2290,357,2573,NULL,NULL,NULL,150,'2025-03-22 22:36:37',NULL,'2025-03-22 22:36:37',NULL,2),(2291,357,2574,NULL,NULL,NULL,150,'2025-03-22 22:36:37',NULL,'2025-03-22 22:36:37',NULL,2),(2292,357,2575,NULL,NULL,NULL,150,'2025-03-22 22:36:37',NULL,'2025-03-22 22:36:37',NULL,2),(2293,357,2576,NULL,NULL,NULL,150,'2025-03-22 22:36:37',NULL,'2025-03-22 22:36:37',NULL,2),(2294,357,2577,NULL,NULL,NULL,150,'2025-03-22 22:36:37',NULL,'2025-03-22 22:36:37',NULL,2),(2295,357,2578,NULL,NULL,NULL,150,'2025-03-22 22:36:37',NULL,'2025-03-22 22:36:37',NULL,2),(2296,357,2579,NULL,NULL,NULL,150,'2025-03-22 22:36:37',NULL,'2025-03-22 22:36:37',NULL,2),(2297,357,2580,NULL,NULL,NULL,150,'2025-03-22 22:36:37',NULL,'2025-03-22 22:36:37',NULL,2),(2298,357,2581,NULL,NULL,NULL,150,'2025-03-22 22:36:37',NULL,'2025-03-22 22:36:37',NULL,2),(2299,357,2582,NULL,NULL,NULL,150,'2025-03-22 22:36:37',NULL,'2025-03-22 22:36:37',NULL,2),(2300,357,2583,NULL,NULL,NULL,150,'2025-03-22 22:36:37',NULL,'2025-03-22 22:36:37',NULL,2),(2301,357,2584,NULL,NULL,NULL,150,'2025-03-22 22:36:37',NULL,'2025-03-22 22:36:37',NULL,2),(2302,357,2585,NULL,NULL,NULL,150,'2025-03-22 22:36:37',NULL,'2025-03-22 22:36:37',NULL,2),(2303,357,2586,NULL,NULL,NULL,150,'2025-03-22 22:36:38',NULL,'2025-03-22 22:36:38',NULL,2),(2304,357,2587,NULL,NULL,NULL,150,'2025-03-22 22:36:38',NULL,'2025-03-22 22:36:38',NULL,2),(2305,357,2588,NULL,NULL,NULL,150,'2025-03-22 22:36:38',NULL,'2025-03-22 22:36:38',NULL,2),(2306,357,2589,NULL,NULL,NULL,150,'2025-03-22 22:36:38',NULL,'2025-03-22 22:36:38',NULL,2),(2307,357,2590,NULL,NULL,NULL,150,'2025-03-22 22:36:38',NULL,'2025-03-22 22:36:38',NULL,2),(2308,357,2591,NULL,NULL,NULL,150,'2025-03-22 22:36:38',NULL,'2025-03-22 22:36:38',NULL,2),(2309,357,2592,NULL,NULL,NULL,150,'2025-03-22 22:36:38',NULL,'2025-03-22 22:36:38',NULL,2),(2310,357,2593,NULL,NULL,NULL,150,'2025-03-22 22:36:38',NULL,'2025-03-22 22:36:38',NULL,2),(2311,357,2594,NULL,NULL,NULL,150,'2025-03-22 22:36:38',NULL,'2025-03-22 22:36:38',NULL,2),(2312,357,2595,NULL,NULL,NULL,150,'2025-03-22 22:36:38',NULL,'2025-03-22 22:36:38',NULL,2),(2313,291,2596,NULL,NULL,NULL,NULL,'2025-03-25 02:22:54',NULL,'2025-03-25 02:22:54',NULL,2),(2314,362,2598,NULL,NULL,NULL,NULL,'2025-03-29 06:47:15',NULL,'2025-03-29 06:47:15',NULL,2),(2315,365,2599,NULL,NULL,NULL,150,'2025-03-29 07:05:59',NULL,'2025-03-29 07:05:59',NULL,2),(2316,365,2600,NULL,NULL,NULL,150,'2025-03-29 07:05:59',NULL,'2025-03-29 07:05:59',NULL,2),(2317,365,2601,NULL,NULL,NULL,150,'2025-03-29 07:05:59',NULL,'2025-03-29 07:05:59',NULL,2),(2318,365,2602,NULL,NULL,NULL,150,'2025-03-29 07:05:59',NULL,'2025-03-29 07:05:59',NULL,2),(2319,365,2603,NULL,NULL,NULL,150,'2025-03-29 07:05:59',NULL,'2025-03-29 07:05:59',NULL,2),(2320,365,2604,NULL,NULL,NULL,150,'2025-03-29 07:05:59',NULL,'2025-03-29 07:05:59',NULL,2),(2321,365,2605,NULL,NULL,NULL,150,'2025-03-29 07:06:00',NULL,'2025-03-29 07:06:00',NULL,2),(2322,365,2606,NULL,NULL,NULL,150,'2025-03-29 07:06:00',NULL,'2025-03-29 07:06:00',NULL,2),(2323,365,2607,NULL,NULL,NULL,150,'2025-03-29 07:06:00',NULL,'2025-03-29 07:06:00',NULL,2),(2324,366,2608,NULL,NULL,NULL,150,'2025-03-29 07:08:52',NULL,'2025-03-29 07:08:52',NULL,2),(2325,366,2609,NULL,NULL,NULL,150,'2025-03-29 07:08:52',NULL,'2025-03-29 07:08:52',NULL,2),(2326,366,2610,NULL,NULL,NULL,150,'2025-03-29 07:08:52',NULL,'2025-03-29 07:08:52',NULL,2),(2327,366,2611,NULL,NULL,NULL,150,'2025-03-29 07:08:52',NULL,'2025-03-29 07:08:52',NULL,2),(2328,366,2612,NULL,NULL,NULL,150,'2025-03-29 07:08:52',NULL,'2025-03-29 07:08:52',NULL,2),(2329,366,2613,NULL,NULL,NULL,150,'2025-03-29 07:08:52',NULL,'2025-03-29 07:08:52',NULL,2),(2330,366,2614,NULL,NULL,NULL,150,'2025-03-29 07:08:52',NULL,'2025-03-29 07:08:52',NULL,2),(2331,366,2615,NULL,NULL,NULL,150,'2025-03-29 07:08:52',NULL,'2025-03-29 07:08:52',NULL,2),(2332,366,2616,NULL,NULL,NULL,150,'2025-03-29 07:08:52',NULL,'2025-03-29 07:08:52',NULL,2),(2333,367,2617,NULL,NULL,NULL,151,'2025-03-29 07:59:10',NULL,'2025-03-29 07:59:10',NULL,2),(2334,368,2620,NULL,NULL,NULL,151,'2025-03-29 09:13:58',NULL,'2025-03-29 09:13:58',NULL,2),(2335,369,2625,NULL,NULL,NULL,NULL,'2025-04-03 04:49:25',NULL,'2025-04-03 04:49:25',NULL,2),(2336,370,2626,NULL,NULL,NULL,151,'2025-04-03 05:40:50',NULL,'2025-04-03 05:40:50',NULL,2),(2337,371,2627,NULL,NULL,NULL,151,'2025-04-03 06:50:19',NULL,'2025-04-03 06:50:19',NULL,2),(2338,374,2630,NULL,NULL,NULL,151,'2025-04-04 01:52:26',NULL,'2025-04-04 01:52:26',NULL,2),(2339,375,2633,NULL,NULL,NULL,151,'2025-04-04 05:53:01',NULL,'2025-04-04 05:53:01',NULL,2),(2340,379,2635,NULL,NULL,NULL,151,'2025-04-05 05:51:36',NULL,'2025-04-05 05:51:36',NULL,2),(2341,380,2637,NULL,NULL,NULL,151,'2025-04-05 06:40:38',NULL,'2025-04-05 06:40:38',NULL,2),(2342,384,2639,NULL,NULL,NULL,151,'2025-04-07 00:27:21',NULL,'2025-04-07 00:27:21',NULL,2),(2343,385,2641,NULL,NULL,NULL,151,'2025-04-07 01:11:37',NULL,'2025-04-07 01:11:37',NULL,2),(2344,386,2642,NULL,NULL,NULL,151,'2025-04-07 01:53:21',NULL,'2025-04-07 01:53:21',NULL,2),(2347,388,2648,NULL,NULL,NULL,NULL,'2025-04-07 04:30:19',NULL,'2025-04-07 04:30:19',NULL,2),(2349,392,2652,NULL,NULL,NULL,NULL,'2025-04-08 03:44:18',NULL,'2025-04-08 03:44:18',NULL,2),(2353,398,2672,NULL,NULL,NULL,151,'2025-04-12 03:16:29',NULL,'2025-04-12 03:16:29',NULL,2),(2354,399,2673,NULL,NULL,NULL,151,'2025-04-12 03:21:20',NULL,'2025-04-12 03:21:20',NULL,2),(2355,400,2678,NULL,NULL,NULL,150,'2025-04-12 09:14:54',NULL,'2025-04-12 09:14:54',NULL,2),(2356,401,2679,NULL,NULL,NULL,150,'2025-04-14 04:13:53',NULL,'2025-04-14 04:13:53',NULL,2),(2357,402,2717,NULL,NULL,NULL,151,'2025-04-16 03:05:46',NULL,'2025-04-16 03:05:46',NULL,2),(2358,407,2723,NULL,NULL,NULL,NULL,'2025-04-16 04:51:29',NULL,'2025-04-16 04:51:29',NULL,2),(2359,408,2728,NULL,NULL,NULL,151,'2025-04-17 02:44:59',NULL,'2025-04-17 02:44:59',NULL,2),(2360,409,2729,NULL,NULL,NULL,151,'2025-04-17 09:33:47',NULL,'2025-04-17 09:33:47',NULL,2),(2361,410,2735,NULL,NULL,NULL,151,'2025-04-19 07:21:49',NULL,'2025-04-19 07:21:49',NULL,2),(2362,411,2737,NULL,NULL,NULL,151,'2025-04-19 07:30:37',NULL,'2025-04-19 07:30:37',NULL,2),(2363,411,2738,NULL,NULL,NULL,151,'2025-04-19 07:30:37',NULL,'2025-04-19 07:30:37',NULL,2),(2364,413,2744,NULL,NULL,NULL,151,'2025-04-19 08:04:48',NULL,'2025-04-19 08:04:48',NULL,2),(2365,414,2746,NULL,NULL,NULL,151,'2025-04-19 08:20:47',NULL,'2025-04-19 08:20:47',NULL,2),(2366,415,2748,NULL,NULL,NULL,151,'2025-04-19 08:34:31',NULL,'2025-04-19 08:34:31',NULL,2),(2367,416,2750,NULL,NULL,NULL,151,'2025-04-19 09:00:43',NULL,'2025-04-19 09:00:43',NULL,2),(2368,417,2752,NULL,NULL,NULL,151,'2025-04-19 09:12:55',NULL,'2025-04-19 09:12:55',NULL,2),(2369,418,2755,NULL,NULL,NULL,1,'2025-04-20 01:28:54',NULL,'2025-04-20 01:28:54',NULL,1),(2370,419,2760,NULL,NULL,NULL,150,'2025-04-20 09:45:05',NULL,'2025-04-20 09:45:05',NULL,2),(2371,420,2761,NULL,NULL,NULL,150,'2025-04-20 10:22:30',NULL,'2025-04-20 10:22:30',NULL,2),(2373,422,2763,NULL,NULL,NULL,150,'2025-04-20 11:58:06',NULL,'2025-04-20 11:58:06',NULL,2),(2376,425,2768,NULL,NULL,NULL,151,'2025-04-22 02:10:59',NULL,'2025-04-22 02:10:59',NULL,2),(2377,426,2770,NULL,NULL,NULL,151,'2025-04-22 06:28:49',NULL,'2025-04-22 06:28:49',NULL,2),(2378,426,2771,NULL,NULL,NULL,151,'2025-04-22 06:28:49',NULL,'2025-04-22 06:28:49',NULL,2),(2379,427,2773,NULL,NULL,NULL,1,'2025-04-22 07:53:24',NULL,'2025-04-22 07:53:24',NULL,1),(2380,428,2803,NULL,NULL,NULL,151,'2025-04-25 03:49:47',NULL,'2025-04-25 03:49:47',NULL,2),(2381,429,2804,NULL,NULL,NULL,151,'2025-04-25 04:05:45',NULL,'2025-04-25 04:05:45',NULL,2),(2382,430,2805,NULL,NULL,NULL,151,'2025-04-25 04:05:58',NULL,'2025-04-25 04:05:58',NULL,2),(2383,431,2806,NULL,NULL,NULL,151,'2025-04-25 04:06:15',NULL,'2025-04-25 04:06:15',NULL,2),(2384,432,2807,NULL,NULL,NULL,151,'2025-04-25 04:06:23',NULL,'2025-04-25 04:06:23',NULL,2),(2385,433,2808,NULL,NULL,NULL,151,'2025-04-25 04:06:43',NULL,'2025-04-25 04:06:43',NULL,2),(2386,434,2809,NULL,NULL,NULL,151,'2025-04-25 04:07:00',NULL,'2025-04-25 04:07:00',NULL,2),(2387,435,2810,NULL,NULL,NULL,151,'2025-04-25 04:07:13',NULL,'2025-04-25 04:07:13',NULL,2),(2388,436,2819,NULL,NULL,NULL,150,'2025-04-26 22:00:44',NULL,'2025-04-26 22:00:44',NULL,2),(2389,437,2820,NULL,NULL,NULL,150,'2025-04-26 22:54:29',NULL,'2025-04-26 22:54:29',NULL,2),(2390,438,2823,NULL,NULL,NULL,151,'2025-04-28 00:25:10',NULL,'2025-04-28 00:25:10',NULL,2),(2391,439,2824,NULL,NULL,NULL,151,'2025-04-28 00:25:34',NULL,'2025-04-28 00:25:34',NULL,2),(2392,440,2825,NULL,NULL,NULL,151,'2025-04-28 00:25:50',NULL,'2025-04-28 00:25:50',NULL,2),(2393,441,2826,NULL,NULL,NULL,151,'2025-04-28 00:26:06',NULL,'2025-04-28 00:26:06',NULL,2),(2394,442,2828,NULL,NULL,NULL,1,'2025-04-30 03:48:34',NULL,'2025-04-30 03:48:34',NULL,1),(2395,442,2829,NULL,NULL,NULL,1,'2025-04-30 03:48:34',NULL,'2025-04-30 03:48:34',NULL,1),(2396,442,2830,NULL,NULL,NULL,1,'2025-04-30 03:48:34',NULL,'2025-04-30 03:48:34',NULL,1),(2397,442,2831,NULL,NULL,NULL,1,'2025-04-30 03:48:34',NULL,'2025-04-30 03:48:34',NULL,1),(2398,442,2832,NULL,NULL,NULL,1,'2025-04-30 03:48:34',NULL,'2025-04-30 03:48:34',NULL,1),(2399,442,2833,NULL,NULL,NULL,1,'2025-04-30 03:48:34',NULL,'2025-04-30 03:48:34',NULL,1),(2400,442,2834,NULL,NULL,NULL,1,'2025-04-30 03:48:34',NULL,'2025-04-30 03:48:34',NULL,1),(2401,442,2835,NULL,NULL,NULL,1,'2025-04-30 03:48:34',NULL,'2025-04-30 03:48:34',NULL,1),(2402,442,2836,NULL,NULL,NULL,1,'2025-04-30 03:48:34',NULL,'2025-04-30 03:48:34',NULL,1),(2403,442,2837,NULL,NULL,NULL,1,'2025-04-30 03:48:34',NULL,'2025-04-30 03:48:34',NULL,1),(2404,442,2838,NULL,NULL,NULL,1,'2025-04-30 03:48:34',NULL,'2025-04-30 03:48:34',NULL,1),(2405,442,2839,NULL,NULL,NULL,1,'2025-04-30 03:48:34',NULL,'2025-04-30 03:48:34',NULL,1),(2406,442,2840,NULL,NULL,NULL,1,'2025-04-30 03:48:34',NULL,'2025-04-30 03:48:34',NULL,1),(2407,442,2841,NULL,NULL,NULL,1,'2025-04-30 03:48:34',NULL,'2025-04-30 03:48:34',NULL,1),(2408,442,2842,NULL,NULL,NULL,1,'2025-04-30 03:48:34',NULL,'2025-04-30 03:48:34',NULL,1),(2409,442,2843,NULL,NULL,NULL,1,'2025-04-30 03:48:34',NULL,'2025-04-30 03:48:34',NULL,1),(2410,442,2844,NULL,NULL,NULL,1,'2025-04-30 03:48:34',NULL,'2025-04-30 03:48:34',NULL,1),(2411,442,2845,NULL,NULL,NULL,1,'2025-04-30 03:48:34',NULL,'2025-04-30 03:48:34',NULL,1),(2412,442,2846,NULL,NULL,NULL,1,'2025-04-30 03:48:34',NULL,'2025-04-30 03:48:34',NULL,1),(2413,442,2847,NULL,NULL,NULL,1,'2025-04-30 03:48:34',NULL,'2025-04-30 03:48:34',NULL,1),(2414,442,2848,NULL,NULL,NULL,1,'2025-04-30 03:48:34',NULL,'2025-04-30 03:48:34',NULL,1),(2415,442,2849,NULL,NULL,NULL,1,'2025-04-30 03:48:34',NULL,'2025-04-30 03:48:34',NULL,1),(2416,442,2850,NULL,NULL,NULL,1,'2025-04-30 03:48:34',NULL,'2025-04-30 03:48:34',NULL,1),(2417,442,2851,NULL,NULL,NULL,1,'2025-04-30 03:48:34',NULL,'2025-04-30 03:48:34',NULL,1),(2418,442,2852,NULL,NULL,NULL,1,'2025-04-30 03:48:34',NULL,'2025-04-30 03:48:34',NULL,1),(2419,442,2853,NULL,NULL,NULL,1,'2025-04-30 03:48:34',NULL,'2025-04-30 03:48:34',NULL,1),(2420,442,2854,NULL,NULL,NULL,1,'2025-04-30 03:48:34',NULL,'2025-04-30 03:48:34',NULL,1),(2421,442,2855,NULL,NULL,NULL,1,'2025-04-30 03:48:34',NULL,'2025-04-30 03:48:34',NULL,1),(2422,442,2856,NULL,NULL,NULL,1,'2025-04-30 03:48:34',NULL,'2025-04-30 03:48:34',NULL,1),(2423,442,2857,NULL,NULL,NULL,1,'2025-04-30 03:48:34',NULL,'2025-04-30 03:48:34',NULL,1),(2424,442,2858,NULL,NULL,NULL,1,'2025-04-30 03:48:34',NULL,'2025-04-30 03:48:34',NULL,1),(2425,442,2859,NULL,NULL,NULL,1,'2025-04-30 03:48:34',NULL,'2025-04-30 03:48:34',NULL,1),(2426,442,2860,NULL,NULL,NULL,1,'2025-04-30 03:48:35',NULL,'2025-04-30 03:48:35',NULL,1),(2427,442,2861,NULL,NULL,NULL,1,'2025-04-30 03:48:35',NULL,'2025-04-30 03:48:35',NULL,1),(2428,442,2862,NULL,NULL,NULL,1,'2025-04-30 03:48:35',NULL,'2025-04-30 03:48:35',NULL,1),(2429,442,2863,NULL,NULL,NULL,1,'2025-04-30 03:48:35',NULL,'2025-04-30 03:48:35',NULL,1),(2430,442,2864,NULL,NULL,NULL,1,'2025-04-30 03:48:35',NULL,'2025-04-30 03:48:35',NULL,1),(2431,442,2865,NULL,NULL,NULL,1,'2025-04-30 03:48:35',NULL,'2025-04-30 03:48:35',NULL,1),(2432,442,2866,NULL,NULL,NULL,1,'2025-04-30 03:48:35',NULL,'2025-04-30 03:48:35',NULL,1),(2433,442,2867,NULL,NULL,NULL,1,'2025-04-30 03:48:35',NULL,'2025-04-30 03:48:35',NULL,1),(2434,442,2868,NULL,NULL,NULL,1,'2025-04-30 03:48:35',NULL,'2025-04-30 03:48:35',NULL,1),(2435,442,2869,NULL,NULL,NULL,1,'2025-04-30 03:48:35',NULL,'2025-04-30 03:48:35',NULL,1),(2436,442,2870,NULL,NULL,NULL,1,'2025-04-30 03:48:35',NULL,'2025-04-30 03:48:35',NULL,1),(2437,442,2871,NULL,NULL,NULL,1,'2025-04-30 03:48:35',NULL,'2025-04-30 03:48:35',NULL,1),(2438,442,2872,NULL,NULL,NULL,1,'2025-04-30 03:48:35',NULL,'2025-04-30 03:48:35',NULL,1),(2439,442,2873,NULL,NULL,NULL,1,'2025-04-30 03:48:35',NULL,'2025-04-30 03:48:35',NULL,1),(2440,442,2874,NULL,NULL,NULL,1,'2025-04-30 03:48:35',NULL,'2025-04-30 03:48:35',NULL,1),(2441,442,2875,NULL,NULL,NULL,1,'2025-04-30 03:48:35',NULL,'2025-04-30 03:48:35',NULL,1),(2442,442,2876,NULL,NULL,NULL,1,'2025-04-30 03:48:35',NULL,'2025-04-30 03:48:35',NULL,1),(2443,442,2877,NULL,NULL,NULL,1,'2025-04-30 03:48:35',NULL,'2025-04-30 03:48:35',NULL,1),(2444,442,2878,NULL,NULL,NULL,1,'2025-04-30 03:48:35',NULL,'2025-04-30 03:48:35',NULL,1),(2445,443,2887,NULL,NULL,NULL,150,'2025-05-02 02:39:10',NULL,'2025-05-02 02:39:10',NULL,2),(2446,444,2888,NULL,NULL,NULL,150,'2025-05-02 02:46:25',NULL,'2025-05-02 02:46:25',NULL,2),(2447,445,2889,NULL,NULL,NULL,150,'2025-05-02 02:47:55',NULL,'2025-05-02 02:47:55',NULL,2),(2448,446,2890,NULL,NULL,NULL,150,'2025-05-02 02:48:41',NULL,'2025-05-02 02:48:41',NULL,2),(2449,447,2891,NULL,NULL,NULL,150,'2025-05-02 02:54:35',NULL,'2025-05-02 02:54:35',NULL,2),(2450,448,2892,NULL,NULL,NULL,150,'2025-05-02 02:55:20',NULL,'2025-05-02 02:55:20',NULL,2),(2451,449,2917,NULL,NULL,NULL,1,'2025-05-05 01:39:45',NULL,'2025-05-05 01:39:45',NULL,1),(2452,450,2923,NULL,NULL,NULL,151,'2025-05-05 02:37:30',NULL,'2025-05-05 02:37:30',NULL,2),(2453,451,2926,NULL,NULL,NULL,1,'2025-05-05 03:49:23',NULL,'2025-05-05 03:49:23',NULL,1),(2454,452,2928,NULL,NULL,NULL,150,'2025-05-05 03:59:43',NULL,'2025-05-05 03:59:43',NULL,2),(2455,453,2929,NULL,NULL,NULL,150,'2025-05-05 04:01:13',NULL,'2025-05-05 04:01:13',NULL,2),(2456,454,2930,NULL,NULL,NULL,150,'2025-05-05 04:01:33',NULL,'2025-05-05 04:01:33',NULL,2),(2457,455,2931,NULL,NULL,NULL,150,'2025-05-05 04:02:06',NULL,'2025-05-05 04:02:06',NULL,2),(2458,456,2932,NULL,NULL,NULL,150,'2025-05-05 04:02:18',NULL,'2025-05-05 04:02:18',NULL,2),(2459,458,2942,NULL,NULL,NULL,151,'2025-05-07 00:20:14',NULL,'2025-05-07 00:20:14',NULL,2),(2460,458,2943,NULL,NULL,NULL,151,'2025-05-07 00:20:14',NULL,'2025-05-07 00:20:14',NULL,2),(2461,458,2944,NULL,NULL,NULL,151,'2025-05-07 00:20:14',NULL,'2025-05-07 00:20:14',NULL,2),(2462,458,2945,NULL,NULL,NULL,151,'2025-05-07 00:20:14',NULL,'2025-05-07 00:20:14',NULL,2),(2463,458,2946,NULL,NULL,NULL,151,'2025-05-07 00:20:14',NULL,'2025-05-07 00:20:14',NULL,2),(2464,458,2947,NULL,NULL,NULL,151,'2025-05-07 00:20:14',NULL,'2025-05-07 00:20:14',NULL,2),(2465,458,2948,NULL,NULL,NULL,151,'2025-05-07 00:20:14',NULL,'2025-05-07 00:20:14',NULL,2),(2466,458,2949,NULL,NULL,NULL,151,'2025-05-07 00:20:14',NULL,'2025-05-07 00:20:14',NULL,2),(2467,458,2950,NULL,NULL,NULL,151,'2025-05-07 00:20:14',NULL,'2025-05-07 00:20:14',NULL,2),(2468,458,2951,NULL,NULL,NULL,151,'2025-05-07 00:20:14',NULL,'2025-05-07 00:20:14',NULL,2),(2469,458,2952,NULL,NULL,NULL,151,'2025-05-07 00:20:14',NULL,'2025-05-07 00:20:14',NULL,2),(2470,458,2953,NULL,NULL,NULL,151,'2025-05-07 00:20:14',NULL,'2025-05-07 00:20:14',NULL,2),(2471,458,2954,NULL,NULL,NULL,151,'2025-05-07 00:20:14',NULL,'2025-05-07 00:20:14',NULL,2),(2472,458,2955,NULL,NULL,NULL,151,'2025-05-07 00:20:14',NULL,'2025-05-07 00:20:14',NULL,2),(2473,458,2956,NULL,NULL,NULL,151,'2025-05-07 00:20:14',NULL,'2025-05-07 00:20:14',NULL,2),(2474,458,2957,NULL,NULL,NULL,151,'2025-05-07 00:20:14',NULL,'2025-05-07 00:20:14',NULL,2),(2475,458,2958,NULL,NULL,NULL,151,'2025-05-07 00:20:14',NULL,'2025-05-07 00:20:14',NULL,2),(2476,458,2959,NULL,NULL,NULL,151,'2025-05-07 00:20:14',NULL,'2025-05-07 00:20:14',NULL,2),(2477,458,2960,NULL,NULL,NULL,151,'2025-05-07 00:20:14',NULL,'2025-05-07 00:20:14',NULL,2),(2478,458,2961,NULL,NULL,NULL,151,'2025-05-07 00:20:14',NULL,'2025-05-07 00:20:14',NULL,2),(2479,458,2962,NULL,NULL,NULL,151,'2025-05-07 00:20:14',NULL,'2025-05-07 00:20:14',NULL,2),(2480,458,2963,NULL,NULL,NULL,151,'2025-05-07 00:20:14',NULL,'2025-05-07 00:20:14',NULL,2),(2481,458,2964,NULL,NULL,NULL,151,'2025-05-07 00:20:15',NULL,'2025-05-07 00:20:15',NULL,2),(2482,458,2965,NULL,NULL,NULL,151,'2025-05-07 00:20:15',NULL,'2025-05-07 00:20:15',NULL,2),(2483,458,2966,NULL,NULL,NULL,151,'2025-05-07 00:20:15',NULL,'2025-05-07 00:20:15',NULL,2),(2484,458,2967,NULL,NULL,NULL,151,'2025-05-07 00:20:15',NULL,'2025-05-07 00:20:15',NULL,2),(2485,458,2968,NULL,NULL,NULL,151,'2025-05-07 00:20:15',NULL,'2025-05-07 00:20:15',NULL,2),(2486,458,2969,NULL,NULL,NULL,151,'2025-05-07 00:20:15',NULL,'2025-05-07 00:20:15',NULL,2),(2487,458,2970,NULL,NULL,NULL,151,'2025-05-07 00:20:15',NULL,'2025-05-07 00:20:15',NULL,2),(2488,458,2971,NULL,NULL,NULL,151,'2025-05-07 00:20:15',NULL,'2025-05-07 00:20:15',NULL,2),(2489,458,2972,NULL,NULL,NULL,151,'2025-05-07 00:20:15',NULL,'2025-05-07 00:20:15',NULL,2),(2490,458,2973,NULL,NULL,NULL,151,'2025-05-07 00:20:15',NULL,'2025-05-07 00:20:15',NULL,2),(2491,458,2974,NULL,NULL,NULL,151,'2025-05-07 00:20:15',NULL,'2025-05-07 00:20:15',NULL,2),(2492,458,2975,NULL,NULL,NULL,151,'2025-05-07 00:20:15',NULL,'2025-05-07 00:20:15',NULL,2),(2493,458,2976,NULL,NULL,NULL,151,'2025-05-07 00:20:15',NULL,'2025-05-07 00:20:15',NULL,2),(2494,458,2977,NULL,NULL,NULL,151,'2025-05-07 00:20:15',NULL,'2025-05-07 00:20:15',NULL,2),(2495,458,2978,NULL,NULL,NULL,151,'2025-05-07 00:20:15',NULL,'2025-05-07 00:20:15',NULL,2),(2496,458,2979,NULL,NULL,NULL,151,'2025-05-07 00:20:15',NULL,'2025-05-07 00:20:15',NULL,2),(2497,458,2980,NULL,NULL,NULL,151,'2025-05-07 00:20:15',NULL,'2025-05-07 00:20:15',NULL,2),(2498,458,2981,NULL,NULL,NULL,151,'2025-05-07 00:20:15',NULL,'2025-05-07 00:20:15',NULL,2),(2499,458,2982,NULL,NULL,NULL,151,'2025-05-07 00:20:15',NULL,'2025-05-07 00:20:15',NULL,2),(2500,458,2983,NULL,NULL,NULL,151,'2025-05-07 00:20:15',NULL,'2025-05-07 00:20:15',NULL,2),(2501,458,2984,NULL,NULL,NULL,151,'2025-05-07 00:20:15',NULL,'2025-05-07 00:20:15',NULL,2),(2502,458,2985,NULL,NULL,NULL,151,'2025-05-07 00:20:15',NULL,'2025-05-07 00:20:15',NULL,2),(2503,458,2986,NULL,NULL,NULL,151,'2025-05-07 00:20:15',NULL,'2025-05-07 00:20:15',NULL,2),(2504,458,2987,NULL,NULL,NULL,151,'2025-05-07 00:20:15',NULL,'2025-05-07 00:20:15',NULL,2),(2505,458,2988,NULL,NULL,NULL,151,'2025-05-07 00:20:15',NULL,'2025-05-07 00:20:15',NULL,2),(2506,458,2989,NULL,NULL,NULL,151,'2025-05-07 00:20:16',NULL,'2025-05-07 00:20:16',NULL,2),(2507,458,2990,NULL,NULL,NULL,151,'2025-05-07 00:20:16',NULL,'2025-05-07 00:20:16',NULL,2),(2508,458,2991,NULL,NULL,NULL,151,'2025-05-07 00:20:16',NULL,'2025-05-07 00:20:16',NULL,2),(2509,458,2992,NULL,NULL,NULL,151,'2025-05-07 00:20:16',NULL,'2025-05-07 00:20:16',NULL,2),(2510,459,3001,NULL,NULL,NULL,150,'2025-05-09 20:08:43',NULL,'2025-05-09 20:08:43',NULL,2),(2511,459,3002,NULL,NULL,NULL,150,'2025-05-09 20:08:43',NULL,'2025-05-09 20:08:43',NULL,2),(2512,459,3003,NULL,NULL,NULL,150,'2025-05-09 20:08:43',NULL,'2025-05-09 20:08:43',NULL,2),(2513,459,3004,NULL,NULL,NULL,150,'2025-05-09 20:08:43',NULL,'2025-05-09 20:08:43',NULL,2),(2514,459,3005,NULL,NULL,NULL,150,'2025-05-09 20:08:43',NULL,'2025-05-09 20:08:43',NULL,2),(2515,459,3006,NULL,NULL,NULL,150,'2025-05-09 20:08:44',NULL,'2025-05-09 20:08:44',NULL,2),(2516,459,3007,NULL,NULL,NULL,150,'2025-05-09 20:08:44',NULL,'2025-05-09 20:08:44',NULL,2),(2517,459,3008,NULL,NULL,NULL,150,'2025-05-09 20:08:44',NULL,'2025-05-09 20:08:44',NULL,2),(2518,459,3009,NULL,NULL,NULL,150,'2025-05-09 20:08:44',NULL,'2025-05-09 20:08:44',NULL,2),(2519,459,3010,NULL,NULL,NULL,150,'2025-05-09 20:08:44',NULL,'2025-05-09 20:08:44',NULL,2),(2520,459,3011,NULL,NULL,NULL,150,'2025-05-09 20:08:44',NULL,'2025-05-09 20:08:44',NULL,2),(2521,459,3012,NULL,NULL,NULL,150,'2025-05-09 20:08:44',NULL,'2025-05-09 20:08:44',NULL,2),(2522,459,3013,NULL,NULL,NULL,150,'2025-05-09 20:08:44',NULL,'2025-05-09 20:08:44',NULL,2),(2523,459,3014,NULL,NULL,NULL,150,'2025-05-09 20:08:44',NULL,'2025-05-09 20:08:44',NULL,2),(2524,459,3015,NULL,NULL,NULL,150,'2025-05-09 20:08:44',NULL,'2025-05-09 20:08:44',NULL,2),(2525,459,3016,NULL,NULL,NULL,150,'2025-05-09 20:08:44',NULL,'2025-05-09 20:08:44',NULL,2),(2526,459,3017,NULL,NULL,NULL,150,'2025-05-09 20:08:44',NULL,'2025-05-09 20:08:44',NULL,2),(2527,459,3018,NULL,NULL,NULL,150,'2025-05-09 20:08:44',NULL,'2025-05-09 20:08:44',NULL,2),(2528,459,3019,NULL,NULL,NULL,150,'2025-05-09 20:08:44',NULL,'2025-05-09 20:08:44',NULL,2),(2529,459,3020,NULL,NULL,NULL,150,'2025-05-09 20:08:44',NULL,'2025-05-09 20:08:44',NULL,2),(2530,459,3021,NULL,NULL,NULL,150,'2025-05-09 20:08:44',NULL,'2025-05-09 20:08:44',NULL,2),(2531,459,3022,NULL,NULL,NULL,150,'2025-05-09 20:08:44',NULL,'2025-05-09 20:08:44',NULL,2),(2532,459,3023,NULL,NULL,NULL,150,'2025-05-09 20:08:44',NULL,'2025-05-09 20:08:44',NULL,2),(2533,459,3024,NULL,NULL,NULL,150,'2025-05-09 20:08:44',NULL,'2025-05-09 20:08:44',NULL,2),(2534,459,3025,NULL,NULL,NULL,150,'2025-05-09 20:08:44',NULL,'2025-05-09 20:08:44',NULL,2),(2535,459,3026,NULL,NULL,NULL,150,'2025-05-09 20:08:44',NULL,'2025-05-09 20:08:44',NULL,2),(2536,459,3027,NULL,NULL,NULL,150,'2025-05-09 20:08:44',NULL,'2025-05-09 20:08:44',NULL,2),(2537,459,3028,NULL,NULL,NULL,150,'2025-05-09 20:08:44',NULL,'2025-05-09 20:08:44',NULL,2),(2538,459,3029,NULL,NULL,NULL,150,'2025-05-09 20:08:44',NULL,'2025-05-09 20:08:44',NULL,2),(2539,459,3030,NULL,NULL,NULL,150,'2025-05-09 20:08:45',NULL,'2025-05-09 20:08:45',NULL,2),(2540,459,3031,NULL,NULL,NULL,150,'2025-05-09 20:08:45',NULL,'2025-05-09 20:08:45',NULL,2),(2541,459,3032,NULL,NULL,NULL,150,'2025-05-09 20:08:45',NULL,'2025-05-09 20:08:45',NULL,2),(2542,459,3033,NULL,NULL,NULL,150,'2025-05-09 20:08:45',NULL,'2025-05-09 20:08:45',NULL,2),(2543,459,3034,NULL,NULL,NULL,150,'2025-05-09 20:08:45',NULL,'2025-05-09 20:08:45',NULL,2),(2544,459,3035,NULL,NULL,NULL,150,'2025-05-09 20:08:45',NULL,'2025-05-09 20:08:45',NULL,2),(2545,459,3036,NULL,NULL,NULL,150,'2025-05-09 20:08:45',NULL,'2025-05-09 20:08:45',NULL,2),(2546,459,3037,NULL,NULL,NULL,150,'2025-05-09 20:08:45',NULL,'2025-05-09 20:08:45',NULL,2),(2547,459,3038,NULL,NULL,NULL,150,'2025-05-09 20:08:45',NULL,'2025-05-09 20:08:45',NULL,2),(2548,459,3039,NULL,NULL,NULL,150,'2025-05-09 20:08:45',NULL,'2025-05-09 20:08:45',NULL,2),(2549,459,3040,NULL,NULL,NULL,150,'2025-05-09 20:08:45',NULL,'2025-05-09 20:08:45',NULL,2),(2550,459,3041,NULL,NULL,NULL,150,'2025-05-09 20:08:45',NULL,'2025-05-09 20:08:45',NULL,2),(2551,459,3042,NULL,NULL,NULL,150,'2025-05-09 20:08:45',NULL,'2025-05-09 20:08:45',NULL,2),(2552,459,3043,NULL,NULL,NULL,150,'2025-05-09 20:08:45',NULL,'2025-05-09 20:08:45',NULL,2),(2553,459,3044,NULL,NULL,NULL,150,'2025-05-09 20:08:45',NULL,'2025-05-09 20:08:45',NULL,2),(2554,459,3045,NULL,NULL,NULL,150,'2025-05-09 20:08:45',NULL,'2025-05-09 20:08:45',NULL,2),(2555,459,3046,NULL,NULL,NULL,150,'2025-05-09 20:08:45',NULL,'2025-05-09 20:08:45',NULL,2),(2556,459,3047,NULL,NULL,NULL,150,'2025-05-09 20:08:45',NULL,'2025-05-09 20:08:45',NULL,2),(2557,459,3048,NULL,NULL,NULL,150,'2025-05-09 20:08:45',NULL,'2025-05-09 20:08:45',NULL,2),(2558,459,3049,NULL,NULL,NULL,150,'2025-05-09 20:08:45',NULL,'2025-05-09 20:08:45',NULL,2),(2559,459,3050,NULL,NULL,NULL,150,'2025-05-09 20:08:45',NULL,'2025-05-09 20:08:45',NULL,2),(2560,459,3051,NULL,NULL,NULL,150,'2025-05-09 20:08:45',NULL,'2025-05-09 20:08:45',NULL,2);

--
